Graph-Maker v0.02 Perl 5 v5.8.8 x86_64-linux
- Status
- Fail
- From
- Andreas J. König (ANDK)
- Dist
-
Graph-Maker v0.02
- Platform
- Perl 5 v5.8.8 x86_64-linux
- Date
- 2017-12-03 07:05:41
- ID
- 5f7e86dc-d7f8-11e7-b73f-239bb689ba89
This distribution has been tested as part of the CPAN Testers
project, supporting the Perl programming language. See
http://wiki.cpantesters.org/ for more information or email
questions to cpan-testers-discuss@perl.org
--
Dear Matt Spear,
This is a computer-generated report for Graph-Maker-0.02
on perl 5.8.8, created by CPAN-Reporter-1.2018.
Thank you for uploading your work to CPAN. However, there was a problem
testing your distribution.
If you think this report is invalid, please consult the CPAN Testers Wiki
for suggestions on how to avoid getting FAIL reports for missing library
or binary dependencies, unsupported operating systems, and so on:
http://wiki.cpantesters.org/wiki/CPANAuthorNotes
Sections of this report:
* Tester comments
* Program output
* Prerequisites
* Environment and other context
------------------------------
TESTER COMMENTS
------------------------------
Additional comments from tester:
this report is from an automated smoke testing program
and was not reviewed by a human for accuracy
------------------------------
PROGRAM OUTPUT
------------------------------
Output from '/usr/bin/make test':
PERL_DL_NONLAZY=1 "/home/sand/src/perl/repoperls/installed-perls/host/k93msid/perl-5.8.8/89ad/bin/perl" "-MExtUtils::Command::MM" "-MTest::Harness" "-e" "undef *Test::Harness::Switches; test_harness(0, 'blib/lib', 'blib/arch')" t/*.t
# Testing Graph::Maker 0.02, Perl 5.008008, /home/sand/src/perl/repoperls/installed-perls/host/k93msid/perl-5.8.8/89ad/bin/perl
t/00-load.t ............ ok
t/balancedtree.t ....... ok
t/barbell.t ............ ok
t/bipartite.t .......... ok
t/boilerplate.t ........ ok
t/circularladder.t ..... ok
t/complete.t ........... ok
t/completebipartite.t .. ok
t/cycle.t .............. ok
t/degree.t ............. ok
t/disconnected.t ....... ok
t/disk.t ............... ok
t/grid.t ............... ok
t/hypercube.t .......... ok
t/ladder.t ............. ok
t/linear.t ............. ok
t/lollipop.t ........... ok
# Failed test 'POD test for blib/lib/Graph/Maker/SmallWorldBA.pm'
# at /home/sand/src/perl/repoperls/installed-perls/host/k93msid/perl-5.8.8/89ad/lib/site_perl/5.8.8/Test/Pod.pm line 187.
# blib/lib/Graph/Maker/SmallWorldBA.pm (32): Non-ASCII character seen before =encoding in 'Barabási-Albert'. Assuming CP1252
# Looks like you failed 1 test of 27.
t/pod.t ................
Dubious, test returned 1 (wstat 256, 0x100)
Failed 1/27 subtests
t/random.t ............. ok
t/regular.t ............ ok
t/smallworldba.t ....... ok
t/smallworldhk.t ....... ok
t/smallworldk.t ........ ok
t/smallworldws.t ....... ok
t/star.t ............... ok
t/uniform.t ............ ok
t/utils.t .............. ok
t/wheel.t .............. ok
Test Summary Report
-------------------
t/pod.t (Wstat: 256 Tests: 27 Failed: 1)
Failed test: 22
Non-zero exit status: 1
Files=28, Tests=192, 11 wallclock secs ( 0.07 usr 0.16 sys + 2.89 cusr 0.66 csys = 3.78 CPU)
Result: FAIL
Failed 1/28 test programs. 1/192 subtests failed.
Makefile:953: recipe for target 'test_dynamic' failed
make: *** [test_dynamic] Error 255
------------------------------
PREREQUISITES
------------------------------
Prerequisite modules loaded:
requires:
Module Need Have
------------------- ---- --------
Class::Factory 0 1.06
Graph 0.8 0.9704
Math::Random 0 0.72
Test::More 0 1.302120
build_requires:
Module Need Have
------------------- ---- --------
ExtUtils::MakeMaker 0 7.30
------------------------------
ENVIRONMENT AND OTHER CONTEXT
------------------------------
Environment variables:
AUTOMATED_TESTING = 1
LANG = en_US.UTF-8
PATH = /home/sand/bin:/usr/local/bin:/usr/bin:/bin:/usr/games:/usr/local/perl/bin:/usr/X11/bin:/sbin:/usr/sbin
PERL5LIB =
PERL5OPT =
PERL5_CPANPLUS_IS_RUNNING = 3081
PERL5_CPAN_IS_RUNNING = 3081
PERL5_CPAN_IS_RUNNING_IN_RECURSION = 8141,3081
PERL_CANARY_STABILITY_NOPROMPT = 1
PERL_MM_USE_DEFAULT = 1
PERL_USE_UNSAFE_INC = 1
SHELL = /usr/bin/zsh
TERM = screen
Perl special variables (and OS-specific diagnostics, for MSWin32):
$^X = /home/sand/src/perl/repoperls/installed-perls/host/k93msid/perl-5.8.8/89ad/bin/perl
$UID/$EUID = 1005 / 1005
$GID = 1005 1005
$EGID = 1005 1005
Perl module toolchain versions installed:
Module Have
------------------- --------
CPAN 2.20
CPAN::Meta 2.150010
Cwd 3.62
ExtUtils::CBuilder 0.280226
ExtUtils::Command 7.30
ExtUtils::Install 2.06
ExtUtils::MakeMaker 7.30
ExtUtils::Manifest 1.70
ExtUtils::ParseXS 3.35
File::Spec 3.62
JSON 2.95
JSON::PP 2.95
Module::Build 0.4224
Module::Signature 0.81
Parse::CPAN::Meta 2.150010
Test::Harness 3.39
Test::More 1.302120
YAML 1.23
YAML::Syck 1.30
version 0.9918
--
Summary of my perl5 (revision 5 version 8 subversion 8) configuration:
Platform:
osname=linux, osvers=4.12.0-2-amd64, archname=x86_64-linux
uname='linux k93msid 4.12.0-2-amd64 #1 smp debian 4.12.13-1 (2017-09-19) x86_64 gnulinux '
config_args='-Dprefix=/home/sand/src/perl/repoperls/installed-perls/host/k93msid/perl-5.8.8/89ad -Dmyhostname=k93msid -Dinstallusrbinperl=n -Uversiononly -Dusedevel -des -Ui_db -Dlibswanted=cl pthread socket inet nsl gdbm dbm malloc dl ld sun m crypt sec util c cposix posix ucb BSD gdbm_compat -Uuseithreads -Uuselongdouble -DDEBUGGING=-g'
hint=recommended, useposix=true, d_sigaction=define
usethreads=undef use5005threads=undef useithreads=undef usemultiplicity=undef
useperlio=define d_sfio=undef uselargefiles=define usesocks=undef
use64bitint=define use64bitall=define uselongdouble=undef
usemymalloc=n, bincompat5005=undef
Compiler:
cc='cc', ccflags ='-fno-strict-aliasing -pipe -Wdeclaration-after-statement -I/usr/local/include -D_LARGEFILE_SOURCE -D_FILE_OFFSET_BITS=64',
optimize='-O2',
cppflags='-fno-strict-aliasing -pipe -Wdeclaration-after-statement -I/usr/local/include'
ccversion='', gccversion='7.2.0', gccosandvers=''
intsize=4, longsize=8, ptrsize=8, doublesize=8, byteorder=12345678
d_longlong=define, longlongsize=8, d_longdbl=define, longdblsize=16
ivtype='long', ivsize=8, nvtype='double', nvsize=8, Off_t='off_t', lseeksize=8
alignbytes=8, prototype=define
Linker and Libraries:
ld='cc', ldflags =' -L/usr/local/lib'
libpth=/usr/local/lib /lib/x86_64-linux-gnu /lib/../lib /usr/lib/x86_64-linux-gnu /usr/lib/../lib /lib /usr/lib
libs=-lpthread -lnsl -ldl -lm -lcrypt -lutil -lc
perllibs=-lpthread -lnsl -ldl -lm -lcrypt -lutil -lc
libc=libc-2.24.so, so=so, useshrplib=false, libperl=libperl.a
gnulibc_version='2.24'
Dynamic Linking:
dlsrc=dl_dlopen.xs, dlext=so, d_dlsymun=undef, ccdlflags='-Wl,-E'
cccdlflags='-fpic', lddlflags='-shared -L/usr/local/lib'
Characteristics of this binary (from libperl):
Compile-time options: PERL_MALLOC_WRAP USE_64_BIT_ALL USE_64_BIT_INT
USE_LARGE_FILES USE_PERLIO
Built under linux
Compiled at Oct 21 2017 06:25:43
%ENV:
PERL5LIB=""
PERL5OPT=""
PERL5_CPANPLUS_IS_RUNNING="3081"
PERL5_CPAN_IS_RUNNING="3081"
PERL5_CPAN_IS_RUNNING_IN_RECURSION="8141,3081"
PERL_CANARY_STABILITY_NOPROMPT="1"
PERL_MM_USE_DEFAULT="1"
PERL_USE_UNSAFE_INC="1"
@INC:
/home/sand/src/perl/repoperls/installed-perls/host/k93msid/perl-5.8.8/89ad/lib/5.8.8/x86_64-linux
/home/sand/src/perl/repoperls/installed-perls/host/k93msid/perl-5.8.8/89ad/lib/5.8.8
/home/sand/src/perl/repoperls/installed-perls/host/k93msid/perl-5.8.8/89ad/lib/site_perl/5.8.8/x86_64-linux
/home/sand/src/perl/repoperls/installed-perls/host/k93msid/perl-5.8.8/89ad/lib/site_perl/5.8.8
/home/sand/src/perl/repoperls/installed-perls/host/k93msid/perl-5.8.8/89ad/lib/site_perl
.