Report for DBICx-Backend-Move-1.000010

Back
From: metabase:user:a0e144f2-373b-11e6-8edd-c6848980b093
Subject: FAIL DBICx-Backend-Move-1.000010 v5.26.0 GNU/Linux
Date: 2017-04-09T05:57:09Z

This distribution has been tested as part of the CPAN Testers
project, supporting the Perl programming language.  See
http://wiki.cpantesters.org/ for more information or email
questions to cpan-testers-discuss@perl.org


--
Dear Maik Hentsche,

This is a computer-generated report for DBICx-Backend-Move-1.000010
on perl 5.26.0, created by CPAN-Reporter-1.2018.

Thank you for uploading your work to CPAN.  However, there was a problem
testing your distribution.

If you think this report is invalid, please consult the CPAN Testers Wiki
for suggestions on how to avoid getting FAIL reports for missing library
or binary dependencies, unsupported operating systems, and so on:

http://wiki.cpantesters.org/wiki/CPANAuthorNotes

Sections of this report:

    * Tester comments
    * Program output
    * Prerequisites
    * Environment and other context

------------------------------
TESTER COMMENTS
------------------------------

Additional comments from tester:

this report is from an automated smoke testing program
and was not reviewed by a human for accuracy

------------------------------
PROGRAM OUTPUT
------------------------------

Output from '/usr/bin/make test':

PERL_DL_NONLAZY=1 "/home/cpan1/install/bin/perl" "-MExtUtils::Command::MM" "-MTest::Harness" "-e" "undef *Test::Harness::Switches; test_harness(0, 'blib/lib', 'blib/arch')" t/*.t
given is experimental at /home/cpan1/.cpan/build/DBICx-Backend-Move-1.000010-0/blib/lib/App/DBICx/Backend/Move.pm line 42.
when is experimental at /home/cpan1/.cpan/build/DBICx-Backend-Move-1.000010-0/blib/lib/App/DBICx/Backend/Move.pm line 43.
when is experimental at /home/cpan1/.cpan/build/DBICx-Backend-Move-1.000010-0/blib/lib/App/DBICx/Backend/Move.pm line 44.
# Testing DBICx::Backend::Move 1.0001, Perl 5.026000, /home/cpan1/install/bin/perl
t/00-load.t .................... ok
t/pod.t ........................ ok
{UNKNOWN}: DateTime::TimeZone version 2.09 required--this is only version 2.04 at /home/cpan1/install/lib/perl5/site_perl/5.26.0/DateTime/Format/Strptime.pm line 12.
BEGIN failed--compilation aborted at /home/cpan1/install/lib/perl5/site_perl/5.26.0/DateTime/Format/Strptime.pm line 12.
Compilation failed in require at /home/cpan1/install/lib/perl5/site_perl/5.26.0/DateTime/Format/Builder/Parser/Strptime.pm line 10.
BEGIN failed--compilation aborted at /home/cpan1/install/lib/perl5/site_perl/5.26.0/DateTime/Format/Builder/Parser/Strptime.pm line 10.
Compilation failed in require at (eval 710) line 1.
BEGIN failed--compilation aborted at (eval 710) line 1.
Compilation failed in require at /home/cpan1/install/lib/perl5/site_perl/5.26.0/DateTime/Format/Builder.pm line 220.
Compilation failed in require at /home/cpan1/install/lib/perl5/site_perl/5.26.0/DateTime/Format/SQLite.pm line 72.
BEGIN failed--compilation aborted at /home/cpan1/install/lib/perl5/site_perl/5.26.0/DateTime/Format/SQLite.pm line 72.
Compilation failed in require at /home/cpan1/install/lib/perl5/site_perl/5.26.0/Class/C3/Componentised.pm line 150. at /home/cpan1/install/lib/perl5/site_perl/5.26.0/Class/C3/Componentised.pm line 155
t/01-dbicx-migration.t ......... 
Dubious, test returned 255 (wstat 65280, 0xff00)
No subtests run 
DBIx::Class::Storage::DBI::catch {...} (): DBIx::Class::Storage::DBI::try {...} (): DBI Exception: DBD::SQLite::db do failed: table host already exists at t/lib/DBICx/Backend/Move/Test/Schema/TestTools.pm line 53
 (running "CREATE TABLE host (
  idx INTEGER PRIMARY KEY NOT NULL,
  name text,
  desc text,
  is_compressed INT NOT NULL DEFAULT 0,
  created_at DATETIME NOT NULL,
  updated_at DATETIME NOT NULL
)") at t/lib/DBICx/Backend/Move/Test/Schema/TestTools.pm line 53
DBIx::Class::Storage::DBI::catch {...} (): DBIx::Class::Storage::DBI::try {...} (): DBI Exception: DBD::SQLite::db do failed: table owner already exists at t/lib/DBICx/Backend/Move/Test/Schema/TestTools.pm line 53
 (running "CREATE TABLE owner (
  idx INTEGER PRIMARY KEY NOT NULL,
  name text,
  surname varchar(80) NOT NULL DEFAULT '-',
  title varchar(15),
  status VARCHAR(255) DEFAULT 'work'
)") at t/lib/DBICx/Backend/Move/Test/Schema/TestTools.pm line 53
DBIx::Class::Storage::DBI::catch {...} (): DBIx::Class::Storage::DBI::try {...} (): DBI Exception: DBD::SQLite::db do failed: table view_owner already exists at t/lib/DBICx/Backend/Move/Test/Schema/TestTools.pm line 53
 (running "CREATE VIEW view_owner AS
    select owner.name as name, owner.surname as surname from owner") at t/lib/DBICx/Backend/Move/Test/Schema/TestTools.pm line 53
{UNKNOWN}: DateTime::TimeZone version 2.09 required--this is only version 2.04 at /home/cpan1/install/lib/perl5/site_perl/5.26.0/DateTime/Format/Strptime.pm line 12.
BEGIN failed--compilation aborted at /home/cpan1/install/lib/perl5/site_perl/5.26.0/DateTime/Format/Strptime.pm line 12.
Compilation failed in require at /home/cpan1/install/lib/perl5/site_perl/5.26.0/DateTime/Format/Builder/Parser/Strptime.pm line 10.
BEGIN failed--compilation aborted at /home/cpan1/install/lib/perl5/site_perl/5.26.0/DateTime/Format/Builder/Parser/Strptime.pm line 10.
Compilation failed in require at (eval 711) line 1.
BEGIN failed--compilation aborted at (eval 711) line 1.
Compilation failed in require at /home/cpan1/install/lib/perl5/site_perl/5.26.0/DateTime/Format/Builder.pm line 220.
Compilation failed in require at /home/cpan1/install/lib/perl5/site_perl/5.26.0/DateTime/Format/SQLite.pm line 72.
BEGIN failed--compilation aborted at /home/cpan1/install/lib/perl5/site_perl/5.26.0/DateTime/Format/SQLite.pm line 72.
Compilation failed in require at /home/cpan1/install/lib/perl5/site_perl/5.26.0/Class/C3/Componentised.pm line 150. at /home/cpan1/install/lib/perl5/site_perl/5.26.0/Class/C3/Componentised.pm line 155
t/02-app-dbicx-backend-move.t .. 
Dubious, test returned 255 (wstat 65280, 0xff00)
No subtests run 

Test Summary Report
-------------------
t/01-dbicx-migration.t       (Wstat: 65280 Tests: 0 Failed: 0)
  Non-zero exit status: 255
  Parse errors: No plan found in TAP output
t/02-app-dbicx-backend-move.t (Wstat: 65280 Tests: 0 Failed: 0)
  Non-zero exit status: 255
  Parse errors: No plan found in TAP output
Files=4, Tests=9,  2 wallclock secs ( 0.03 usr  0.00 sys +  1.92 cusr  0.09 csys =  2.04 CPU)
Result: FAIL
Failed 2/4 test programs. 0/9 subtests failed.
Makefile:901: recipe for target 'test_dynamic' failed
make: *** [test_dynamic] Error 255

------------------------------
PREREQUISITES
------------------------------

Prerequisite modules loaded:

requires:

    Module                               Need Have    
    ------------------------------------ ---- --------
    App::Cmd::Simple                     0    0.331   
    base                                 0    2.23    
    DBI                                  0    1.636   
    DBICx::Deploy                        0    0.02    
    Module::Load                         0    0.32    
    Moo                                  0    2.003002
    strict                               0    1.11    
    warnings                             0    1.37    

build_requires:

    Module                               Need Have    
    ------------------------------------ ---- --------
    Class::C3                            0    0.32    
    DBIx::Class::Core                    0    0       
    DBIx::Class::FilterColumn            0    0       
    DBIx::Class::InflateColumn::DateTime 0    0       
    DBIx::Class::Schema                  0    0       
    DBIx::Class::TimeStamp               0    0.14    
    English                              0    1.10    
    MRO::Compat                          0    0.13    
    parent                               0    0.236   
    Test::Fixture::DBIC::Schema          0    0.04    
    Test::More                           0    1.302079

configure_requires:

    Module                               Need Have    
    ------------------------------------ ---- --------
    ExtUtils::MakeMaker                  6.30 7.24    


------------------------------
ENVIRONMENT AND OTHER CONTEXT
------------------------------

Environment variables:

    AUTOMATED_TESTING = 1
    HARNESS_OPTIONS = j3
    LANG = en_US.UTF-8
    PATH = /usr/local/bin:/usr/bin:/bin:/usr/local/games:/usr/games
    PERL5LIB = 
    PERL5OPT = 
    PERL5_CPANPLUS_IS_RUNNING = 31520
    PERL5_CPAN_IS_RUNNING = 31520
    PERL5_CPAN_IS_RUNNING_IN_RECURSION = 1510,31520
    PERL_CR_SMOKER_CURRENT = DBICx-Backend-Move-1.000010
    PERL_CR_SMOKER_RUNONCE = 1
    PERL_EXTUTILS_AUTOINSTALL = --defaultdeps
    PERL_MM_USE_DEFAULT = 1
    PERL_USE_UNSAFE_INC = 1
    SHELL = /bin/bash
    TERM = putty-256color

Perl special variables (and OS-specific diagnostics, for MSWin32):

    $^X = /home/cpan1/install/bin/perl
    $UID/$EUID = 1002 / 1002
    $GID = 1002 1002
    $EGID = 1002 1002

Perl module toolchain versions installed:

    Module              Have    
    ------------------- --------
    CPAN                2.18    
    CPAN::Meta          2.150010
    Cwd                 3.62    
    ExtUtils::CBuilder  0.280224
    ExtUtils::Command   7.24    
    ExtUtils::Install   2.04    
    ExtUtils::MakeMaker 7.24    
    ExtUtils::Manifest  1.70    
    ExtUtils::ParseXS   3.30    
    File::Spec          3.62    
    JSON                2.90    
    JSON::PP            2.27400 
    Module::Build       0.4222  
    Module::Signature   0.81    
    Parse::CPAN::Meta   2.150010
    Test::Harness       3.38    
    Test::More          1.302079
    YAML                1.23    
    YAML::Syck          1.29    
    version             0.9917  


--

Summary of my perl5 (revision 5 version 26 subversion 0) configuration:
  Commit id: 2e3b2a1fba7611d1cd6060a5f07f6a0f91a06b3a
  Platform:
    osname=linux
    osvers=3.16.0-4-amd64
    archname=x86_64-linux-thread-multi
    uname='linux digitalis 3.16.0-4-amd64 #1 smp debian 3.16.36-1+deb8u2 (2016-10-19) x86_64 gnulinux '
    config_args='-Dusedevel -DDEBUGGING -Dusethreads -Dprefix=/home/cpan1/install -Uversiononly -des -Udefault_inc_excludes_dot'
    hint=recommended
    useposix=true
    d_sigaction=define
    useithreads=define
    usemultiplicity=define
    use64bitint=define
    use64bitall=define
    uselongdouble=undef
    usemymalloc=n
    default_inc_excludes_dot=undef
    bincompat5005=undef
  Compiler:
    cc='cc'
    ccflags ='-D_REENTRANT -D_GNU_SOURCE -fwrapv -DDEBUGGING -fno-strict-aliasing -pipe -fstack-protector-strong -I/usr/local/include -D_LARGEFILE_SOURCE -D_FILE_OFFSET_BITS=64 -D_FORTIFY_SOURCE=2'
    optimize='-O2 -g'
    cppflags='-D_REENTRANT -D_GNU_SOURCE -fwrapv -DDEBUGGING -fno-strict-aliasing -pipe -fstack-protector-strong -I/usr/local/include'
    ccversion=''
    gccversion='4.9.2'
    gccosandvers=''
    intsize=4
    longsize=8
    ptrsize=8
    doublesize=8
    byteorder=12345678
    doublekind=3
    d_longlong=define
    longlongsize=8
    d_longdbl=define
    longdblsize=16
    longdblkind=3
    ivtype='long'
    ivsize=8
    nvtype='double'
    nvsize=8
    Off_t='off_t'
    lseeksize=8
    alignbytes=8
    prototype=define
  Linker and Libraries:
    ld='cc'
    ldflags =' -fstack-protector-strong -L/usr/local/lib'
    libpth=/usr/local/lib /usr/lib/gcc/x86_64-linux-gnu/4.9/include-fixed /usr/include/x86_64-linux-gnu /usr/lib /lib/x86_64-linux-gnu /lib/../lib /usr/lib/x86_64-linux-gnu /usr/lib/../lib /lib /lib64 /usr/lib64
    libs=-lpthread -lnsl -ldl -lm -lcrypt -lutil -lc
    perllibs=-lpthread -lnsl -ldl -lm -lcrypt -lutil -lc
    libc=libc-2.19.so
    so=so
    useshrplib=false
    libperl=libperl.a
    gnulibc_version='2.19'
  Dynamic Linking:
    dlsrc=dl_dlopen.xs
    dlext=so
    d_dlsymun=undef
    ccdlflags='-Wl,-E'
    cccdlflags='-fPIC'
    lddlflags='-shared -O2 -g -L/usr/local/lib -fstack-protector-strong'


Characteristics of this binary (from libperl): 
  Compile-time options:
    DEBUGGING
    HAS_TIMES
    MULTIPLICITY
    PERLIO_LAYERS
    PERL_COPY_ON_WRITE
    PERL_DONT_CREATE_GVSV
    PERL_IMPLICIT_CONTEXT
    PERL_MALLOC_WRAP
    PERL_OP_PARENT
    PERL_PRESERVE_IVUV
    PERL_TRACK_MEMPOOL
    PERL_USE_DEVEL
    USE_64_BIT_ALL
    USE_64_BIT_INT
    USE_ITHREADS
    USE_LARGE_FILES
    USE_LOCALE
    USE_LOCALE_COLLATE
    USE_LOCALE_CTYPE
    USE_LOCALE_NUMERIC
    USE_LOCALE_TIME
    USE_PERLIO
    USE_PERL_ATOF
    USE_REENTRANT_API
  Built under linux
  Compiled at Mar 26 2017 22:44:50
  %ENV:
    PERL5LIB=""
    PERL5OPT=""
    PERL5_CPANPLUS_IS_RUNNING="31520"
    PERL5_CPAN_IS_RUNNING="31520"
    PERL5_CPAN_IS_RUNNING_IN_RECURSION="1510,31520"
    PERL_CR_SMOKER_CURRENT="DBICx-Backend-Move-1.000010"
    PERL_CR_SMOKER_RUNONCE="1"
    PERL_EXTUTILS_AUTOINSTALL="--defaultdeps"
    PERL_MM_USE_DEFAULT="1"
    PERL_USE_UNSAFE_INC="1"
  @INC:
    /home/cpan1/install/lib/perl5/site_perl/5.26.0/x86_64-linux-thread-multi
    /home/cpan1/install/lib/perl5/site_perl/5.26.0
    /home/cpan1/install/lib/perl5/5.26.0/x86_64-linux-thread-multi
    /home/cpan1/install/lib/perl5/5.26.0
    .