Report for Froody-42.041_2

Back
From: metabase:user:30ae4450-2aae-11df-837a-5e0a49663a4f
Subject: FAIL Froody-42.041_2 v5.18.1 GNU/Linux
Date: 2014-03-29T10:53:31Z

This distribution has been tested as part of the CPAN Testers
project, supporting the Perl programming language.  See
http://wiki.cpantesters.org/ for more information or email
questions to cpan-testers-discuss@perl.org


--
Dear Fotango Ltd,

This is a computer-generated report for Froody-42.041_2
on perl 5.18.1, created by CPAN-Reporter-1.2010.

Thank you for uploading your work to CPAN.  However, there was a problem
testing your distribution.

If you think this report is invalid, please consult the CPAN Testers Wiki
for suggestions on how to avoid getting FAIL reports for missing library
or binary dependencies, unsupported operating systems, and so on:

http://wiki.cpantesters.org/wiki/CPANAuthorNotes

Sections of this report:

    * Tester comments
    * Program output
    * Prerequisites
    * Environment and other context

------------------------------
TESTER COMMENTS
------------------------------

Additional comments from tester:

this report is from an automated smoke testing program
and was not reviewed by a human for accuracy

------------------------------
PROGRAM OUTPUT
------------------------------

Output from './Build test':

main::path_to_pkg() called too early to check prototype at t/000compile.t line 15.

#   Failed test 'use Froody::SimpleClient;'
#   at t/000compile.t line 64.
#     Tried to use 'Froody::SimpleClient'.
#     Error:  "from_json" is not exported by the JSON::XS module
# Can't continue after import errors at /home/c/.cpan/build/Froody-42.041_2-7OiaiI/blib/lib/Froody/SimpleClient.pm line 18.
# BEGIN failed--compilation aborted at /home/c/.cpan/build/Froody-42.041_2-7OiaiI/blib/lib/Froody/SimpleClient.pm line 18, <FILE> line 6.
# Compilation failed in require at t/000compile.t line 64, <FILE> line 6.
# BEGIN failed--compilation aborted at t/000compile.t line 64, <FILE> line 6.

#   Failed test 'use Froody::SimpleClient'
#   at t/000compile.t line 70.

#   Failed test 'use Froody::DocServer;'
#   at t/000compile.t line 64.
#     Tried to use 'Froody::DocServer'.
#     Error:  "to_json" is not exported by the JSON::XS module
# Can't continue after import errors at /home/c/.cpan/build/Froody-42.041_2-7OiaiI/blib/lib/Froody/Renderer/json.pm line 5.
# BEGIN failed--compilation aborted at /home/c/.cpan/build/Froody-42.041_2-7OiaiI/blib/lib/Froody/Renderer/json.pm line 5, <FILE> line 6.
# Compilation failed in require at /home/c/.cpan/build/Froody-42.041_2-7OiaiI/blib/lib/Froody/Server.pm line 45, <FILE> line 6.
# BEGIN failed--compilation aborted at /home/c/.cpan/build/Froody-42.041_2-7OiaiI/blib/lib/Froody/Server.pm line 45, <FILE> line 6.
# Compilation failed in require at (eval 83) line 2, <FILE> line 6.
# 	...propagated at /home/c/perl5/perlbrew/perls/18.1i/lib/5.18.1/base.pm line 84, <FILE> line 6.
# BEGIN failed--compilation aborted at /home/c/.cpan/build/Froody-42.041_2-7OiaiI/blib/lib/Froody/DocServer.pm line 18, <FILE> line 6.
# Compilation failed in require at t/000compile.t line 64, <FILE> line 6.
# BEGIN failed--compilation aborted at t/000compile.t line 64, <FILE> line 6.

#   Failed test 'use Froody::DocServer'
#   at t/000compile.t line 70.

#   Failed test 'use Froody::Server;'
#   at t/000compile.t line 64.
#     Tried to use 'Froody::Server'.
#     Error:  "to_json" is not exported by the JSON::XS module
# Can't continue after import errors at /home/c/.cpan/build/Froody-42.041_2-7OiaiI/blib/lib/Froody/Renderer/json.pm line 5.
# BEGIN failed--compilation aborted at /home/c/.cpan/build/Froody-42.041_2-7OiaiI/blib/lib/Froody/Renderer/json.pm line 5, <FILE> line 6.
# Compilation failed in require at /home/c/.cpan/build/Froody-42.041_2-7OiaiI/blib/lib/Froody/Server.pm line 45, <FILE> line 6.
# BEGIN failed--compilation aborted at /home/c/.cpan/build/Froody-42.041_2-7OiaiI/blib/lib/Froody/Server.pm line 45, <FILE> line 6.
# Compilation failed in require at t/000compile.t line 64, <FILE> line 6.
# BEGIN failed--compilation aborted at t/000compile.t line 64, <FILE> line 6.

#   Failed test 'use Froody::Server'
#   at t/000compile.t line 70.

#   Failed test 'use Froody::Server::Apache;'
#   at t/000compile.t line 64.
#     Tried to use 'Froody::Server::Apache'.
#     Error:  "to_json" is not exported by the JSON::XS module
# Can't continue after import errors at /home/c/.cpan/build/Froody-42.041_2-7OiaiI/blib/lib/Froody/Renderer/json.pm line 5.
# BEGIN failed--compilation aborted at /home/c/.cpan/build/Froody-42.041_2-7OiaiI/blib/lib/Froody/Renderer/json.pm line 5, <FILE> line 6.
# Compilation failed in require at /home/c/.cpan/build/Froody-42.041_2-7OiaiI/blib/lib/Froody/Server.pm line 45, <FILE> line 6.
# BEGIN failed--compilation aborted at /home/c/.cpan/build/Froody-42.041_2-7OiaiI/blib/lib/Froody/Server.pm line 45, <FILE> line 6.
# Compilation failed in require at (eval 83) line 2, <FILE> line 6.
# 	...propagated at /home/c/perl5/perlbrew/perls/18.1i/lib/5.18.1/base.pm line 84, <FILE> line 6.
# BEGIN failed--compilation aborted at /home/c/.cpan/build/Froody-42.041_2-7OiaiI/blib/lib/Froody/Server/Apache.pm line 18, <FILE> line 6.
# Compilation failed in require at t/000compile.t line 64, <FILE> line 6.
# BEGIN failed--compilation aborted at t/000compile.t line 64, <FILE> line 6.

#   Failed test 'use Froody::Server::Apache'
#   at t/000compile.t line 70.

#   Failed test 'use Froody::Server::CGI;'
#   at t/000compile.t line 64.
#     Tried to use 'Froody::Server::CGI'.
#     Error:  "to_json" is not exported by the JSON::XS module
# Can't continue after import errors at /home/c/.cpan/build/Froody-42.041_2-7OiaiI/blib/lib/Froody/Renderer/json.pm line 5.
# BEGIN failed--compilation aborted at /home/c/.cpan/build/Froody-42.041_2-7OiaiI/blib/lib/Froody/Renderer/json.pm line 5, <FILE> line 6.
# Compilation failed in require at /home/c/.cpan/build/Froody-42.041_2-7OiaiI/blib/lib/Froody/Server.pm line 45, <FILE> line 6.
# BEGIN failed--compilation aborted at /home/c/.cpan/build/Froody-42.041_2-7OiaiI/blib/lib/Froody/Server.pm line 45, <FILE> line 6.
# Compilation failed in require at (eval 83) line 2, <FILE> line 6.
# 	...propagated at /home/c/perl5/perlbrew/perls/18.1i/lib/5.18.1/base.pm line 84, <FILE> line 6.
# BEGIN failed--compilation aborted at /home/c/.cpan/build/Froody-42.041_2-7OiaiI/blib/lib/Froody/Server/CGI.pm line 14, <FILE> line 6.
# Compilation failed in require at t/000compile.t line 64, <FILE> line 6.
# BEGIN failed--compilation aborted at t/000compile.t line 64, <FILE> line 6.

#   Failed test 'use Froody::Server::CGI'
#   at t/000compile.t line 70.

#   Failed test 'use Froody::Renderer::json;'
#   at t/000compile.t line 64.
#     Tried to use 'Froody::Renderer::json'.
#     Error:  "to_json" is not exported by the JSON::XS module
# Can't continue after import errors at /home/c/.cpan/build/Froody-42.041_2-7OiaiI/blib/lib/Froody/Renderer/json.pm line 5.
# BEGIN failed--compilation aborted at /home/c/.cpan/build/Froody-42.041_2-7OiaiI/blib/lib/Froody/Renderer/json.pm line 5, <FILE> line 6.
# Compilation failed in require at t/000compile.t line 64, <FILE> line 6.
# BEGIN failed--compilation aborted at t/000compile.t line 64, <FILE> line 6.

#   Failed test 'use Froody::Renderer::json'
#   at t/000compile.t line 70.

#   Failed test 'use Froody::Server::Test;'
#   at t/000compile.t line 64.
#     Tried to use 'Froody::Server::Test'.
#     Error:  "to_json" is not exported by the JSON::XS module
# Can't continue after import errors at /home/c/.cpan/build/Froody-42.041_2-7OiaiI/blib/lib/Froody/Renderer/json.pm line 5.
# BEGIN failed--compilation aborted at /home/c/.cpan/build/Froody-42.041_2-7OiaiI/blib/lib/Froody/Renderer/json.pm line 5, <DATA> line 16.
# Compilation failed in require at /home/c/.cpan/build/Froody-42.041_2-7OiaiI/blib/lib/Froody/Server.pm line 45, <DATA> line 16.
# BEGIN failed--compilation aborted at /home/c/.cpan/build/Froody-42.041_2-7OiaiI/blib/lib/Froody/Server.pm line 45, <DATA> line 16.
# Compilation failed in require at /home/c/.cpan/build/Froody-42.041_2-7OiaiI/blib/lib/Froody/Server/Standalone.pm line 40, <DATA> line 16.
# BEGIN failed--compilation aborted at /home/c/.cpan/build/Froody-42.041_2-7OiaiI/blib/lib/Froody/Server/Standalone.pm line 40, <DATA> line 16.
# Compilation failed in require at /home/c/.cpan/build/Froody-42.041_2-7OiaiI/blib/lib/Froody/Server/Test.pm line 15, <DATA> line 16.
# BEGIN failed--compilation aborted at /home/c/.cpan/build/Froody-42.041_2-7OiaiI/blib/lib/Froody/Server/Test.pm line 15, <DATA> line 16.
# Compilation failed in require at t/000compile.t line 64, <DATA> line 16.
# BEGIN failed--compilation aborted at t/000compile.t line 64, <DATA> line 16.

#   Failed test 'use Froody::Server::Standalone;'
#   at t/000compile.t line 64.
#     Tried to use 'Froody::Server::Standalone'.
#     Error:  "to_json" is not exported by the JSON::XS module
# Can't continue after import errors at /home/c/.cpan/build/Froody-42.041_2-7OiaiI/blib/lib/Froody/Renderer/json.pm line 5.
# BEGIN failed--compilation aborted at /home/c/.cpan/build/Froody-42.041_2-7OiaiI/blib/lib/Froody/Renderer/json.pm line 5, <DATA> line 16.
# Compilation failed in require at /home/c/.cpan/build/Froody-42.041_2-7OiaiI/blib/lib/Froody/Server.pm line 45, <DATA> line 16.
# BEGIN failed--compilation aborted at /home/c/.cpan/build/Froody-42.041_2-7OiaiI/blib/lib/Froody/Server.pm line 45, <DATA> line 16.
# Compilation failed in require at /home/c/.cpan/build/Froody-42.041_2-7OiaiI/blib/lib/Froody/Server/Standalone.pm line 40, <DATA> line 16.
# BEGIN failed--compilation aborted at /home/c/.cpan/build/Froody-42.041_2-7OiaiI/blib/lib/Froody/Server/Standalone.pm line 40, <DATA> line 16.
# Compilation failed in require at t/000compile.t line 64, <DATA> line 16.
# BEGIN failed--compilation aborted at t/000compile.t line 64, <DATA> line 16.

#   Failed test 'use Froody::Server::Standalone'
#   at t/000compile.t line 70.

#   Failed test 'use Froody::Server::Test'
#   at t/000compile.t line 70.

#   Failed test '/home/c/perl5/perlbrew/perls/18.1i/bin/perl -c -Iblib/lib bin/froody.cgi'
#   at t/000compile.t line 86.
# "to_json" is not exported by the JSON::XS module
# Can't continue after import errors at blib/lib/Froody/Renderer/json.pm line 5.
# BEGIN failed--compilation aborted at blib/lib/Froody/Renderer/json.pm line 5.
# Compilation failed in require at blib/lib/Froody/Server.pm line 45.
# BEGIN failed--compilation aborted at blib/lib/Froody/Server.pm line 45.
# Compilation failed in require at bin/froody.cgi line 11.
# BEGIN failed--compilation aborted at bin/froody.cgi line 11.

#   Failed test '/home/c/perl5/perlbrew/perls/18.1i/bin/perl -c -Iblib/lib bin/froody'
#   at t/000compile.t line 86.
# "to_json" is not exported by the JSON::XS module
# Can't continue after import errors at blib/lib/Froody/Renderer/json.pm line 5.
# BEGIN failed--compilation aborted at blib/lib/Froody/Renderer/json.pm line 5, <DATA> line 16.
# Compilation failed in require at blib/lib/Froody/Server.pm line 45, <DATA> line 16.
# BEGIN failed--compilation aborted at blib/lib/Froody/Server.pm line 45, <DATA> line 16.
# Compilation failed in require at blib/lib/Froody/Server/Standalone.pm line 40, <DATA> line 16.
# BEGIN failed--compilation aborted at blib/lib/Froody/Server/Standalone.pm line 40, <DATA> line 16.
# Compilation failed in require at bin/froody line 155, <DATA> line 16.
# BEGIN failed--compilation aborted at bin/froody line 155, <DATA> line 16.
# Looks like you failed 10 tests of 54.
t/000compile.t ......... 
Dubious, test returned 10 (wstat 2560, 0xa00)
Failed 10/54 subtests 
t/001pragmas.t ......... ok
t/003pod.t ............. ok
t/004uselib.t .......... ok
unknown key 'blah' defined within a terse structure at 'range' for structure 'testproject.object.extra'. at /home/c/.cpan/build/Froody-42.041_2-7OiaiI/blib/lib/Froody/Walker.pm line 94.
t/api.t ................ ok
t/config.t ............. ok
t/copy.t ............... ok
t/dispatch.t ........... ok
t/err_isa.t ............ ok
t/error.t .............. ok
t/froodydoc_pod_js.t ... skipped: froodydoc.js needs JavaScript::Standalone
t/froodydoc_wiky_js.t .. skipped: froodydoc.js needs JavaScript::Standalone
"from_json" is not exported by the JSON::XS module
Can't continue after import errors at t/high-level.t line 17.
BEGIN failed--compilation aborted at t/high-level.t line 17.
# Looks like your test exited with 255 before it could output anything.
t/high-level.t ......... 
Dubious, test returned 255 (wstat 65280, 0xff00)
Failed 50/50 subtests 
unknown key 'ignored' defined within a terse structure at 'just' for structure 'wibble.frobniz.validate'. at /home/c/.cpan/build/Froody-42.041_2-7OiaiI/blib/lib/Froody/Walker.pm line 94.
t/implementation.t ..... ok
t/inv_rem.t ............ ok
t/method.t ............. ok
t/method_basic.t ....... ok
"to_json" is not exported by the JSON::XS module
Can't continue after import errors at /home/c/.cpan/build/Froody-42.041_2-7OiaiI/blib/lib/Froody/Renderer/json.pm line 5.
BEGIN failed--compilation aborted at /home/c/.cpan/build/Froody-42.041_2-7OiaiI/blib/lib/Froody/Renderer/json.pm line 5, <DATA> line 16.
Compilation failed in require at /home/c/.cpan/build/Froody-42.041_2-7OiaiI/blib/lib/Froody/Server.pm line 45, <DATA> line 16.
BEGIN failed--compilation aborted at /home/c/.cpan/build/Froody-42.041_2-7OiaiI/blib/lib/Froody/Server.pm line 45, <DATA> line 16.
Compilation failed in require at /home/c/.cpan/build/Froody-42.041_2-7OiaiI/blib/lib/Froody/Server/Standalone.pm line 40, <DATA> line 16.
BEGIN failed--compilation aborted at /home/c/.cpan/build/Froody-42.041_2-7OiaiI/blib/lib/Froody/Server/Standalone.pm line 40, <DATA> line 16.
Compilation failed in require at /home/c/.cpan/build/Froody-42.041_2-7OiaiI/blib/lib/Froody/Server/Test.pm line 15, <DATA> line 16.
BEGIN failed--compilation aborted at /home/c/.cpan/build/Froody-42.041_2-7OiaiI/blib/lib/Froody/Server/Test.pm line 15, <DATA> line 16.
Compilation failed in require at t/multipart.t line 11, <DATA> line 16.
BEGIN failed--compilation aborted at t/multipart.t line 11, <DATA> line 16.
# Looks like your test exited with 255 before it could output anything.
t/multipart.t .......... 
Dubious, test returned 255 (wstat 65280, 0xff00)
Failed 8/8 subtests 
t/pluggable.t .......... ok
t/reflection.t ......... ok
t/reflection2.t ........ ok
t/repos.t .............. ok
t/rsp_basic.t .......... ok
t/rsp_convert.t ........ ok
t/rsp_err.t ............ ok
t/rsp_evil_edges.t ..... 
Failed 1/4 subtests 
error : string is not in UTF-8
encoding error : output conversion failed due to conv error, bytes 0xE9 0x6F 0x6E 0x3D
I/O error : encoder error
t/rsp_perlds.t ......... ok
t/rsp_terse.t .......... ok
t/rsp_xml.t ............ ok
t/structure.t .......... ok
bad element 'evil' in node 'top' (not in spec) at /home/c/.cpan/build/Froody-42.041_2-7OiaiI/blib/lib/Froody/Walker.pm line 94.
bad attr 'foo' in node 'top' (not in spec) at /home/c/.cpan/build/Froody-42.041_2-7OiaiI/blib/lib/Froody/Walker.pm line 94.
unknown key 'foo' defined within a terse structure at 'top' for structure '<unknown>'. at /home/c/.cpan/build/Froody-42.041_2-7OiaiI/blib/lib/Froody/Walker.pm line 94.
t/walker.t ............. ok
t/xml.t ................ ok

Test Summary Report
-------------------
t/000compile.t       (Wstat: 2560 Tests: 54 Failed: 10)
  Failed tests:  15, 19, 21, 36-40, 52-53
  Non-zero exit status: 10
t/high-level.t       (Wstat: 65280 Tests: 0 Failed: 0)
  Non-zero exit status: 255
  Parse errors: Bad plan.  You planned 50 tests but ran 0.
t/multipart.t        (Wstat: 65280 Tests: 0 Failed: 0)
  Non-zero exit status: 255
  Parse errors: Bad plan.  You planned 8 tests but ran 0.
t/rsp_evil_edges.t   (Wstat: 0 Tests: 4 Failed: 1)
  Failed test:  2
Files=32, Tests=816, 11 wallclock secs ( 0.25 usr  0.30 sys +  5.82 cusr  2.04 csys =  8.41 CPU)
Result: FAIL
Failed 4/32 test programs. 11/816 subtests failed.

------------------------------
PREREQUISITES
------------------------------

Prerequisite modules loaded:

requires:

    Module                         Need  Have    
    ------------------------------ ----- --------
    Class::Accessor::Chained::Fast 0     0       
    Class::Data::Inheritable       0     0.08    
    Email::Valid                   0     1.192   
    Error                          0.15  0.17021 
    File::Spec                     0     3.40    
    HTTP::Date                     0     6.02    
    HTTP::Request::Common          0     6.04    
    HTTP::Server::Simple           0     0.44    
    JSON::XS                       0     3.01    
    List::MoreUtils                0     0.33    
    LWP::Simple                    0     6.00    
    LWP::UserAgent                 0     6.05    
    Module::Pluggable              0     5.1     
    Params::Validate               0     1.08    
    perl                           5.008 5.018001
    Template                       0     2.25    
    UNIVERSAL::require             0     0.15    
    URI                            0     1.60    
    XML::LibXML                    0     2.0108  
    YAML::Syck                     0     1.27    

build_requires:

    Module                         Need  Have    
    ------------------------------ ----- --------
    Test::Differences              0     0.61    
    Test::Exception                0     0.32    
    Test::More                     0     1.001002
    Test::XML                      0     0.08    


------------------------------
ENVIRONMENT AND OTHER CONTEXT
------------------------------

Environment variables:

    AUTOMATED_TESTING = 1
    LANG = ru_RU.utf8
    PATH = /home/c/perl5/perlbrew/bin:/home/c/perl5/perlbrew/perls/18.1i/bin:/usr/local/bin:/usr/bin:/bin:/usr/local/games:/usr/games
    PERL5LIB = /home/c/.cpan/build/Test-XML-0.08-HHszc_/blib/arch:/home/c/.cpan/build/Test-XML-0.08-HHszc_/blib/lib:/home/c/.cpan/build/XML-SemanticDiff-1.0004-KbicBG/blib/arch:/home/c/.cpan/build/XML-SemanticDiff-1.0004-KbicBG/blib/lib
    PERL5OPT = 
    PERL5_CPANPLUS_IS_RUNNING = 15116
    PERL5_CPAN_IS_RUNNING = 15116
    PERL5_CPAN_IS_RUNNING_IN_RECURSION = 3309,15116
    PERLBREW_MANPATH = /home/c/perl5/perlbrew/perls/18.1i/man
    PERLBREW_PATH = /home/c/perl5/perlbrew/bin:/home/c/perl5/perlbrew/perls/18.1i/bin
    PERLBREW_PERL = 18.1i
    PERLBREW_ROOT = /home/c/perl5/perlbrew
    PERLBREW_SKIP_INIT = 1
    PERLBREW_VERSION = 0.67
    PERL_CR_SMOKER_CURRENT = Froody-42.041_2
    PERL_EXTUTILS_AUTOINSTALL = --defaultdeps
    PERL_MM_USE_DEFAULT = 1
    SHELL = /bin/bash
    TERM = xterm

Perl special variables (and OS-specific diagnostics, for MSWin32):

    $^X = /home/c/perl5/perlbrew/perls/18.1i/bin/perl
    $UID/$EUID = 1000 / 1000
    $GID = 1000 24 25 29 30 44 46 103 105 108 110 1000
    $EGID = 1000 24 25 29 30 44 46 103 105 108 110 1000

Perl module toolchain versions installed:

    Module              Have    
    ------------------- --------
    CPAN                2.00    
    CPAN::Meta          2.133380
    Cwd                 3.40    
    ExtUtils::CBuilder  0.280210
    ExtUtils::Command   1.17    
    ExtUtils::Install   1.59    
    ExtUtils::MakeMaker 6.86    
    ExtUtils::Manifest  1.63    
    ExtUtils::ParseXS   3.22    
    File::Spec          3.40    
    JSON                2.90    
    JSON::PP            2.27203 
    Module::Build       0.4204  
    Module::Signature   n/a     
    Parse::CPAN::Meta   1.4405  
    Test::Harness       3.30    
    Test::More          1.001002
    YAML                0.88    
    YAML::Syck          1.27    
    version             0.9907  


--

Summary of my perl5 (revision 5 version 18 subversion 1) configuration:
   
  Platform:
    osname=linux, osvers=3.2.0-4-486, archname=i686-linux-thread-multi
    uname='linux deb7 3.2.0-4-486 #1 debian 3.2.51-1 i686 gnulinux '
    config_args='-de -Dprefix=/home/c/perl5/perlbrew/perls/18.1i -Dusethreads -Aeval:scriptdir=/home/c/perl5/perlbrew/perls/18.1i/bin'
    hint=recommended, useposix=true, d_sigaction=define
    useithreads=define, usemultiplicity=define
    useperlio=define, d_sfio=undef, uselargefiles=define, usesocks=undef
    use64bitint=undef, use64bitall=undef, uselongdouble=undef
    usemymalloc=n, bincompat5005=undef
  Compiler:
    cc='cc', ccflags ='-D_REENTRANT -D_GNU_SOURCE -fno-strict-aliasing -pipe -fstack-protector -I/usr/local/include -D_LARGEFILE_SOURCE -D_FILE_OFFSET_BITS=64',
    optimize='-O2',
    cppflags='-D_REENTRANT -D_GNU_SOURCE -fno-strict-aliasing -pipe -fstack-protector -I/usr/local/include'
    ccversion='', gccversion='4.7.2', gccosandvers=''
    intsize=4, longsize=4, ptrsize=4, doublesize=8, byteorder=1234
    d_longlong=define, longlongsize=8, d_longdbl=define, longdblsize=12
    ivtype='long', ivsize=4, nvtype='double', nvsize=8, Off_t='off_t', lseeksize=8
    alignbytes=4, prototype=define
  Linker and Libraries:
    ld='cc', ldflags =' -fstack-protector -L/usr/local/lib'
    libpth=/usr/local/lib /lib/i386-linux-gnu /lib/../lib /usr/lib/i386-linux-gnu /usr/lib/../lib /lib /usr/lib
    libs=-lnsl -lgdbm -ldb -ldl -lm -lcrypt -lutil -lpthread -lc -lgdbm_compat
    perllibs=-lnsl -ldl -lm -lcrypt -lutil -lpthread -lc
    libc=, so=so, useshrplib=false, libperl=libperl.a
    gnulibc_version='2.13'
  Dynamic Linking:
    dlsrc=dl_dlopen.xs, dlext=so, d_dlsymun=undef, ccdlflags='-Wl,-E'
    cccdlflags='-fPIC', lddlflags='-shared -O2 -L/usr/local/lib -fstack-protector'


Characteristics of this binary (from libperl): 
  Compile-time options: HAS_TIMES MULTIPLICITY PERLIO_LAYERS
                        PERL_DONT_CREATE_GVSV
                        PERL_HASH_FUNC_ONE_AT_A_TIME_HARD
                        PERL_IMPLICIT_CONTEXT PERL_MALLOC_WRAP
                        PERL_PRESERVE_IVUV PERL_SAWAMPERSAND USE_ITHREADS
                        USE_LARGE_FILES USE_LOCALE USE_LOCALE_COLLATE
                        USE_LOCALE_CTYPE USE_LOCALE_NUMERIC USE_PERLIO
                        USE_PERL_ATOF USE_REENTRANT_API
  Built under linux
  Compiled at Jan 14 2014 14:37:40
  %ENV:
    PERL5LIB="/home/c/.cpan/build/Test-XML-0.08-HHszc_/blib/arch:/home/c/.cpan/build/Test-XML-0.08-HHszc_/blib/lib:/home/c/.cpan/build/XML-SemanticDiff-1.0004-KbicBG/blib/arch:/home/c/.cpan/build/XML-SemanticDiff-1.0004-KbicBG/blib/lib"
    PERL5OPT=""
    PERL5_CPANPLUS_IS_RUNNING="15116"
    PERL5_CPAN_IS_RUNNING="15116"
    PERL5_CPAN_IS_RUNNING_IN_RECURSION="3309,15116"
    PERLBREW_MANPATH="/home/c/perl5/perlbrew/perls/18.1i/man"
    PERLBREW_PATH="/home/c/perl5/perlbrew/bin:/home/c/perl5/perlbrew/perls/18.1i/bin"
    PERLBREW_PERL="18.1i"
    PERLBREW_ROOT="/home/c/perl5/perlbrew"
    PERLBREW_SKIP_INIT="1"
    PERLBREW_VERSION="0.67"
    PERL_CR_SMOKER_CURRENT="Froody-42.041_2"
    PERL_EXTUTILS_AUTOINSTALL="--defaultdeps"
    PERL_MM_USE_DEFAULT="1"
  @INC:
    /home/c/.cpan/build/Test-XML-0.08-HHszc_/blib/arch
    /home/c/.cpan/build/Test-XML-0.08-HHszc_/blib/lib
    /home/c/.cpan/build/XML-SemanticDiff-1.0004-KbicBG/blib/arch
    /home/c/.cpan/build/XML-SemanticDiff-1.0004-KbicBG/blib/lib
    /home/c/perl5/perlbrew/perls/18.1i/lib/site_perl/5.18.1/i686-linux-thread-multi
    /home/c/perl5/perlbrew/perls/18.1i/lib/site_perl/5.18.1
    /home/c/perl5/perlbrew/perls/18.1i/lib/5.18.1/i686-linux-thread-multi
    /home/c/perl5/perlbrew/perls/18.1i/lib/5.18.1
    .