Report for SeeAlso-Server-0.71

Back
From: metabase:user:320bfe00-2aae-11df-837a-5e0a49663a4f
Subject: FAIL SeeAlso-Server-0.71 v5.18.2 GNU/Linux
Date: 2015-04-13T06:14:38Z

This distribution has been tested as part of the CPAN Testers
project, supporting the Perl programming language.  See
http://wiki.cpantesters.org/ for more information or email
questions to cpan-testers-discuss@perl.org


--
Dear Jakob Voss,

This is a computer-generated report for SeeAlso-Server-0.71
on perl 5.18.2, created by CPAN-Reporter-1.2014.

Thank you for uploading your work to CPAN.  However, there was a problem
testing your distribution.

If you think this report is invalid, please consult the CPAN Testers Wiki
for suggestions on how to avoid getting FAIL reports for missing library
or binary dependencies, unsupported operating systems, and so on:

http://wiki.cpantesters.org/wiki/CPANAuthorNotes

Sections of this report:

    * Tester comments
    * Program output
    * Prerequisites
    * Environment and other context

------------------------------
TESTER COMMENTS
------------------------------

Additional comments from tester:

this report is from an automated smoke testing program
and was not reviewed by a human for accuracy

------------------------------
PROGRAM OUTPUT
------------------------------

Output from '/usr/bin/make test':

PERL_DL_NONLAZY=1 "/home/sand/src/perl/repoperls/installed-perls/perl/v5.18.2/a2da/bin/perl" "-MExtUtils::Command::MM" "-MTest::Harness" "-e" "undef *Test::Harness::Switches; test_harness(0, 'blib/lib', 'blib/arch')" t/*.t
t/author-critic.t .. skipped: these tests are for testing by the author
SeeAlso::Server is deprecated - please use Plack::App::SeeAlso instead! at /tmp/loop_over_bdir-9051-qaYG6C/SeeAlso-Server-0.71-gr0wL6/blib/lib/SeeAlso/Source.pm line 11.
t/cache.t .......... ok
SeeAlso::Server is deprecated - please use Plack::App::SeeAlso instead! at /tmp/loop_over_bdir-9051-qaYG6C/SeeAlso-Server-0.71-gr0wL6/blib/lib/SeeAlso/Source.pm line 11.
t/client.t ......... ok
SeeAlso::Server is deprecated - please use Plack::App::SeeAlso instead! at /tmp/loop_over_bdir-9051-qaYG6C/SeeAlso-Server-0.71-gr0wL6/blib/lib/SeeAlso/Source.pm line 11.
t/dbi.t ............ ok
SeeAlso::Server is deprecated - please use Plack::App::SeeAlso instead! at (eval 7) line 2.
t/factory.t ........ ok
t/gnd.t ............ ok
t/identifier.t ..... ok

#   Failed test 'valid ISBN: 9991372539'
#   at t/isbn.t line 54.

#   Failed test 'valid hash: 999999999'
#   at t/isbn.t line 80.

#   Failed test 'valid hash: 999999999'
#   at t/isbn.t line 81.
#          got: '999999999'
#     expected: ''

#   Failed test 'hash 999999999 = '
#   at t/isbn.t line 82.
#          got: ''
#     expected: 'urn:isbn:9789999999991'

#   Failed test 'valid hash: 1999999999'
#   at t/isbn.t line 80.

#   Failed test 'valid hash: 1999999999'
#   at t/isbn.t line 81.
#          got: '1999999999'
#     expected: ''

#   Failed test 'hash 1999999999 = '
#   at t/isbn.t line 82.
#          got: ''
#     expected: 'urn:isbn:9799999999990'
# Looks like you failed 7 tests of 41.
t/isbn.t ........... 
Dubious, test returned 7 (wstat 1792, 0x700)
Failed 7/41 subtests 
t/isil.t ........... ok

#   Failed test 'POD test for blib/lib/SeeAlso/Identifier/GND.pm'
#   at /home/sand/src/perl/repoperls/installed-perls/perl/v5.18.2/a2da/lib/site_perl/5.18.2/Test/Pod.pm line 186.
# blib/lib/SeeAlso/Identifier/GND.pm (95): Non-ASCII character seen before =encoding in 'Körperschaftsdatei"'. Assuming UTF-8
# Looks like you failed 1 test of 11.
t/pod.t ............ 
Dubious, test returned 1 (wstat 256, 0x100)
Failed 1/11 subtests 
t/response.t ....... ok
SeeAlso::Server is deprecated - please use Plack::App::SeeAlso instead! at t/server.t line 7.
t/server.t ......... ok
SeeAlso::Server is deprecated - please use Plack::App::SeeAlso instead! at /tmp/loop_over_bdir-9051-qaYG6C/SeeAlso-Server-0.71-gr0wL6/blib/lib/SeeAlso/Source.pm line 11.
t/source.t ......... ok

Test Summary Report
-------------------
t/isbn.t         (Wstat: 1792 Tests: 41 Failed: 7)
  Failed tests:  21, 36-41
  Non-zero exit status: 7
t/pod.t          (Wstat: 256 Tests: 11 Failed: 1)
  Failed test:  9
  Non-zero exit status: 1
Files=13, Tests=281,  3 wallclock secs ( 0.06 usr  0.09 sys +  1.31 cusr  0.26 csys =  1.72 CPU)
Result: FAIL
Failed 2/13 test programs. 8/281 subtests failed.
Makefile:945: recipe for target 'test_dynamic' failed
make: *** [test_dynamic] Error 255

------------------------------
PREREQUISITES
------------------------------

Prerequisite modules loaded:

requires:

    Module                  Need Have    
    ----------------------- ---- --------
    base                    0    2.18    
    Business::ISBN          0    2.09    
    Carp                    0    1.29    
    CGI                     0    3.63    
    Config::IniFiles        0    2.83    
    Data::Validate::URI     0    0.06    
    Date::Parse             0    2.30    
    DBI                     0    1.633   
    DBI::Const::GetInfoType 0    2.008697
    Exporter                0    5.68    
    JSON::XS                0    3.01    
    LWP::Simple             0    6.13    
    overload                0    1.22    
    POSIX                   0    1.32    
    strict                  0    1.07    
    Text::CSV               0    1.33    
    URI                     0    1.67    
    utf8                    0    1.10    
    warnings                0    1.18    
    YAML::Any               0    1.14    

build_requires:

    Module                  Need Have    
    ----------------------- ---- --------
    Cache::Memory           0    2.11    
    CHI                     0    0.59    
    Data::Dumper            0    2.154   
    File::Temp              0    0.2304  
    Test::Exception         0    0.38    
    Test::More              0    1.001014

configure_requires:

    Module                  Need Have    
    ----------------------- ---- --------
    ExtUtils::MakeMaker     6.30 7.04    


------------------------------
ENVIRONMENT AND OTHER CONTEXT
------------------------------

Environment variables:

    AUTOMATED_TESTING = 1
    LANG = en_US.UTF-8
    LANGUAGE = en_US:en
    PATH = /home/sand/bin:/usr/local/bin:/usr/bin:/bin:/usr/games:/usr/local/perl/bin:/usr/X11/bin:/sbin:/usr/sbin
    PERL5LIB = 
    PERL5OPT = 
    PERL5_CPANPLUS_IS_RUNNING = 9054
    PERL5_CPAN_IS_RUNNING = 9054
    PERL_MM_USE_DEFAULT = 1
    SHELL = /usr/bin/zsh
    TERM = screen

Perl special variables (and OS-specific diagnostics, for MSWin32):

    $^X = /home/sand/src/perl/repoperls/installed-perls/perl/v5.18.2/a2da/bin/perl
    $UID/$EUID = 1005 / 1005
    $GID = 1005 1005
    $EGID = 1005 1005

Perl module toolchain versions installed:

    Module              Have    
    ------------------- --------
    CPAN                2.10    
    CPAN::Meta          2.150001
    Cwd                 3.47    
    ExtUtils::CBuilder  0.280220
    ExtUtils::Command   1.17    
    ExtUtils::Install   1.59    
    ExtUtils::MakeMaker 7.04    
    ExtUtils::Manifest  1.65    
    ExtUtils::ParseXS   3.24    
    File::Spec          3.47    
    JSON                2.90    
    JSON::PP            2.27203 
    Module::Build       0.4211  
    Module::Signature   0.78    
    Parse::CPAN::Meta   1.4414  
    Test::Harness       3.35    
    Test::More          1.001014
    YAML                1.14    
    YAML::Syck          1.29    
    version             0.9902  


--

Summary of my perl5 (revision 5 version 18 subversion 2) configuration:
  Commit id: e2a4306ace4a19cb3a434e4eb9fedad6ff1248b4
  Platform:
    osname=linux, osvers=3.16.0-4-amd64, archname=x86_64-linux-thread-multi-ld
    uname='linux k83 3.16.0-4-amd64 #1 smp debian 3.16.7-ckt9-1 (2015-04-08) x86_64 gnulinux '
    config_args='-Dprefix=/home/sand/src/perl/repoperls/installed-perls/perl/v5.18.2/a2da -Dmyhostname=k83 -Dinstallusrbinperl=n -Uversiononly -Dusedevel -des -Ui_db -Duseithreads -Duselongdouble -DDEBUGGING=-g'
    hint=recommended, useposix=true, d_sigaction=define
    useithreads=define, usemultiplicity=define
    useperlio=define, d_sfio=undef, uselargefiles=define, usesocks=undef
    use64bitint=define, use64bitall=define, uselongdouble=define
    usemymalloc=n, bincompat5005=undef
  Compiler:
    cc='cc', ccflags ='-D_REENTRANT -D_GNU_SOURCE -fno-strict-aliasing -pipe -fstack-protector -I/usr/local/include -D_LARGEFILE_SOURCE -D_FILE_OFFSET_BITS=64',
    optimize='-O2 -g',
    cppflags='-D_REENTRANT -D_GNU_SOURCE -fno-strict-aliasing -pipe -fstack-protector -I/usr/local/include'
    ccversion='', gccversion='4.9.2', gccosandvers=''
    intsize=4, longsize=8, ptrsize=8, doublesize=8, byteorder=12345678
    d_longlong=define, longlongsize=8, d_longdbl=define, longdblsize=16
    ivtype='long', ivsize=8, nvtype='long double', nvsize=16, Off_t='off_t', lseeksize=8
    alignbytes=16, prototype=define
  Linker and Libraries:
    ld='cc', ldflags =' -fstack-protector -L/usr/local/lib'
    libpth=/usr/local/lib /lib/x86_64-linux-gnu /lib/../lib /usr/lib/x86_64-linux-gnu /usr/lib/../lib /lib /usr/lib
    libs=-lnsl -lgdbm -ldb -ldl -lm -lcrypt -lutil -lpthread -lc -lgdbm_compat
    perllibs=-lnsl -ldl -lm -lcrypt -lutil -lpthread -lc
    libc=, so=so, useshrplib=false, libperl=libperl.a
    gnulibc_version='2.19'
  Dynamic Linking:
    dlsrc=dl_dlopen.xs, dlext=so, d_dlsymun=undef, ccdlflags='-Wl,-E'
    cccdlflags='-fPIC', lddlflags='-shared -O2 -g -L/usr/local/lib -fstack-protector'


Characteristics of this binary (from libperl): 
  Compile-time options: HAS_TIMES MULTIPLICITY PERLIO_LAYERS
                        PERL_DONT_CREATE_GVSV
                        PERL_HASH_FUNC_ONE_AT_A_TIME_HARD
                        PERL_IMPLICIT_CONTEXT PERL_MALLOC_WRAP
                        PERL_PRESERVE_IVUV PERL_SAWAMPERSAND PERL_USE_DEVEL
                        USE_64_BIT_ALL USE_64_BIT_INT USE_ITHREADS
                        USE_LARGE_FILES USE_LOCALE USE_LOCALE_COLLATE
                        USE_LOCALE_CTYPE USE_LOCALE_NUMERIC USE_LONG_DOUBLE
                        USE_PERLIO USE_PERL_ATOF USE_REENTRANT_API
  Built under linux
  Compiled at Apr 13 2015 00:06:34
  %ENV:
    PERL5LIB=""
    PERL5OPT=""
    PERL5_CPANPLUS_IS_RUNNING="9054"
    PERL5_CPAN_IS_RUNNING="9054"
    PERL_MM_USE_DEFAULT="1"
  @INC:
    /home/sand/src/perl/repoperls/installed-perls/perl/v5.18.2/a2da/lib/site_perl/5.18.2/x86_64-linux-thread-multi-ld
    /home/sand/src/perl/repoperls/installed-perls/perl/v5.18.2/a2da/lib/site_perl/5.18.2
    /home/sand/src/perl/repoperls/installed-perls/perl/v5.18.2/a2da/lib/5.18.2/x86_64-linux-thread-multi-ld
    /home/sand/src/perl/repoperls/installed-perls/perl/v5.18.2/a2da/lib/5.18.2
    .