Back
From: metabase:user:320bfe00-2aae-11df-837a-5e0a49663a4f
Subject: FAIL CGI-Cache-1.4207 v5.8.9 GNU/Linux
Date: 2015-05-03T04:17:51Z
This distribution has been tested as part of the CPAN Testers
project, supporting the Perl programming language. See
http://wiki.cpantesters.org/ for more information or email
questions to cpan-testers-discuss@perl.org
--
Dear David Coppit,
This is a computer-generated report for CGI-Cache-1.4207
on perl 5.8.9, created by CPAN-Reporter-1.2014.
Thank you for uploading your work to CPAN. However, there was a problem
testing your distribution.
If you think this report is invalid, please consult the CPAN Testers Wiki
for suggestions on how to avoid getting FAIL reports for missing library
or binary dependencies, unsupported operating systems, and so on:
http://wiki.cpantesters.org/wiki/CPANAuthorNotes
Sections of this report:
* Tester comments
* Program output
* Prerequisites
* Environment and other context
------------------------------
TESTER COMMENTS
------------------------------
Additional comments from tester:
this report is from an automated smoke testing program
and was not reviewed by a human for accuracy
------------------------------
PROGRAM OUTPUT
------------------------------
Output from '/usr/bin/make test':
PERL_DL_NONLAZY=1 "/home/sand/src/perl/repoperls/installed-perls/perl/perl-5.8.9/165a/bin/perl" "-MExtUtils::Command::MM" "-MTest::Harness" "-e" "undef *Test::Harness::Switches; test_harness(1, 'blib/lib', 'blib/arch')" t/*.t
t/000_standard__compile.t .......
1..1
ok 1 - Compile test for blib/lib/CGI/Cache.pm
ok
t/000_standard__perl_critic.t ... skipped: Author test. Set $ENV{TEST_AUTHOR} to a true value to run.
t/000_standard__pod.t ...........
1..1
ok 1 - POD test for blib/lib/CGI/Cache.pm
ok
t/000_standard__pod_coverage.t ..
1..1
ok 1 - Pod coverage on CGI::Cache
ok
t/basic.t .......................
1..11
ok 1 - use CGI::Cache;
ok 2 - No errors initializing with default values
ok 3 - Return value after initializing with default values
ok 4 - No errors initializing with non-default values
ok 5 - Return value after initializing with non-default values
ok 6 - No errors setting a simple key
ok 7 - Return value after setting a simple key
ok 8 - No errors setting a complex key
ok 9 - Return value after setting a complex key
ok 10 - Empty cache directory until something cached
Cached output
ok 11 - Cache directory after something cached
ok
Subroutine File::Slurp::O_CREAT redefined at /home/sand/src/perl/repoperls/installed-perls/perl/perl-5.8.9/165a/lib/site_perl/5.8.9/File/Slurp.pm line 84.
Subroutine File::Slurp::O_EXCL redefined at /home/sand/src/perl/repoperls/installed-perls/perl/perl-5.8.9/165a/lib/site_perl/5.8.9/File/Slurp.pm line 85.
t/buffer.t ......................
1..6
ok 1 - read buffer(): Computing the right output
ok 2 - read buffer(): Computing the right errors
ok 3 - read buffer(): Correct cached data
ok 4 - write buffer(): Computing the right output
ok 5 - write buffer(): Computing the right errors
ok 6 - write buffer(): Correct cached data
ok
Subroutine File::Slurp::O_CREAT redefined at /home/sand/src/perl/repoperls/installed-perls/perl/perl-5.8.9/165a/lib/site_perl/5.8.9/File/Slurp.pm line 84.
Subroutine File::Slurp::O_EXCL redefined at /home/sand/src/perl/repoperls/installed-perls/perl/perl-5.8.9/165a/lib/site_perl/5.8.9/File/Slurp.pm line 85.
t/cgi_carp.t ....................
1..7
ok 1 - CGI::Carp not caching with default attributes: Computing the right output
ok 2 - CGI::Carp not caching with default attributes: Computing the right errors
ok 3 - CGI::Carp not caching with default attributes: Undefined cached data
ok 4 - Empty cache directory until something cached
ok 5 - CGI::Carp caching with default attributes: Computing the right output
ok 6 - CGI::Carp caching with default attributes: Computing the right errors
ok 7 - CGI::Carp caching with default attributes: Correct cached data
ok
Subroutine File::Slurp::O_CREAT redefined at /home/sand/src/perl/repoperls/installed-perls/perl/perl-5.8.9/165a/lib/site_perl/5.8.9/File/Slurp.pm line 84.
Subroutine File::Slurp::O_EXCL redefined at /home/sand/src/perl/repoperls/installed-perls/perl/perl-5.8.9/165a/lib/site_perl/5.8.9/File/Slurp.pm line 85.
t/disabled_ouput.t ..............
1..3
ok 1 - Disabled output: Computing the right output
ok 2 - Disabled output: Computing the right errors
ok 3 - Disabled output: Correct cached data
ok
Subroutine File::Slurp::O_CREAT redefined at /home/sand/src/perl/repoperls/installed-perls/perl/perl-5.8.9/165a/lib/site_perl/5.8.9/File/Slurp.pm line 84.
Subroutine File::Slurp::O_EXCL redefined at /home/sand/src/perl/repoperls/installed-perls/perl/perl-5.8.9/165a/lib/site_perl/5.8.9/File/Slurp.pm line 85.
t/invalidate_cache_entry.t ......
1..6
ok 1 - invalidate_cache_entry() setup: Computing the right output
ok 2 - invalidate_cache_entry() setup: Computing the right errors
ok 3 - invalidate_cache_entry() setup: Correct cached data
ok 4 - invalidate_cache_entry() operation: Computing the right output
ok 5 - invalidate_cache_entry() operation: Computing the right errors
ok 6 - invalidate_cache_entry() operation: Correct cached data
ok
Subroutine File::Slurp::O_CREAT redefined at /home/sand/src/perl/repoperls/installed-perls/perl/perl-5.8.9/165a/lib/site_perl/5.8.9/File/Slurp.pm line 84.
Subroutine File::Slurp::O_EXCL redefined at /home/sand/src/perl/repoperls/installed-perls/perl/perl-5.8.9/165a/lib/site_perl/5.8.9/File/Slurp.pm line 85.
t/non-caching.t .................
1..15
ok 1 - die() prevents caching: Computing the right output
ok 2 - die() prevents caching: Computing the right errors
ok 3 - die() prevents caching: Undefined cached data
ok 4 - Empty cache directory until something cached
ok 5 - Print to STDERR prevents caching: Computing the right output
ok 6 - Print to STDERR prevents caching: Computing the right errors
ok 7 - Print to STDERR prevents caching: Undefined cached data
ok 8 - Empty cache directory until something cached
ok 9 - redirected die() prevents caching: Computing the right output
ok 10 - redirected die() prevents caching: Computing the right errors
ok 11 - redirected die() prevents caching: Undefined cached data
ok 12 - Empty cache directory until something cached
ok 13 - die() (with filehandles) prevents caching: Computing the right output
ok 14 - die() (with filehandles) prevents caching: Computing the right errors
ok 15 - die() (with filehandles) prevents caching: Undefined cached data
ok
Subroutine File::Slurp::O_CREAT redefined at /home/sand/src/perl/repoperls/installed-perls/perl/perl-5.8.9/165a/lib/site_perl/5.8.9/File/Slurp.pm line 84.
Subroutine File::Slurp::O_EXCL redefined at /home/sand/src/perl/repoperls/installed-perls/perl/perl-5.8.9/165a/lib/site_perl/5.8.9/File/Slurp.pm line 85.
t/pause_continue.t ..............
1..6
ok 1 - pause() and continue(): Computing the right output
ok 2 - pause() and continue(): Computing the right errors
ok 3 - pause() and continue(): Correct cached data
ok 4 - pause() and continue() with filehandles: Computing the right output
ok 5 - pause() and continue() with filehandles: Computing the right errors
ok 6 - pause() and continue() with filehandles: Correct cached data
ok
Subroutine File::Slurp::O_CREAT redefined at /home/sand/src/perl/repoperls/installed-perls/perl/perl-5.8.9/165a/lib/site_perl/5.8.9/File/Slurp.pm line 84.
Subroutine File::Slurp::O_EXCL redefined at /home/sand/src/perl/repoperls/installed-perls/perl/perl-5.8.9/165a/lib/site_perl/5.8.9/File/Slurp.pm line 85.
t/stop.t ........................
1..6
ok 1 - stop(): Computing the right output
ok 2 - stop(): Computing the right errors
ok 3 - stop(): Correct cached data
ok 4 - stop() with filehandles: Computing the right output
ok 5 - stop() with filehandles: Computing the right errors
ok 6 - stop() with filehandles: Correct cached data
ok
Subroutine File::Slurp::O_CREAT redefined at /home/sand/src/perl/repoperls/installed-perls/perl/perl-5.8.9/165a/lib/site_perl/5.8.9/File/Slurp.pm line 84.
Subroutine File::Slurp::O_EXCL redefined at /home/sand/src/perl/repoperls/installed-perls/perl/perl-5.8.9/165a/lib/site_perl/5.8.9/File/Slurp.pm line 85.
# Failed test 'Output to non-STDOUT filehandle: Computing the right errors'
# at t/user_specified_filehandle.t line 79.
# got: 'Subroutine File::Slurp::O_CREAT redefined at /home/sand/src/perl/repoperls/installed-perls/perl/perl-5.8.9/165a/lib/site_perl/5.8.9/File/Slurp.pm line 84.
# Subroutine File::Slurp::O_EXCL redefined at /home/sand/src/perl/repoperls/installed-perls/perl/perl-5.8.9/165a/lib/site_perl/5.8.9/File/Slurp.pm line 85.
# '
# expected: ''
# Failed test 'Monitor non-STDOUT filehandle: Computing the right errors'
# at t/user_specified_filehandle.t line 124.
# got: 'Subroutine File::Slurp::O_CREAT redefined at /home/sand/src/perl/repoperls/installed-perls/perl/perl-5.8.9/165a/lib/site_perl/5.8.9/File/Slurp.pm line 84.
# Subroutine File::Slurp::O_EXCL redefined at /home/sand/src/perl/repoperls/installed-perls/perl/perl-5.8.9/165a/lib/site_perl/5.8.9/File/Slurp.pm line 85.
# '
# expected: ''
# Looks like you failed 2 tests of 6.
t/user_specified_filehandle.t ...
1..6
ok 1 - Output to non-STDOUT filehandle: Computing the right output
not ok 2 - Output to non-STDOUT filehandle: Computing the right errors
ok 3 - Output to non-STDOUT filehandle: Correct cached data
ok 4 - Monitor non-STDOUT filehandle: Computing the right output
not ok 5 - Monitor non-STDOUT filehandle: Computing the right errors
ok 6 - Monitor non-STDOUT filehandle: Correct cached data
Dubious, test returned 2 (wstat 512, 0x200)
Failed 2/6 subtests
Test Summary Report
-------------------
t/user_specified_filehandle.t (Wstat: 512 Tests: 6 Failed: 2)
Failed tests: 2, 5
Non-zero exit status: 2
Files=13, Tests=69, 8 wallclock secs ( 0.06 usr 0.07 sys + 2.18 cusr 0.64 csys = 2.95 CPU)
Result: FAIL
Failed 1/13 test programs. 2/69 subtests failed.
Makefile:776: recipe for target 'test_dynamic' failed
make: *** [test_dynamic] Error 2
------------------------------
PREREQUISITES
------------------------------
Prerequisite modules loaded:
requires:
Module Need Have
------------------- ----- ------------
Cache::Cache 0 1.08
File::Path 0 2.09
File::Spec 0 3.47
perl 5.005 5.008009
Storable 0 2.51
Tie::Restore 0 0.11
build_requires:
Module Need Have
------------------- ----- ------------
Error 0 0.17023
ExtUtils::MakeMaker 6.36 7.04
File::Slurp 0 9999.19
Test::Compile 0 v1.2.1
Test::More 0 1.301001_110
UNIVERSAL::require 0 0.18
URI::Escape 0 3.31
configure_requires:
Module Need Have
------------------- ----- ------------
ExtUtils::MakeMaker 6.36 7.04
URI::Escape 0 3.31
------------------------------
ENVIRONMENT AND OTHER CONTEXT
------------------------------
Environment variables:
AUTOMATED_TESTING = 1
LANG = en_US.UTF-8
LANGUAGE = en_US:en
PATH = /home/sand/bin:/usr/local/bin:/usr/bin:/bin:/usr/games:/usr/local/perl/bin:/usr/X11/bin:/sbin:/usr/sbin
PERL5LIB =
PERL5OPT =
PERL5_CPANPLUS_IS_RUNNING = 26049
PERL5_CPAN_IS_RUNNING = 26049
PERL_MM_USE_DEFAULT = 1
SHELL = /usr/bin/zsh
TERM = screen
Perl special variables (and OS-specific diagnostics, for MSWin32):
$^X = /home/sand/src/perl/repoperls/installed-perls/perl/perl-5.8.9/165a/bin/perl
$UID/$EUID = 1005 / 1005
$GID = 1005 1005
$EGID = 1005 1005
Perl module toolchain versions installed:
Module Have
------------------- ------------
CPAN 2.10
CPAN::Meta 2.150002
Cwd 3.47
ExtUtils::CBuilder 0.280220
ExtUtils::Command 1.16
ExtUtils::Install 1.54
ExtUtils::MakeMaker 7.04
ExtUtils::Manifest 1.70
ExtUtils::ParseXS 3.24
File::Spec 3.47
JSON 2.90
JSON::PP 2.27203
Module::Build 0.4211
Module::Signature 0.78
Parse::CPAN::Meta 1.4414
Test::Harness 3.35
Test::More 1.301001_110
YAML 1.15
YAML::Syck 1.29
version 0.9912
--
Summary of my perl5 (revision 5 version 8 subversion 9) configuration:
Platform:
osname=linux, osvers=3.16.0-4-amd64, archname=x86_64-linux
uname='linux k83 3.16.0-4-amd64 #1 smp debian 3.16.7-ckt9-1 (2015-04-08) x86_64 gnulinux '
config_args='-Dprefix=/home/sand/src/perl/repoperls/installed-perls/perl/perl-5.8.9/165a -Dmyhostname=k83 -Dinstallusrbinperl=n -Uversiononly -Dusedevel -des -Ui_db -Uuseithreads -Uuselongdouble -DDEBUGGING=-g'
hint=recommended, useposix=true, d_sigaction=define
usethreads=undef use5005threads=undef useithreads=undef usemultiplicity=undef
useperlio=define d_sfio=undef uselargefiles=define usesocks=undef
use64bitint=define use64bitall=define uselongdouble=undef
usemymalloc=n, bincompat5005=undef
Compiler:
cc='cc', ccflags ='-fno-strict-aliasing -pipe -I/usr/local/include -D_LARGEFILE_SOURCE -D_FILE_OFFSET_BITS=64',
optimize='-O2 -g',
cppflags='-fno-strict-aliasing -pipe -I/usr/local/include'
ccversion='', gccversion='4.9.2', gccosandvers=''
intsize=4, longsize=8, ptrsize=8, doublesize=8, byteorder=12345678
d_longlong=define, longlongsize=8, d_longdbl=define, longdblsize=16
ivtype='long', ivsize=8, nvtype='double', nvsize=8, Off_t='off_t', lseeksize=8
alignbytes=8, prototype=define
Linker and Libraries:
ld='cc', ldflags =' -L/usr/local/lib'
libpth=/usr/local/lib /lib/x86_64-linux-gnu /lib/../lib /usr/lib/x86_64-linux-gnu /usr/lib/../lib /lib /usr/lib
libs=-lnsl -lgdbm -ldb -ldl -lm -lcrypt -lutil -lc -lgdbm_compat
perllibs=-lnsl -ldl -lm -lcrypt -lutil -lc -lgdbm_compat
libc=libc-2.19.so, so=so, useshrplib=false, libperl=libperl.a
gnulibc_version='2.19'
Dynamic Linking:
dlsrc=dl_dlopen.xs, dlext=so, d_dlsymun=undef, ccdlflags='-Wl,-E'
cccdlflags='-fPIC', lddlflags='-shared -O2 -g -L/usr/local/lib'
Characteristics of this binary (from libperl):
Compile-time options: PERL_MALLOC_WRAP USE_64_BIT_ALL USE_64_BIT_INT
USE_FAST_STDIO USE_LARGE_FILES USE_PERLIO
Built under linux
Compiled at Apr 13 2015 16:51:37
%ENV:
PERL5LIB=""
PERL5OPT=""
PERL5_CPANPLUS_IS_RUNNING="26049"
PERL5_CPAN_IS_RUNNING="26049"
PERL_MM_USE_DEFAULT="1"
@INC:
/home/sand/src/perl/repoperls/installed-perls/perl/perl-5.8.9/165a/lib/5.8.9/x86_64-linux
/home/sand/src/perl/repoperls/installed-perls/perl/perl-5.8.9/165a/lib/5.8.9
/home/sand/src/perl/repoperls/installed-perls/perl/perl-5.8.9/165a/lib/site_perl/5.8.9/x86_64-linux
/home/sand/src/perl/repoperls/installed-perls/perl/perl-5.8.9/165a/lib/site_perl/5.8.9
.