Reaction v0.002005 Perl 5 v5.37.2 x86_64-linux-thread-multi

Status
Fail
From
Andreas J. König (ANDK)
Dist
Reaction v0.002005
Platform
Perl 5 v5.37.2 x86_64-linux-thread-multi
Date
2022-08-04 10:29:46
ID
5cce842c-13e0-11ed-a60e-7f769922285f
This distribution has been tested as part of the CPAN Testers
project, supporting the Perl programming language.  See
http://wiki.cpantesters.org/ for more information or email
questions to cpan-testers-discuss@perl.org


--
Dear Justin Hunter,

This is a computer-generated report for Reaction-0.002005
on perl 5.37.2, created by CPAN-Reporter-1.2018.

Thank you for uploading your work to CPAN.  However, there was a problem
testing your distribution.

If you think this report is invalid, please consult the CPAN Testers Wiki
for suggestions on how to avoid getting FAIL reports for missing library
or binary dependencies, unsupported operating systems, and so on:

http://wiki.cpantesters.org/wiki/CPANAuthorNotes

Sections of this report:

    * Tester comments
    * Program output
    * Prerequisites
    * Environment and other context

------------------------------
TESTER COMMENTS
------------------------------

Additional comments from tester:

this report is from an automated smoke testing program
and was not reviewed by a human for accuracy

------------------------------
PROGRAM OUTPUT
------------------------------

Output from '/usr/bin/make test':

PERL_DL_NONLAZY=1 "/tmp/basesmoker-reloperl-1mEb/bin/perl" "-MExtUtils::Command::MM" "-MTest::Harness" "-e" "undef *Test::Harness::Switches; test_harness(0, 'inc', 'blib/lib', 'blib/arch')" t/00componentui_compiles.t t/01app.t t/04load_all.t t/05reflect_attr_from.t t/im_dbic.t t/ui_focus_stack.t t/ui_view.t t/ui_viewport.t t/uncheck_bool_field.t
Class::MOP::load_class is deprecated at /home/sand/src/perl/repoperls/installed-perls/host/k93focal/v5.37.2/d119/lib/site_perl/5.37.2/x86_64-linux-thread-multi/Class/MOP.pm line 69.
	Class::MOP::load_class("ComponentUI::TestModel") called at /tmp/loop_over_bdir-3589605-XjwJT5/Reaction-0.002005-0/blib/lib/Catalyst/Model/Reaction/InterfaceModel/DBIC.pm line 24
	Catalyst::Model::Reaction::InterfaceModel::DBIC::COMPONENT("ComponentUI::Model::TestModel", "ComponentUI", HASH(0x55dd39397180)) called at /home/sand/src/perl/repoperls/installed-perls/host/k93focal/v5.37.2/d119/lib/site_perl/5.37.2/Catalyst.pm line 3234
	eval {...} called at /home/sand/src/perl/repoperls/installed-perls/host/k93focal/v5.37.2/d119/lib/site_perl/5.37.2/Catalyst.pm line 3235
	Catalyst::setup_component("ComponentUI", "ComponentUI::Model::TestModel") called at /home/sand/src/perl/repoperls/installed-perls/host/k93focal/v5.37.2/d119/lib/site_perl/5.37.2/Catalyst.pm line 3212
	Catalyst::__ANON__() called at /home/sand/src/perl/repoperls/installed-perls/host/k93focal/v5.37.2/d119/lib/site_perl/5.37.2/Catalyst.pm line 3059
	Catalyst::setup_components("ComponentUI") called at /home/sand/src/perl/repoperls/installed-perls/host/k93focal/v5.37.2/d119/lib/site_perl/5.37.2/Catalyst.pm line 1431
	Catalyst::setup("ComponentUI") called at /tmp/loop_over_bdir-3589605-XjwJT5/Reaction-0.002005-0/blib/lib/ComponentUI.pm line 32
	require ComponentUI.pm called at t/00componentui_compiles.t line 7
	main::BEGIN() called at t/00componentui_compiles.t line 7
	eval {...} called at t/00componentui_compiles.t line 7
	eval 'package main;
BEGIN { ${^WARNING_BITS} = $args[-1] if defined $args[-1] }
#line 7 t/00componentui_compiles.t
use ComponentUI @{$args[0]};
1;
' called at /home/sand/src/perl/repoperls/installed-perls/host/k93focal/v5.37.2/d119/lib/5.37.2/Test/More.pm line 1034
	Test::More::_eval("package main;\x{a}BEGIN { \${^WARNING_BITS} = \$args[-1] if defined"..., ARRAY(0x55dd32c05ba0), "UUUUUUUUUUUUUUUUUUUU") called at /home/sand/src/perl/repoperls/installed-perls/host/k93focal/v5.37.2/d119/lib/5.37.2/Test/More.pm line 1009
	Test::More::use_ok("ComponentUI") called at t/00componentui_compiles.t line 7
Class::MOP::load_class is deprecated at /home/sand/src/perl/repoperls/installed-perls/host/k93focal/v5.37.2/d119/lib/site_perl/5.37.2/x86_64-linux-thread-multi/Class/MOP.pm line 69.
	Class::MOP::load_class("Reaction::InterfaceModel::Object") called at /tmp/loop_over_bdir-3589605-XjwJT5/Reaction-0.002005-0/blib/lib/Reaction/InterfaceModel/Reflector/DBIC.pm line 149
	Reaction::InterfaceModel::Reflector::DBIC::reflect_schema(Reaction::InterfaceModel::Reflector::DBIC=HASH(0x55dd39eb8fc0), "model_class", "ComponentUI::TestModel", "schema_class", "RTest::TestDB", "sources", ARRAY(0x55dd3a067628)) called at /tmp/loop_over_bdir-3589605-XjwJT5/Reaction-0.002005-0/blib/lib/ComponentUI/TestModel.pm line 10
	require ComponentUI/TestModel.pm called at /home/sand/src/perl/repoperls/installed-perls/host/k93focal/v5.37.2/d119/lib/site_perl/5.37.2/Module/Runtime.pm line 314
	Module::Runtime::require_module("ComponentUI::TestModel") called at /home/sand/src/perl/repoperls/installed-perls/host/k93focal/v5.37.2/d119/lib/site_perl/5.37.2/Class/Load.pm line 174
	Class::Load::try {...} () called at /home/sand/src/perl/repoperls/installed-perls/host/k93focal/v5.37.2/d119/lib/site_perl/5.37.2/Try/Tiny.pm line 98
	eval {...} called at /home/sand/src/perl/repoperls/installed-perls/host/k93focal/v5.37.2/d119/lib/site_perl/5.37.2/Try/Tiny.pm line 93
	Try::Tiny::try(CODE(0x55dd393996e0), Try::Tiny::Catch=REF(0x55dd39a59518)) called at /home/sand/src/perl/repoperls/installed-perls/host/k93focal/v5.37.2/d119/lib/site_perl/5.37.2/Class/Load.pm line 180
	Class::Load::try_load_class("ComponentUI::TestModel", undef) called at /home/sand/src/perl/repoperls/installed-perls/host/k93focal/v5.37.2/d119/lib/site_perl/5.37.2/Class/Load.pm line 35
	Class::Load::load_class("ComponentUI::TestModel") called at /tmp/loop_over_bdir-3589605-XjwJT5/Reaction-0.002005-0/blib/lib/Catalyst/Model/Reaction/InterfaceModel/DBIC.pm line 24
	Catalyst::Model::Reaction::InterfaceModel::DBIC::COMPONENT("ComponentUI::Model::TestModel", "ComponentUI", HASH(0x55dd39397180)) called at /home/sand/src/perl/repoperls/installed-perls/host/k93focal/v5.37.2/d119/lib/site_perl/5.37.2/Catalyst.pm line 3234
	eval {...} called at /home/sand/src/perl/repoperls/installed-perls/host/k93focal/v5.37.2/d119/lib/site_perl/5.37.2/Catalyst.pm line 3235
	Catalyst::setup_component("ComponentUI", "ComponentUI::Model::TestModel") called at /home/sand/src/perl/repoperls/installed-perls/host/k93focal/v5.37.2/d119/lib/site_perl/5.37.2/Catalyst.pm line 3212
	Catalyst::__ANON__() called at /home/sand/src/perl/repoperls/installed-perls/host/k93focal/v5.37.2/d119/lib/site_perl/5.37.2/Catalyst.pm line 3059
	Catalyst::setup_components("ComponentUI") called at /home/sand/src/perl/repoperls/installed-perls/host/k93focal/v5.37.2/d119/lib/site_perl/5.37.2/Catalyst.pm line 1431
	Catalyst::setup("ComponentUI") called at /tmp/loop_over_bdir-3589605-XjwJT5/Reaction-0.002005-0/blib/lib/ComponentUI.pm line 32
	require ComponentUI.pm called at t/00componentui_compiles.t line 7
	main::BEGIN() called at t/00componentui_compiles.t line 7
	eval {...} called at t/00componentui_compiles.t line 7
	eval 'package main;
BEGIN { ${^WARNING_BITS} = $args[-1] if defined $args[-1] }
#line 7 t/00componentui_compiles.t
use ComponentUI @{$args[0]};
1;
' called at /home/sand/src/perl/repoperls/installed-perls/host/k93focal/v5.37.2/d119/lib/5.37.2/Test/More.pm line 1034
	Test::More::_eval("package main;\x{a}BEGIN { \${^WARNING_BITS} = \$args[-1] if defined"..., ARRAY(0x55dd32c05ba0), "UUUUUUUUUUUUUUUUUUUU") called at /home/sand/src/perl/repoperls/installed-perls/host/k93focal/v5.37.2/d119/lib/5.37.2/Test/More.pm line 1009
	Test::More::use_ok("ComponentUI") called at t/00componentui_compiles.t line 7
Class::MOP::load_class is deprecated at /home/sand/src/perl/repoperls/installed-perls/host/k93focal/v5.37.2/d119/lib/site_perl/5.37.2/x86_64-linux-thread-multi/Class/MOP.pm line 69.
	Class::MOP::load_class("Reaction::InterfaceModel::Object") called at /tmp/loop_over_bdir-3589605-XjwJT5/Reaction-0.002005-0/blib/lib/Reaction/Class.pm line 123
	Reaction::Class::do_class_sub("Reaction::Class", "ComponentUI::TestModel::Foo", "ComponentUI::TestModel::Foo", "is", "Reaction::InterfaceModel::Object", "which", CODE(0x55dd3a17f100)) called at /tmp/loop_over_bdir-3589605-XjwJT5/Reaction-0.002005-0/blib/lib/Reaction/Class.pm line 86
	Reaction::Class::("ComponentUI::TestModel::Foo", "is", "Reaction::InterfaceModel::Object", "which", CODE(0x55dd3a17f100)) called at /tmp/loop_over_bdir-3589605-XjwJT5/Reaction-0.002005-0/blib/lib/ComponentUI/TestModel/Foo.pm line 8
	require ComponentUI/TestModel/Foo.pm called at /home/sand/src/perl/repoperls/installed-perls/host/k93focal/v5.37.2/d119/lib/site_perl/5.37.2/Module/Runtime.pm line 314
	Module::Runtime::require_module("ComponentUI::TestModel::Foo") called at /home/sand/src/perl/repoperls/installed-perls/host/k93focal/v5.37.2/d119/lib/site_perl/5.37.2/Class/Load.pm line 174
	Class::Load::try {...} () called at /home/sand/src/perl/repoperls/installed-perls/host/k93focal/v5.37.2/d119/lib/site_perl/5.37.2/Try/Tiny.pm line 98
	eval {...} called at /home/sand/src/perl/repoperls/installed-perls/host/k93focal/v5.37.2/d119/lib/site_perl/5.37.2/Try/Tiny.pm line 93
	Try::Tiny::try(CODE(0x55dd3a198590), Try::Tiny::Catch=REF(0x55dd3a198650)) called at /home/sand/src/perl/repoperls/installed-perls/host/k93focal/v5.37.2/d119/lib/site_perl/5.37.2/Class/Load.pm line 180
	Class::Load::try_load_class("ComponentUI::TestModel::Foo", undef) called at /home/sand/src/perl/repoperls/installed-perls/host/k93focal/v5.37.2/d119/lib/site_perl/5.37.2/Class/Load.pm line 35
	Class::Load::load_class("ComponentUI::TestModel::Foo") called at /tmp/loop_over_bdir-3589605-XjwJT5/Reaction-0.002005-0/blib/lib/Reaction/InterfaceModel/Reflector/DBIC.pm line 892
	eval {...} called at /tmp/loop_over_bdir-3589605-XjwJT5/Reaction-0.002005-0/blib/lib/Reaction/InterfaceModel/Reflector/DBIC.pm line 892
	Reaction::InterfaceModel::Reflector::DBIC::_maybe_load_class(Reaction::InterfaceModel::Reflector::DBIC=HASH(0x55dd39eb8fc0), "ComponentUI::TestModel::Foo") called at /tmp/loop_over_bdir-3589605-XjwJT5/Reaction-0.002005-0/blib/lib/Reaction/InterfaceModel/Reflector/DBIC.pm line 876
	Reaction::InterfaceModel::Reflector::DBIC::_load_or_create(Reaction::InterfaceModel::Reflector::DBIC=HASH(0x55dd39eb8fc0), "ComponentUI::TestModel::Foo", "superclasses", ARRAY(0x55dd39f77c90)) called at /tmp/loop_over_bdir-3589605-XjwJT5/Reaction-0.002005-0/blib/lib/Reaction/InterfaceModel/Reflector/DBIC.pm line 448
	Reaction::InterfaceModel::Reflector::DBIC::reflect_source_object(Reaction::InterfaceModel::Reflector::DBIC=HASH(0x55dd39eb8fc0), "source_name", "Foo", "parent_class", "ComponentUI::TestModel", "parent_domain_model_name", "_rtest_test_db_store", "schema_class", ...) called at /tmp/loop_over_bdir-3589605-XjwJT5/Reaction-0.002005-0/blib/lib/Reaction/InterfaceModel/Reflector/DBIC.pm line 323
	Reaction::InterfaceModel::Reflector::DBIC::reflect_source(Reaction::InterfaceModel::Reflector::DBIC=HASH(0x55dd39eb8fc0), "source_name", "Foo", "parent_class", "ComponentUI::TestModel", "schema_class", "RTest::TestDB", "source_class", ...) called at /tmp/loop_over_bdir-3589605-XjwJT5/Reaction-0.002005-0/blib/lib/Reaction/InterfaceModel/Reflector/DBIC.pm line 185
	Reaction::InterfaceModel::Reflector::DBIC::reflect_schema(Reaction::InterfaceModel::Reflector::DBIC=HASH(0x55dd39eb8fc0), "model_class", "ComponentUI::TestModel", "schema_class", "RTest::TestDB", "sources", ARRAY(0x55dd3a067628)) called at /tmp/loop_over_bdir-3589605-XjwJT5/Reaction-0.002005-0/blib/lib/ComponentUI/TestModel.pm line 10
	require ComponentUI/TestModel.pm called at /home/sand/src/perl/repoperls/installed-perls/host/k93focal/v5.37.2/d119/lib/site_perl/5.37.2/Module/Runtime.pm line 314
	Module::Runtime::require_module("ComponentUI::TestModel") called at /home/sand/src/perl/repoperls/installed-perls/host/k93focal/v5.37.2/d119/lib/site_perl/5.37.2/Class/Load.pm line 174
	Class::Load::try {...} () called at /home/sand/src/perl/repoperls/installed-perls/host/k93focal/v5.37.2/d119/lib/site_perl/5.37.2/Try/Tiny.pm line 98
	eval {...} called at /home/sand/src/perl/repoperls/installed-perls/host/k93focal/v5.37.2/d119/lib/site_perl/5.37.2/Try/Tiny.pm line 93
	Try::Tiny::try(CODE(0x55dd393996e0), Try::Tiny::Catch=REF(0x55dd39a59518)) called at /home/sand/src/perl/repoperls/installed-perls/host/k93focal/v5.37.2/d119/lib/site_perl/5.37.2/Class/Load.pm line 180
	Class::Load::try_load_class("ComponentUI::TestModel", undef) called at /home/sand/src/perl/repoperls/installed-perls/host/k93focal/v5.37.2/d119/lib/site_perl/5.37.2/Class/Load.pm line 35
	Class::Load::load_class("ComponentUI::TestModel") called at /tmp/loop_over_bdir-3589605-XjwJT5/Reaction-0.002005-0/blib/lib/Catalyst/Model/Reaction/InterfaceModel/DBIC.pm line 24
	Catalyst::Model::Reaction::InterfaceModel::DBIC::COMPONENT("ComponentUI::Model::TestModel", "ComponentUI", HASH(0x55dd39397180)) called at /home/sand/src/perl/repoperls/installed-perls/host/k93focal/v5.37.2/d119/lib/site_perl/5.37.2/Catalyst.pm line 3234
	eval {...} called at /home/sand/src/perl/repoperls/installed-perls/host/k93focal/v5.37.2/d119/lib/site_perl/5.37.2/Catalyst.pm line 3235
	Catalyst::setup_component("ComponentUI", "ComponentUI::Model::TestModel") called at /home/sand/src/perl/repoperls/installed-perls/host/k93focal/v5.37.2/d119/lib/site_perl/5.37.2/Catalyst.pm line 3212
	Catalyst::__ANON__() called at /home/sand/src/perl/repoperls/installed-perls/host/k93focal/v5.37.2/d119/lib/site_perl/5.37.2/Catalyst.pm line 3059
	Catalyst::setup_components("ComponentUI") called at /home/sand/src/perl/repoperls/installed-perls/host/k93focal/v5.37.2/d119/lib/site_perl/5.37.2/Catalyst.pm line 1431
	Catalyst::setup("ComponentUI") called at /tmp/loop_over_bdir-3589605-XjwJT5/Reaction-0.002005-0/blib/lib/ComponentUI.pm line 32
	require ComponentUI.pm called at t/00componentui_compiles.t line 7
	main::BEGIN() called at t/00componentui_compiles.t line 7
	eval {...} called at t/00componentui_compiles.t line 7
	eval 'package main;
BEGIN { ${^WARNING_BITS} = $args[-1] if defined $args[-1] }
#line 7 t/00componentui_compiles.t
use ComponentUI @{$args[0]};
1;
' called at /home/sand/src/perl/repoperls/installed-perls/host/k93focal/v5.37.2/d119/lib/5.37.2/Test/More.pm line 1034
	Test::More::_eval("package main;\x{a}BEGIN { \${^WARNING_BITS} = \$args[-1] if defined"..., ARRAY(0x55dd32c05ba0), "UUUUUUUUUUUUUUUUUUUU") called at /home/sand/src/perl/repoperls/installed-perls/host/k93focal/v5.37.2/d119/lib/5.37.2/Test/More.pm line 1009
	Test::More::use_ok("ComponentUI") called at t/00componentui_compiles.t line 7
t/00componentui_compiles.t .. ok
Class::MOP::load_class is deprecated at /home/sand/src/perl/repoperls/installed-perls/host/k93focal/v5.37.2/d119/lib/site_perl/5.37.2/x86_64-linux-thread-multi/Class/MOP.pm line 69.
	Class::MOP::load_class("ComponentUI::TestModel") called at /tmp/loop_over_bdir-3589605-XjwJT5/Reaction-0.002005-0/blib/lib/Catalyst/Model/Reaction/InterfaceModel/DBIC.pm line 24
	Catalyst::Model::Reaction::InterfaceModel::DBIC::COMPONENT("ComponentUI::Model::TestModel", "ComponentUI", HASH(0x5644f272ab80)) called at /home/sand/src/perl/repoperls/installed-perls/host/k93focal/v5.37.2/d119/lib/site_perl/5.37.2/Catalyst.pm line 3234
	eval {...} called at /home/sand/src/perl/repoperls/installed-perls/host/k93focal/v5.37.2/d119/lib/site_perl/5.37.2/Catalyst.pm line 3235
	Catalyst::setup_component("ComponentUI", "ComponentUI::Model::TestModel") called at /home/sand/src/perl/repoperls/installed-perls/host/k93focal/v5.37.2/d119/lib/site_perl/5.37.2/Catalyst.pm line 3212
	Catalyst::__ANON__() called at /home/sand/src/perl/repoperls/installed-perls/host/k93focal/v5.37.2/d119/lib/site_perl/5.37.2/Catalyst.pm line 3059
	Catalyst::setup_components("ComponentUI") called at /home/sand/src/perl/repoperls/installed-perls/host/k93focal/v5.37.2/d119/lib/site_perl/5.37.2/Catalyst.pm line 1431
	Catalyst::setup("ComponentUI") called at /tmp/loop_over_bdir-3589605-XjwJT5/Reaction-0.002005-0/blib/lib/ComponentUI.pm line 32
	require ComponentUI.pm called at /home/sand/src/perl/repoperls/installed-perls/host/k93focal/v5.37.2/d119/lib/site_perl/5.37.2/Module/Runtime.pm line 314
	Module::Runtime::require_module("ComponentUI") called at /home/sand/src/perl/repoperls/installed-perls/host/k93focal/v5.37.2/d119/lib/site_perl/5.37.2/Class/Load.pm line 174
	Class::Load::try {...} () called at /home/sand/src/perl/repoperls/installed-perls/host/k93focal/v5.37.2/d119/lib/site_perl/5.37.2/Try/Tiny.pm line 98
	eval {...} called at /home/sand/src/perl/repoperls/installed-perls/host/k93focal/v5.37.2/d119/lib/site_perl/5.37.2/Try/Tiny.pm line 93
	Try::Tiny::try(CODE(0x5644ebfa4970), Try::Tiny::Catch=REF(0x5644eceab1a8)) called at /home/sand/src/perl/repoperls/installed-perls/host/k93focal/v5.37.2/d119/lib/site_perl/5.37.2/Class/Load.pm line 180
	Class::Load::try_load_class("ComponentUI", undef) called at /home/sand/src/perl/repoperls/installed-perls/host/k93focal/v5.37.2/d119/lib/site_perl/5.37.2/Class/Load.pm line 35
	Class::Load::load_class("ComponentUI") called at /home/sand/src/perl/repoperls/installed-perls/host/k93focal/v5.37.2/d119/lib/site_perl/5.37.2/Catalyst/Test.pm line 29
	Catalyst::Test::_build_request_export("Catalyst::Test", HASH(0x5644ebfa47f0)) called at /home/sand/src/perl/repoperls/installed-perls/host/k93focal/v5.37.2/d119/lib/site_perl/5.37.2/Catalyst/Test.pm line 95
	Catalyst::Test::__ANON__("Catalyst::Test", "all", HASH(0x5644ebfa4790), HASH(0x5644ebfa4670)) called at /home/sand/src/perl/repoperls/installed-perls/host/k93focal/v5.37.2/d119/lib/site_perl/5.37.2/Sub/Exporter.pm line 492
	Sub::Exporter::_expand_group("Catalyst::Test", HASH(0x5644ed42d2a8), ARRAY(0x5644ebfa4688), HASH(0x5644ebfa4670), HASH(0x5644ebfa47c0), HASH(0x5644ebfa45b0)) called at /home/sand/src/perl/repoperls/installed-perls/host/k93focal/v5.37.2/d119/lib/site_perl/5.37.2/Sub/Exporter.pm line 423
	Sub::Exporter::_expand_groups("Catalyst::Test", HASH(0x5644ed42d2a8), ARRAY(0x5644ed42d6f8), HASH(0x5644ebfa4670)) called at /home/sand/src/perl/repoperls/installed-perls/host/k93focal/v5.37.2/d119/lib/site_perl/5.37.2/Sub/Exporter.pm line 741
	Sub::Exporter::__ANON__("Catalyst::Test", "-all", HASH(0x5644ebf7b608)) called at /home/sand/src/perl/repoperls/installed-perls/host/k93focal/v5.37.2/d119/lib/site_perl/5.37.2/Catalyst/Test.pm line 155
	Catalyst::Test::import("Catalyst::Test", "ComponentUI") called at t/01app.t line 7
	main::BEGIN() called at t/01app.t line 7
	eval {...} called at t/01app.t line 7
	eval 'package main;
BEGIN { ${^WARNING_BITS} = $args[-1] if defined $args[-1] }
#line 7 t/01app.t
use Catalyst::Test @{$args[0]};
1;
' called at /home/sand/src/perl/repoperls/installed-perls/host/k93focal/v5.37.2/d119/lib/5.37.2/Test/More.pm line 1034
	Test::More::_eval("package main;\x{a}BEGIN { \${^WARNING_BITS} = \$args[-1] if defined"..., ARRAY(0x5644ebf68570), "UUUUUUUUUUUUUUUUUUUU") called at /home/sand/src/perl/repoperls/installed-perls/host/k93focal/v5.37.2/d119/lib/5.37.2/Test/More.pm line 1009
	Test::More::use_ok("Catalyst::Test", "ComponentUI") called at t/01app.t line 7
	main::BEGIN() called at t/01app.t line 8
	eval {...} called at t/01app.t line 8
Class::MOP::load_class is deprecated at /home/sand/src/perl/repoperls/installed-perls/host/k93focal/v5.37.2/d119/lib/site_perl/5.37.2/x86_64-linux-thread-multi/Class/MOP.pm line 69.
	Class::MOP::load_class("Reaction::InterfaceModel::Object") called at /tmp/loop_over_bdir-3589605-XjwJT5/Reaction-0.002005-0/blib/lib/Reaction/InterfaceModel/Reflector/DBIC.pm line 149
	Reaction::InterfaceModel::Reflector::DBIC::reflect_schema(Reaction::InterfaceModel::Reflector::DBIC=HASH(0x5644efcd1208), "model_class", "ComponentUI::TestModel", "schema_class", "RTest::TestDB", "sources", ARRAY(0x5644f3419fd0)) called at /tmp/loop_over_bdir-3589605-XjwJT5/Reaction-0.002005-0/blib/lib/ComponentUI/TestModel.pm line 10
	require ComponentUI/TestModel.pm called at /home/sand/src/perl/repoperls/installed-perls/host/k93focal/v5.37.2/d119/lib/site_perl/5.37.2/Module/Runtime.pm line 314
	Module::Runtime::require_module("ComponentUI::TestModel") called at /home/sand/src/perl/repoperls/installed-perls/host/k93focal/v5.37.2/d119/lib/site_perl/5.37.2/Class/Load.pm line 174
	Class::Load::try {...} () called at /home/sand/src/perl/repoperls/installed-perls/host/k93focal/v5.37.2/d119/lib/site_perl/5.37.2/Try/Tiny.pm line 98
	eval {...} called at /home/sand/src/perl/repoperls/installed-perls/host/k93focal/v5.37.2/d119/lib/site_perl/5.37.2/Try/Tiny.pm line 93
	Try::Tiny::try(CODE(0x5644f2741190), Try::Tiny::Catch=REF(0x5644f2e0e080)) called at /home/sand/src/perl/repoperls/installed-perls/host/k93focal/v5.37.2/d119/lib/site_perl/5.37.2/Class/Load.pm line 180
	Class::Load::try_load_class("ComponentUI::TestModel", undef) called at /home/sand/src/perl/repoperls/installed-perls/host/k93focal/v5.37.2/d119/lib/site_perl/5.37.2/Class/Load.pm line 35
	Class::Load::load_class("ComponentUI::TestModel") called at /tmp/loop_over_bdir-3589605-XjwJT5/Reaction-0.002005-0/blib/lib/Catalyst/Model/Reaction/InterfaceModel/DBIC.pm line 24
	Catalyst::Model::Reaction::InterfaceModel::DBIC::COMPONENT("ComponentUI::Model::TestModel", "ComponentUI", HASH(0x5644f272ab80)) called at /home/sand/src/perl/repoperls/installed-perls/host/k93focal/v5.37.2/d119/lib/site_perl/5.37.2/Catalyst.pm line 3234
	eval {...} called at /home/sand/src/perl/repoperls/installed-perls/host/k93focal/v5.37.2/d119/lib/site_perl/5.37.2/Catalyst.pm line 3235
	Catalyst::setup_component("ComponentUI", "ComponentUI::Model::TestModel") called at /home/sand/src/perl/repoperls/installed-perls/host/k93focal/v5.37.2/d119/lib/site_perl/5.37.2/Catalyst.pm line 3212
	Catalyst::__ANON__() called at /home/sand/src/perl/repoperls/installed-perls/host/k93focal/v5.37.2/d119/lib/site_perl/5.37.2/Catalyst.pm line 3059
	Catalyst::setup_components("ComponentUI") called at /home/sand/src/perl/repoperls/installed-perls/host/k93focal/v5.37.2/d119/lib/site_perl/5.37.2/Catalyst.pm line 1431
	Catalyst::setup("ComponentUI") called at /tmp/loop_over_bdir-3589605-XjwJT5/Reaction-0.002005-0/blib/lib/ComponentUI.pm line 32
	require ComponentUI.pm called at /home/sand/src/perl/repoperls/installed-perls/host/k93focal/v5.37.2/d119/lib/site_perl/5.37.2/Module/Runtime.pm line 314
	Module::Runtime::require_module("ComponentUI") called at /home/sand/src/perl/repoperls/installed-perls/host/k93focal/v5.37.2/d119/lib/site_perl/5.37.2/Class/Load.pm line 174
	Class::Load::try {...} () called at /home/sand/src/perl/repoperls/installed-perls/host/k93focal/v5.37.2/d119/lib/site_perl/5.37.2/Try/Tiny.pm line 98
	eval {...} called at /home/sand/src/perl/repoperls/installed-perls/host/k93focal/v5.37.2/d119/lib/site_perl/5.37.2/Try/Tiny.pm line 93
	Try::Tiny::try(CODE(0x5644ebfa4970), Try::Tiny::Catch=REF(0x5644eceab1a8)) called at /home/sand/src/perl/repoperls/installed-perls/host/k93focal/v5.37.2/d119/lib/site_perl/5.37.2/Class/Load.pm line 180
	Class::Load::try_load_class("ComponentUI", undef) called at /home/sand/src/perl/repoperls/installed-perls/host/k93focal/v5.37.2/d119/lib/site_perl/5.37.2/Class/Load.pm line 35
	Class::Load::load_class("ComponentUI") called at /home/sand/src/perl/repoperls/installed-perls/host/k93focal/v5.37.2/d119/lib/site_perl/5.37.2/Catalyst/Test.pm line 29
	Catalyst::Test::_build_request_export("Catalyst::Test", HASH(0x5644ebfa47f0)) called at /home/sand/src/perl/repoperls/installed-perls/host/k93focal/v5.37.2/d119/lib/site_perl/5.37.2/Catalyst/Test.pm line 95
	Catalyst::Test::__ANON__("Catalyst::Test", "all", HASH(0x5644ebfa4790), HASH(0x5644ebfa4670)) called at /home/sand/src/perl/repoperls/installed-perls/host/k93focal/v5.37.2/d119/lib/site_perl/5.37.2/Sub/Exporter.pm line 492
	Sub::Exporter::_expand_group("Catalyst::Test", HASH(0x5644ed42d2a8), ARRAY(0x5644ebfa4688), HASH(0x5644ebfa4670), HASH(0x5644ebfa47c0), HASH(0x5644ebfa45b0)) called at /home/sand/src/perl/repoperls/installed-perls/host/k93focal/v5.37.2/d119/lib/site_perl/5.37.2/Sub/Exporter.pm line 423
	Sub::Exporter::_expand_groups("Catalyst::Test", HASH(0x5644ed42d2a8), ARRAY(0x5644ed42d6f8), HASH(0x5644ebfa4670)) called at /home/sand/src/perl/repoperls/installed-perls/host/k93focal/v5.37.2/d119/lib/site_perl/5.37.2/Sub/Exporter.pm line 741
	Sub::Exporter::__ANON__("Catalyst::Test", "-all", HASH(0x5644ebf7b608)) called at /home/sand/src/perl/repoperls/installed-perls/host/k93focal/v5.37.2/d119/lib/site_perl/5.37.2/Catalyst/Test.pm line 155
	Catalyst::Test::import("Catalyst::Test", "ComponentUI") called at t/01app.t line 7
	main::BEGIN() called at t/01app.t line 7
	eval {...} called at t/01app.t line 7
	eval 'package main;
BEGIN { ${^WARNING_BITS} = $args[-1] if defined $args[-1] }
#line 7 t/01app.t
use Catalyst::Test @{$args[0]};
1;
' called at /home/sand/src/perl/repoperls/installed-perls/host/k93focal/v5.37.2/d119/lib/5.37.2/Test/More.pm line 1034
	Test::More::_eval("package main;\x{a}BEGIN { \${^WARNING_BITS} = \$args[-1] if defined"..., ARRAY(0x5644ebf68570), "UUUUUUUUUUUUUUUUUUUU") called at /home/sand/src/perl/repoperls/installed-perls/host/k93focal/v5.37.2/d119/lib/5.37.2/Test/More.pm line 1009
	Test::More::use_ok("Catalyst::Test", "ComponentUI") called at t/01app.t line 7
	main::BEGIN() called at t/01app.t line 8
	eval {...} called at t/01app.t line 8
Class::MOP::load_class is deprecated at /home/sand/src/perl/repoperls/installed-perls/host/k93focal/v5.37.2/d119/lib/site_perl/5.37.2/x86_64-linux-thread-multi/Class/MOP.pm line 69.
	Class::MOP::load_class("Reaction::InterfaceModel::Object") called at /tmp/loop_over_bdir-3589605-XjwJT5/Reaction-0.002005-0/blib/lib/Reaction/Class.pm line 123
	Reaction::Class::do_class_sub("Reaction::Class", "ComponentUI::TestModel::Foo", "ComponentUI::TestModel::Foo", "is", "Reaction::InterfaceModel::Object", "which", CODE(0x5644f351d970)) called at /tmp/loop_over_bdir-3589605-XjwJT5/Reaction-0.002005-0/blib/lib/Reaction/Class.pm line 86
	Reaction::Class::("ComponentUI::TestModel::Foo", "is", "Reaction::InterfaceModel::Object", "which", CODE(0x5644f351d970)) called at /tmp/loop_over_bdir-3589605-XjwJT5/Reaction-0.002005-0/blib/lib/ComponentUI/TestModel/Foo.pm line 8
	require ComponentUI/TestModel/Foo.pm called at /home/sand/src/perl/repoperls/installed-perls/host/k93focal/v5.37.2/d119/lib/site_perl/5.37.2/Module/Runtime.pm line 314
	Module::Runtime::require_module("ComponentUI::TestModel::Foo") called at /home/sand/src/perl/repoperls/installed-perls/host/k93focal/v5.37.2/d119/lib/site_perl/5.37.2/Class/Load.pm line 174
	Class::Load::try {...} () called at /home/sand/src/perl/repoperls/installed-perls/host/k93focal/v5.37.2/d119/lib/site_perl/5.37.2/Try/Tiny.pm line 98
	eval {...} called at /home/sand/src/perl/repoperls/installed-perls/host/k93focal/v5.37.2/d119/lib/site_perl/5.37.2/Try/Tiny.pm line 93
	Try::Tiny::try(CODE(0x5644f3516f90), Try::Tiny::Catch=REF(0x5644f3549288)) called at /home/sand/src/perl/repoperls/installed-perls/host/k93focal/v5.37.2/d119/lib/site_perl/5.37.2/Class/Load.pm line 180
	Class::Load::try_load_class("ComponentUI::TestModel::Foo", undef) called at /home/sand/src/perl/repoperls/installed-perls/host/k93focal/v5.37.2/d119/lib/site_perl/5.37.2/Class/Load.pm line 35
	Class::Load::load_class("ComponentUI::TestModel::Foo") called at /tmp/loop_over_bdir-3589605-XjwJT5/Reaction-0.002005-0/blib/lib/Reaction/InterfaceModel/Reflector/DBIC.pm line 892
	eval {...} called at /tmp/loop_over_bdir-3589605-XjwJT5/Reaction-0.002005-0/blib/lib/Reaction/InterfaceModel/Reflector/DBIC.pm line 892
	Reaction::InterfaceModel::Reflector::DBIC::_maybe_load_class(Reaction::InterfaceModel::Reflector::DBIC=HASH(0x5644efcd1208), "ComponentUI::TestModel::Foo") called at /tmp/loop_over_bdir-3589605-XjwJT5/Reaction-0.002005-0/blib/lib/Reaction/InterfaceModel/Reflector/DBIC.pm line 876
	Reaction::InterfaceModel::Reflector::DBIC::_load_or_create(Reaction::InterfaceModel::Reflector::DBIC=HASH(0x5644efcd1208), "ComponentUI::TestModel::Foo", "superclasses", ARRAY(0x5644f330f618)) called at /tmp/loop_over_bdir-3589605-XjwJT5/Reaction-0.002005-0/blib/lib/Reaction/InterfaceModel/Reflector/DBIC.pm line 448
	Reaction::InterfaceModel::Reflector::DBIC::reflect_source_object(Reaction::InterfaceModel::Reflector::DBIC=HASH(0x5644efcd1208), "source_class", "RTest::TestDB::Foo", "parent_class", "ComponentUI::TestModel", "source_name", "Foo", "schema_class", ...) called at /tmp/loop_over_bdir-3589605-XjwJT5/Reaction-0.002005-0/blib/lib/Reaction/InterfaceModel/Reflector/DBIC.pm line 323
	Reaction::InterfaceModel::Reflector::DBIC::reflect_source(Reaction::InterfaceModel::Reflector::DBIC=HASH(0x5644efcd1208), "source_name", "Foo", "parent_class", "ComponentUI::TestModel", "schema_class", "RTest::TestDB", "source_class", ...) called at /tmp/loop_over_bdir-3589605-XjwJT5/Reaction-0.002005-0/blib/lib/Reaction/InterfaceModel/Reflector/DBIC.pm line 185
	Reaction::InterfaceModel::Reflector::DBIC::reflect_schema(Reaction::InterfaceModel::Reflector::DBIC=HASH(0x5644efcd1208), "model_class", "ComponentUI::TestModel", "schema_class", "RTest::TestDB", "sources", ARRAY(0x5644f3419fd0)) called at /tmp/loop_over_bdir-3589605-XjwJT5/Reaction-0.002005-0/blib/lib/ComponentUI/TestModel.pm line 10
	require ComponentUI/TestModel.pm called at /home/sand/src/perl/repoperls/installed-perls/host/k93focal/v5.37.2/d119/lib/site_perl/5.37.2/Module/Runtime.pm line 314
	Module::Runtime::require_module("ComponentUI::TestModel") called at /home/sand/src/perl/repoperls/installed-perls/host/k93focal/v5.37.2/d119/lib/site_perl/5.37.2/Class/Load.pm line 174
	Class::Load::try {...} () called at /home/sand/src/perl/repoperls/installed-perls/host/k93focal/v5.37.2/d119/lib/site_perl/5.37.2/Try/Tiny.pm line 98
	eval {...} called at /home/sand/src/perl/repoperls/installed-perls/host/k93focal/v5.37.2/d119/lib/site_perl/5.37.2/Try/Tiny.pm line 93
	Try::Tiny::try(CODE(0x5644f2741190), Try::Tiny::Catch=REF(0x5644f2e0e080)) called at /home/sand/src/perl/repoperls/installed-perls/host/k93focal/v5.37.2/d119/lib/site_perl/5.37.2/Class/Load.pm line 180
	Class::Load::try_load_class("ComponentUI::TestModel", undef) called at /home/sand/src/perl/repoperls/installed-perls/host/k93focal/v5.37.2/d119/lib/site_perl/5.37.2/Class/Load.pm line 35
	Class::Load::load_class("ComponentUI::TestModel") called at /tmp/loop_over_bdir-3589605-XjwJT5/Reaction-0.002005-0/blib/lib/Catalyst/Model/Reaction/InterfaceModel/DBIC.pm line 24
	Catalyst::Model::Reaction::InterfaceModel::DBIC::COMPONENT("ComponentUI::Model::TestModel", "ComponentUI", HASH(0x5644f272ab80)) called at /home/sand/src/perl/repoperls/installed-perls/host/k93focal/v5.37.2/d119/lib/site_perl/5.37.2/Catalyst.pm line 3234
	eval {...} called at /home/sand/src/perl/repoperls/installed-perls/host/k93focal/v5.37.2/d119/lib/site_perl/5.37.2/Catalyst.pm line 3235
	Catalyst::setup_component("ComponentUI", "ComponentUI::Model::TestModel") called at /home/sand/src/perl/repoperls/installed-perls/host/k93focal/v5.37.2/d119/lib/site_perl/5.37.2/Catalyst.pm line 3212
	Catalyst::__ANON__() called at /home/sand/src/perl/repoperls/installed-perls/host/k93focal/v5.37.2/d119/lib/site_perl/5.37.2/Catalyst.pm line 3059
	Catalyst::setup_components("ComponentUI") called at /home/sand/src/perl/repoperls/installed-perls/host/k93focal/v5.37.2/d119/lib/site_perl/5.37.2/Catalyst.pm line 1431
	Catalyst::setup("ComponentUI") called at /tmp/loop_over_bdir-3589605-XjwJT5/Reaction-0.002005-0/blib/lib/ComponentUI.pm line 32
	require ComponentUI.pm called at /home/sand/src/perl/repoperls/installed-perls/host/k93focal/v5.37.2/d119/lib/site_perl/5.37.2/Module/Runtime.pm line 314
	Module::Runtime::require_module("ComponentUI") called at /home/sand/src/perl/repoperls/installed-perls/host/k93focal/v5.37.2/d119/lib/site_perl/5.37.2/Class/Load.pm line 174
	Class::Load::try {...} () called at /home/sand/src/perl/repoperls/installed-perls/host/k93focal/v5.37.2/d119/lib/site_perl/5.37.2/Try/Tiny.pm line 98
	eval {...} called at /home/sand/src/perl/repoperls/installed-perls/host/k93focal/v5.37.2/d119/lib/site_perl/5.37.2/Try/Tiny.pm line 93
	Try::Tiny::try(CODE(0x5644ebfa4970), Try::Tiny::Catch=REF(0x5644eceab1a8)) called at /home/sand/src/perl/repoperls/installed-perls/host/k93focal/v5.37.2/d119/lib/site_perl/5.37.2/Class/Load.pm line 180
	Class::Load::try_load_class("ComponentUI", undef) called at /home/sand/src/perl/repoperls/installed-perls/host/k93focal/v5.37.2/d119/lib/site_perl/5.37.2/Class/Load.pm line 35
	Class::Load::load_class("ComponentUI") called at /home/sand/src/perl/repoperls/installed-perls/host/k93focal/v5.37.2/d119/lib/site_perl/5.37.2/Catalyst/Test.pm line 29
	Catalyst::Test::_build_request_export("Catalyst::Test", HASH(0x5644ebfa47f0)) called at /home/sand/src/perl/repoperls/installed-perls/host/k93focal/v5.37.2/d119/lib/site_perl/5.37.2/Catalyst/Test.pm line 95
	Catalyst::Test::__ANON__("Catalyst::Test", "all", HASH(0x5644ebfa4790), HASH(0x5644ebfa4670)) called at /home/sand/src/perl/repoperls/installed-perls/host/k93focal/v5.37.2/d119/lib/site_perl/5.37.2/Sub/Exporter.pm line 492
	Sub::Exporter::_expand_group("Catalyst::Test", HASH(0x5644ed42d2a8), ARRAY(0x5644ebfa4688), HASH(0x5644ebfa4670), HASH(0x5644ebfa47c0), HASH(0x5644ebfa45b0)) called at /home/sand/src/perl/repoperls/installed-perls/host/k93focal/v5.37.2/d119/lib/site_perl/5.37.2/Sub/Exporter.pm line 423
	Sub::Exporter::_expand_groups("Catalyst::Test", HASH(0x5644ed42d2a8), ARRAY(0x5644ed42d6f8), HASH(0x5644ebfa4670)) called at /home/sand/src/perl/repoperls/installed-perls/host/k93focal/v5.37.2/d119/lib/site_perl/5.37.2/Sub/Exporter.pm line 741
	Sub::Exporter::__ANON__("Catalyst::Test", "-all", HASH(0x5644ebf7b608)) called at /home/sand/src/perl/repoperls/installed-perls/host/k93focal/v5.37.2/d119/lib/site_perl/5.37.2/Catalyst/Test.pm line 155
	Catalyst::Test::import("Catalyst::Test", "ComponentUI") called at t/01app.t line 7
	main::BEGIN() called at t/01app.t line 7
	eval {...} called at t/01app.t line 7
	eval 'package main;
BEGIN { ${^WARNING_BITS} = $args[-1] if defined $args[-1] }
#line 7 t/01app.t
use Catalyst::Test @{$args[0]};
1;
' called at /home/sand/src/perl/repoperls/installed-perls/host/k93focal/v5.37.2/d119/lib/5.37.2/Test/More.pm line 1034
	Test::More::_eval("package main;\x{a}BEGIN { \${^WARNING_BITS} = \$args[-1] if defined"..., ARRAY(0x5644ebf68570), "UUUUUUUUUUUUUUUUUUUU") called at /home/sand/src/perl/repoperls/installed-perls/host/k93focal/v5.37.2/d119/lib/5.37.2/Test/More.pm line 1009
	Test::More::use_ok("Catalyst::Test", "ComponentUI") called at t/01app.t line 7
	main::BEGIN() called at t/01app.t line 8
	eval {...} called at t/01app.t line 8
Class::MOP::load_class is deprecated at /home/sand/src/perl/repoperls/installed-perls/host/k93focal/v5.37.2/d119/lib/site_perl/5.37.2/x86_64-linux-thread-multi/Class/MOP.pm line 69.
	Class::MOP::load_class("ComponentUI::RenderingContext::Site") called at /tmp/loop_over_bdir-3589605-XjwJT5/Reaction-0.002005-0/blib/lib/Reaction/UI/View.pm line 125
	eval {...} called at /tmp/loop_over_bdir-3589605-XjwJT5/Reaction-0.002005-0/blib/lib/Reaction/UI/View.pm line 125
	Reaction::UI::View::find_related_class(ComponentUI::View::Site=HASH(0x5644efb9c968), "RenderingContext") called at /tmp/loop_over_bdir-3589605-XjwJT5/Reaction-0.002005-0/blib/lib/Reaction/UI/View.pm line 43
	Reaction::UI::View::_build_rendering_context_class(ComponentUI::View::Site=HASH(0x5644efb9c968)) called at reader Reaction::UI::View::rendering_context_class (defined at /tmp/loop_over_bdir-3589605-XjwJT5/Reaction-0.002005-0/blib/lib/Reaction/UI/View.pm line 29) line 8
	Reaction::UI::View::rendering_context_class(ComponentUI::View::Site=HASH(0x5644efb9c968)) called at /tmp/loop_over_bdir-3589605-XjwJT5/Reaction-0.002005-0/blib/lib/Reaction/UI/View.pm line 134
	Reaction::UI::View::create_rendering_context(ComponentUI::View::Site=HASH(0x5644efb9c968)) called at /tmp/loop_over_bdir-3589605-XjwJT5/Reaction-0.002005-0/blib/lib/Reaction/UI/View.pm line 60
	Reaction::UI::View::render_window(ComponentUI::View::Site=HASH(0x5644efb9c968), Reaction::UI::Window=HASH(0x5644f3d4ddc0)) called at /tmp/loop_over_bdir-3589605-XjwJT5/Reaction-0.002005-0/blib/lib/Reaction/UI/Window.pm line 74
	Reaction::UI::Window::flush_view(Reaction::UI::Window=HASH(0x5644f3d4ddc0)) called at /tmp/loop_over_bdir-3589605-XjwJT5/Reaction-0.002005-0/blib/lib/Reaction/UI/Window.pm line 36
	Reaction::UI::Window::flush(Reaction::UI::Window=HASH(0x5644f3d4ddc0)) called at /tmp/loop_over_bdir-3589605-XjwJT5/Reaction-0.002005-0/blib/lib/Reaction/UI/Controller/Root.pm line 38
	Reaction::UI::Controller::Root::end(ComponentUI::Controller::Root=HASH(0x5644f3d48810), ComponentUI=HASH(0x5644f3cd7b48)) called at /home/sand/src/perl/repoperls/installed-perls/host/k93focal/v5.37.2/d119/lib/site_perl/5.37.2/Catalyst/Action.pm line 369
	Catalyst::Action::execute(Catalyst::Action=HASH(0x5644f3b0ed00), ComponentUI::Controller::Root=HASH(0x5644f3d48810), ComponentUI=HASH(0x5644f3cd7b48)) called at /home/sand/src/perl/repoperls/installed-perls/host/k93focal/v5.37.2/d119/lib/site_perl/5.37.2/Catalyst.pm line 2060
	eval {...} called at /home/sand/src/perl/repoperls/installed-perls/host/k93focal/v5.37.2/d119/lib/site_perl/5.37.2/Catalyst.pm line 2060
	Catalyst::execute(ComponentUI=HASH(0x5644f3cd7b48), "ComponentUI::Controller::Root", Catalyst::Action=HASH(0x5644f3b0ed00)) called at /home/sand/src/perl/repoperls/installed-perls/host/k93focal/v5.37.2/d119/lib/site_perl/5.37.2/Catalyst/Action.pm line 364
	Catalyst::Action::dispatch(Catalyst::Action=HASH(0x5644f3b0ed00), ComponentUI=HASH(0x5644f3cd7b48)) called at /home/sand/src/perl/repoperls/installed-perls/host/k93focal/v5.37.2/d119/lib/site_perl/5.37.2/Catalyst/Controller.pm line 188
	Catalyst::Controller::_END(ComponentUI::Controller::Root=HASH(0x5644f3d48810), ComponentUI=HASH(0x5644f3cd7b48)) called at /home/sand/src/perl/repoperls/installed-perls/host/k93focal/v5.37.2/d119/lib/site_perl/5.37.2/Catalyst/Action.pm line 369
	Catalyst::Action::execute(Catalyst::Action=HASH(0x5644f3ad8a48), ComponentUI::Controller::Root=HASH(0x5644f3d48810), ComponentUI=HASH(0x5644f3cd7b48)) called at /home/sand/src/perl/repoperls/installed-perls/host/k93focal/v5.37.2/d119/lib/site_perl/5.37.2/Catalyst.pm line 2060
	eval {...} called at /home/sand/src/perl/repoperls/installed-perls/host/k93focal/v5.37.2/d119/lib/site_perl/5.37.2/Catalyst.pm line 2060
	Catalyst::execute(ComponentUI=HASH(0x5644f3cd7b48), "ComponentUI::Controller::Root", Catalyst::Action=HASH(0x5644f3ad8a48)) called at /home/sand/src/perl/repoperls/installed-perls/host/k93focal/v5.37.2/d119/lib/site_perl/5.37.2/Catalyst/Action.pm line 364
	Catalyst::Action::dispatch(Catalyst::Action=HASH(0x5644f3ad8a48), ComponentUI=HASH(0x5644f3cd7b48)) called at /home/sand/src/perl/repoperls/installed-perls/host/k93focal/v5.37.2/d119/lib/site_perl/5.37.2/Catalyst/Dispatcher.pm line 261
	Catalyst::Dispatcher::_do_forward(Catalyst::Dispatcher=HASH(0x5644edd2eb90), "forward", ComponentUI=HASH(0x5644f3cd7b48), "_END") called at /home/sand/src/perl/repoperls/installed-perls/host/k93focal/v5.37.2/d119/lib/site_perl/5.37.2/Catalyst/Dispatcher.pm line 241
	Catalyst::Dispatcher::forward(Catalyst::Dispatcher=HASH(0x5644edd2eb90), ComponentUI=HASH(0x5644f3cd7b48), "_END") called at /home/sand/src/perl/repoperls/installed-perls/host/k93focal/v5.37.2/d119/lib/site_perl/5.37.2/Catalyst.pm line 482
	Catalyst::forward(ComponentUI=HASH(0x5644f3cd7b48), "_END") called at /home/sand/src/perl/repoperls/installed-perls/host/k93focal/v5.37.2/d119/lib/site_perl/5.37.2/Catalyst/Controller.pm line 137
	Catalyst::Controller::_DISPATCH(ComponentUI::Controller::Root=HASH(0x5644f3d48810), ComponentUI=HASH(0x5644f3cd7b48)) called at /home/sand/src/perl/repoperls/installed-perls/host/k93focal/v5.37.2/d119/lib/site_perl/5.37.2/Catalyst/Action.pm line 369
	Catalyst::Action::execute(Catalyst::Action=HASH(0x5644f3ad8b08), ComponentUI::Controller::Root=HASH(0x5644f3d48810), ComponentUI=HASH(0x5644f3cd7b48)) called at /home/sand/src/perl/repoperls/installed-perls/host/k93focal/v5.37.2/d119/lib/site_perl/5.37.2/Catalyst.pm line 2060
	eval {...} called at /home/sand/src/perl/repoperls/installed-perls/host/k93focal/v5.37.2/d119/lib/site_perl/5.37.2/Catalyst.pm line 2060
	Catalyst::execute(ComponentUI=HASH(0x5644f3cd7b48), "ComponentUI::Controller::Root", Catalyst::Action=HASH(0x5644f3ad8b08)) called at /home/sand/src/perl/repoperls/installed-perls/host/k93focal/v5.37.2/d119/lib/site_perl/5.37.2/Catalyst/Action.pm line 364
	Catalyst::Action::dispatch(Catalyst::Action=HASH(0x5644f3ad8b08), ComponentUI=HASH(0x5644f3cd7b48)) called at /home/sand/src/perl/repoperls/installed-perls/host/k93focal/v5.37.2/d119/lib/site_perl/5.37.2/Catalyst/Dispatcher.pm line 261
	Catalyst::Dispatcher::_do_forward(Catalyst::Dispatcher=HASH(0x5644edd2eb90), "forward", ComponentUI=HASH(0x5644f3cd7b48), "//_DISPATCH") called at /home/sand/src/perl/repoperls/installed-perls/host/k93focal/v5.37.2/d119/lib/site_perl/5.37.2/Catalyst/Dispatcher.pm line 241
	Catalyst::Dispatcher::forward(Catalyst::Dispatcher=HASH(0x5644edd2eb90), ComponentUI=HASH(0x5644f3cd7b48), "//_DISPATCH") called at /home/sand/src/perl/repoperls/installed-perls/host/k93focal/v5.37.2/d119/lib/site_perl/5.37.2/Catalyst.pm line 482
	Catalyst::forward(ComponentUI=HASH(0x5644f3cd7b48), "//_DISPATCH") called at /home/sand/src/perl/repoperls/installed-perls/host/k93focal/v5.37.2/d119/lib/site_perl/5.37.2/Catalyst/Dispatcher.pm line 107
	Catalyst::Dispatcher::dispatch(Catalyst::Dispatcher=HASH(0x5644edd2eb90), ComponentUI=HASH(0x5644f3cd7b48)) called at /home/sand/src/perl/repoperls/installed-perls/host/k93focal/v5.37.2/d119/lib/site_perl/5.37.2/Catalyst.pm line 2006
	Catalyst::dispatch(ComponentUI=HASH(0x5644f3cd7b48)) called at /home/sand/src/perl/repoperls/installed-perls/host/k93focal/v5.37.2/d119/lib/site_perl/5.37.2/Catalyst/Plugin/Static/Simple.pm line 85
	Class::MOP::Class:::around(CODE(0x5644ee2be268), ComponentUI=HASH(0x5644f3cd7b48)) called at /home/sand/src/perl/repoperls/installed-perls/host/k93focal/v5.37.2/d119/lib/site_perl/5.37.2/x86_64-linux-thread-multi/Class/MOP/Method/Wrapped.pm line 166
	ComponentUI::_wrapped_dispatch(ComponentUI=HASH(0x5644f3cd7b48)) called at /home/sand/src/perl/repoperls/installed-perls/host/k93focal/v5.37.2/d119/lib/site_perl/5.37.2/x86_64-linux-thread-multi/Class/MOP/Method/Wrapped.pm line 97
	ComponentUI::dispatch(ComponentUI=HASH(0x5644f3cd7b48)) called at /home/sand/src/perl/repoperls/installed-perls/host/k93focal/v5.37.2/d119/lib/site_perl/5.37.2/Catalyst.pm line 2412
	Catalyst::try {...} () called at /home/sand/src/perl/repoperls/installed-perls/host/k93focal/v5.37.2/d119/lib/site_perl/5.37.2/Try/Tiny.pm line 102
	eval {...} called at /home/sand/src/perl/repoperls/installed-perls/host/k93focal/v5.37.2/d119/lib/site_perl/5.37.2/Try/Tiny.pm line 93
	Try::Tiny::try(CODE(0x5644f3cd7548), Try::Tiny::Catch=REF(0x5644f3cd6038)) called at /home/sand/src/perl/repoperls/installed-perls/host/k93focal/v5.37.2/d119/lib/site_perl/5.37.2/Catalyst.pm line 2421
	Catalyst::handle_request("ComponentUI", "env", HASH(0x5644f3d3c9b8), "response_cb", CODE(0x5644f3cd6098)) called at /home/sand/src/perl/repoperls/installed-perls/host/k93focal/v5.37.2/d119/lib/site_perl/5.37.2/Catalyst/Engine.pm line 807
	Catalyst::Engine::__ANON__(CODE(0x5644f3cd6098)) called at /home/sand/src/perl/repoperls/installed-perls/host/k93focal/v5.37.2/d119/lib/site_perl/5.37.2/Plack/Middleware/HTTPExceptions.pm line 32
	Plack::Middleware::HTTPExceptions::try {...} () called at /home/sand/src/perl/repoperls/installed-perls/host/k93focal/v5.37.2/d119/lib/site_perl/5.37.2/Try/Tiny.pm line 102
	eval {...} called at /home/sand/src/perl/repoperls/installed-perls/host/k93focal/v5.37.2/d119/lib/site_perl/5.37.2/Try/Tiny.pm line 93
	Try::Tiny::try(CODE(0x5644f3cd5ed0), Try::Tiny::Catch=REF(0x5644f3cd5720)) called at /home/sand/src/perl/repoperls/installed-perls/host/k93focal/v5.37.2/d119/lib/site_perl/5.37.2/Plack/Middleware/HTTPExceptions.pm line 41
	Plack::Middleware::HTTPExceptions::__ANON__(CODE(0x5644f3cd54e0)) called at /home/sand/src/perl/repoperls/installed-perls/host/k93focal/v5.37.2/d119/lib/site_perl/5.37.2/Plack/Util.pm line 339
	Plack::Util::__ANON__(CODE(0x5644f3d3c940)) called at /home/sand/src/perl/repoperls/installed-perls/host/k93focal/v5.37.2/d119/lib/site_perl/5.37.2/Plack/Util.pm line 339
	Plack::Util::__ANON__(CODE(0x5644f3d3c850)) called at /home/sand/src/perl/repoperls/installed-perls/host/k93focal/v5.37.2/d119/lib/site_perl/5.37.2/Plack/Util.pm line 339
	Plack::Util::__ANON__(CODE(0x5644f3d3c7d8)) called at /home/sand/src/perl/repoperls/installed-perls/host/k93focal/v5.37.2/d119/lib/site_perl/5.37.2/HTTP/Message/PSGI.pm line 100
	HTTP::Message::PSGI::res_from_psgi(CODE(0x5644f3cd5c48)) called at /home/sand/src/perl/repoperls/installed-perls/host/k93focal/v5.37.2/d119/lib/site_perl/5.37.2/HTTP/Message/PSGI.pm line 157
	HTTP::Response::from_psgi("HTTP::Response", CODE(0x5644f3cd5c48)) called at /home/sand/src/perl/repoperls/installed-perls/host/k93focal/v5.37.2/d119/lib/site_perl/5.37.2/Plack/Test/MockHTTP.pm line 24
	Plack::Test::MockHTTP::try {...} () called at /home/sand/src/perl/repoperls/installed-perls/host/k93focal/v5.37.2/d119/lib/site_perl/5.37.2/Try/Tiny.pm line 100
	eval {...} called at /home/sand/src/perl/repoperls/installed-perls/host/k93focal/v5.37.2/d119/lib/site_perl/5.37.2/Try/Tiny.pm line 93
	Try::Tiny::try(CODE(0x5644f3cd31e0), Try::Tiny::Catch=REF(0x5644f3bac9b0)) called at /home/sand/src/perl/repoperls/installed-perls/host/k93focal/v5.37.2/d119/lib/site_perl/5.37.2/Plack/Test/MockHTTP.pm line 27
	Plack::Test::MockHTTP::request(Plack::Test::MockHTTP=HASH(0x5644f3cd2868), HTTP::Request=HASH(0x5644f3bd65e8)) called at /home/sand/src/perl/repoperls/installed-perls/host/k93focal/v5.37.2/d119/lib/site_perl/5.37.2/Plack/Test.pm line 38
	Plack::Test::__ANON__(HTTP::Request=HASH(0x5644f3bd65e8)) called at /home/sand/src/perl/repoperls/installed-perls/host/k93focal/v5.37.2/d119/lib/site_perl/5.37.2/Catalyst/Test.pm line 290
	Catalyst::Test::__ANON__(CODE(0x5644f3bd6918)) called at /home/sand/src/perl/repoperls/installed-perls/host/k93focal/v5.37.2/d119/lib/site_perl/5.37.2/Plack/Test.pm line 38
	Plack::Test::test_psgi("mangle_response", CODE(0x5644eceeac48), "app", CODE(0x5644f3bd6150), "app", CODE(0x5644f3bcf450), "client", CODE(0x5644f3bd67b0)) called at /home/sand/src/perl/repoperls/installed-perls/host/k93focal/v5.37.2/d119/lib/site_perl/5.37.2/Catalyst/Test.pm line 293
	Catalyst::Test::_request(HASH(0x5644f3cd0ac0), "/") called at /home/sand/src/perl/repoperls/installed-perls/host/k93focal/v5.37.2/d119/lib/site_perl/5.37.2/Catalyst/Test.pm line 336
	Catalyst::Test::_local_request("ComponentUI", "/") called at /home/sand/src/perl/repoperls/installed-perls/host/k93focal/v5.37.2/d119/lib/site_perl/5.37.2/Catalyst/Test.pm line 32
	Catalyst::Test::__ANON__("/") called at t/01app.t line 10
Class::MOP::is_class_loaded is deprecated at /home/sand/src/perl/repoperls/installed-perls/host/k93focal/v5.37.2/d119/lib/site_perl/5.37.2/x86_64-linux-thread-multi/Class/MOP.pm line 87.
	Class::MOP::is_class_loaded("ComponentUI::UI::Widget::SiteLayout") called at /tmp/loop_over_bdir-3589605-XjwJT5/Reaction-0.002005-0/blib/lib/Reaction/UI/Skin.pm line 178
	Reaction::UI::Skin::widget_class_for(Reaction::UI::Skin=HASH(0x5644f3d60460), Reaction::UI::LayoutSet::TT=HASH(0x5644f3d52648)) called at /tmp/loop_over_bdir-3589605-XjwJT5/Reaction-0.002005-0/blib/lib/Reaction/UI/LayoutSet.pm line 29
	Reaction::UI::LayoutSet::BUILD(Reaction::UI::LayoutSet::TT=HASH(0x5644f3d52648), HASH(0x5644f3d52630)) called at constructor Reaction::UI::LayoutSet::TT::new (defined at /tmp/loop_over_bdir-3589605-XjwJT5/Reaction-0.002005-0/blib/lib/Reaction/UI/LayoutSet/TT.pm line 43) line 80
	Reaction::UI::LayoutSet::TT::new("Reaction::UI::LayoutSet::TT", "name", "site_layout", "skin", Reaction::UI::Skin=HASH(0x5644f3d60460), "tt_object", Template=HASH(0x5644f365d858), "source_file", ...) called at /tmp/loop_over_bdir-3589605-XjwJT5/Reaction-0.002005-0/blib/lib/Reaction/UI/Skin.pm line 115
	Reaction::UI::Skin::_create_layout_set(Reaction::UI::Skin=HASH(0x5644f3d60460), "site_layout", ARRAY(0x5644f3de0820), Reaction::UI::Skin=HASH(0x5644f3d60460)) called at /tmp/loop_over_bdir-3589605-XjwJT5/Reaction-0.002005-0/blib/lib/Reaction/UI/Skin.pm line 110
	Reaction::UI::Skin::create_layout_set(Reaction::UI::Skin=HASH(0x5644f3d60460), "site_layout") called at /tmp/loop_over_bdir-3589605-XjwJT5/Reaction-0.002005-0/blib/lib/Reaction/UI/LayoutSet.pm line 83
	Reaction::UI::LayoutSet::_load_file(Reaction::UI::LayoutSet::TT=HASH(0x5644f3dc4eb0), Path::Class::File=HASH(0x5644f3d7bee8), HASH(0x5644f3d7b468)) called at /tmp/loop_over_bdir-3589605-XjwJT5/Reaction-0.002005-0/blib/lib/Reaction/UI/LayoutSet.pm line 27
	Reaction::UI::LayoutSet::BUILD(Reaction::UI::LayoutSet::TT=HASH(0x5644f3dc4eb0), HASH(0x5644f3d7b468)) called at constructor Reaction::UI::LayoutSet::TT::new (defined at /tmp/loop_over_bdir-3589605-XjwJT5/Reaction-0.002005-0/blib/lib/Reaction/UI/LayoutSet/TT.pm line 43) line 80
	Reaction::UI::LayoutSet::TT::new("Reaction::UI::LayoutSet::TT", "name", "site_layout", "skin", Reaction::UI::Skin=HASH(0x5644f3d60310), "next_skin", Reaction::UI::Skin=HASH(0x5644f3d60460), "tt_object", ...) called at /tmp/loop_over_bdir-3589605-XjwJT5/Reaction-0.002005-0/blib/lib/Reaction/UI/Skin.pm line 115
	Reaction::UI::Skin::_create_layout_set(Reaction::UI::Skin=HASH(0x5644f3d60310), "site_layout", ARRAY(0x5644f3d51b10), Reaction::UI::Skin=HASH(0x5644f3d60310)) called at /tmp/loop_over_bdir-3589605-XjwJT5/Reaction-0.002005-0/blib/lib/Reaction/UI/Skin.pm line 110
	Reaction::UI::Skin::create_layout_set(Reaction::UI::Skin=HASH(0x5644f3d60310), "site_layout") called at /tmp/loop_over_bdir-3589605-XjwJT5/Reaction-0.002005-0/blib/lib/Reaction/UI/LayoutSet.pm line 83
	Reaction::UI::LayoutSet::_load_file(Reaction::UI::LayoutSet::TT=HASH(0x5644f3d51f60), Path::Class::File=HASH(0x5644f3d519d8), HASH(0x5644f3d63900)) called at /tmp/loop_over_bdir-3589605-XjwJT5/Reaction-0.002005-0/blib/lib/Reaction/UI/LayoutSet.pm line 27
	Reaction::UI::LayoutSet::BUILD(Reaction::UI::LayoutSet::TT=HASH(0x5644f3d51f60), HASH(0x5644f3d63900)) called at constructor Reaction::UI::LayoutSet::TT::new (defined at /tmp/loop_over_bdir-3589605-XjwJT5/Reaction-0.002005-0/blib/lib/Reaction/UI/LayoutSet/TT.pm line 43) line 80
	Reaction::UI::LayoutSet::TT::new("Reaction::UI::LayoutSet::TT", "name", "site_layout", "skin", Reaction::UI::Skin=HASH(0x5644f3d51bb8), "next_skin", Reaction::UI::Skin=HASH(0x5644f3d60310), "tt_object", ...) called at /tmp/loop_over_bdir-3589605-XjwJT5/Reaction-0.002005-0/blib/lib/Reaction/UI/Skin.pm line 115
	Reaction::UI::Skin::_create_layout_set(Reaction::UI::Skin=HASH(0x5644f3d51bb8), "site_layout", ARRAY(0x5644ee7196e8), Reaction::UI::Skin=HASH(0x5644f3d51bb8)) called at /tmp/loop_over_bdir-3589605-XjwJT5/Reaction-0.002005-0/blib/lib/Reaction/UI/Skin.pm line 110
	Reaction::UI::Skin::create_layout_set(Reaction::UI::Skin=HASH(0x5644f3d51bb8), "site_layout") called at inline delegation in Reaction::UI::View for skin->create_layout_set (attribute declared in /tmp/loop_over_bdir-3589605-XjwJT5/Reaction-0.002005-0/blib/lib/Reaction/UI/View.pm at line 22) line 18
	Reaction::UI::View::create_layout_set(ComponentUI::View::Site=HASH(0x5644efb9c968), "site_layout") called at /tmp/loop_over_bdir-3589605-XjwJT5/Reaction-0.002005-0/blib/lib/Reaction/UI/View.pm line 99
	Reaction::UI::View::layout_set_for(ComponentUI::View::Site=HASH(0x5644efb9c968), Reaction::UI::ViewPort::SiteLayout=HASH(0x5644f3d51420)) called at /tmp/loop_over_bdir-3589605-XjwJT5/Reaction-0.002005-0/blib/lib/Reaction/UI/View.pm line 78
	Reaction::UI::View::render_viewport_args(ComponentUI::View::Site=HASH(0x5644efb9c968), Reaction::UI::ViewPort::SiteLayout=HASH(0x5644f3d51420)) called at /tmp/loop_over_bdir-3589605-XjwJT5/Reaction-0.002005-0/blib/lib/Reaction/UI/View.pm line 61
	Reaction::UI::View::render_window(ComponentUI::View::Site=HASH(0x5644efb9c968), Reaction::UI::Window=HASH(0x5644f3d4ddc0)) called at /tmp/loop_over_bdir-3589605-XjwJT5/Reaction-0.002005-0/blib/lib/Reaction/UI/Window.pm line 74
	Reaction::UI::Window::flush_view(Reaction::UI::Window=HASH(0x5644f3d4ddc0)) called at /tmp/loop_over_bdir-3589605-XjwJT5/Reaction-0.002005-0/blib/lib/Reaction/UI/Window.pm line 36
	Reaction::UI::Window::flush(Reaction::UI::Window=HASH(0x5644f3d4ddc0)) called at /tmp/loop_over_bdir-3589605-XjwJT5/Reaction-0.002005-0/blib/lib/Reaction/UI/Controller/Root.pm line 38
	Reaction::UI::Controller::Root::end(ComponentUI::Controller::Root=HASH(0x5644f3d48810), ComponentUI=HASH(0x5644f3cd7b48)) called at /home/sand/src/perl/repoperls/installed-perls/host/k93focal/v5.37.2/d119/lib/site_perl/5.37.2/Catalyst/Action.pm line 369
	Catalyst::Action::execute(Catalyst::Action=HASH(0x5644f3b0ed00), ComponentUI::Controller::Root=HASH(0x5644f3d48810), ComponentUI=HASH(0x5644f3cd7b48)) called at /home/sand/src/perl/repoperls/installed-perls/host/k93focal/v5.37.2/d119/lib/site_perl/5.37.2/Catalyst.pm line 2060
	eval {...} called at /home/sand/src/perl/repoperls/installed-perls/host/k93focal/v5.37.2/d119/lib/site_perl/5.37.2/Catalyst.pm line 2060
	Catalyst::execute(ComponentUI=HASH(0x5644f3cd7b48), "ComponentUI::Controller::Root", Catalyst::Action=HASH(0x5644f3b0ed00)) called at /home/sand/src/perl/repoperls/installed-perls/host/k93focal/v5.37.2/d119/lib/site_perl/5.37.2/Catalyst/Action.pm line 364
	Catalyst::Action::dispatch(Catalyst::Action=HASH(0x5644f3b0ed00), ComponentUI=HASH(0x5644f3cd7b48)) called at /home/sand/src/perl/repoperls/installed-perls/host/k93focal/v5.37.2/d119/lib/site_perl/5.37.2/Catalyst/Controller.pm line 188
	Catalyst::Controller::_END(ComponentUI::Controller::Root=HASH(0x5644f3d48810), ComponentUI=HASH(0x5644f3cd7b48)) called at /home/sand/src/perl/repoperls/installed-perls/host/k93focal/v5.37.2/d119/lib/site_perl/5.37.2/Catalyst/Action.pm line 369
	Catalyst::Action::execute(Catalyst::Action=HASH(0x5644f3ad8a48), ComponentUI::Controller::Root=HASH(0x5644f3d48810), ComponentUI=HASH(0x5644f3cd7b48)) called at /home/sand/src/perl/repoperls/installed-perls/host/k93focal/v5.37.2/d119/lib/site_perl/5.37.2/Catalyst.pm line 2060
	eval {...} called at /home/sand/src/perl/repoperls/installed-perls/host/k93focal/v5.37.2/d119/lib/site_perl/5.37.2/Catalyst.pm line 2060
	Catalyst::execute(ComponentUI=HASH(0x5644f3cd7b48), "ComponentUI::Controller::Root", Catalyst::Action=HASH(0x5644f3ad8a48)) called at /home/sand/src/perl/repoperls/installed-perls/host/k93focal/v5.37.2/d119/lib/site_perl/5.37.2/Catalyst/Action.pm line 364
	Catalyst::Action::dispatch(Catalyst::Action=HASH(0x5644f3ad8a48), ComponentUI=HASH(0x5644f3cd7b48)) called at /home/sand/src/perl/repoperls/installed-perls/host/k93focal/v5.37.2/d119/lib/site_perl/5.37.2/Catalyst/Dispatcher.pm line 261
	Catalyst::Dispatcher::_do_forward(Catalyst::Dispatcher=HASH(0x5644edd2eb90), "forward", ComponentUI=HASH(0x5644f3cd7b48), "_END") called at /home/sand/src/perl/repoperls/installed-perls/host/k93focal/v5.37.2/d119/lib/site_perl/5.37.2/Catalyst/Dispatcher.pm line 241
	Catalyst::Dispatcher::forward(Catalyst::Dispatcher=HASH(0x5644edd2eb90), ComponentUI=HASH(0x5644f3cd7b48), "_END") called at /home/sand/src/perl/repoperls/installed-perls/host/k93focal/v5.37.2/d119/lib/site_perl/5.37.2/Catalyst.pm line 482
	Catalyst::forward(ComponentUI=HASH(0x5644f3cd7b48), "_END") called at /home/sand/src/perl/repoperls/installed-perls/host/k93focal/v5.37.2/d119/lib/site_perl/5.37.2/Catalyst/Controller.pm line 137
	Catalyst::Controller::_DISPATCH(ComponentUI::Controller::Root=HASH(0x5644f3d48810), ComponentUI=HASH(0x5644f3cd7b48)) called at /home/sand/src/perl/repoperls/installed-perls/host/k93focal/v5.37.2/d119/lib/site_perl/5.37.2/Catalyst/Action.pm line 369
	Catalyst::Action::execute(Catalyst::Action=HASH(0x5644f3ad8b08), ComponentUI::Controller::Root=HASH(0x5644f3d48810), ComponentUI=HASH(0x5644f3cd7b48)) called at /home/sand/src/perl/repoperls/installed-perls/host/k93focal/v5.37.2/d119/lib/site_perl/5.37.2/Catalyst.pm line 2060
	eval {...} called at /home/sand/src/perl/repoperls/installed-perls/host/k93focal/v5.37.2/d119/lib/site_perl/5.37.2/Catalyst.pm line 2060
	Catalyst::execute(ComponentUI=HASH(0x5644f3cd7b48), "ComponentUI::Controller::Root", Catalyst::Action=HASH(0x5644f3ad8b08)) called at /home/sand/src/perl/repoperls/installed-perls/host/k93focal/v5.37.2/d119/lib/site_perl/5.37.2/Catalyst/Action.pm line 364
	Catalyst::Action::dispatch(Catalyst::Action=HASH(0x5644f3ad8b08), ComponentUI=HASH(0x5644f3cd7b48)) called at /home/sand/src/perl/repoperls/installed-perls/host/k93focal/v5.37.2/d119/lib/site_perl/5.37.2/Catalyst/Dispatcher.pm line 261
	Catalyst::Dispatcher::_do_forward(Catalyst::Dispatcher=HASH(0x5644edd2eb90), "forward", ComponentUI=HASH(0x5644f3cd7b48), "//_DISPATCH") called at /home/sand/src/perl/repoperls/installed-perls/host/k93focal/v5.37.2/d119/lib/site_perl/5.37.2/Catalyst/Dispatcher.pm line 241
	Catalyst::Dispatcher::forward(Catalyst::Dispatcher=HASH(0x5644edd2eb90), ComponentUI=HASH(0x5644f3cd7b48), "//_DISPATCH") called at /home/sand/src/perl/repoperls/installed-perls/host/k93focal/v5.37.2/d119/lib/site_perl/5.37.2/Catalyst.pm line 482
	Catalyst::forward(ComponentUI=HASH(0x5644f3cd7b48), "//_DISPATCH") called at /home/sand/src/perl/repoperls/installed-perls/host/k93focal/v5.37.2/d119/lib/site_perl/5.37.2/Catalyst/Dispatcher.pm line 107
	Catalyst::Dispatcher::dispatch(Catalyst::Dispatcher=HASH(0x5644edd2eb90), ComponentUI=HASH(0x5644f3cd7b48)) called at /home/sand/src/perl/repoperls/installed-perls/host/k93focal/v5.37.2/d119/lib/site_perl/5.37.2/Catalyst.pm line 2006
	Catalyst::dispatch(ComponentUI=HASH(0x5644f3cd7b48)) called at /home/sand/src/perl/repoperls/installed-perls/host/k93focal/v5.37.2/d119/lib/site_perl/5.37.2/Catalyst/Plugin/Static/Simple.pm line 85
	Class::MOP::Class:::around(CODE(0x5644ee2be268), ComponentUI=HASH(0x5644f3cd7b48)) called at /home/sand/src/perl/repoperls/installed-perls/host/k93focal/v5.37.2/d119/lib/site_perl/5.37.2/x86_64-linux-thread-multi/Class/MOP/Method/Wrapped.pm line 166
	ComponentUI::_wrapped_dispatch(ComponentUI=HASH(0x5644f3cd7b48)) called at /home/sand/src/perl/repoperls/installed-perls/host/k93focal/v5.37.2/d119/lib/site_perl/5.37.2/x86_64-linux-thread-multi/Class/MOP/Method/Wrapped.pm line 97
	ComponentUI::dispatch(ComponentUI=HASH(0x5644f3cd7b48)) called at /home/sand/src/perl/repoperls/installed-perls/host/k93focal/v5.37.2/d119/lib/site_perl/5.37.2/Catalyst.pm line 2412
	Catalyst::try {...} () called at /home/sand/src/perl/repoperls/installed-perls/host/k93focal/v5.37.2/d119/lib/site_perl/5.37.2/Try/Tiny.pm line 102
	eval {...} called at /home/sand/src/perl/repoperls/installed-perls/host/k93focal/v5.37.2/d119/lib/site_perl/5.37.2/Try/Tiny.pm line 93
	Try::Tiny::try(CODE(0x5644f3cd7548), Try::Tiny::Catch=REF(0x5644f3cd6038)) called at /home/sand/src/perl/repoperls/installed-perls/host/k93focal/v5.37.2/d119/lib/site_perl/5.37.2/Catalyst.pm line 2421
	Catalyst::handle_request("ComponentUI", "env", HASH(0x5644f3d3c9b8), "response_cb", CODE(0x5644f3cd6098)) called at /home/sand/src/perl/repoperls/installed-perls/host/k93focal/v5.37.2/d119/lib/site_perl/5.37.2/Catalyst/Engine.pm line 807
	Catalyst::Engine::__ANON__(CODE(0x5644f3cd6098)) called at /home/sand/src/perl/repoperls/installed-perls/host/k93focal/v5.37.2/d119/lib/site_perl/5.37.2/Plack/Middleware/HTTPExceptions.pm line 32
	Plack::Middleware::HTTPExceptions::try {...} () called at /home/sand/src/perl/repoperls/installed-perls/host/k93focal/v5.37.2/d119/lib/site_perl/5.37.2/Try/Tiny.pm line 102
	eval {...} called at /home/sand/src/perl/repoperls/installed-perls/host/k93focal/v5.37.2/d119/lib/site_perl/5.37.2/Try/Tiny.pm line 93
	Try::Tiny::try(CODE(0x5644f3cd5ed0), Try::Tiny::Catch=REF(0x5644f3cd5720)) called at /home/sand/src/perl/repoperls/installed-perls/host/k93focal/v5.37.2/d119/lib/site_perl/5.37.2/Plack/Middleware/HTTPExceptions.pm line 41
	Plack::Middleware::HTTPExceptions::__ANON__(CODE(0x5644f3cd54e0)) called at /home/sand/src/perl/repoperls/installed-perls/host/k93focal/v5.37.2/d119/lib/site_perl/5.37.2/Plack/Util.pm line 339
	Plack::Util::__ANON__(CODE(0x5644f3d3c940)) called at /home/sand/src/perl/repoperls/installed-perls/host/k93focal/v5.37.2/d119/lib/site_perl/5.37.2/Plack/Util.pm line 339
	Plack::Util::__ANON__(CODE(0x5644f3d3c850)) called at /home/sand/src/perl/repoperls/installed-perls/host/k93focal/v5.37.2/d119/lib/site_perl/5.37.2/Plack/Util.pm line 339
	Plack::Util::__ANON__(CODE(0x5644f3d3c7d8)) called at /home/sand/src/perl/repoperls/installed-perls/host/k93focal/v5.37.2/d119/lib/site_perl/5.37.2/HTTP/Message/PSGI.pm line 100
	HTTP::Message::PSGI::res_from_psgi(CODE(0x5644f3cd5c48)) called at /home/sand/src/perl/repoperls/installed-perls/host/k93focal/v5.37.2/d119/lib/site_perl/5.37.2/HTTP/Message/PSGI.pm line 157
	HTTP::Response::from_psgi("HTTP::Response", CODE(0x5644f3cd5c48)) called at /home/sand/src/perl/repoperls/installed-perls/host/k93focal/v5.37.2/d119/lib/site_perl/5.37.2/Plack/Test/MockHTTP.pm line 24
	Plack::Test::MockHTTP::try {...} () called at /home/sand/src/perl/repoperls/installed-perls/host/k93focal/v5.37.2/d119/lib/site_perl/5.37.2/Try/Tiny.pm line 100
	eval {...} called at /home/sand/src/perl/repoperls/installed-perls/host/k93focal/v5.37.2/d119/lib/site_perl/5.37.2/Try/Tiny.pm line 93
	Try::Tiny::try(CODE(0x5644f3cd31e0), Try::Tiny::Catch=REF(0x5644f3bac9b0)) called at /home/sand/src/perl/repoperls/installed-perls/host/k93focal/v5.37.2/d119/lib/site_perl/5.37.2/Plack/Test/MockHTTP.pm line 27
	Plack::Test::MockHTTP::request(Plack::Test::MockHTTP=HASH(0x5644f3cd2868), HTTP::Request=HASH(0x5644f3bd65e8)) called at /home/sand/src/perl/repoperls/installed-perls/host/k93focal/v5.37.2/d119/lib/site_perl/5.37.2/Plack/Test.pm line 38
	Plack::Test::__ANON__(HTTP::Request=HASH(0x5644f3bd65e8)) called at /home/sand/src/perl/repoperls/installed-perls/host/k93focal/v5.37.2/d119/lib/site_perl/5.37.2/Catalyst/Test.pm line 290
	Catalyst::Test::__ANON__(CODE(0x5644f3bd6918)) called at /home/sand/src/perl/repoperls/installed-perls/host/k93focal/v5.37.2/d119/lib/site_perl/5.37.2/Plack/Test.pm line 38
	Plack::Test::test_psgi("mangle_response", CODE(0x5644eceeac48), "app", CODE(0x5644f3bd6150), "app", CODE(0x5644f3bcf450), "client", CODE(0x5644f3bd67b0)) called at /home/sand/src/perl/repoperls/installed-perls/host/k93focal/v5.37.2/d119/lib/site_perl/5.37.2/Catalyst/Test.pm line 293
	Catalyst::Test::_request(HASH(0x5644f3cd0ac0), "/") called at /home/sand/src/perl/repoperls/installed-perls/host/k93focal/v5.37.2/d119/lib/site_perl/5.37.2/Catalyst/Test.pm line 336
	Catalyst::Test::_local_request("ComponentUI", "/") called at /home/sand/src/perl/repoperls/installed-perls/host/k93focal/v5.37.2/d119/lib/site_perl/5.37.2/Catalyst/Test.pm line 32
	Catalyst::Test::__ANON__("/") called at t/01app.t line 10
Class::MOP::load_class is deprecated at /home/sand/src/perl/repoperls/installed-perls/host/k93focal/v5.37.2/d119/lib/site_perl/5.37.2/x86_64-linux-thread-multi/Class/MOP.pm line 69.
	Class::MOP::load_class("Reaction::UI::Widget::SiteLayout") called at /tmp/loop_over_bdir-3589605-XjwJT5/Reaction-0.002005-0/blib/lib/Reaction/UI/Skin.pm line 181
	eval {...} called at /tmp/loop_over_bdir-3589605-XjwJT5/Reaction-0.002005-0/blib/lib/Reaction/UI/Skin.pm line 181
	Reaction::UI::Skin::widget_class_for(Reaction::UI::Skin=HASH(0x5644f3d60460), Reaction::UI::LayoutSet::TT=HASH(0x5644f3d52648)) called at /tmp/loop_over_bdir-3589605-XjwJT5/Reaction-0.002005-0/blib/lib/Reaction/UI/LayoutSet.pm line 29
	Reaction::UI::LayoutSet::BUILD(Reaction::UI::LayoutSet::TT=HASH(0x5644f3d52648), HASH(0x5644f3d52630)) called at constructor Reaction::UI::LayoutSet::TT::new (defined at /tmp/loop_over_bdir-3589605-XjwJT5/Reaction-0.002005-0/blib/lib/Reaction/UI/LayoutSet/TT.pm line 43) line 80
	Reaction::UI::LayoutSet::TT::new("Reaction::UI::LayoutSet::TT", "name", "site_layout", "skin", Reaction::UI::Skin=HASH(0x5644f3d60460), "tt_object", Template=HASH(0x5644f365d858), "source_file", ...) called at /tmp/loop_over_bdir-3589605-XjwJT5/Reaction-0.002005-0/blib/lib/Reaction/UI/Skin.pm line 115
	Reaction::UI::Skin::_create_layout_set(Reaction::UI::Skin=HASH(0x5644f3d60460), "site_layout", ARRAY(0x5644f3de0820), Reaction::UI::Skin=HASH(0x5644f3d60460)) called at /tmp/loop_over_bdir-3589605-XjwJT5/Reaction-0.002005-0/blib/lib/Reaction/UI/Skin.pm line 110
	Reaction::UI::Skin::create_layout_set(Reaction::UI::Skin=HASH(0x5644f3d60460), "site_layout") called at /tmp/loop_over_bdir-3589605-XjwJT5/Reaction-0.002005-0/blib/lib/Reaction/UI/LayoutSet.pm line 83
	Reaction::UI::LayoutSet::_load_file(Reaction::UI::LayoutSet::TT=HASH(0x5644f3dc4eb0), Path::Class::File=HASH(0x5644f3d7bee8), HASH(0x5644f3d7b468)) called at /tmp/loop_over_bdir-3589605-XjwJT5/Reaction-0.002005-0/blib/lib/Reaction/UI/LayoutSet.pm line 27
	Reaction::UI::LayoutSet::BUILD(Reaction::UI::LayoutSet::TT=HASH(0x5644f3dc4eb0), HASH(0x5644f3d7b468)) called at constructor Reaction::UI::LayoutSet::TT::new (defined at /tmp/loop_over_bdir-3589605-XjwJT5/Reaction-0.002005-0/blib/lib/Reaction/UI/LayoutSet/TT.pm line 43) line 80
	Reaction::UI::LayoutSet::TT::new("Reaction::UI::LayoutSet::TT", "name", "site_layout", "skin", Reaction::UI::Skin=HASH(0x5644f3d60310), "next_skin", Reaction::UI::Skin=HASH(0x5644f3d60460), "tt_object", ...) called at /tmp/loop_over_bdir-3589605-XjwJT5/Reaction-0.002005-0/blib/lib/Reaction/UI/Skin.pm line 115
	Reaction::UI::Skin::_create_layout_set(Reaction::UI::Skin=HASH(0x5644f3d60310), "site_layout", ARRAY(0x5644f3d51b10), Reaction::UI::Skin=HASH(0x5644f3d60310)) called at /tmp/loop_over_bdir-3589605-XjwJT5/Reaction-0.002005-0/blib/lib/Reaction/UI/Skin.pm line 110
	Reaction::UI::Skin::create_layout_set(Reaction::UI::Skin=HASH(0x5644f3d60310), "site_layout") called at /tmp/loop_over_bdir-3589605-XjwJT5/Reaction-0.002005-0/blib/lib/Reaction/UI/LayoutSet.pm line 83
	Reaction::UI::LayoutSet::_load_file(Reaction::UI::LayoutSet::TT=HASH(0x5644f3d51f60), Path::Class::File=HASH(0x5644f3d519d8), HASH(0x5644f3d63900)) called at /tmp/loop_over_bdir-3589605-XjwJT5/Reaction-0.002005-0/blib/lib/Reaction/UI/LayoutSet.pm line 27
	Reaction::UI::LayoutSet::BUILD(Reaction::UI::LayoutSet::TT=HASH(0x5644f3d51f60), HASH(0x5644f3d63900)) called at constructor Reaction::UI::LayoutSet::TT::new (defined at /tmp/loop_over_bdir-3589605-XjwJT5/Reaction-0.002005-0/blib/lib/Reaction/UI/LayoutSet/TT.pm line 43) line 80
	Reaction::UI::LayoutSet::TT::new("Reaction::UI::LayoutSet::TT", "name", "site_layout", "skin", Reaction::UI::Skin=HASH(0x5644f3d51bb8), "next_skin", Reaction::UI::Skin=HASH(0x5644f3d60310), "tt_object", ...) called at /tmp/loop_over_bdir-3589605-XjwJT5/Reaction-0.002005-0/blib/lib/Reaction/UI/Skin.pm line 115
	Reaction::UI::Skin::_create_layout_set(Reaction::UI::Skin=HASH(0x5644f3d51bb8), "site_layout", ARRAY(0x5644ee7196e8), Reaction::UI::Skin=HASH(0x5644f3d51bb8)) called at /tmp/loop_over_bdir-3589605-XjwJT5/Reaction-0.002005-0/blib/lib/Reaction/UI/Skin.pm line 110
	Reaction::UI::Skin::create_layout_set(Reaction::UI::Skin=HASH(0x5644f3d51bb8), "site_layout") called at inline delegation in Reaction::UI::View for skin->create_layout_set (attribute declared in /tmp/loop_over_bdir-3589605-XjwJT5/Reaction-0.002005-0/blib/lib/Reaction/UI/View.pm at line 22) line 18
	Reaction::UI::View::create_layout_set(ComponentUI::View::Site=HASH(0x5644efb9c968), "site_layout") called at /tmp/loop_over_bdir-3589605-XjwJT5/Reaction-0.002005-0/blib/lib/Reaction/UI/View.pm line 99
	Reaction::UI::View::layout_set_for(ComponentUI::View::Site=HASH(0x5644efb9c968), Reaction::UI::ViewPort::SiteLayout=HASH(0x5644f3d51420)) called at /tmp/loop_over_bdir-3589605-XjwJT5/Reaction-0.002005-0/blib/lib/Reaction/UI/View.pm line 78
	Reaction::UI::View::render_viewport_args(ComponentUI::View::Site=HASH(0x5644efb9c968), Reaction::UI::ViewPort::SiteLayout=HASH(0x5644f3d51420)) called at /tmp/loop_over_bdir-3589605-XjwJT5/Reaction-0.002005-0/blib/lib/Reaction/UI/View.pm line 61
	Reaction::UI::View::render_window(ComponentUI::View::Site=HASH(0x5644efb9c968), Reaction::UI::Window=HASH(0x5644f3d4ddc0)) called at /tmp/loop_over_bdir-3589605-XjwJT5/Reaction-0.002005-0/blib/lib/Reaction/UI/Window.pm line 74
	Reaction::UI::Window::flush_view(Reaction::UI::Window=HASH(0x5644f3d4ddc0)) called at /tmp/loop_over_bdir-3589605-XjwJT5/Reaction-0.002005-0/blib/lib/Reaction/UI/Window.pm line 36
	Reaction::UI::Window::flush(Reaction::UI::Window=HASH(0x5644f3d4ddc0)) called at /tmp/loop_over_bdir-3589605-XjwJT5/Reaction-0.002005-0/blib/lib/Reaction/UI/Controller/Root.pm line 38
	Reaction::UI::Controller::Root::end(ComponentUI::Controller::Root=HASH(0x5644f3d48810), ComponentUI=HASH(0x5644f3cd7b48)) called at /home/sand/src/perl/repoperls/installed-perls/host/k93focal/v5.37.2/d119/lib/site_perl/5.37.2/Catalyst/Action.pm line 369
	Catalyst::Action::execute(Catalyst::Action=HASH(0x5644f3b0ed00), ComponentUI::Controller::Root=HASH(0x5644f3d48810), ComponentUI=HASH(0x5644f3cd7b48)) called at /home/sand/src/perl/repoperls/installed-perls/host/k93focal/v5.37.2/d119/lib/site_perl/5.37.2/Catalyst.pm line 2060
	eval {...} called at /home/sand/src/perl/repoperls/installed-perls/host/k93focal/v5.37.2/d119/lib/site_perl/5.37.2/Catalyst.pm line 2060
	Catalyst::execute(ComponentUI=HASH(0x5644f3cd7b48), "ComponentUI::Controller::Root", Catalyst::Action=HASH(0x5644f3b0ed00)) called at /home/sand/src/perl/repoperls/installed-perls/host/k93focal/v5.37.2/d119/lib/site_perl/5.37.2/Catalyst/Action.pm line 364
	Catalyst::Action::dispatch(Catalyst::Action=HASH(0x5644f3b0ed00), ComponentUI=HASH(0x5644f3cd7b48)) called at /home/sand/src/perl/repoperls/installed-perls/host/k93focal/v5.37.2/d119/lib/site_perl/5.37.2/Catalyst/Controller.pm line 188
	Catalyst::Controller::_END(ComponentUI::Controller::Root=HASH(0x5644f3d48810), ComponentUI=HASH(0x5644f3cd7b48)) called at /home/sand/src/perl/repoperls/installed-perls/host/k93focal/v5.37.2/d119/lib/site_perl/5.37.2/Catalyst/Action.pm line 369
	Catalyst::Action::execute(Catalyst::Action=HASH(0x5644f3ad8a48), ComponentUI::Controller::Root=HASH(0x5644f3d48810), ComponentUI=HASH(0x5644f3cd7b48)) called at /home/sand/src/perl/repoperls/installed-perls/host/k93focal/v5.37.2/d119/lib/site_perl/5.37.2/Catalyst.pm line 2060
	eval {...} called at /home/sand/src/perl/repoperls/installed-perls/host/k93focal/v5.37.2/d119/lib/site_perl/5.37.2/Catalyst.pm line 2060
	Catalyst::execute(ComponentUI=HASH(0x5644f3cd7b48), "ComponentUI::Controller::Root", Catalyst::Action=HASH(0x5644f3ad8a48)) called at /home/sand/src/perl/repoperls/installed-perls/host/k93focal/v5.37.2/d119/lib/site_perl/5.37.2/Catalyst/Action.pm line 364
	Catalyst::Action::dispatch(Catalyst::Action=HASH(0x5644f3ad8a48), ComponentUI=HASH(0x5644f3cd7b48)) called at /home/sand/src/perl/repoperls/installed-perls/host/k93focal/v5.37.2/d119/lib/site_perl/5.37.2/Catalyst/Dispatcher.pm line 261
	Catalyst::Dispatcher::_do_forward(Catalyst::Dispatcher=HASH(0x5644edd2eb90), "forward", ComponentUI=HASH(0x5644f3cd7b48), "_END") called at /home/sand/src/perl/repoperls/installed-perls/host/k93focal/v5.37.2/d119/lib/site_perl/5.37.2/Catalyst/Dispatcher.pm line 241
	Catalyst::Dispatcher::forward(Catalyst::Dispatcher=HASH(0x5644edd2eb90), ComponentUI=HASH(0x5644f3cd7b48), "_END") called at /home/sand/src/perl/repoperls/installed-perls/host/k93focal/v5.37.2/d119/lib/site_perl/5.37.2/Catalyst.pm line 482
	Catalyst::forward(ComponentUI=HASH(0x5644f3cd7b48), "_END") called at /home/sand/src/perl/repoperls/installed-perls/host/k93focal/v5.37.2/d119/lib/site_perl/5.37.2/Catalyst/Controller.pm line 137
	Catalyst::Controller::_DISPATCH(ComponentUI::Controller::Root=HASH(0x5644f3d48810), ComponentUI=HASH(0x5644f3cd7b48)) called at /home/sand/src/perl/repoperls/installed-perls/host/k93focal/v5.37.2/d119/lib/site_perl/5.37.2/Catalyst/Action.pm line 369
	Catalyst::Action::execute(Catalyst::Action=HASH(0x5644f3ad8b08), ComponentUI::Controller::Root=HASH(0x5644f3d48810), ComponentUI=HASH(0x5644f3cd7b48)) called at /home/sand/src/perl/repoperls/installed-perls/host/k93focal/v5.37.2/d119/lib/site_perl/5.37.2/Catalyst.pm line 2060
	eval {...} called at /home/sand/src/perl/repoperls/installed-perls/host/k93focal/v5.37.2/d119/lib/site_perl/5.37.2/Catalyst.pm line 2060
	Catalyst::execute(ComponentUI=HASH(0x5644f3cd7b48), "ComponentUI::Controller::Root", Catalyst::Action=HASH(0x5644f3ad8b08)) called at /home/sand/src/perl/repoperls/installed-perls/host/k93focal/v5.37.2/d119/lib/site_perl/5.37.2/Catalyst/Action.pm line 364
	Catalyst::Action::dispatch(Catalyst::Action=HASH(0x5644f3ad8b08), ComponentUI=HASH(0x5644f3cd7b48)) called at /home/sand/src/perl/repoperls/installed-perls/host/k93focal/v5.37.2/d119/lib/site_perl/5.37.2/Catalyst/Dispatcher.pm line 261
	Catalyst::Dispatcher::_do_forward(Catalyst::Dispatcher=HASH(0x5644edd2eb90), "forward", ComponentUI=HASH(0x5644f3cd7b48), "//_DISPATCH") called at /home/sand/src/perl/repoperls/installed-perls/host/k93focal/v5.37.2/d119/lib/site_perl/5.37.2/Catalyst/Dispatcher.pm line 241
	Catalyst::Dispatcher::forward(Catalyst::Dispatcher=HASH(0x5644edd2eb90), ComponentUI=HASH(0x5644f3cd7b48), "//_DISPATCH") called at /home/sand/src/perl/repoperls/installed-perls/host/k93focal/v5.37.2/d119/lib/site_perl/5.37.2/Catalyst.pm line 482
	Catalyst::forward(ComponentUI=HASH(0x5644f3cd7b48), "//_DISPATCH") called at /home/sand/src/perl/repoperls/installed-perls/host/k93focal/v5.37.2/d119/lib/site_perl/5.37.2/Catalyst/Dispatcher.pm line 107
	Catalyst::Dispatcher::dispatch(Catalyst::Dispatcher=HASH(0x5644edd2eb90), ComponentUI=HASH(0x5644f3cd7b48)) called at /home/sand/src/perl/repoperls/installed-perls/host/k93focal/v5.37.2/d119/lib/site_perl/5.37.2/Catalyst.pm line 2006
	Catalyst::dispatch(ComponentUI=HASH(0x5644f3cd7b48)) called at /home/sand/src/perl/repoperls/installed-perls/host/k93focal/v5.37.2/d119/lib/site_perl/5.37.2/Catalyst/Plugin/Static/Simple.pm line 85
	Class::MOP::Class:::around(CODE(0x5644ee2be268), ComponentUI=HASH(0x5644f3cd7b48)) called at /home/sand/src/perl/repoperls/installed-perls/host/k93focal/v5.37.2/d119/lib/site_perl/5.37.2/x86_64-linux-thread-multi/Class/MOP/Method/Wrapped.pm line 166
	ComponentUI::_wrapped_dispatch(ComponentUI=HASH(0x5644f3cd7b48)) called at /home/sand/src/perl/repoperls/installed-perls/host/k93focal/v5.37.2/d119/lib/site_perl/5.37.2/x86_64-linux-thread-multi/Class/MOP/Method/Wrapped.pm line 97
	ComponentUI::dispatch(ComponentUI=HASH(0x5644f3cd7b48)) called at /home/sand/src/perl/repoperls/installed-perls/host/k93focal/v5.37.2/d119/lib/site_perl/5.37.2/Catalyst.pm line 2412
	Catalyst::try {...} () called at /home/sand/src/perl/repoperls/installed-perls/host/k93focal/v5.37.2/d119/lib/site_perl/5.37.2/Try/Tiny.pm line 102
	eval {...} called at /home/sand/src/perl/repoperls/installed-perls/host/k93focal/v5.37.2/d119/lib/site_perl/5.37.2/Try/Tiny.pm line 93
	Try::Tiny::try(CODE(0x5644f3cd7548), Try::Tiny::Catch=REF(0x5644f3cd6038)) called at /home/sand/src/perl/repoperls/installed-perls/host/k93focal/v5.37.2/d119/lib/site_perl/5.37.2/Catalyst.pm line 2421
	Catalyst::handle_request("ComponentUI", "env", HASH(0x5644f3d3c9b8), "response_cb", CODE(0x5644f3cd6098)) called at /home/sand/src/perl/repoperls/installed-perls/host/k93focal/v5.37.2/d119/lib/site_perl/5.37.2/Catalyst/Engine.pm line 807
	Catalyst::Engine::__ANON__(CODE(0x5644f3cd6098)) called at /home/sand/src/perl/repoperls/installed-perls/host/k93focal/v5.37.2/d119/lib/site_perl/5.37.2/Plack/Middleware/HTTPExceptions.pm line 32
	Plack::Middleware::HTTPExceptions::try {...} () called at /home/sand/src/perl/repoperls/installed-perls/host/k93focal/v5.37.2/d119/lib/site_perl/5.37.2/Try/Tiny.pm line 102
	eval {...} called at /home/sand/src/perl/repoperls/installed-perls/host/k93focal/v5.37.2/d119/lib/site_perl/5.37.2/Try/Tiny.pm line 93
	Try::Tiny::try(CODE(0x5644f3cd5ed0), Try::Tiny::Catch=REF(0x5644f3cd5720)) called at /home/sand/src/perl/repoperls/installed-perls/host/k93focal/v5.37.2/d119/lib/site_perl/5.37.2/Plack/Middleware/HTTPExceptions.pm line 41
	Plack::Middleware::HTTPExceptions::__ANON__(CODE(0x5644f3cd54e0)) called at /home/sand/src/perl/repoperls/installed-perls/host/k93focal/v5.37.2/d119/lib/site_perl/5.37.2/Plack/Util.pm line 339
	Plack::Util::__ANON__(CODE(0x5644f3d3c940)) called at /home/sand/src/perl/repoperls/installed-perls/host/k93focal/v5.37.2/d119/lib/site_perl/5.37.2/Plack/Util.pm line 339
	Plack::Util::__ANON__(CODE(0x5644f3d3c850)) called at /home/sand/src/perl/repoperls/installed-perls/host/k93focal/v5.37.2/d119/lib/site_perl/5.37.2/Plack/Util.pm line 339
	Plack::Util::__ANON__(CODE(0x5644f3d3c7d8)) called at /home/sand/src/perl/repoperls/installed-perls/host/k93focal/v5.37.2/d119/lib/site_perl/5.37.2/HTTP/Message/PSGI.pm line 100
	HTTP::Message::PSGI::res_from_psgi(CODE(0x5644f3cd5c48)) called at /home/sand/src/perl/repoperls/installed-perls/host/k93focal/v5.37.2/d119/lib/site_perl/5.37.2/HTTP/Message/PSGI.pm line 157
	HTTP::Response::from_psgi("HTTP::Response", CODE(0x5644f3cd5c48)) called at /home/sand/src/perl/repoperls/installed-perls/host/k93focal/v5.37.2/d119/lib/site_perl/5.37.2/Plack/Test/MockHTTP.pm line 24
	Plack::Test::MockHTTP::try {...} () called at /home/sand/src/perl/repoperls/installed-perls/host/k93focal/v5.37.2/d119/lib/site_perl/5.37.2/Try/Tiny.pm line 100
	eval {...} called at /home/sand/src/perl/repoperls/installed-perls/host/k93focal/v5.37.2/d119/lib/site_perl/5.37.2/Try/Tiny.pm line 93
	Try::Tiny::try(CODE(0x5644f3cd31e0), Try::Tiny::Catch=REF(0x5644f3bac9b0)) called at /home/sand/src/perl/repoperls/installed-perls/host/k93focal/v5.37.2/d119/lib/site_perl/5.37.2/Plack/Test/MockHTTP.pm line 27
	Plack::Test::MockHTTP::request(Plack::Test::MockHTTP=HASH(0x5644f3cd2868), HTTP::Request=HASH(0x5644f3bd65e8)) called at /home/sand/src/perl/repoperls/installed-perls/host/k93focal/v5.37.2/d119/lib/site_perl/5.37.2/Plack/Test.pm line 38
	Plack::Test::__ANON__(HTTP::Request=HASH(0x5644f3bd65e8)) called at /home/sand/src/perl/repoperls/installed-perls/host/k93focal/v5.37.2/d119/lib/site_perl/5.37.2/Catalyst/Test.pm line 290
	Catalyst::Test::__ANON__(CODE(0x5644f3bd6918)) called at /home/sand/src/perl/repoperls/installed-perls/host/k93focal/v5.37.2/d119/lib/site_perl/5.37.2/Plack/Test.pm line 38
	Plack::Test::test_psgi("mangle_response", CODE(0x5644eceeac48), "app", CODE(0x5644f3bd6150), "app", CODE(0x5644f3bcf450), "client", CODE(0x5644f3bd67b0)) called at /home/sand/src/perl/repoperls/installed-perls/host/k93focal/v5.37.2/d119/lib/site_perl/5.37.2/Catalyst/Test.pm line 293
	Catalyst::Test::_request(HASH(0x5644f3cd0ac0), "/") called at /home/sand/src/perl/repoperls/installed-perls/host/k93focal/v5.37.2/d119/lib/site_perl/5.37.2/Catalyst/Test.pm line 336
	Catalyst::Test::_local_request("ComponentUI", "/") called at /home/sand/src/perl/repoperls/installed-perls/host/k93focal/v5.37.2/d119/lib/site_perl/5.37.2/Catalyst/Test.pm line 32
	Catalyst::Test::__ANON__("/") called at t/01app.t line 10
[debug] remote
t/01app.t ................... ok
t/04load_all.t .............. ok

#   Failed test 'Attribute lists match'
#   at t/05reflect_attr_from.t line 32.
#     Structures begin differing at:
#          $got->[0] = 'created_d'
#     $expected->[0] = 'username'
# Looks like you failed 1 test of 1.
t/05reflect_attr_from.t ..... 
Dubious, test returned 1 (wstat 256, 0x100)
Failed 1/1 subtests 
Class::MOP::load_class is deprecated at /home/sand/src/perl/repoperls/installed-perls/host/k93focal/v5.37.2/d119/lib/site_perl/5.37.2/x86_64-linux-thread-multi/Class/MOP.pm line 69.
	Class::MOP::load_class("Reaction::InterfaceModel::Object") called at /tmp/loop_over_bdir-3589605-XjwJT5/Reaction-0.002005-0/blib/lib/Reaction/InterfaceModel/Reflector/DBIC.pm line 149
	Reaction::InterfaceModel::Reflector::DBIC::reflect_schema(Reaction::InterfaceModel::Reflector::DBIC=HASH(0x55d5a5ac8340), "model_class", "ComponentUI::TestModel", "schema_class", "RTest::TestDB", "sources", ARRAY(0x55d5a691ef60)) called at /tmp/loop_over_bdir-3589605-XjwJT5/Reaction-0.002005-0/blib/lib/ComponentUI/TestModel.pm line 10
	require ComponentUI/TestModel.pm called at t/lib/RTest/InterfaceModel/Reflector/DBIC.pm line 6
	RTest::InterfaceModel::Reflector::DBIC::BEGIN() called at t/lib/RTest/InterfaceModel/Reflector/DBIC.pm line 6
	eval {...} called at t/lib/RTest/InterfaceModel/Reflector/DBIC.pm line 6
	require RTest/InterfaceModel/Reflector/DBIC.pm called at t/im_dbic.t line 7
	main::BEGIN() called at t/im_dbic.t line 7
	eval {...} called at t/im_dbic.t line 7
Class::MOP::load_class is deprecated at /home/sand/src/perl/repoperls/installed-perls/host/k93focal/v5.37.2/d119/lib/site_perl/5.37.2/x86_64-linux-thread-multi/Class/MOP.pm line 69.
	Class::MOP::load_class("Reaction::InterfaceModel::Object") called at /tmp/loop_over_bdir-3589605-XjwJT5/Reaction-0.002005-0/blib/lib/Reaction/Class.pm line 123
	Reaction::Class::do_class_sub("Reaction::Class", "ComponentUI::TestModel::Foo", "ComponentUI::TestModel::Foo", "is", "Reaction::InterfaceModel::Object", "which", CODE(0x55d5a7dc1268)) called at /tmp/loop_over_bdir-3589605-XjwJT5/Reaction-0.002005-0/blib/lib/Reaction/Class.pm line 86
	Reaction::Class::("ComponentUI::TestModel::Foo", "is", "Reaction::InterfaceModel::Object", "which", CODE(0x55d5a7dc1268)) called at /tmp/loop_over_bdir-3589605-XjwJT5/Reaction-0.002005-0/blib/lib/ComponentUI/TestModel/Foo.pm line 8
	require ComponentUI/TestModel/Foo.pm called at /home/sand/src/perl/repoperls/installed-perls/host/k93focal/v5.37.2/d119/lib/site_perl/5.37.2/Module/Runtime.pm line 314
	Module::Runtime::require_module("ComponentUI::TestModel::Foo") called at /home/sand/src/perl/repoperls/installed-perls/host/k93focal/v5.37.2/d119/lib/site_perl/5.37.2/Class/Load.pm line 174
	Class::Load::try {...} () called at /home/sand/src/perl/repoperls/installed-perls/host/k93focal/v5.37.2/d119/lib/site_perl/5.37.2/Try/Tiny.pm line 98
	eval {...} called at /home/sand/src/perl/repoperls/installed-perls/host/k93focal/v5.37.2/d119/lib/site_perl/5.37.2/Try/Tiny.pm line 93
	Try::Tiny::try(CODE(0x55d5a7d1a368), Try::Tiny::Catch=REF(0x55d5a7d87fb8)) called at /home/sand/src/perl/repoperls/installed-perls/host/k93focal/v5.37.2/d119/lib/site_perl/5.37.2/Class/Load.pm line 180
	Class::Load::try_load_class("ComponentUI::TestModel::Foo", undef) called at /home/sand/src/perl/repoperls/installed-perls/host/k93focal/v5.37.2/d119/lib/site_perl/5.37.2/Class/Load.pm line 35
	Class::Load::load_class("ComponentUI::TestModel::Foo") called at /tmp/loop_over_bdir-3589605-XjwJT5/Reaction-0.002005-0/blib/lib/Reaction/InterfaceModel/Reflector/DBIC.pm line 892
	eval {...} called at /tmp/loop_over_bdir-3589605-XjwJT5/Reaction-0.002005-0/blib/lib/Reaction/InterfaceModel/Reflector/DBIC.pm line 892
	Reaction::InterfaceModel::Reflector::DBIC::_maybe_load_class(Reaction::InterfaceModel::Reflector::DBIC=HASH(0x55d5a5ac8340), "ComponentUI::TestModel::Foo") called at /tmp/loop_over_bdir-3589605-XjwJT5/Reaction-0.002005-0/blib/lib/Reaction/InterfaceModel/Reflector/DBIC.pm line 876
	Reaction::InterfaceModel::Reflector::DBIC::_load_or_create(Reaction::InterfaceModel::Reflector::DBIC=HASH(0x55d5a5ac8340), "ComponentUI::TestModel::Foo", "superclasses", ARRAY(0x55d5a7d21820)) called at /tmp/loop_over_bdir-3589605-XjwJT5/Reaction-0.002005-0/blib/lib/Reaction/InterfaceModel/Reflector/DBIC.pm line 448
	Reaction::InterfaceModel::Reflector::DBIC::reflect_source_object(Reaction::InterfaceModel::Reflector::DBIC=HASH(0x55d5a5ac8340), "parent_domain_model_name", "_rtest_test_db_store", "source_name", "Foo", "source_class", "RTest::TestDB::Foo", "parent_class", ...) called at /tmp/loop_over_bdir-3589605-XjwJT5/Reaction-0.002005-0/blib/lib/Reaction/InterfaceModel/Reflector/DBIC.pm line 323
	Reaction::InterfaceModel::Reflector::DBIC::reflect_source(Reaction::InterfaceModel::Reflector::DBIC=HASH(0x55d5a5ac8340), "source_name", "Foo", "parent_class", "ComponentUI::TestModel", "schema_class", "RTest::TestDB", "source_class", ...) called at /tmp/loop_over_bdir-3589605-XjwJT5/Reaction-0.002005-0/blib/lib/Reaction/InterfaceModel/Reflector/DBIC.pm line 185
	Reaction::InterfaceModel::Reflector::DBIC::reflect_schema(Reaction::InterfaceModel::Reflector::DBIC=HASH(0x55d5a5ac8340), "model_class", "ComponentUI::TestModel", "schema_class", "RTest::TestDB", "sources", ARRAY(0x55d5a691ef60)) called at /tmp/loop_over_bdir-3589605-XjwJT5/Reaction-0.002005-0/blib/lib/ComponentUI/TestModel.pm line 10
	require ComponentUI/TestModel.pm called at t/lib/RTest/InterfaceModel/Reflector/DBIC.pm line 6
	RTest::InterfaceModel::Reflector::DBIC::BEGIN() called at t/lib/RTest/InterfaceModel/Reflector/DBIC.pm line 6
	eval {...} called at t/lib/RTest/InterfaceModel/Reflector/DBIC.pm line 6
	require RTest/InterfaceModel/Reflector/DBIC.pm called at t/im_dbic.t line 7
	main::BEGIN() called at t/im_dbic.t line 7
	eval {...} called at t/im_dbic.t line 7
Class::MOP::is_class_loaded is deprecated at /home/sand/src/perl/repoperls/installed-perls/host/k93focal/v5.37.2/d119/lib/site_perl/5.37.2/x86_64-linux-thread-multi/Class/MOP.pm line 87.
	Class::MOP::is_class_loaded("RTest::TestIM::Foo") called at t/lib/RTest/InterfaceModel/Reflector/DBIC.pm line 74
	RTest::InterfaceModel::Reflector::DBIC::test_reflect_schema(RTest::InterfaceModel::Reflector::DBIC=HASH(0x55d5a7fa8b20)) called at /home/sand/src/perl/repoperls/installed-perls/host/k93focal/v5.37.2/d119/lib/site_perl/5.37.2/Test/Class.pm line 293
	Test::Class::try {...} () called at /home/sand/src/perl/repoperls/installed-perls/host/k93focal/v5.37.2/d119/lib/site_perl/5.37.2/Try/Tiny.pm line 100
	eval {...} called at /home/sand/src/perl/repoperls/installed-perls/host/k93focal/v5.37.2/d119/lib/site_perl/5.37.2/Try/Tiny.pm line 93
	Try::Tiny::try(CODE(0x55d5a9581bc0), Try::Tiny::Catch=REF(0x55d5a9581b78)) called at /home/sand/src/perl/repoperls/installed-perls/host/k93focal/v5.37.2/d119/lib/site_perl/5.37.2/Test/Class.pm line 293
	Test::Class::_run_method(RTest::InterfaceModel::Reflector::DBIC=HASH(0x55d5a7fa8b20), "test_reflect_schema", ARRAY(0x55d5a4a2fc30)) called at /home/sand/src/perl/repoperls/installed-perls/host/k93focal/v5.37.2/d119/lib/site_perl/5.37.2/Test/Class.pm line 402
	Test::Class::runtests("Test::Class", RTest::InterfaceModel::Reflector::DBIC=HASH(0x55d5a7fa8b20)) called at t/im_dbic.t line 10
t/im_dbic.t ................. ok
t/ui_focus_stack.t .......... ok
t/ui_view.t ................. ok
t/ui_viewport.t ............. ok
Class::MOP::load_class is deprecated at /home/sand/src/perl/repoperls/installed-perls/host/k93focal/v5.37.2/d119/lib/site_perl/5.37.2/x86_64-linux-thread-multi/Class/MOP.pm line 69.
	Class::MOP::load_class("ComponentUI::TestModel") called at /tmp/loop_over_bdir-3589605-XjwJT5/Reaction-0.002005-0/blib/lib/Catalyst/Model/Reaction/InterfaceModel/DBIC.pm line 24
	Catalyst::Model::Reaction::InterfaceModel::DBIC::COMPONENT("ComponentUI::Model::TestModel", "ComponentUI", HASH(0x563eb057c8f0)) called at /home/sand/src/perl/repoperls/installed-perls/host/k93focal/v5.37.2/d119/lib/site_perl/5.37.2/Catalyst.pm line 3234
	eval {...} called at /home/sand/src/perl/repoperls/installed-perls/host/k93focal/v5.37.2/d119/lib/site_perl/5.37.2/Catalyst.pm line 3235
	Catalyst::setup_component("ComponentUI", "ComponentUI::Model::TestModel") called at /home/sand/src/perl/repoperls/installed-perls/host/k93focal/v5.37.2/d119/lib/site_perl/5.37.2/Catalyst.pm line 3212
	Catalyst::__ANON__() called at /home/sand/src/perl/repoperls/installed-perls/host/k93focal/v5.37.2/d119/lib/site_perl/5.37.2/Catalyst.pm line 3059
	Catalyst::setup_components("ComponentUI") called at /home/sand/src/perl/repoperls/installed-perls/host/k93focal/v5.37.2/d119/lib/site_perl/5.37.2/Catalyst.pm line 1431
	Catalyst::setup("ComponentUI") called at /tmp/loop_over_bdir-3589605-XjwJT5/Reaction-0.002005-0/blib/lib/ComponentUI.pm line 32
	require ComponentUI.pm called at /home/sand/src/perl/repoperls/installed-perls/host/k93focal/v5.37.2/d119/lib/site_perl/5.37.2/Module/Runtime.pm line 314
	Module::Runtime::require_module("ComponentUI") called at /home/sand/src/perl/repoperls/installed-perls/host/k93focal/v5.37.2/d119/lib/site_perl/5.37.2/Class/Load.pm line 174
	Class::Load::try {...} () called at /home/sand/src/perl/repoperls/installed-perls/host/k93focal/v5.37.2/d119/lib/site_perl/5.37.2/Try/Tiny.pm line 98
	eval {...} called at /home/sand/src/perl/repoperls/installed-perls/host/k93focal/v5.37.2/d119/lib/site_perl/5.37.2/Try/Tiny.pm line 93
	Try::Tiny::try(CODE(0x563ea8d28240), Try::Tiny::Catch=REF(0x563eab418300)) called at /home/sand/src/perl/repoperls/installed-perls/host/k93focal/v5.37.2/d119/lib/site_perl/5.37.2/Class/Load.pm line 180
	Class::Load::try_load_class("ComponentUI", undef) called at /home/sand/src/perl/repoperls/installed-perls/host/k93focal/v5.37.2/d119/lib/site_perl/5.37.2/Class/Load.pm line 35
	Class::Load::load_class("ComponentUI") called at /home/sand/src/perl/repoperls/installed-perls/host/k93focal/v5.37.2/d119/lib/site_perl/5.37.2/Test/WWW/Mechanize/Catalyst.pm line 245
	Test::WWW::Mechanize::Catalyst::import("Test::WWW::Mechanize::Catalyst", "ComponentUI") called at t/uncheck_bool_field.t line 6
	main::BEGIN() called at t/uncheck_bool_field.t line 6
	eval {...} called at t/uncheck_bool_field.t line 6
Class::MOP::load_class is deprecated at /home/sand/src/perl/repoperls/installed-perls/host/k93focal/v5.37.2/d119/lib/site_perl/5.37.2/x86_64-linux-thread-multi/Class/MOP.pm line 69.
	Class::MOP::load_class("Reaction::InterfaceModel::Object") called at /tmp/loop_over_bdir-3589605-XjwJT5/Reaction-0.002005-0/blib/lib/Reaction/InterfaceModel/Reflector/DBIC.pm line 149
	Reaction::InterfaceModel::Reflector::DBIC::reflect_schema(Reaction::InterfaceModel::Reflector::DBIC=HASH(0x563eb0c4ed60), "model_class", "ComponentUI::TestModel", "schema_class", "RTest::TestDB", "sources", ARRAY(0x563eb123e118)) called at /tmp/loop_over_bdir-3589605-XjwJT5/Reaction-0.002005-0/blib/lib/ComponentUI/TestModel.pm line 10
	require ComponentUI/TestModel.pm called at /home/sand/src/perl/repoperls/installed-perls/host/k93focal/v5.37.2/d119/lib/site_perl/5.37.2/Module/Runtime.pm line 314
	Module::Runtime::require_module("ComponentUI::TestModel") called at /home/sand/src/perl/repoperls/installed-perls/host/k93focal/v5.37.2/d119/lib/site_perl/5.37.2/Class/Load.pm line 174
	Class::Load::try {...} () called at /home/sand/src/perl/repoperls/installed-perls/host/k93focal/v5.37.2/d119/lib/site_perl/5.37.2/Try/Tiny.pm line 98
	eval {...} called at /home/sand/src/perl/repoperls/installed-perls/host/k93focal/v5.37.2/d119/lib/site_perl/5.37.2/Try/Tiny.pm line 93
	Try::Tiny::try(CODE(0x563eacc147d8), Try::Tiny::Catch=REF(0x563eb0c39e48)) called at /home/sand/src/perl/repoperls/installed-perls/host/k93focal/v5.37.2/d119/lib/site_perl/5.37.2/Class/Load.pm line 180
	Class::Load::try_load_class("ComponentUI::TestModel", undef) called at /home/sand/src/perl/repoperls/installed-perls/host/k93focal/v5.37.2/d119/lib/site_perl/5.37.2/Class/Load.pm line 35
	Class::Load::load_class("ComponentUI::TestModel") called at /tmp/loop_over_bdir-3589605-XjwJT5/Reaction-0.002005-0/blib/lib/Catalyst/Model/Reaction/InterfaceModel/DBIC.pm line 24
	Catalyst::Model::Reaction::InterfaceModel::DBIC::COMPONENT("ComponentUI::Model::TestModel", "ComponentUI", HASH(0x563eb057c8f0)) called at /home/sand/src/perl/repoperls/installed-perls/host/k93focal/v5.37.2/d119/lib/site_perl/5.37.2/Catalyst.pm line 3234
	eval {...} called at /home/sand/src/perl/repoperls/installed-perls/host/k93focal/v5.37.2/d119/lib/site_perl/5.37.2/Catalyst.pm line 3235
	Catalyst::setup_component("ComponentUI", "ComponentUI::Model::TestModel") called at /home/sand/src/perl/repoperls/installed-perls/host/k93focal/v5.37.2/d119/lib/site_perl/5.37.2/Catalyst.pm line 3212
	Catalyst::__ANON__() called at /home/sand/src/perl/repoperls/installed-perls/host/k93focal/v5.37.2/d119/lib/site_perl/5.37.2/Catalyst.pm line 3059
	Catalyst::setup_components("ComponentUI") called at /home/sand/src/perl/repoperls/installed-perls/host/k93focal/v5.37.2/d119/lib/site_perl/5.37.2/Catalyst.pm line 1431
	Catalyst::setup("ComponentUI") called at /tmp/loop_over_bdir-3589605-XjwJT5/Reaction-0.002005-0/blib/lib/ComponentUI.pm line 32
	require ComponentUI.pm called at /home/sand/src/perl/repoperls/installed-perls/host/k93focal/v5.37.2/d119/lib/site_perl/5.37.2/Module/Runtime.pm line 314
	Module::Runtime::require_module("ComponentUI") called at /home/sand/src/perl/repoperls/installed-perls/host/k93focal/v5.37.2/d119/lib/site_perl/5.37.2/Class/Load.pm line 174
	Class::Load::try {...} () called at /home/sand/src/perl/repoperls/installed-perls/host/k93focal/v5.37.2/d119/lib/site_perl/5.37.2/Try/Tiny.pm line 98
	eval {...} called at /home/sand/src/perl/repoperls/installed-perls/host/k93focal/v5.37.2/d119/lib/site_perl/5.37.2/Try/Tiny.pm line 93
	Try::Tiny::try(CODE(0x563ea8d28240), Try::Tiny::Catch=REF(0x563eab418300)) called at /home/sand/src/perl/repoperls/installed-perls/host/k93focal/v5.37.2/d119/lib/site_perl/5.37.2/Class/Load.pm line 180
	Class::Load::try_load_class("ComponentUI", undef) called at /home/sand/src/perl/repoperls/installed-perls/host/k93focal/v5.37.2/d119/lib/site_perl/5.37.2/Class/Load.pm line 35
	Class::Load::load_class("ComponentUI") called at /home/sand/src/perl/repoperls/installed-perls/host/k93focal/v5.37.2/d119/lib/site_perl/5.37.2/Test/WWW/Mechanize/Catalyst.pm line 245
	Test::WWW::Mechanize::Catalyst::import("Test::WWW::Mechanize::Catalyst", "ComponentUI") called at t/uncheck_bool_field.t line 6
	main::BEGIN() called at t/uncheck_bool_field.t line 6
	eval {...} called at t/uncheck_bool_field.t line 6
Class::MOP::load_class is deprecated at /home/sand/src/perl/repoperls/installed-perls/host/k93focal/v5.37.2/d119/lib/site_perl/5.37.2/x86_64-linux-thread-multi/Class/MOP.pm line 69.
	Class::MOP::load_class("Reaction::InterfaceModel::Object") called at /tmp/loop_over_bdir-3589605-XjwJT5/Reaction-0.002005-0/blib/lib/Reaction/Class.pm line 123
	Reaction::Class::do_class_sub("Reaction::Class", "ComponentUI::TestModel::Foo", "ComponentUI::TestModel::Foo", "is", "Reaction::InterfaceModel::Object", "which", CODE(0x563eb1476b48)) called at /tmp/loop_over_bdir-3589605-XjwJT5/Reaction-0.002005-0/blib/lib/Reaction/Class.pm line 86
	Reaction::Class::("ComponentUI::TestModel::Foo", "is", "Reaction::InterfaceModel::Object", "which", CODE(0x563eb1476b48)) called at /tmp/loop_over_bdir-3589605-XjwJT5/Reaction-0.002005-0/blib/lib/ComponentUI/TestModel/Foo.pm line 8
	require ComponentUI/TestModel/Foo.pm called at /home/sand/src/perl/repoperls/installed-perls/host/k93focal/v5.37.2/d119/lib/site_perl/5.37.2/Module/Runtime.pm line 314
	Module::Runtime::require_module("ComponentUI::TestModel::Foo") called at /home/sand/src/perl/repoperls/installed-perls/host/k93focal/v5.37.2/d119/lib/site_perl/5.37.2/Class/Load.pm line 174
	Class::Load::try {...} () called at /home/sand/src/perl/repoperls/installed-perls/host/k93focal/v5.37.2/d119/lib/site_perl/5.37.2/Try/Tiny.pm line 98
	eval {...} called at /home/sand/src/perl/repoperls/installed-perls/host/k93focal/v5.37.2/d119/lib/site_perl/5.37.2/Try/Tiny.pm line 93
	Try::Tiny::try(CODE(0x563eb14043a0), Try::Tiny::Catch=REF(0x563eb149b7b8)) called at /home/sand/src/perl/repoperls/installed-perls/host/k93focal/v5.37.2/d119/lib/site_perl/5.37.2/Class/Load.pm line 180
	Class::Load::try_load_class("ComponentUI::TestModel::Foo", undef) called at /home/sand/src/perl/repoperls/installed-perls/host/k93focal/v5.37.2/d119/lib/site_perl/5.37.2/Class/Load.pm line 35
	Class::Load::load_class("ComponentUI::TestModel::Foo") called at /tmp/loop_over_bdir-3589605-XjwJT5/Reaction-0.002005-0/blib/lib/Reaction/InterfaceModel/Reflector/DBIC.pm line 892
	eval {...} called at /tmp/loop_over_bdir-3589605-XjwJT5/Reaction-0.002005-0/blib/lib/Reaction/InterfaceModel/Reflector/DBIC.pm line 892
	Reaction::InterfaceModel::Reflector::DBIC::_maybe_load_class(Reaction::InterfaceModel::Reflector::DBIC=HASH(0x563eb0c4ed60), "ComponentUI::TestModel::Foo") called at /tmp/loop_over_bdir-3589605-XjwJT5/Reaction-0.002005-0/blib/lib/Reaction/InterfaceModel/Reflector/DBIC.pm line 876
	Reaction::InterfaceModel::Reflector::DBIC::_load_or_create(Reaction::InterfaceModel::Reflector::DBIC=HASH(0x563eb0c4ed60), "ComponentUI::TestModel::Foo", "superclasses", ARRAY(0x563eb134fc48)) called at /tmp/loop_over_bdir-3589605-XjwJT5/Reaction-0.002005-0/blib/lib/Reaction/InterfaceModel/Reflector/DBIC.pm line 448
	Reaction::InterfaceModel::Reflector::DBIC::reflect_source_object(Reaction::InterfaceModel::Reflector::DBIC=HASH(0x563eb0c4ed60), "source_class", "RTest::TestDB::Foo", "parent_domain_model_name", "_rtest_test_db_store", "source_name", "Foo", "schema_class", ...) called at /tmp/loop_over_bdir-3589605-XjwJT5/Reaction-0.002005-0/blib/lib/Reaction/InterfaceModel/Reflector/DBIC.pm line 323
	Reaction::InterfaceModel::Reflector::DBIC::reflect_source(Reaction::InterfaceModel::Reflector::DBIC=HASH(0x563eb0c4ed60), "source_name", "Foo", "parent_class", "ComponentUI::TestModel", "schema_class", "RTest::TestDB", "source_class", ...) called at /tmp/loop_over_bdir-3589605-XjwJT5/Reaction-0.002005-0/blib/lib/Reaction/InterfaceModel/Reflector/DBIC.pm line 185
	Reaction::InterfaceModel::Reflector::DBIC::reflect_schema(Reaction::InterfaceModel::Reflector::DBIC=HASH(0x563eb0c4ed60), "model_class", "ComponentUI::TestModel", "schema_class", "RTest::TestDB", "sources", ARRAY(0x563eb123e118)) called at /tmp/loop_over_bdir-3589605-XjwJT5/Reaction-0.002005-0/blib/lib/ComponentUI/TestModel.pm line 10
	require ComponentUI/TestModel.pm called at /home/sand/src/perl/repoperls/installed-perls/host/k93focal/v5.37.2/d119/lib/site_perl/5.37.2/Module/Runtime.pm line 314
	Module::Runtime::require_module("ComponentUI::TestModel") called at /home/sand/src/perl/repoperls/installed-perls/host/k93focal/v5.37.2/d119/lib/site_perl/5.37.2/Class/Load.pm line 174
	Class::Load::try {...} () called at /home/sand/src/perl/repoperls/installed-perls/host/k93focal/v5.37.2/d119/lib/site_perl/5.37.2/Try/Tiny.pm line 98
	eval {...} called at /home/sand/src/perl/repoperls/installed-perls/host/k93focal/v5.37.2/d119/lib/site_perl/5.37.2/Try/Tiny.pm line 93
	Try::Tiny::try(CODE(0x563eacc147d8), Try::Tiny::Catch=REF(0x563eb0c39e48)) called at /home/sand/src/perl/repoperls/installed-perls/host/k93focal/v5.37.2/d119/lib/site_perl/5.37.2/Class/Load.pm line 180
	Class::Load::try_load_class("ComponentUI::TestModel", undef) called at /home/sand/src/perl/repoperls/installed-perls/host/k93focal/v5.37.2/d119/lib/site_perl/5.37.2/Class/Load.pm line 35
	Class::Load::load_class("ComponentUI::TestModel") called at /tmp/loop_over_bdir-3589605-XjwJT5/Reaction-0.002005-0/blib/lib/Catalyst/Model/Reaction/InterfaceModel/DBIC.pm line 24
	Catalyst::Model::Reaction::InterfaceModel::DBIC::COMPONENT("ComponentUI::Model::TestModel", "ComponentUI", HASH(0x563eb057c8f0)) called at /home/sand/src/perl/repoperls/installed-perls/host/k93focal/v5.37.2/d119/lib/site_perl/5.37.2/Catalyst.pm line 3234
	eval {...} called at /home/sand/src/perl/repoperls/installed-perls/host/k93focal/v5.37.2/d119/lib/site_perl/5.37.2/Catalyst.pm line 3235
	Catalyst::setup_component("ComponentUI", "ComponentUI::Model::TestModel") called at /home/sand/src/perl/repoperls/installed-perls/host/k93focal/v5.37.2/d119/lib/site_perl/5.37.2/Catalyst.pm line 3212
	Catalyst::__ANON__() called at /home/sand/src/perl/repoperls/installed-perls/host/k93focal/v5.37.2/d119/lib/site_perl/5.37.2/Catalyst.pm line 3059
	Catalyst::setup_components("ComponentUI") called at /home/sand/src/perl/repoperls/installed-perls/host/k93focal/v5.37.2/d119/lib/site_perl/5.37.2/Catalyst.pm line 1431
	Catalyst::setup("ComponentUI") called at /tmp/loop_over_bdir-3589605-XjwJT5/Reaction-0.002005-0/blib/lib/ComponentUI.pm line 32
	require ComponentUI.pm called at /home/sand/src/perl/repoperls/installed-perls/host/k93focal/v5.37.2/d119/lib/site_perl/5.37.2/Module/Runtime.pm line 314
	Module::Runtime::require_module("ComponentUI") called at /home/sand/src/perl/repoperls/installed-perls/host/k93focal/v5.37.2/d119/lib/site_perl/5.37.2/Class/Load.pm line 174
	Class::Load::try {...} () called at /home/sand/src/perl/repoperls/installed-perls/host/k93focal/v5.37.2/d119/lib/site_perl/5.37.2/Try/Tiny.pm line 98
	eval {...} called at /home/sand/src/perl/repoperls/installed-perls/host/k93focal/v5.37.2/d119/lib/site_perl/5.37.2/Try/Tiny.pm line 93
	Try::Tiny::try(CODE(0x563ea8d28240), Try::Tiny::Catch=REF(0x563eab418300)) called at /home/sand/src/perl/repoperls/installed-perls/host/k93focal/v5.37.2/d119/lib/site_perl/5.37.2/Class/Load.pm line 180
	Class::Load::try_load_class("ComponentUI", undef) called at /home/sand/src/perl/repoperls/installed-perls/host/k93focal/v5.37.2/d119/lib/site_perl/5.37.2/Class/Load.pm line 35
	Class::Load::load_class("ComponentUI") called at /home/sand/src/perl/repoperls/installed-perls/host/k93focal/v5.37.2/d119/lib/site_perl/5.37.2/Test/WWW/Mechanize/Catalyst.pm line 245
	Test::WWW::Mechanize::Catalyst::import("Test::WWW::Mechanize::Catalyst", "ComponentUI") called at t/uncheck_bool_field.t line 6
	main::BEGIN() called at t/uncheck_bool_field.t line 6
	eval {...} called at t/uncheck_bool_field.t line 6
Class::MOP::load_class is deprecated at /home/sand/src/perl/repoperls/installed-perls/host/k93focal/v5.37.2/d119/lib/site_perl/5.37.2/x86_64-linux-thread-multi/Class/MOP.pm line 69.
	Class::MOP::load_class("ComponentUI::RenderingContext::Site") called at /tmp/loop_over_bdir-3589605-XjwJT5/Reaction-0.002005-0/blib/lib/Reaction/UI/View.pm line 125
	eval {...} called at /tmp/loop_over_bdir-3589605-XjwJT5/Reaction-0.002005-0/blib/lib/Reaction/UI/View.pm line 125
	Reaction::UI::View::find_related_class(ComponentUI::View::Site=HASH(0x563ead9f6b30), "RenderingContext") called at /tmp/loop_over_bdir-3589605-XjwJT5/Reaction-0.002005-0/blib/lib/Reaction/UI/View.pm line 43
	Reaction::UI::View::_build_rendering_context_class(ComponentUI::View::Site=HASH(0x563ead9f6b30)) called at reader Reaction::UI::View::rendering_context_class (defined at /tmp/loop_over_bdir-3589605-XjwJT5/Reaction-0.002005-0/blib/lib/Reaction/UI/View.pm line 29) line 8
	Reaction::UI::View::rendering_context_class(ComponentUI::View::Site=HASH(0x563ead9f6b30)) called at /tmp/loop_over_bdir-3589605-XjwJT5/Reaction-0.002005-0/blib/lib/Reaction/UI/View.pm line 134
	Reaction::UI::View::create_rendering_context(ComponentUI::View::Site=HASH(0x563ead9f6b30)) called at /tmp/loop_over_bdir-3589605-XjwJT5/Reaction-0.002005-0/blib/lib/Reaction/UI/View.pm line 60
	Reaction::UI::View::render_window(ComponentUI::View::Site=HASH(0x563ead9f6b30), Reaction::UI::Window=HASH(0x563eb1c70020)) called at /tmp/loop_over_bdir-3589605-XjwJT5/Reaction-0.002005-0/blib/lib/Reaction/UI/Window.pm line 74
	Reaction::UI::Window::flush_view(Reaction::UI::Window=HASH(0x563eb1c70020)) called at /tmp/loop_over_bdir-3589605-XjwJT5/Reaction-0.002005-0/blib/lib/Reaction/UI/Window.pm line 36
	Reaction::UI::Window::flush(Reaction::UI::Window=HASH(0x563eb1c70020)) called at /tmp/loop_over_bdir-3589605-XjwJT5/Reaction-0.002005-0/blib/lib/Reaction/UI/Controller/Root.pm line 38
	Reaction::UI::Controller::Root::end(ComponentUI::Controller::Root=HASH(0x563eb1c700c8), ComponentUI=HASH(0x563eb1c59ac0)) called at /home/sand/src/perl/repoperls/installed-perls/host/k93focal/v5.37.2/d119/lib/site_perl/5.37.2/Catalyst/Action.pm line 369
	Catalyst::Action::execute(Catalyst::Action=HASH(0x563eb19284f8), ComponentUI::Controller::Root=HASH(0x563eb1c700c8), ComponentUI=HASH(0x563eb1c59ac0)) called at /home/sand/src/perl/repoperls/installed-perls/host/k93focal/v5.37.2/d119/lib/site_perl/5.37.2/Catalyst.pm line 2060
	eval {...} called at /home/sand/src/perl/repoperls/installed-perls/host/k93focal/v5.37.2/d119/lib/site_perl/5.37.2/Catalyst.pm line 2060
	Catalyst::execute(ComponentUI=HASH(0x563eb1c59ac0), "ComponentUI::Controller::Root", Catalyst::Action=HASH(0x563eb19284f8)) called at /home/sand/src/perl/repoperls/installed-perls/host/k93focal/v5.37.2/d119/lib/site_perl/5.37.2/Catalyst/Action.pm line 364
	Catalyst::Action::dispatch(Catalyst::Action=HASH(0x563eb19284f8), ComponentUI=HASH(0x563eb1c59ac0)) called at /home/sand/src/perl/repoperls/installed-perls/host/k93focal/v5.37.2/d119/lib/site_perl/5.37.2/Catalyst/Controller.pm line 188
	Catalyst::Controller::_END(ComponentUI::Controller::TestModel::Baz=HASH(0x563eb1c63968), ComponentUI=HASH(0x563eb1c59ac0)) called at /home/sand/src/perl/repoperls/installed-perls/host/k93focal/v5.37.2/d119/lib/site_perl/5.37.2/Catalyst/Action.pm line 369
	Catalyst::Action::execute(Catalyst::Action=HASH(0x563eb19d7910), ComponentUI::Controller::TestModel::Baz=HASH(0x563eb1c63968), ComponentUI=HASH(0x563eb1c59ac0)) called at /home/sand/src/perl/repoperls/installed-perls/host/k93focal/v5.37.2/d119/lib/site_perl/5.37.2/Catalyst.pm line 2060
	eval {...} called at /home/sand/src/perl/repoperls/installed-perls/host/k93focal/v5.37.2/d119/lib/site_perl/5.37.2/Catalyst.pm line 2060
	Catalyst::execute(ComponentUI=HASH(0x563eb1c59ac0), "ComponentUI::Controller::TestModel::Baz", Catalyst::Action=HASH(0x563eb19d7910)) called at /home/sand/src/perl/repoperls/installed-perls/host/k93focal/v5.37.2/d119/lib/site_perl/5.37.2/Catalyst/Action.pm line 364
	Catalyst::Action::dispatch(Catalyst::Action=HASH(0x563eb19d7910), ComponentUI=HASH(0x563eb1c59ac0)) called at /home/sand/src/perl/repoperls/installed-perls/host/k93focal/v5.37.2/d119/lib/site_perl/5.37.2/Catalyst/Dispatcher.pm line 261
	Catalyst::Dispatcher::_do_forward(Catalyst::Dispatcher=HASH(0x563eabbf5158), "forward", ComponentUI=HASH(0x563eb1c59ac0), "_END") called at /home/sand/src/perl/repoperls/installed-perls/host/k93focal/v5.37.2/d119/lib/site_perl/5.37.2/Catalyst/Dispatcher.pm line 241
	Catalyst::Dispatcher::forward(Catalyst::Dispatcher=HASH(0x563eabbf5158), ComponentUI=HASH(0x563eb1c59ac0), "_END") called at /home/sand/src/perl/repoperls/installed-perls/host/k93focal/v5.37.2/d119/lib/site_perl/5.37.2/Catalyst.pm line 482
	Catalyst::forward(ComponentUI=HASH(0x563eb1c59ac0), "_END") called at /home/sand/src/perl/repoperls/installed-perls/host/k93focal/v5.37.2/d119/lib/site_perl/5.37.2/Catalyst/Controller.pm line 137
	Catalyst::Controller::_DISPATCH(ComponentUI::Controller::TestModel::Baz=HASH(0x563eb1c63968), ComponentUI=HASH(0x563eb1c59ac0)) called at /home/sand/src/perl/repoperls/installed-perls/host/k93focal/v5.37.2/d119/lib/site_perl/5.37.2/Catalyst/Action.pm line 369
	Catalyst::Action::execute(Catalyst::Action=HASH(0x563eb19cee90), ComponentUI::Controller::TestModel::Baz=HASH(0x563eb1c63968), ComponentUI=HASH(0x563eb1c59ac0)) called at /home/sand/src/perl/repoperls/installed-perls/host/k93focal/v5.37.2/d119/lib/site_perl/5.37.2/Catalyst.pm line 2060
	eval {...} called at /home/sand/src/perl/repoperls/installed-perls/host/k93focal/v5.37.2/d119/lib/site_perl/5.37.2/Catalyst.pm line 2060
	Catalyst::execute(ComponentUI=HASH(0x563eb1c59ac0), "ComponentUI::Controller::TestModel::Baz", Catalyst::Action=HASH(0x563eb19cee90)) called at /home/sand/src/perl/repoperls/installed-perls/host/k93focal/v5.37.2/d119/lib/site_perl/5.37.2/Catalyst/Action.pm line 364
	Catalyst::Action::dispatch(Catalyst::Action=HASH(0x563eb19cee90), ComponentUI=HASH(0x563eb1c59ac0)) called at /home/sand/src/perl/repoperls/installed-perls/host/k93focal/v5.37.2/d119/lib/site_perl/5.37.2/Catalyst/Dispatcher.pm line 261
	Catalyst::Dispatcher::_do_forward(Catalyst::Dispatcher=HASH(0x563eabbf5158), "forward", ComponentUI=HASH(0x563eb1c59ac0), "/testmodel/baz/_DISPATCH") called at /home/sand/src/perl/repoperls/installed-perls/host/k93focal/v5.37.2/d119/lib/site_perl/5.37.2/Catalyst/Dispatcher.pm line 241
	Catalyst::Dispatcher::forward(Catalyst::Dispatcher=HASH(0x563eabbf5158), ComponentUI=HASH(0x563eb1c59ac0), "/testmodel/baz/_DISPATCH") called at /home/sand/src/perl/repoperls/installed-perls/host/k93focal/v5.37.2/d119/lib/site_perl/5.37.2/Catalyst.pm line 482
	Catalyst::forward(ComponentUI=HASH(0x563eb1c59ac0), "/testmodel/baz/_DISPATCH") called at /home/sand/src/perl/repoperls/installed-perls/host/k93focal/v5.37.2/d119/lib/site_perl/5.37.2/Catalyst/Dispatcher.pm line 107
	Catalyst::Dispatcher::dispatch(Catalyst::Dispatcher=HASH(0x563eabbf5158), ComponentUI=HASH(0x563eb1c59ac0)) called at /home/sand/src/perl/repoperls/installed-perls/host/k93focal/v5.37.2/d119/lib/site_perl/5.37.2/Catalyst.pm line 2006
	Catalyst::dispatch(ComponentUI=HASH(0x563eb1c59ac0)) called at /home/sand/src/perl/repoperls/installed-perls/host/k93focal/v5.37.2/d119/lib/site_perl/5.37.2/Catalyst/Plugin/Static/Simple.pm line 85
	Class::MOP::Class:::around(CODE(0x563eac10da28), ComponentUI=HASH(0x563eb1c59ac0)) called at /home/sand/src/perl/repoperls/installed-perls/host/k93focal/v5.37.2/d119/lib/site_perl/5.37.2/x86_64-linux-thread-multi/Class/MOP/Method/Wrapped.pm line 166
	ComponentUI::_wrapped_dispatch(ComponentUI=HASH(0x563eb1c59ac0)) called at /home/sand/src/perl/repoperls/installed-perls/host/k93focal/v5.37.2/d119/lib/site_perl/5.37.2/x86_64-linux-thread-multi/Class/MOP/Method/Wrapped.pm line 97
	ComponentUI::dispatch(ComponentUI=HASH(0x563eb1c59ac0)) called at /home/sand/src/perl/repoperls/installed-perls/host/k93focal/v5.37.2/d119/lib/site_perl/5.37.2/Catalyst.pm line 2412
	Catalyst::try {...} () called at /home/sand/src/perl/repoperls/installed-perls/host/k93focal/v5.37.2/d119/lib/site_perl/5.37.2/Try/Tiny.pm line 102
	eval {...} called at /home/sand/src/perl/repoperls/installed-perls/host/k93focal/v5.37.2/d119/lib/site_perl/5.37.2/Try/Tiny.pm line 93
	Try::Tiny::try(CODE(0x563eb1c288f0), Try::Tiny::Catch=REF(0x563eb1c286f8)) called at /home/sand/src/perl/repoperls/installed-perls/host/k93focal/v5.37.2/d119/lib/site_perl/5.37.2/Catalyst.pm line 2421
	Catalyst::handle_request("ComponentUI", "env", HASH(0x563eb1c54c38), "response_cb", CODE(0x563eb1c28758)) called at /home/sand/src/perl/repoperls/installed-perls/host/k93focal/v5.37.2/d119/lib/site_perl/5.37.2/Catalyst/Engine.pm line 807
	Catalyst::Engine::__ANON__(CODE(0x563eb1c28758)) called at /home/sand/src/perl/repoperls/installed-perls/host/k93focal/v5.37.2/d119/lib/site_perl/5.37.2/Plack/Middleware/HTTPExceptions.pm line 32
	Plack::Middleware::HTTPExceptions::try {...} () called at /home/sand/src/perl/repoperls/installed-perls/host/k93focal/v5.37.2/d119/lib/site_perl/5.37.2/Try/Tiny.pm line 102
	eval {...} called at /home/sand/src/perl/repoperls/installed-perls/host/k93focal/v5.37.2/d119/lib/site_perl/5.37.2/Try/Tiny.pm line 93
	Try::Tiny::try(CODE(0x563eb1c28590), Try::Tiny::Catch=REF(0x563eb1c27e10)) called at /home/sand/src/perl/repoperls/installed-perls/host/k93focal/v5.37.2/d119/lib/site_perl/5.37.2/Plack/Middleware/HTTPExceptions.pm line 41
	Plack::Middleware::HTTPExceptions::__ANON__(CODE(0x563eb1c55280)) called at /home/sand/src/perl/repoperls/installed-perls/host/k93focal/v5.37.2/d119/lib/site_perl/5.37.2/Plack/Util.pm line 339
	Plack::Util::__ANON__(CODE(0x563eb1c54ab8)) called at /home/sand/src/perl/repoperls/installed-perls/host/k93focal/v5.37.2/d119/lib/site_perl/5.37.2/Plack/Util.pm line 339
	Plack::Util::__ANON__(CODE(0x563eb1c54830)) called at /home/sand/src/perl/repoperls/installed-perls/host/k93focal/v5.37.2/d119/lib/site_perl/5.37.2/Plack/Util.pm line 339
	Plack::Util::__ANON__(CODE(0x563eb1c2b3a0)) called at /home/sand/src/perl/repoperls/installed-perls/host/k93focal/v5.37.2/d119/lib/site_perl/5.37.2/HTTP/Message/PSGI.pm line 100
	HTTP::Message::PSGI::res_from_psgi(CODE(0x563eb1c28338)) called at /home/sand/src/perl/repoperls/installed-perls/host/k93focal/v5.37.2/d119/lib/site_perl/5.37.2/HTTP/Message/PSGI.pm line 157
	HTTP::Response::from_psgi("HTTP::Response", CODE(0x563eb1c28338)) called at /home/sand/src/perl/repoperls/installed-perls/host/k93focal/v5.37.2/d119/lib/site_perl/5.37.2/Plack/Test/MockHTTP.pm line 24
	Plack::Test::MockHTTP::try {...} () called at /home/sand/src/perl/repoperls/installed-perls/host/k93focal/v5.37.2/d119/lib/site_perl/5.37.2/Try/Tiny.pm line 100
	eval {...} called at /home/sand/src/perl/repoperls/installed-perls/host/k93focal/v5.37.2/d119/lib/site_perl/5.37.2/Try/Tiny.pm line 93
	Try::Tiny::try(CODE(0x563eb1c16d00), Try::Tiny::Catch=REF(0x563eb193d348)) called at /home/sand/src/perl/repoperls/installed-perls/host/k93focal/v5.37.2/d119/lib/site_perl/5.37.2/Plack/Test/MockHTTP.pm line 27
	Plack::Test::MockHTTP::request(Plack::Test::MockHTTP=HASH(0x563eb1be3ac8), HTTP::Request=HASH(0x563eb1bdc1a8)) called at /home/sand/src/perl/repoperls/installed-perls/host/k93focal/v5.37.2/d119/lib/site_perl/5.37.2/Plack/Test.pm line 38
	Plack::Test::__ANON__(HTTP::Request=HASH(0x563eb1bdc1a8)) called at /home/sand/src/perl/repoperls/installed-perls/host/k93focal/v5.37.2/d119/lib/site_perl/5.37.2/Catalyst/Test.pm line 290
	Catalyst::Test::__ANON__(CODE(0x563eb1be3a80)) called at /home/sand/src/perl/repoperls/installed-perls/host/k93focal/v5.37.2/d119/lib/site_perl/5.37.2/Plack/Test.pm line 38
	Plack::Test::test_psgi("mangle_response", CODE(0x563eab3e1cb0), "app", CODE(0x563eb1be3630), "app", CODE(0x563eb1be3870), "client", CODE(0x563eb1be3918)) called at /home/sand/src/perl/repoperls/installed-perls/host/k93focal/v5.37.2/d119/lib/site_perl/5.37.2/Catalyst/Test.pm line 293
	Catalyst::Test::_request(HASH(0x563eb1c17108), HTTP::Request=HASH(0x563eb1bdc1a8)) called at /home/sand/src/perl/repoperls/installed-perls/host/k93focal/v5.37.2/d119/lib/site_perl/5.37.2/Catalyst/Test.pm line 336
	Catalyst::Test::_local_request("ComponentUI", HTTP::Request=HASH(0x563eb1bdc1a8)) called at /home/sand/src/perl/repoperls/installed-perls/host/k93focal/v5.37.2/d119/lib/site_perl/5.37.2/Test/WWW/Mechanize/Catalyst.pm line 176
	Test::WWW::Mechanize::Catalyst::_do_catalyst_request(Test::WWW::Mechanize::Catalyst=HASH(0x563eac069df8), HTTP::Request=HASH(0x563eb1bdc1a8)) called at /home/sand/src/perl/repoperls/installed-perls/host/k93focal/v5.37.2/d119/lib/site_perl/5.37.2/Test/WWW/Mechanize/Catalyst.pm line 78
	Test::WWW::Mechanize::Catalyst::_make_request(Test::WWW::Mechanize::Catalyst=HASH(0x563eac069df8), HTTP::Request=HASH(0x563eb1bdc1a8)) called at /home/sand/src/perl/repoperls/installed-perls/host/k93focal/v5.37.2/d119/lib/site_perl/5.37.2/WWW/Mechanize.pm line 1396
	WWW::Mechanize::request(Test::WWW::Mechanize::Catalyst=HASH(0x563eac069df8), HTTP::Request=HASH(0x563eb1bdc1a8)) called at /home/sand/src/perl/repoperls/installed-perls/host/k93focal/v5.37.2/d119/lib/site_perl/5.37.2/LWP/UserAgent.pm line 446
	LWP::UserAgent::get(Test::WWW::Mechanize::Catalyst=HASH(0x563eac069df8), "http://localhost/testmodel/baz/id/1/update") called at /home/sand/src/perl/repoperls/installed-perls/host/k93focal/v5.37.2/d119/lib/site_perl/5.37.2/WWW/Mechanize.pm line 123
	WWW::Mechanize::get(Test::WWW::Mechanize::Catalyst=HASH(0x563eac069df8), "http://localhost/testmodel/baz/id/1/update") called at /home/sand/src/perl/repoperls/installed-perls/host/k93focal/v5.37.2/d119/lib/site_perl/5.37.2/Test/WWW/Mechanize.pm line 192
	Test::WWW::Mechanize::get_ok(Test::WWW::Mechanize::Catalyst=HASH(0x563eac069df8), "http://localhost/testmodel/baz/id/1/update") called at t/uncheck_bool_field.t line 9
Class::MOP::is_class_loaded is deprecated at /home/sand/src/perl/repoperls/installed-perls/host/k93focal/v5.37.2/d119/lib/site_perl/5.37.2/x86_64-linux-thread-multi/Class/MOP.pm line 87.
	Class::MOP::is_class_loaded("ComponentUI::UI::Widget::SiteLayout") called at /tmp/loop_over_bdir-3589605-XjwJT5/Reaction-0.002005-0/blib/lib/Reaction/UI/Skin.pm line 178
	Reaction::UI::Skin::widget_class_for(Reaction::UI::Skin=HASH(0x563eb21a0d88), Reaction::UI::LayoutSet::TT=HASH(0x563eb21d7968)) called at /tmp/loop_over_bdir-3589605-XjwJT5/Reaction-0.002005-0/blib/lib/Reaction/UI/LayoutSet.pm line 29
	Reaction::UI::LayoutSet::BUILD(Reaction::UI::LayoutSet::TT=HASH(0x563eb21d7968), HASH(0x563eb21d7950)) called at constructor Reaction::UI::LayoutSet::TT::new (defined at /tmp/loop_over_bdir-3589605-XjwJT5/Reaction-0.002005-0/blib/lib/Reaction/UI/LayoutSet/TT.pm line 43) line 80
	Reaction::UI::LayoutSet::TT::new("Reaction::UI::LayoutSet::TT", "name", "site_layout", "skin", Reaction::UI::Skin=HASH(0x563eb21a0d88), "tt_object", Template=HASH(0x563eb16e2688), "source_file", ...) called at /tmp/loop_over_bdir-3589605-XjwJT5/Reaction-0.002005-0/blib/lib/Reaction/UI/Skin.pm line 115
	Reaction::UI::Skin::_create_layout_set(Reaction::UI::Skin=HASH(0x563eb21a0d88), "site_layout", ARRAY(0x563eb1c76f50), Reaction::UI::Skin=HASH(0x563eb21a0d88)) called at /tmp/loop_over_bdir-3589605-XjwJT5/Reaction-0.002005-0/blib/lib/Reaction/UI/Skin.pm line 110
	Reaction::UI::Skin::create_layout_set(Reaction::UI::Skin=HASH(0x563eb21a0d88), "site_layout") called at /tmp/loop_over_bdir-3589605-XjwJT5/Reaction-0.002005-0/blib/lib/Reaction/UI/LayoutSet.pm line 83
	Reaction::UI::LayoutSet::_load_file(Reaction::UI::LayoutSet::TT=HASH(0x563eb21b0b00), Path::Class::File=HASH(0x563eb214b120), HASH(0x563eb21473d8)) called at /tmp/loop_over_bdir-3589605-XjwJT5/Reaction-0.002005-0/blib/lib/Reaction/UI/LayoutSet.pm line 27
	Reaction::UI::LayoutSet::BUILD(Reaction::UI::LayoutSet::TT=HASH(0x563eb21b0b00), HASH(0x563eb21473d8)) called at constructor Reaction::UI::LayoutSet::TT::new (defined at /tmp/loop_over_bdir-3589605-XjwJT5/Reaction-0.002005-0/blib/lib/Reaction/UI/LayoutSet/TT.pm line 43) line 80
	Reaction::UI::LayoutSet::TT::new("Reaction::UI::LayoutSet::TT", "name", "site_layout", "skin", Reaction::UI::Skin=HASH(0x563eac7a0b90), "next_skin", Reaction::UI::Skin=HASH(0x563eb21a0d88), "tt_object", ...) called at /tmp/loop_over_bdir-3589605-XjwJT5/Reaction-0.002005-0/blib/lib/Reaction/UI/Skin.pm line 115
	Reaction::UI::Skin::_create_layout_set(Reaction::UI::Skin=HASH(0x563eac7a0b90), "site_layout", ARRAY(0x563eb214ad48), Reaction::UI::Skin=HASH(0x563eac7a0b90)) called at /tmp/loop_over_bdir-3589605-XjwJT5/Reaction-0.002005-0/blib/lib/Reaction/UI/Skin.pm line 110
	Reaction::UI::Skin::create_layout_set(Reaction::UI::Skin=HASH(0x563eac7a0b90), "site_layout") called at /tmp/loop_over_bdir-3589605-XjwJT5/Reaction-0.002005-0/blib/lib/Reaction/UI/LayoutSet.pm line 83
	Reaction::UI::LayoutSet::_load_file(Reaction::UI::LayoutSet::TT=HASH(0x563eb21993a0), Path::Class::File=HASH(0x563eb2138e50), HASH(0x563eb214fc68)) called at /tmp/loop_over_bdir-3589605-XjwJT5/Reaction-0.002005-0/blib/lib/Reaction/UI/LayoutSet.pm line 27
	Reaction::UI::LayoutSet::BUILD(Reaction::UI::LayoutSet::TT=HASH(0x563eb21993a0), HASH(0x563eb214fc68)) called at constructor Reaction::UI::LayoutSet::TT::new (defined at /tmp/loop_over_bdir-3589605-XjwJT5/Reaction-0.002005-0/blib/lib/Reaction/UI/LayoutSet/TT.pm line 43) line 80
	Reaction::UI::LayoutSet::TT::new("Reaction::UI::LayoutSet::TT", "name", "site_layout", "skin", Reaction::UI::Skin=HASH(0x563eb21992b0), "next_skin", Reaction::UI::Skin=HASH(0x563eac7a0b90), "tt_object", ...) called at /tmp/loop_over_bdir-3589605-XjwJT5/Reaction-0.002005-0/blib/lib/Reaction/UI/Skin.pm line 115
	Reaction::UI::Skin::_create_layout_set(Reaction::UI::Skin=HASH(0x563eb21992b0), "site_layout", ARRAY(0x563eb21a0860), Reaction::UI::Skin=HASH(0x563eb21992b0)) called at /tmp/loop_over_bdir-3589605-XjwJT5/Reaction-0.002005-0/blib/lib/Reaction/UI/Skin.pm line 110
	Reaction::UI::Skin::create_layout_set(Reaction::UI::Skin=HASH(0x563eb21992b0), "site_layout") called at inline delegation in Reaction::UI::View for skin->create_layout_set (attribute declared in /tmp/loop_over_bdir-3589605-XjwJT5/Reaction-0.002005-0/blib/lib/Reaction/UI/View.pm at line 22) line 18
	Reaction::UI::View::create_layout_set(ComponentUI::View::Site=HASH(0x563ead9f6b30), "site_layout") called at /tmp/loop_over_bdir-3589605-XjwJT5/Reaction-0.002005-0/blib/lib/Reaction/UI/View.pm line 99
	Reaction::UI::View::layout_set_for(ComponentUI::View::Site=HASH(0x563ead9f6b30), Reaction::UI::ViewPort::SiteLayout=HASH(0x563eb1c70770)) called at /tmp/loop_over_bdir-3589605-XjwJT5/Reaction-0.002005-0/blib/lib/Reaction/UI/View.pm line 78
	Reaction::UI::View::render_viewport_args(ComponentUI::View::Site=HASH(0x563ead9f6b30), Reaction::UI::ViewPort::SiteLayout=HASH(0x563eb1c70770)) called at /tmp/loop_over_bdir-3589605-XjwJT5/Reaction-0.002005-0/blib/lib/Reaction/UI/View.pm line 61
	Reaction::UI::View::render_window(ComponentUI::View::Site=HASH(0x563ead9f6b30), Reaction::UI::Window=HASH(0x563eb1c70020)) called at /tmp/loop_over_bdir-3589605-XjwJT5/Reaction-0.002005-0/blib/lib/Reaction/UI/Window.pm line 74
	Reaction::UI::Window::flush_view(Reaction::UI::Window=HASH(0x563eb1c70020)) called at /tmp/loop_over_bdir-3589605-XjwJT5/Reaction-0.002005-0/blib/lib/Reaction/UI/Window.pm line 36
	Reaction::UI::Window::flush(Reaction::UI::Window=HASH(0x563eb1c70020)) called at /tmp/loop_over_bdir-3589605-XjwJT5/Reaction-0.002005-0/blib/lib/Reaction/UI/Controller/Root.pm line 38
	Reaction::UI::Controller::Root::end(ComponentUI::Controller::Root=HASH(0x563eb1c700c8), ComponentUI=HASH(0x563eb1c59ac0)) called at /home/sand/src/perl/repoperls/installed-perls/host/k93focal/v5.37.2/d119/lib/site_perl/5.37.2/Catalyst/Action.pm line 369
	Catalyst::Action::execute(Catalyst::Action=HASH(0x563eb19284f8), ComponentUI::Controller::Root=HASH(0x563eb1c700c8), ComponentUI=HASH(0x563eb1c59ac0)) called at /home/sand/src/perl/repoperls/installed-perls/host/k93focal/v5.37.2/d119/lib/site_perl/5.37.2/Catalyst.pm line 2060
	eval {...} called at /home/sand/src/perl/repoperls/installed-perls/host/k93focal/v5.37.2/d119/lib/site_perl/5.37.2/Catalyst.pm line 2060
	Catalyst::execute(ComponentUI=HASH(0x563eb1c59ac0), "ComponentUI::Controller::Root", Catalyst::Action=HASH(0x563eb19284f8)) called at /home/sand/src/perl/repoperls/installed-perls/host/k93focal/v5.37.2/d119/lib/site_perl/5.37.2/Catalyst/Action.pm line 364
	Catalyst::Action::dispatch(Catalyst::Action=HASH(0x563eb19284f8), ComponentUI=HASH(0x563eb1c59ac0)) called at /home/sand/src/perl/repoperls/installed-perls/host/k93focal/v5.37.2/d119/lib/site_perl/5.37.2/Catalyst/Controller.pm line 188
	Catalyst::Controller::_END(ComponentUI::Controller::TestModel::Baz=HASH(0x563eb1c63968), ComponentUI=HASH(0x563eb1c59ac0)) called at /home/sand/src/perl/repoperls/installed-perls/host/k93focal/v5.37.2/d119/lib/site_perl/5.37.2/Catalyst/Action.pm line 369
	Catalyst::Action::execute(Catalyst::Action=HASH(0x563eb19d7910), ComponentUI::Controller::TestModel::Baz=HASH(0x563eb1c63968), ComponentUI=HASH(0x563eb1c59ac0)) called at /home/sand/src/perl/repoperls/installed-perls/host/k93focal/v5.37.2/d119/lib/site_perl/5.37.2/Catalyst.pm line 2060
	eval {...} called at /home/sand/src/perl/repoperls/installed-perls/host/k93focal/v5.37.2/d119/lib/site_perl/5.37.2/Catalyst.pm line 2060
	Catalyst::execute(ComponentUI=HASH(0x563eb1c59ac0), "ComponentUI::Controller::TestModel::Baz", Catalyst::Action=HASH(0x563eb19d7910)) called at /home/sand/src/perl/repoperls/installed-perls/host/k93focal/v5.37.2/d119/lib/site_perl/5.37.2/Catalyst/Action.pm line 364
	Catalyst::Action::dispatch(Catalyst::Action=HASH(0x563eb19d7910), ComponentUI=HASH(0x563eb1c59ac0)) called at /home/sand/src/perl/repoperls/installed-perls/host/k93focal/v5.37.2/d119/lib/site_perl/5.37.2/Catalyst/Dispatcher.pm line 261
	Catalyst::Dispatcher::_do_forward(Catalyst::Dispatcher=HASH(0x563eabbf5158), "forward", ComponentUI=HASH(0x563eb1c59ac0), "_END") called at /home/sand/src/perl/repoperls/installed-perls/host/k93focal/v5.37.2/d119/lib/site_perl/5.37.2/Catalyst/Dispatcher.pm line 241
	Catalyst::Dispatcher::forward(Catalyst::Dispatcher=HASH(0x563eabbf5158), ComponentUI=HASH(0x563eb1c59ac0), "_END") called at /home/sand/src/perl/repoperls/installed-perls/host/k93focal/v5.37.2/d119/lib/site_perl/5.37.2/Catalyst.pm line 482
	Catalyst::forward(ComponentUI=HASH(0x563eb1c59ac0), "_END") called at /home/sand/src/perl/repoperls/installed-perls/host/k93focal/v5.37.2/d119/lib/site_perl/5.37.2/Catalyst/Controller.pm line 137
	Catalyst::Controller::_DISPATCH(ComponentUI::Controller::TestModel::Baz=HASH(0x563eb1c63968), ComponentUI=HASH(0x563eb1c59ac0)) called at /home/sand/src/perl/repoperls/installed-perls/host/k93focal/v5.37.2/d119/lib/site_perl/5.37.2/Catalyst/Action.pm line 369
	Catalyst::Action::execute(Catalyst::Action=HASH(0x563eb19cee90), ComponentUI::Controller::TestModel::Baz=HASH(0x563eb1c63968), ComponentUI=HASH(0x563eb1c59ac0)) called at /home/sand/src/perl/repoperls/installed-perls/host/k93focal/v5.37.2/d119/lib/site_perl/5.37.2/Catalyst.pm line 2060
	eval {...} called at /home/sand/src/perl/repoperls/installed-perls/host/k93focal/v5.37.2/d119/lib/site_perl/5.37.2/Catalyst.pm line 2060
	Catalyst::execute(ComponentUI=HASH(0x563eb1c59ac0), "ComponentUI::Controller::TestModel::Baz", Catalyst::Action=HASH(0x563eb19cee90)) called at /home/sand/src/perl/repoperls/installed-perls/host/k93focal/v5.37.2/d119/lib/site_perl/5.37.2/Catalyst/Action.pm line 364
	Catalyst::Action::dispatch(Catalyst::Action=HASH(0x563eb19cee90), ComponentUI=HASH(0x563eb1c59ac0)) called at /home/sand/src/perl/repoperls/installed-perls/host/k93focal/v5.37.2/d119/lib/site_perl/5.37.2/Catalyst/Dispatcher.pm line 261
	Catalyst::Dispatcher::_do_forward(Catalyst::Dispatcher=HASH(0x563eabbf5158), "forward", ComponentUI=HASH(0x563eb1c59ac0), "/testmodel/baz/_DISPATCH") called at /home/sand/src/perl/repoperls/installed-perls/host/k93focal/v5.37.2/d119/lib/site_perl/5.37.2/Catalyst/Dispatcher.pm line 241
	Catalyst::Dispatcher::forward(Catalyst::Dispatcher=HASH(0x563eabbf5158), ComponentUI=HASH(0x563eb1c59ac0), "/testmodel/baz/_DISPATCH") called at /home/sand/src/perl/repoperls/installed-perls/host/k93focal/v5.37.2/d119/lib/site_perl/5.37.2/Catalyst.pm line 482
	Catalyst::forward(ComponentUI=HASH(0x563eb1c59ac0), "/testmodel/baz/_DISPATCH") called at /home/sand/src/perl/repoperls/installed-perls/host/k93focal/v5.37.2/d119/lib/site_perl/5.37.2/Catalyst/Dispatcher.pm line 107
	Catalyst::Dispatcher::dispatch(Catalyst::Dispatcher=HASH(0x563eabbf5158), ComponentUI=HASH(0x563eb1c59ac0)) called at /home/sand/src/perl/repoperls/installed-perls/host/k93focal/v5.37.2/d119/lib/site_perl/5.37.2/Catalyst.pm line 2006
	Catalyst::dispatch(ComponentUI=HASH(0x563eb1c59ac0)) called at /home/sand/src/perl/repoperls/installed-perls/host/k93focal/v5.37.2/d119/lib/site_perl/5.37.2/Catalyst/Plugin/Static/Simple.pm line 85
	Class::MOP::Class:::around(CODE(0x563eac10da28), ComponentUI=HASH(0x563eb1c59ac0)) called at /home/sand/src/perl/repoperls/installed-perls/host/k93focal/v5.37.2/d119/lib/site_perl/5.37.2/x86_64-linux-thread-multi/Class/MOP/Method/Wrapped.pm line 166
	ComponentUI::_wrapped_dispatch(ComponentUI=HASH(0x563eb1c59ac0)) called at /home/sand/src/perl/repoperls/installed-perls/host/k93focal/v5.37.2/d119/lib/site_perl/5.37.2/x86_64-linux-thread-multi/Class/MOP/Method/Wrapped.pm line 97
	ComponentUI::dispatch(ComponentUI=HASH(0x563eb1c59ac0)) called at /home/sand/src/perl/repoperls/installed-perls/host/k93focal/v5.37.2/d119/lib/site_perl/5.37.2/Catalyst.pm line 2412
	Catalyst::try {...} () called at /home/sand/src/perl/repoperls/installed-perls/host/k93focal/v5.37.2/d119/lib/site_perl/5.37.2/Try/Tiny.pm line 102
	eval {...} called at /home/sand/src/perl/repoperls/installed-perls/host/k93focal/v5.37.2/d119/lib/site_perl/5.37.2/Try/Tiny.pm line 93
	Try::Tiny::try(CODE(0x563eb1c288f0), Try::Tiny::Catch=REF(0x563eb1c286f8)) called at /home/sand/src/perl/repoperls/installed-perls/host/k93focal/v5.37.2/d119/lib/site_perl/5.37.2/Catalyst.pm line 2421
	Catalyst::handle_request("ComponentUI", "env", HASH(0x563eb1c54c38), "response_cb", CODE(0x563eb1c28758)) called at /home/sand/src/perl/repoperls/installed-perls/host/k93focal/v5.37.2/d119/lib/site_perl/5.37.2/Catalyst/Engine.pm line 807
	Catalyst::Engine::__ANON__(CODE(0x563eb1c28758)) called at /home/sand/src/perl/repoperls/installed-perls/host/k93focal/v5.37.2/d119/lib/site_perl/5.37.2/Plack/Middleware/HTTPExceptions.pm line 32
	Plack::Middleware::HTTPExceptions::try {...} () called at /home/sand/src/perl/repoperls/installed-perls/host/k93focal/v5.37.2/d119/lib/site_perl/5.37.2/Try/Tiny.pm line 102
	eval {...} called at /home/sand/src/perl/repoperls/installed-perls/host/k93focal/v5.37.2/d119/lib/site_perl/5.37.2/Try/Tiny.pm line 93
	Try::Tiny::try(CODE(0x563eb1c28590), Try::Tiny::Catch=REF(0x563eb1c27e10)) called at /home/sand/src/perl/repoperls/installed-perls/host/k93focal/v5.37.2/d119/lib/site_perl/5.37.2/Plack/Middleware/HTTPExceptions.pm line 41
	Plack::Middleware::HTTPExceptions::__ANON__(CODE(0x563eb1c55280)) called at /home/sand/src/perl/repoperls/installed-perls/host/k93focal/v5.37.2/d119/lib/site_perl/5.37.2/Plack/Util.pm line 339
	Plack::Util::__ANON__(CODE(0x563eb1c54ab8)) called at /home/sand/src/perl/repoperls/installed-perls/host/k93focal/v5.37.2/d119/lib/site_perl/5.37.2/Plack/Util.pm line 339
	Plack::Util::__ANON__(CODE(0x563eb1c54830)) called at /home/sand/src/perl/repoperls/installed-perls/host/k93focal/v5.37.2/d119/lib/site_perl/5.37.2/Plack/Util.pm line 339
	Plack::Util::__ANON__(CODE(0x563eb1c2b3a0)) called at /home/sand/src/perl/repoperls/installed-perls/host/k93focal/v5.37.2/d119/lib/site_perl/5.37.2/HTTP/Message/PSGI.pm line 100
	HTTP::Message::PSGI::res_from_psgi(CODE(0x563eb1c28338)) called at /home/sand/src/perl/repoperls/installed-perls/host/k93focal/v5.37.2/d119/lib/site_perl/5.37.2/HTTP/Message/PSGI.pm line 157
	HTTP::Response::from_psgi("HTTP::Response", CODE(0x563eb1c28338)) called at /home/sand/src/perl/repoperls/installed-perls/host/k93focal/v5.37.2/d119/lib/site_perl/5.37.2/Plack/Test/MockHTTP.pm line 24
	Plack::Test::MockHTTP::try {...} () called at /home/sand/src/perl/repoperls/installed-perls/host/k93focal/v5.37.2/d119/lib/site_perl/5.37.2/Try/Tiny.pm line 100
	eval {...} called at /home/sand/src/perl/repoperls/installed-perls/host/k93focal/v5.37.2/d119/lib/site_perl/5.37.2/Try/Tiny.pm line 93
	Try::Tiny::try(CODE(0x563eb1c16d00), Try::Tiny::Catch=REF(0x563eb193d348)) called at /home/sand/src/perl/repoperls/installed-perls/host/k93focal/v5.37.2/d119/lib/site_perl/5.37.2/Plack/Test/MockHTTP.pm line 27
	Plack::Test::MockHTTP::request(Plack::Test::MockHTTP=HASH(0x563eb1be3ac8), HTTP::Request=HASH(0x563eb1bdc1a8)) called at /home/sand/src/perl/repoperls/installed-perls/host/k93focal/v5.37.2/d119/lib/site_perl/5.37.2/Plack/Test.pm line 38
	Plack::Test::__ANON__(HTTP::Request=HASH(0x563eb1bdc1a8)) called at /home/sand/src/perl/repoperls/installed-perls/host/k93focal/v5.37.2/d119/lib/site_perl/5.37.2/Catalyst/Test.pm line 290
	Catalyst::Test::__ANON__(CODE(0x563eb1be3a80)) called at /home/sand/src/perl/repoperls/installed-perls/host/k93focal/v5.37.2/d119/lib/site_perl/5.37.2/Plack/Test.pm line 38
	Plack::Test::test_psgi("mangle_response", CODE(0x563eab3e1cb0), "app", CODE(0x563eb1be3630), "app", CODE(0x563eb1be3870), "client", CODE(0x563eb1be3918)) called at /home/sand/src/perl/repoperls/installed-perls/host/k93focal/v5.37.2/d119/lib/site_perl/5.37.2/Catalyst/Test.pm line 293
	Catalyst::Test::_request(HASH(0x563eb1c17108), HTTP::Request=HASH(0x563eb1bdc1a8)) called at /home/sand/src/perl/repoperls/installed-perls/host/k93focal/v5.37.2/d119/lib/site_perl/5.37.2/Catalyst/Test.pm line 336
	Catalyst::Test::_local_request("ComponentUI", HTTP::Request=HASH(0x563eb1bdc1a8)) called at /home/sand/src/perl/repoperls/installed-perls/host/k93focal/v5.37.2/d119/lib/site_perl/5.37.2/Test/WWW/Mechanize/Catalyst.pm line 176
	Test::WWW::Mechanize::Catalyst::_do_catalyst_request(Test::WWW::Mechanize::Catalyst=HASH(0x563eac069df8), HTTP::Request=HASH(0x563eb1bdc1a8)) called at /home/sand/src/perl/repoperls/installed-perls/host/k93focal/v5.37.2/d119/lib/site_perl/5.37.2/Test/WWW/Mechanize/Catalyst.pm line 78
	Test::WWW::Mechanize::Catalyst::_make_request(Test::WWW::Mechanize::Catalyst=HASH(0x563eac069df8), HTTP::Request=HASH(0x563eb1bdc1a8)) called at /home/sand/src/perl/repoperls/installed-perls/host/k93focal/v5.37.2/d119/lib/site_perl/5.37.2/WWW/Mechanize.pm line 1396
	WWW::Mechanize::request(Test::WWW::Mechanize::Catalyst=HASH(0x563eac069df8), HTTP::Request=HASH(0x563eb1bdc1a8)) called at /home/sand/src/perl/repoperls/installed-perls/host/k93focal/v5.37.2/d119/lib/site_perl/5.37.2/LWP/UserAgent.pm line 446
	LWP::UserAgent::get(Test::WWW::Mechanize::Catalyst=HASH(0x563eac069df8), "http://localhost/testmodel/baz/id/1/update") called at /home/sand/src/perl/repoperls/installed-perls/host/k93focal/v5.37.2/d119/lib/site_perl/5.37.2/WWW/Mechanize.pm line 123
	WWW::Mechanize::get(Test::WWW::Mechanize::Catalyst=HASH(0x563eac069df8), "http://localhost/testmodel/baz/id/1/update") called at /home/sand/src/perl/repoperls/installed-perls/host/k93focal/v5.37.2/d119/lib/site_perl/5.37.2/Test/WWW/Mechanize.pm line 192
	Test::WWW::Mechanize::get_ok(Test::WWW::Mechanize::Catalyst=HASH(0x563eac069df8), "http://localhost/testmodel/baz/id/1/update") called at t/uncheck_bool_field.t line 9
Class::MOP::load_class is deprecated at /home/sand/src/perl/repoperls/installed-perls/host/k93focal/v5.37.2/d119/lib/site_perl/5.37.2/x86_64-linux-thread-multi/Class/MOP.pm line 69.
	Class::MOP::load_class("Reaction::UI::Widget::SiteLayout") called at /tmp/loop_over_bdir-3589605-XjwJT5/Reaction-0.002005-0/blib/lib/Reaction/UI/Skin.pm line 181
	eval {...} called at /tmp/loop_over_bdir-3589605-XjwJT5/Reaction-0.002005-0/blib/lib/Reaction/UI/Skin.pm line 181
	Reaction::UI::Skin::widget_class_for(Reaction::UI::Skin=HASH(0x563eb21a0d88), Reaction::UI::LayoutSet::TT=HASH(0x563eb21d7968)) called at /tmp/loop_over_bdir-3589605-XjwJT5/Reaction-0.002005-0/blib/lib/Reaction/UI/LayoutSet.pm line 29
	Reaction::UI::LayoutSet::BUILD(Reaction::UI::LayoutSet::TT=HASH(0x563eb21d7968), HASH(0x563eb21d7950)) called at constructor Reaction::UI::LayoutSet::TT::new (defined at /tmp/loop_over_bdir-3589605-XjwJT5/Reaction-0.002005-0/blib/lib/Reaction/UI/LayoutSet/TT.pm line 43) line 80
	Reaction::UI::LayoutSet::TT::new("Reaction::UI::LayoutSet::TT", "name", "site_layout", "skin", Reaction::UI::Skin=HASH(0x563eb21a0d88), "tt_object", Template=HASH(0x563eb16e2688), "source_file", ...) called at /tmp/loop_over_bdir-3589605-XjwJT5/Reaction-0.002005-0/blib/lib/Reaction/UI/Skin.pm line 115
	Reaction::UI::Skin::_create_layout_set(Reaction::UI::Skin=HASH(0x563eb21a0d88), "site_layout", ARRAY(0x563eb1c76f50), Reaction::UI::Skin=HASH(0x563eb21a0d88)) called at /tmp/loop_over_bdir-3589605-XjwJT5/Reaction-0.002005-0/blib/lib/Reaction/UI/Skin.pm line 110
	Reaction::UI::Skin::create_layout_set(Reaction::UI::Skin=HASH(0x563eb21a0d88), "site_layout") called at /tmp/loop_over_bdir-3589605-XjwJT5/Reaction-0.002005-0/blib/lib/Reaction/UI/LayoutSet.pm line 83
	Reaction::UI::LayoutSet::_load_file(Reaction::UI::LayoutSet::TT=HASH(0x563eb21b0b00), Path::Class::File=HASH(0x563eb214b120), HASH(0x563eb21473d8)) called at /tmp/loop_over_bdir-3589605-XjwJT5/Reaction-0.002005-0/blib/lib/Reaction/UI/LayoutSet.pm line 27
	Reaction::UI::LayoutSet::BUILD(Reaction::UI::LayoutSet::TT=HASH(0x563eb21b0b00), HASH(0x563eb21473d8)) called at constructor Reaction::UI::LayoutSet::TT::new (defined at /tmp/loop_over_bdir-3589605-XjwJT5/Reaction-0.002005-0/blib/lib/Reaction/UI/LayoutSet/TT.pm line 43) line 80
	Reaction::UI::LayoutSet::TT::new("Reaction::UI::LayoutSet::TT", "name", "site_layout", "skin", Reaction::UI::Skin=HASH(0x563eac7a0b90), "next_skin", Reaction::UI::Skin=HASH(0x563eb21a0d88), "tt_object", ...) called at /tmp/loop_over_bdir-3589605-XjwJT5/Reaction-0.002005-0/blib/lib/Reaction/UI/Skin.pm line 115
	Reaction::UI::Skin::_create_layout_set(Reaction::UI::Skin=HASH(0x563eac7a0b90), "site_layout", ARRAY(0x563eb214ad48), Reaction::UI::Skin=HASH(0x563eac7a0b90)) called at /tmp/loop_over_bdir-3589605-XjwJT5/Reaction-0.002005-0/blib/lib/Reaction/UI/Skin.pm line 110
	Reaction::UI::Skin::create_layout_set(Reaction::UI::Skin=HASH(0x563eac7a0b90), "site_layout") called at /tmp/loop_over_bdir-3589605-XjwJT5/Reaction-0.002005-0/blib/lib/Reaction/UI/LayoutSet.pm line 83
	Reaction::UI::LayoutSet::_load_file(Reaction::UI::LayoutSet::TT=HASH(0x563eb21993a0), Path::Class::File=HASH(0x563eb2138e50), HASH(0x563eb214fc68)) called at /tmp/loop_over_bdir-3589605-XjwJT5/Reaction-0.002005-0/blib/lib/Reaction/UI/LayoutSet.pm line 27
	Reaction::UI::LayoutSet::BUILD(Reaction::UI::LayoutSet::TT=HASH(0x563eb21993a0), HASH(0x563eb214fc68)) called at constructor Reaction::UI::LayoutSet::TT::new (defined at /tmp/loop_over_bdir-3589605-XjwJT5/Reaction-0.002005-0/blib/lib/Reaction/UI/LayoutSet/TT.pm line 43) line 80
	Reaction::UI::LayoutSet::TT::new("Reaction::UI::LayoutSet::TT", "name", "site_layout", "skin", Reaction::UI::Skin=HASH(0x563eb21992b0), "next_skin", Reaction::UI::Skin=HASH(0x563eac7a0b90), "tt_object", ...) called at /tmp/loop_over_bdir-3589605-XjwJT5/Reaction-0.002005-0/blib/lib/Reaction/UI/Skin.pm line 115
	Reaction::UI::Skin::_create_layout_set(Reaction::UI::Skin=HASH(0x563eb21992b0), "site_layout", ARRAY(0x563eb21a0860), Reaction::UI::Skin=HASH(0x563eb21992b0)) called at /tmp/loop_over_bdir-3589605-XjwJT5/Reaction-0.002005-0/blib/lib/Reaction/UI/Skin.pm line 110
	Reaction::UI::Skin::create_layout_set(Reaction::UI::Skin=HASH(0x563eb21992b0), "site_layout") called at inline delegation in Reaction::UI::View for skin->create_layout_set (attribute declared in /tmp/loop_over_bdir-3589605-XjwJT5/Reaction-0.002005-0/blib/lib/Reaction/UI/View.pm at line 22) line 18
	Reaction::UI::View::create_layout_set(ComponentUI::View::Site=HASH(0x563ead9f6b30), "site_layout") called at /tmp/loop_over_bdir-3589605-XjwJT5/Reaction-0.002005-0/blib/lib/Reaction/UI/View.pm line 99
	Reaction::UI::View::layout_set_for(ComponentUI::View::Site=HASH(0x563ead9f6b30), Reaction::UI::ViewPort::SiteLayout=HASH(0x563eb1c70770)) called at /tmp/loop_over_bdir-3589605-XjwJT5/Reaction-0.002005-0/blib/lib/Reaction/UI/View.pm line 78
	Reaction::UI::View::render_viewport_args(ComponentUI::View::Site=HASH(0x563ead9f6b30), Reaction::UI::ViewPort::SiteLayout=HASH(0x563eb1c70770)) called at /tmp/loop_over_bdir-3589605-XjwJT5/Reaction-0.002005-0/blib/lib/Reaction/UI/View.pm line 61
	Reaction::UI::View::render_window(ComponentUI::View::Site=HASH(0x563ead9f6b30), Reaction::UI::Window=HASH(0x563eb1c70020)) called at /tmp/loop_over_bdir-3589605-XjwJT5/Reaction-0.002005-0/blib/lib/Reaction/UI/Window.pm line 74
	Reaction::UI::Window::flush_view(Reaction::UI::Window=HASH(0x563eb1c70020)) called at /tmp/loop_over_bdir-3589605-XjwJT5/Reaction-0.002005-0/blib/lib/Reaction/UI/Window.pm line 36
	Reaction::UI::Window::flush(Reaction::UI::Window=HASH(0x563eb1c70020)) called at /tmp/loop_over_bdir-3589605-XjwJT5/Reaction-0.002005-0/blib/lib/Reaction/UI/Controller/Root.pm line 38
	Reaction::UI::Controller::Root::end(ComponentUI::Controller::Root=HASH(0x563eb1c700c8), ComponentUI=HASH(0x563eb1c59ac0)) called at /home/sand/src/perl/repoperls/installed-perls/host/k93focal/v5.37.2/d119/lib/site_perl/5.37.2/Catalyst/Action.pm line 369
	Catalyst::Action::execute(Catalyst::Action=HASH(0x563eb19284f8), ComponentUI::Controller::Root=HASH(0x563eb1c700c8), ComponentUI=HASH(0x563eb1c59ac0)) called at /home/sand/src/perl/repoperls/installed-perls/host/k93focal/v5.37.2/d119/lib/site_perl/5.37.2/Catalyst.pm line 2060
	eval {...} called at /home/sand/src/perl/repoperls/installed-perls/host/k93focal/v5.37.2/d119/lib/site_perl/5.37.2/Catalyst.pm line 2060
	Catalyst::execute(ComponentUI=HASH(0x563eb1c59ac0), "ComponentUI::Controller::Root", Catalyst::Action=HASH(0x563eb19284f8)) called at /home/sand/src/perl/repoperls/installed-perls/host/k93focal/v5.37.2/d119/lib/site_perl/5.37.2/Catalyst/Action.pm line 364
	Catalyst::Action::dispatch(Catalyst::Action=HASH(0x563eb19284f8), ComponentUI=HASH(0x563eb1c59ac0)) called at /home/sand/src/perl/repoperls/installed-perls/host/k93focal/v5.37.2/d119/lib/site_perl/5.37.2/Catalyst/Controller.pm line 188
	Catalyst::Controller::_END(ComponentUI::Controller::TestModel::Baz=HASH(0x563eb1c63968), ComponentUI=HASH(0x563eb1c59ac0)) called at /home/sand/src/perl/repoperls/installed-perls/host/k93focal/v5.37.2/d119/lib/site_perl/5.37.2/Catalyst/Action.pm line 369
	Catalyst::Action::execute(Catalyst::Action=HASH(0x563eb19d7910), ComponentUI::Controller::TestModel::Baz=HASH(0x563eb1c63968), ComponentUI=HASH(0x563eb1c59ac0)) called at /home/sand/src/perl/repoperls/installed-perls/host/k93focal/v5.37.2/d119/lib/site_perl/5.37.2/Catalyst.pm line 2060
	eval {...} called at /home/sand/src/perl/repoperls/installed-perls/host/k93focal/v5.37.2/d119/lib/site_perl/5.37.2/Catalyst.pm line 2060
	Catalyst::execute(ComponentUI=HASH(0x563eb1c59ac0), "ComponentUI::Controller::TestModel::Baz", Catalyst::Action=HASH(0x563eb19d7910)) called at /home/sand/src/perl/repoperls/installed-perls/host/k93focal/v5.37.2/d119/lib/site_perl/5.37.2/Catalyst/Action.pm line 364
	Catalyst::Action::dispatch(Catalyst::Action=HASH(0x563eb19d7910), ComponentUI=HASH(0x563eb1c59ac0)) called at /home/sand/src/perl/repoperls/installed-perls/host/k93focal/v5.37.2/d119/lib/site_perl/5.37.2/Catalyst/Dispatcher.pm line 261
	Catalyst::Dispatcher::_do_forward(Catalyst::Dispatcher=HASH(0x563eabbf5158), "forward", ComponentUI=HASH(0x563eb1c59ac0), "_END") called at /home/sand/src/perl/repoperls/installed-perls/host/k93focal/v5.37.2/d119/lib/site_perl/5.37.2/Catalyst/Dispatcher.pm line 241
	Catalyst::Dispatcher::forward(Catalyst::Dispatcher=HASH(0x563eabbf5158), ComponentUI=HASH(0x563eb1c59ac0), "_END") called at /home/sand/src/perl/repoperls/installed-perls/host/k93focal/v5.37.2/d119/lib/site_perl/5.37.2/Catalyst.pm line 482
	Catalyst::forward(ComponentUI=HASH(0x563eb1c59ac0), "_END") called at /home/sand/src/perl/repoperls/installed-perls/host/k93focal/v5.37.2/d119/lib/site_perl/5.37.2/Catalyst/Controller.pm line 137
	Catalyst::Controller::_DISPATCH(ComponentUI::Controller::TestModel::Baz=HASH(0x563eb1c63968), ComponentUI=HASH(0x563eb1c59ac0)) called at /home/sand/src/perl/repoperls/installed-perls/host/k93focal/v5.37.2/d119/lib/site_perl/5.37.2/Catalyst/Action.pm line 369
	Catalyst::Action::execute(Catalyst::Action=HASH(0x563eb19cee90), ComponentUI::Controller::TestModel::Baz=HASH(0x563eb1c63968), ComponentUI=HASH(0x563eb1c59ac0)) called at /home/sand/src/perl/repoperls/installed-perls/host/k93focal/v5.37.2/d119/lib/site_perl/5.37.2/Catalyst.pm line 2060
	eval {...} called at /home/sand/src/perl/repoperls/installed-perls/host/k93focal/v5.37.2/d119/lib/site_perl/5.37.2/Catalyst.pm line 2060
	Catalyst::execute(ComponentUI=HASH(0x563eb1c59ac0), "ComponentUI::Controller::TestModel::Baz", Catalyst::Action=HASH(0x563eb19cee90)) called at /home/sand/src/perl/repoperls/installed-perls/host/k93focal/v5.37.2/d119/lib/site_perl/5.37.2/Catalyst/Action.pm line 364
	Catalyst::Action::dispatch(Catalyst::Action=HASH(0x563eb19cee90), ComponentUI=HASH(0x563eb1c59ac0)) called at /home/sand/src/perl/repoperls/installed-perls/host/k93focal/v5.37.2/d119/lib/site_perl/5.37.2/Catalyst/Dispatcher.pm line 261
	Catalyst::Dispatcher::_do_forward(Catalyst::Dispatcher=HASH(0x563eabbf5158), "forward", ComponentUI=HASH(0x563eb1c59ac0), "/testmodel/baz/_DISPATCH") called at /home/sand/src/perl/repoperls/installed-perls/host/k93focal/v5.37.2/d119/lib/site_perl/5.37.2/Catalyst/Dispatcher.pm line 241
	Catalyst::Dispatcher::forward(Catalyst::Dispatcher=HASH(0x563eabbf5158), ComponentUI=HASH(0x563eb1c59ac0), "/testmodel/baz/_DISPATCH") called at /home/sand/src/perl/repoperls/installed-perls/host/k93focal/v5.37.2/d119/lib/site_perl/5.37.2/Catalyst.pm line 482
	Catalyst::forward(ComponentUI=HASH(0x563eb1c59ac0), "/testmodel/baz/_DISPATCH") called at /home/sand/src/perl/repoperls/installed-perls/host/k93focal/v5.37.2/d119/lib/site_perl/5.37.2/Catalyst/Dispatcher.pm line 107
	Catalyst::Dispatcher::dispatch(Catalyst::Dispatcher=HASH(0x563eabbf5158), ComponentUI=HASH(0x563eb1c59ac0)) called at /home/sand/src/perl/repoperls/installed-perls/host/k93focal/v5.37.2/d119/lib/site_perl/5.37.2/Catalyst.pm line 2006
	Catalyst::dispatch(ComponentUI=HASH(0x563eb1c59ac0)) called at /home/sand/src/perl/repoperls/installed-perls/host/k93focal/v5.37.2/d119/lib/site_perl/5.37.2/Catalyst/Plugin/Static/Simple.pm line 85
	Class::MOP::Class:::around(CODE(0x563eac10da28), ComponentUI=HASH(0x563eb1c59ac0)) called at /home/sand/src/perl/repoperls/installed-perls/host/k93focal/v5.37.2/d119/lib/site_perl/5.37.2/x86_64-linux-thread-multi/Class/MOP/Method/Wrapped.pm line 166
	ComponentUI::_wrapped_dispatch(ComponentUI=HASH(0x563eb1c59ac0)) called at /home/sand/src/perl/repoperls/installed-perls/host/k93focal/v5.37.2/d119/lib/site_perl/5.37.2/x86_64-linux-thread-multi/Class/MOP/Method/Wrapped.pm line 97
	ComponentUI::dispatch(ComponentUI=HASH(0x563eb1c59ac0)) called at /home/sand/src/perl/repoperls/installed-perls/host/k93focal/v5.37.2/d119/lib/site_perl/5.37.2/Catalyst.pm line 2412
	Catalyst::try {...} () called at /home/sand/src/perl/repoperls/installed-perls/host/k93focal/v5.37.2/d119/lib/site_perl/5.37.2/Try/Tiny.pm line 102
	eval {...} called at /home/sand/src/perl/repoperls/installed-perls/host/k93focal/v5.37.2/d119/lib/site_perl/5.37.2/Try/Tiny.pm line 93
	Try::Tiny::try(CODE(0x563eb1c288f0), Try::Tiny::Catch=REF(0x563eb1c286f8)) called at /home/sand/src/perl/repoperls/installed-perls/host/k93focal/v5.37.2/d119/lib/site_perl/5.37.2/Catalyst.pm line 2421
	Catalyst::handle_request("ComponentUI", "env", HASH(0x563eb1c54c38), "response_cb", CODE(0x563eb1c28758)) called at /home/sand/src/perl/repoperls/installed-perls/host/k93focal/v5.37.2/d119/lib/site_perl/5.37.2/Catalyst/Engine.pm line 807
	Catalyst::Engine::__ANON__(CODE(0x563eb1c28758)) called at /home/sand/src/perl/repoperls/installed-perls/host/k93focal/v5.37.2/d119/lib/site_perl/5.37.2/Plack/Middleware/HTTPExceptions.pm line 32
	Plack::Middleware::HTTPExceptions::try {...} () called at /home/sand/src/perl/repoperls/installed-perls/host/k93focal/v5.37.2/d119/lib/site_perl/5.37.2/Try/Tiny.pm line 102
	eval {...} called at /home/sand/src/perl/repoperls/installed-perls/host/k93focal/v5.37.2/d119/lib/site_perl/5.37.2/Try/Tiny.pm line 93
	Try::Tiny::try(CODE(0x563eb1c28590), Try::Tiny::Catch=REF(0x563eb1c27e10)) called at /home/sand/src/perl/repoperls/installed-perls/host/k93focal/v5.37.2/d119/lib/site_perl/5.37.2/Plack/Middleware/HTTPExceptions.pm line 41
	Plack::Middleware::HTTPExceptions::__ANON__(CODE(0x563eb1c55280)) called at /home/sand/src/perl/repoperls/installed-perls/host/k93focal/v5.37.2/d119/lib/site_perl/5.37.2/Plack/Util.pm line 339
	Plack::Util::__ANON__(CODE(0x563eb1c54ab8)) called at /home/sand/src/perl/repoperls/installed-perls/host/k93focal/v5.37.2/d119/lib/site_perl/5.37.2/Plack/Util.pm line 339
	Plack::Util::__ANON__(CODE(0x563eb1c54830)) called at /home/sand/src/perl/repoperls/installed-perls/host/k93focal/v5.37.2/d119/lib/site_perl/5.37.2/Plack/Util.pm line 339
	Plack::Util::__ANON__(CODE(0x563eb1c2b3a0)) called at /home/sand/src/perl/repoperls/installed-perls/host/k93focal/v5.37.2/d119/lib/site_perl/5.37.2/HTTP/Message/PSGI.pm line 100
	HTTP::Message::PSGI::res_from_psgi(CODE(0x563eb1c28338)) called at /home/sand/src/perl/repoperls/installed-perls/host/k93focal/v5.37.2/d119/lib/site_perl/5.37.2/HTTP/Message/PSGI.pm line 157
	HTTP::Response::from_psgi("HTTP::Response", CODE(0x563eb1c28338)) called at /home/sand/src/perl/repoperls/installed-perls/host/k93focal/v5.37.2/d119/lib/site_perl/5.37.2/Plack/Test/MockHTTP.pm line 24
	Plack::Test::MockHTTP::try {...} () called at /home/sand/src/perl/repoperls/installed-perls/host/k93focal/v5.37.2/d119/lib/site_perl/5.37.2/Try/Tiny.pm line 100
	eval {...} called at /home/sand/src/perl/repoperls/installed-perls/host/k93focal/v5.37.2/d119/lib/site_perl/5.37.2/Try/Tiny.pm line 93
	Try::Tiny::try(CODE(0x563eb1c16d00), Try::Tiny::Catch=REF(0x563eb193d348)) called at /home/sand/src/perl/repoperls/installed-perls/host/k93focal/v5.37.2/d119/lib/site_perl/5.37.2/Plack/Test/MockHTTP.pm line 27
	Plack::Test::MockHTTP::request(Plack::Test::MockHTTP=HASH(0x563eb1be3ac8), HTTP::Request=HASH(0x563eb1bdc1a8)) called at /home/sand/src/perl/repoperls/installed-perls/host/k93focal/v5.37.2/d119/lib/site_perl/5.37.2/Plack/Test.pm line 38
	Plack::Test::__ANON__(HTTP::Request=HASH(0x563eb1bdc1a8)) called at /home/sand/src/perl/repoperls/installed-perls/host/k93focal/v5.37.2/d119/lib/site_perl/5.37.2/Catalyst/Test.pm line 290
	Catalyst::Test::__ANON__(CODE(0x563eb1be3a80)) called at /home/sand/src/perl/repoperls/installed-perls/host/k93focal/v5.37.2/d119/lib/site_perl/5.37.2/Plack/Test.pm line 38
	Plack::Test::test_psgi("mangle_response", CODE(0x563eab3e1cb0), "app", CODE(0x563eb1be3630), "app", CODE(0x563eb1be3870), "client", CODE(0x563eb1be3918)) called at /home/sand/src/perl/repoperls/installed-perls/host/k93focal/v5.37.2/d119/lib/site_perl/5.37.2/Catalyst/Test.pm line 293
	Catalyst::Test::_request(HASH(0x563eb1c17108), HTTP::Request=HASH(0x563eb1bdc1a8)) called at /home/sand/src/perl/repoperls/installed-perls/host/k93focal/v5.37.2/d119/lib/site_perl/5.37.2/Catalyst/Test.pm line 336
	Catalyst::Test::_local_request("ComponentUI", HTTP::Request=HASH(0x563eb1bdc1a8)) called at /home/sand/src/perl/repoperls/installed-perls/host/k93focal/v5.37.2/d119/lib/site_perl/5.37.2/Test/WWW/Mechanize/Catalyst.pm line 176
	Test::WWW::Mechanize::Catalyst::_do_catalyst_request(Test::WWW::Mechanize::Catalyst=HASH(0x563eac069df8), HTTP::Request=HASH(0x563eb1bdc1a8)) called at /home/sand/src/perl/repoperls/installed-perls/host/k93focal/v5.37.2/d119/lib/site_perl/5.37.2/Test/WWW/Mechanize/Catalyst.pm line 78
	Test::WWW::Mechanize::Catalyst::_make_request(Test::WWW::Mechanize::Catalyst=HASH(0x563eac069df8), HTTP::Request=HASH(0x563eb1bdc1a8)) called at /home/sand/src/perl/repoperls/installed-perls/host/k93focal/v5.37.2/d119/lib/site_perl/5.37.2/WWW/Mechanize.pm line 1396
	WWW::Mechanize::request(Test::WWW::Mechanize::Catalyst=HASH(0x563eac069df8), HTTP::Request=HASH(0x563eb1bdc1a8)) called at /home/sand/src/perl/repoperls/installed-perls/host/k93focal/v5.37.2/d119/lib/site_perl/5.37.2/LWP/UserAgent.pm line 446
	LWP::UserAgent::get(Test::WWW::Mechanize::Catalyst=HASH(0x563eac069df8), "http://localhost/testmodel/baz/id/1/update") called at /home/sand/src/perl/repoperls/installed-perls/host/k93focal/v5.37.2/d119/lib/site_perl/5.37.2/WWW/Mechanize.pm line 123
	WWW::Mechanize::get(Test::WWW::Mechanize::Catalyst=HASH(0x563eac069df8), "http://localhost/testmodel/baz/id/1/update") called at /home/sand/src/perl/repoperls/installed-perls/host/k93focal/v5.37.2/d119/lib/site_perl/5.37.2/Test/WWW/Mechanize.pm line 192
	Test::WWW::Mechanize::get_ok(Test::WWW::Mechanize::Catalyst=HASH(0x563eac069df8), "http://localhost/testmodel/baz/id/1/update") called at t/uncheck_bool_field.t line 9
t/uncheck_bool_field.t ...... ok

Test Summary Report
-------------------
t/05reflect_attr_from.t   (Wstat: 256 (exited 1) Tests: 1 Failed: 1)
  Failed test:  1
  Non-zero exit status: 1
Files=9, Tests=604, 18 wallclock secs ( 0.09 usr  0.02 sys + 16.31 cusr  1.15 csys = 17.57 CPU)
Result: FAIL
Failed 1/9 test programs. 1/604 subtests failed.
make: *** [Makefile:1535: test_dynamic] Error 255

------------------------------
PREREQUISITES
------------------------------

Prerequisite modules loaded:

requires:

    Module                                  Need      Have    
    --------------------------------------- --------- --------
    aliased                                 0.22      0.34    
    Catalyst                                5.80002   5.90129 
    Catalyst::Component::ACCEPT_CONTEXT     0.05      0.07    
    Catalyst::Component::InstancePerContext 0.001001  0.001001
    Catalyst::Model::DBIC::Schema           0.23      0.65    
    Catalyst::Plugin::ConfigLoader          0.23      0.35    
    Catalyst::Plugin::I18N                  0.09      0.10    
    Catalyst::Plugin::Static::Simple        0.21      0.37    
    Catalyst::View::TT                      0.29      0.45    
    Class::MOP                              0.81      2.2201  
    Config::General                         2.42      2.65    
    Crypt::Eksblowfish::Bcrypt              0.005     0.009   
    DateTime                                0.47      1.58    
    DateTime::Event::Recurrence             0.16      0.19    
    DateTime::Span                          0         0.3900  
    DBIx::Class                             0.08100   0.082843
    DBIx::Class::IntrospectableM2M          0.001001  0.001002
    Devel::Declare                          0.005000  0.006022
    Email::Valid                            0.181     1.203   
    ExtUtils::MakeMaker                     6.11      7.64    
    File::ShareDir                          1.00      1.118   
    File::Spec                              3.29      3.86    
    JSON                                    0         4.07    
    metaclass                               0.81      2.2201  
    Method::Signatures::Simple              0.03      1.07    
    Moose                                   0.74      2.2201  
    MooseX::MethodAttributes                0.18      0.32    
    MooseX::Role::Parameterized             0.24      1.11    
    MooseX::Types                           0.10      0.50    
    MooseX::Types::Common                   0.001000  0.001014
    MooseX::Types::DateTime                 0.03      0.13    
    MooseX::Types::URI                      0.02      0.09    
    namespace::clean                        0.11      0.27    
    Path::Class::Dir                        0         0.37    
    Path::Class::File                       0         0.37    
    perl                                    5.008001  5.037002
    Scalar::Util                            1.19      1.62    
    signatures                              0.05      0.14    
    SQL::Translator                         0.11002   1.62    
    Sub::Exporter                           0.982     0.988   
    Sub::Name                               0.04      0.26    
    Template                                2.20      3.100   
    Test::Class                             0.31      0.52    
    Test::Memory::Cycle                     1.04      1.06    
    Test::WWW::Mechanize::Catalyst          0.51      0.62    
    Time::ParseDate                         2006.0814 2015.103
    URI                                     1.37      5.12    

build_requires:

    Module                                  Need      Have    
    --------------------------------------- --------- --------
    ExtUtils::MakeMaker                     6.42      7.64    
    SQL::Translator                         0.11002   1.62    
    Test::Class                             0.31      0.52    
    Test::Memory::Cycle                     1.04      1.06    
    Test::WWW::Mechanize::Catalyst          0.51      0.62    

configure_requires:

    Module                                  Need      Have    
    --------------------------------------- --------- --------
    ExtUtils::MakeMaker                     6.42      7.64    


------------------------------
ENVIRONMENT AND OTHER CONTEXT
------------------------------

Environment variables:

    AUTOMATED_TESTING = 1
    LANG = en_US.UTF-8
    PATH = /home/sand/bin:/usr/local/bin:/usr/local/sbin:/usr/sbin:/usr/bin:/sbin:/bin:/usr/games:/usr/local/games:/snap/bin:/usr/local/perl/bin:/usr/X11/bin
    PERL = /tmp/basesmoker-reloperl-1mEb/bin/perl
    PERL5LIB = /tmp/loop_over_bdir-3589605-XjwJT5/Business-Shipping-DataFiles-1.02-0/blib/arch:/tmp/loop_over_bdir-3589605-XjwJT5/Business-Shipping-DataFiles-1.02-0/blib/lib:/tmp/loop_over_bdir-3589605-XjwJT5/Lemonldap-NG-Cli-0.2-0/blib/arch:/tmp/loop_over_bdir-3589605-XjwJT5/Lemonldap-NG-Cli-0.2-0/blib/lib:/tmp/loop_over_bdir-3589605-XjwJT5/HTML-Menu-TreeView-1.22-0/blib/arch:/tmp/loop_over_bdir-3589605-XjwJT5/HTML-Menu-TreeView-1.22-0/blib/lib:/tmp/loop_over_bdir-3589605-XjwJT5/CORBA-Python-2.66-0/blib/arch:/tmp/loop_over_bdir-3589605-XjwJT5/CORBA-Python-2.66-0/blib/lib:/tmp/loop_over_bdir-3589605-XjwJT5/Dpkg-1.21.9-0/blib/arch:/tmp/loop_over_bdir-3589605-XjwJT5/Dpkg-1.21.9-0/blib/lib:/tmp/loop_over_bdir-3589605-XjwJT5/CGI-Application-NetNewsIface-0.0204-0/blib/arch:/tmp/loop_over_bdir-3589605-XjwJT5/CGI-Application-NetNewsIface-0.0204-0/blib/lib:/tmp/loop_over_bdir-3589605-XjwJT5/downsexta-0/blib/arch:/tmp/loop_over_bdir-3589605-XjwJT5/downsexta-0/blib/lib:/tmp/loop_over_bdir-3589605-XjwJT5/Lingua-YaTeA-0.626-0/blib/arch:/tmp/loop_over_bdir-3589605-XjwJT5/Lingua-YaTeA-0.626-0/blib/lib:/tmp/loop_over_bdir-3589605-XjwJT5/App-nrun-v1.1.2-0/blib/arch:/tmp/loop_over_bdir-3589605-XjwJT5/App-nrun-v1.1.2-0/blib/lib:/tmp/loop_over_bdir-3589605-XjwJT5/Devel-Required-0.16-0/blib/arch:/tmp/loop_over_bdir-3589605-XjwJT5/Devel-Required-0.16-0/blib/lib:/tmp/loop_over_bdir-3589605-XjwJT5/Net-ISP-Balance-1.31-0/blib/arch:/tmp/loop_over_bdir-3589605-XjwJT5/Net-ISP-Balance-1.31-0/blib/lib
    PERL5OPT = 
    PERL5_CPANPLUS_IS_RUNNING = 3589613
    PERL5_CPAN_IS_RUNNING = 3589613
    PERL_CANARY_STABILITY_NOPROMPT = 1
    PERL_MM_USE_DEFAULT = 1
    PERL_USE_UNSAFE_INC = 1
    SHELL = /usr/bin/zsh
    TERM = screen

Perl special variables (and OS-specific diagnostics, for MSWin32):

    $^X = /tmp/basesmoker-reloperl-1mEb/bin/perl
    $UID/$EUID = 1005 / 1005
    $GID = 1005 1005
    $EGID = 1005 1005

Perl module toolchain versions installed:

    Module              Have    
    ------------------- --------
    CPAN                2.34    
    CPAN::Meta          2.150010
    Cwd                 3.86    
    ExtUtils::CBuilder  0.280237
    ExtUtils::Command   7.64    
    ExtUtils::Install   2.20    
    ExtUtils::MakeMaker 7.64    
    ExtUtils::Manifest  1.73    
    ExtUtils::ParseXS   3.45    
    File::Spec          3.86    
    JSON                4.07    
    JSON::PP            4.10    
    Module::Build       0.4231  
    Module::Signature   0.88    
    Parse::CPAN::Meta   2.150010
    Test::Harness       3.44    
    Test::More          1.302191
    YAML                1.30    
    YAML::Syck          1.34    
    version             0.9929  


--

Summary of my perl5 (revision 5 version 37 subversion 2) configuration:
  Commit id: 7f9b65d969a1c8b44028cacbb9e88596d1e5a8a3
  Platform:
    osname=linux
    osvers=5.4.0-122-generic
    archname=x86_64-linux-thread-multi
    uname='linux k93focal 5.4.0-122-generic #138-ubuntu smp wed jun 22 15:00:31 utc 2022 x86_64 x86_64 x86_64 gnulinux '
    config_args='-Dprefix=/home/sand/src/perl/repoperls/installed-perls/host/k93focal/v5.37.2/d119 -Dmyhostname=k93focal -Dinstallusrbinperl=n -Uversiononly -Dusedevel -des -Ui_db -Dlibswanted=cl pthread socket inet nsl gdbm dbm malloc dl ld sun m crypt sec util c cposix posix ucb BSD gdbm_compat -Duseithreads -Uuselongdouble -DEBUGGING=both'
    hint=recommended
    useposix=true
    d_sigaction=define
    useithreads=define
    usemultiplicity=define
    use64bitint=define
    use64bitall=define
    uselongdouble=undef
    usemymalloc=n
    default_inc_excludes_dot=define
  Compiler:
    cc='cc'
    ccflags ='-D_REENTRANT -D_GNU_SOURCE -fwrapv -DDEBUGGING -fno-strict-aliasing -pipe -fstack-protector-strong -I/usr/local/include -D_LARGEFILE_SOURCE -D_FILE_OFFSET_BITS=64'
    optimize='-O2 -g'
    cppflags='-D_REENTRANT -D_GNU_SOURCE -fwrapv -DDEBUGGING -fno-strict-aliasing -pipe -fstack-protector-strong -I/usr/local/include'
    ccversion=''
    gccversion='9.4.0'
    gccosandvers=''
    intsize=4
    longsize=8
    ptrsize=8
    doublesize=8
    byteorder=12345678
    doublekind=3
    d_longlong=define
    longlongsize=8
    d_longdbl=define
    longdblsize=16
    longdblkind=3
    ivtype='long'
    ivsize=8
    nvtype='double'
    nvsize=8
    Off_t='off_t'
    lseeksize=8
    alignbytes=8
    prototype=define
  Linker and Libraries:
    ld='cc'
    ldflags =' -fstack-protector-strong -L/usr/local/lib'
    libpth=/usr/local/lib /usr/lib/x86_64-linux-gnu /usr/lib /usr/lib64
    libs=-lpthread -lnsl -ldl -lm -lcrypt -lutil -lc
    perllibs=-lpthread -lnsl -ldl -lm -lcrypt -lutil -lc
    libc=libc-2.31.so
    so=so
    useshrplib=false
    libperl=libperl.a
    gnulibc_version='2.31'
  Dynamic Linking:
    dlsrc=dl_dlopen.xs
    dlext=so
    d_dlsymun=undef
    ccdlflags='-Wl,-E'
    cccdlflags='-fPIC'
    lddlflags='-shared -O2 -g -L/usr/local/lib -fstack-protector-strong'


Characteristics of this binary (from libperl): 
  Compile-time options:
    DEBUGGING
    HAS_TIMES
    MULTIPLICITY
    PERLIO_LAYERS
    PERL_COPY_ON_WRITE
    PERL_DONT_CREATE_GVSV
    PERL_MALLOC_WRAP
    PERL_OP_PARENT
    PERL_PRESERVE_IVUV
    PERL_TRACK_MEMPOOL
    PERL_USE_DEVEL
    PERL_USE_SAFE_PUTENV
    USE_64_BIT_ALL
    USE_64_BIT_INT
    USE_ITHREADS
    USE_LARGE_FILES
    USE_LOCALE
    USE_LOCALE_COLLATE
    USE_LOCALE_CTYPE
    USE_LOCALE_NUMERIC
    USE_LOCALE_TIME
    USE_PERLIO
    USE_PERL_ATOF
    USE_REENTRANT_API
    USE_THREAD_SAFE_LOCALE
  Built under linux
  Compiled at Jul 30 2022 05:44:13
  %ENV:
    PERL="/tmp/basesmoker-reloperl-1mEb/bin/perl"
    PERL5LIB="/tmp/loop_over_bdir-3589605-XjwJT5/Business-Shipping-DataFiles-1.02-0/blib/arch:/tmp/loop_over_bdir-3589605-XjwJT5/Business-Shipping-DataFiles-1.02-0/blib/lib:/tmp/loop_over_bdir-3589605-XjwJT5/Lemonldap-NG-Cli-0.2-0/blib/arch:/tmp/loop_over_bdir-3589605-XjwJT5/Lemonldap-NG-Cli-0.2-0/blib/lib:/tmp/loop_over_bdir-3589605-XjwJT5/HTML-Menu-TreeView-1.22-0/blib/arch:/tmp/loop_over_bdir-3589605-XjwJT5/HTML-Menu-TreeView-1.22-0/blib/lib:/tmp/loop_over_bdir-3589605-XjwJT5/CORBA-Python-2.66-0/blib/arch:/tmp/loop_over_bdir-3589605-XjwJT5/CORBA-Python-2.66-0/blib/lib:/tmp/loop_over_bdir-3589605-XjwJT5/Dpkg-1.21.9-0/blib/arch:/tmp/loop_over_bdir-3589605-XjwJT5/Dpkg-1.21.9-0/blib/lib:/tmp/loop_over_bdir-3589605-XjwJT5/CGI-Application-NetNewsIface-0.0204-0/blib/arch:/tmp/loop_over_bdir-3589605-XjwJT5/CGI-Application-NetNewsIface-0.0204-0/blib/lib:/tmp/loop_over_bdir-3589605-XjwJT5/downsexta-0/blib/arch:/tmp/loop_over_bdir-3589605-XjwJT5/downsexta-0/blib/lib:/tmp/loop_over_bdir-3589605-XjwJT5/Lingua-YaTeA-0.626-0/blib/arch:/tmp/loop_over_bdir-3589605-XjwJT5/Lingua-YaTeA-0.626-0/blib/lib:/tmp/loop_over_bdir-3589605-XjwJT5/App-nrun-v1.1.2-0/blib/arch:/tmp/loop_over_bdir-3589605-XjwJT5/App-nrun-v1.1.2-0/blib/lib:/tmp/loop_over_bdir-3589605-XjwJT5/Devel-Required-0.16-0/blib/arch:/tmp/loop_over_bdir-3589605-XjwJT5/Devel-Required-0.16-0/blib/lib:/tmp/loop_over_bdir-3589605-XjwJT5/Net-ISP-Balance-1.31-0/blib/arch:/tmp/loop_over_bdir-3589605-XjwJT5/Net-ISP-Balance-1.31-0/blib/lib"
    PERL5OPT=""
    PERL5_CPANPLUS_IS_RUNNING="3589613"
    PERL5_CPAN_IS_RUNNING="3589613"
    PERL_CANARY_STABILITY_NOPROMPT="1"
    PERL_MM_USE_DEFAULT="1"
    PERL_USE_UNSAFE_INC="1"
  @INC:
    /tmp/loop_over_bdir-3589605-XjwJT5/Business-Shipping-DataFiles-1.02-0/blib/arch
    /tmp/loop_over_bdir-3589605-XjwJT5/Business-Shipping-DataFiles-1.02-0/blib/lib
    /tmp/loop_over_bdir-3589605-XjwJT5/Lemonldap-NG-Cli-0.2-0/blib/arch
    /tmp/loop_over_bdir-3589605-XjwJT5/Lemonldap-NG-Cli-0.2-0/blib/lib
    /tmp/loop_over_bdir-3589605-XjwJT5/HTML-Menu-TreeView-1.22-0/blib/arch
    /tmp/loop_over_bdir-3589605-XjwJT5/HTML-Menu-TreeView-1.22-0/blib/lib
    /tmp/loop_over_bdir-3589605-XjwJT5/CORBA-Python-2.66-0/blib/arch
    /tmp/loop_over_bdir-3589605-XjwJT5/CORBA-Python-2.66-0/blib/lib
    /tmp/loop_over_bdir-3589605-XjwJT5/Dpkg-1.21.9-0/blib/arch
    /tmp/loop_over_bdir-3589605-XjwJT5/Dpkg-1.21.9-0/blib/lib
    /tmp/loop_over_bdir-3589605-XjwJT5/CGI-Application-NetNewsIface-0.0204-0/blib/arch
    /tmp/loop_over_bdir-3589605-XjwJT5/CGI-Application-NetNewsIface-0.0204-0/blib/lib
    /tmp/loop_over_bdir-3589605-XjwJT5/downsexta-0/blib/arch
    /tmp/loop_over_bdir-3589605-XjwJT5/downsexta-0/blib/lib
    /tmp/loop_over_bdir-3589605-XjwJT5/Lingua-YaTeA-0.626-0/blib/arch
    /tmp/loop_over_bdir-3589605-XjwJT5/Lingua-YaTeA-0.626-0/blib/lib
    /tmp/loop_over_bdir-3589605-XjwJT5/App-nrun-v1.1.2-0/blib/arch
    /tmp/loop_over_bdir-3589605-XjwJT5/App-nrun-v1.1.2-0/blib/lib
    /tmp/loop_over_bdir-3589605-XjwJT5/Devel-Required-0.16-0/blib/arch
    /tmp/loop_over_bdir-3589605-XjwJT5/Devel-Required-0.16-0/blib/lib
    /tmp/loop_over_bdir-3589605-XjwJT5/Net-ISP-Balance-1.31-0/blib/arch
    /tmp/loop_over_bdir-3589605-XjwJT5/Net-ISP-Balance-1.31-0/blib/lib
    /home/sand/src/perl/repoperls/installed-perls/host/k93focal/v5.37.2/d119/lib/site_perl/5.37.2/x86_64-linux-thread-multi
    /home/sand/src/perl/repoperls/installed-perls/host/k93focal/v5.37.2/d119/lib/site_perl/5.37.2
    /home/sand/src/perl/repoperls/installed-perls/host/k93focal/v5.37.2/d119/lib/5.37.2/x86_64-linux-thread-multi
    /home/sand/src/perl/repoperls/installed-perls/host/k93focal/v5.37.2/d119/lib/5.37.2
    .