Back
From: metabase:user:320bfe00-2aae-11df-837a-5e0a49663a4f
Subject: FAIL Config-Simple-Extended-0.14 v5.14.4 GNU/Linux
Date: 2013-09-01T15:15:39Z
This distribution has been tested as part of the CPAN Testers
project, supporting the Perl programming language. See
http://wiki.cpantesters.org/ for more information or email
questions to cpan-testers-discuss@perl.org
--
Dear Hugh Esco,
This is a computer-generated report for Config-Simple-Extended-0.14
on perl 5.14.4, created by CPAN-Reporter-1.2010.
Thank you for uploading your work to CPAN. However, there was a problem
testing your distribution.
If you think this report is invalid, please consult the CPAN Testers Wiki
for suggestions on how to avoid getting FAIL reports for missing library
or binary dependencies, unsupported operating systems, and so on:
http://wiki.cpantesters.org/wiki/CPANAuthorNotes
Sections of this report:
* Tester comments
* Program output
* Prerequisites
* Environment and other context
------------------------------
TESTER COMMENTS
------------------------------
Additional comments from tester:
this report is from an automated smoke testing program
and was not reviewed by a human for accuracy
------------------------------
PROGRAM OUTPUT
------------------------------
Output from '/usr/bin/make test':
PERL_DL_NONLAZY=1 /home/sand/src/perl/repoperls/installed-perls/perl/v5.14.4/127e/bin/perl "-MExtUtils::Command::MM" "-e" "test_harness(0, 'blib/lib', 'blib/arch')" t/*.t
# Failed test 'use Config::Simple::Extended;'
# at t/00-load.t line 8.
# Tried to use 'Config::Simple::Extended'.
# Error: Can't locate File/PathInfo.pm in @INC (@INC contains: /tmp/loop_over_bdir-30866-WwSt8B/Config-Simple-Extended-0.14-PSvpHh/t/../../../local/lib/perl5 lib local/lib/perl5 /tmp/loop_over_bdir-30866-WwSt8B/Config-Simple-Extended-0.14-PSvpHh/blib/lib /tmp/loop_over_bdir-30866-WwSt8B/Config-Simple-Extended-0.14-PSvpHh/blib/arch /home/sand/src/perl/repoperls/installed-perls/perl/v5.14.4/127e/lib/site_perl/5.14.4/x86_64-linux-ld /home/sand/src/perl/repoperls/installed-perls/perl/v5.14.4/127e/lib/site_perl/5.14.4 /home/sand/src/perl/repoperls/installed-perls/perl/v5.14.4/127e/lib/5.14.4/x86_64-linux-ld /home/sand/src/perl/repoperls/installed-perls/perl/v5.14.4/127e/lib/5.14.4 .) at lib/Config/Simple/Extended.pm line 10.
# BEGIN failed--compilation aborted at lib/Config/Simple/Extended.pm line 10.
# Compilation failed in require at (eval 4) line 2.
# BEGIN failed--compilation aborted at (eval 4) line 2.
Use of uninitialized value $Config::Simple::Extended::VERSION in concatenation (.) or string at t/00-load.t line 11.
# Testing Config::Simple::Extended , Perl 5.014004, /home/sand/src/perl/repoperls/installed-perls/perl/v5.14.4/127e/bin/perl
# Looks like you failed 1 test of 1.
t/00-load.t ....................
Dubious, test returned 1 (wstat 256, 0x100)
Failed 1/1 subtests
# Failed test 'use Config::Simple::Extended;'
# at t/10_inherit.t line 14.
# Tried to use 'Config::Simple::Extended'.
# Error: Can't locate File/PathInfo.pm in @INC (@INC contains: /tmp/loop_over_bdir-30866-WwSt8B/Config-Simple-Extended-0.14-PSvpHh/t/../../../local/lib/perl5 lib local/lib/perl5 . /tmp/loop_over_bdir-30866-WwSt8B/Config-Simple-Extended-0.14-PSvpHh/blib/lib /tmp/loop_over_bdir-30866-WwSt8B/Config-Simple-Extended-0.14-PSvpHh/blib/arch /home/sand/src/perl/repoperls/installed-perls/perl/v5.14.4/127e/lib/site_perl/5.14.4/x86_64-linux-ld /home/sand/src/perl/repoperls/installed-perls/perl/v5.14.4/127e/lib/site_perl/5.14.4 /home/sand/src/perl/repoperls/installed-perls/perl/v5.14.4/127e/lib/5.14.4/x86_64-linux-ld /home/sand/src/perl/repoperls/installed-perls/perl/v5.14.4/127e/lib/5.14.4) at lib/Config/Simple/Extended.pm line 10.
# BEGIN failed--compilation aborted at lib/Config/Simple/Extended.pm line 10.
# Compilation failed in require at (eval 8) line 2.
# BEGIN failed--compilation aborted at (eval 8) line 2.
# Failed test 'Config::Simple::Extended->can('inherit')'
# at t/10_inherit.t line 19.
# Config::Simple::Extended->can('inherit') failed
Can't locate auto/Config/Simple/Extended/inherit.al in @INC (@INC contains: /tmp/loop_over_bdir-30866-WwSt8B/Config-Simple-Extended-0.14-PSvpHh/t/../../../local/lib/perl5 lib local/lib/perl5 . /tmp/loop_over_bdir-30866-WwSt8B/Config-Simple-Extended-0.14-PSvpHh/blib/lib /tmp/loop_over_bdir-30866-WwSt8B/Config-Simple-Extended-0.14-PSvpHh/blib/arch /home/sand/src/perl/repoperls/installed-perls/perl/v5.14.4/127e/lib/site_perl/5.14.4/x86_64-linux-ld /home/sand/src/perl/repoperls/installed-perls/perl/v5.14.4/127e/lib/site_perl/5.14.4 /home/sand/src/perl/repoperls/installed-perls/perl/v5.14.4/127e/lib/5.14.4/x86_64-linux-ld /home/sand/src/perl/repoperls/installed-perls/perl/v5.14.4/127e/lib/5.14.4) at t/10_inherit.t line 32.
# Looks like you failed 2 tests of 4.
# Looks like your test exited with 2 just after 4.
t/10_inherit.t .................
Dubious, test returned 2 (wstat 512, 0x200)
Failed 2/4 subtests
# Failed test 'use Config::Simple::Extended;'
# at t/11_parse_url_for_cfg_path.t line 8.
# Tried to use 'Config::Simple::Extended'.
# Error: Can't locate File/PathInfo.pm in @INC (@INC contains: /tmp/loop_over_bdir-30866-WwSt8B/Config-Simple-Extended-0.14-PSvpHh/t/../../../local/lib/perl5 lib local/lib/perl5 /tmp/loop_over_bdir-30866-WwSt8B/Config-Simple-Extended-0.14-PSvpHh/blib/lib /tmp/loop_over_bdir-30866-WwSt8B/Config-Simple-Extended-0.14-PSvpHh/blib/arch /home/sand/src/perl/repoperls/installed-perls/perl/v5.14.4/127e/lib/site_perl/5.14.4/x86_64-linux-ld /home/sand/src/perl/repoperls/installed-perls/perl/v5.14.4/127e/lib/site_perl/5.14.4 /home/sand/src/perl/repoperls/installed-perls/perl/v5.14.4/127e/lib/5.14.4/x86_64-linux-ld /home/sand/src/perl/repoperls/installed-perls/perl/v5.14.4/127e/lib/5.14.4 .) at lib/Config/Simple/Extended.pm line 10.
# BEGIN failed--compilation aborted at lib/Config/Simple/Extended.pm line 10.
# Compilation failed in require at (eval 4) line 2.
# BEGIN failed--compilation aborted at (eval 4) line 2.
# Failed test 'Config::Simple::Extended->can('inherit')'
# at t/11_parse_url_for_cfg_path.t line 15.
# Config::Simple::Extended->can('inherit') failed
# Failed test 'Config::Simple::Extended->can('parse_url_for_config_path')'
# at t/11_parse_url_for_cfg_path.t line 15.
# Config::Simple::Extended->can('parse_url_for_config_path') failed
Can't locate auto/Config/Simple/Extended/parse_url_f.al in @INC (@INC contains: /tmp/loop_over_bdir-30866-WwSt8B/Config-Simple-Extended-0.14-PSvpHh/t/../../../local/lib/perl5 lib local/lib/perl5 /tmp/loop_over_bdir-30866-WwSt8B/Config-Simple-Extended-0.14-PSvpHh/blib/lib /tmp/loop_over_bdir-30866-WwSt8B/Config-Simple-Extended-0.14-PSvpHh/blib/arch /home/sand/src/perl/repoperls/installed-perls/perl/v5.14.4/127e/lib/site_perl/5.14.4/x86_64-linux-ld /home/sand/src/perl/repoperls/installed-perls/perl/v5.14.4/127e/lib/site_perl/5.14.4 /home/sand/src/perl/repoperls/installed-perls/perl/v5.14.4/127e/lib/5.14.4/x86_64-linux-ld /home/sand/src/perl/repoperls/installed-perls/perl/v5.14.4/127e/lib/5.14.4 .) at t/11_parse_url_for_cfg_path.t line 23.
# Looks like you planned 6 tests but ran 3.
# Looks like you failed 3 tests of 3 run.
# Looks like your test exited with 2 just after 3.
t/11_parse_url_for_cfg_path.t ..
Dubious, test returned 2 (wstat 512, 0x200)
Failed 6/6 subtests
t/boilerplate.t ................ ok
# Failed test 'Pod coverage on Config::Simple::Extended'
# at /home/sand/src/perl/repoperls/installed-perls/perl/v5.14.4/127e/lib/site_perl/5.14.4/Test/Pod/Coverage.pm line 126.
# Config::Simple::Extended: requiring 'Config::Simple::Extended' failed
# Looks like you failed 1 test of 1.
t/pod-coverage.t ...............
Dubious, test returned 1 (wstat 256, 0x100)
Failed 1/1 subtests
t/pod.t ........................ ok
Test Summary Report
-------------------
t/00-load.t (Wstat: 256 Tests: 1 Failed: 1)
Failed test: 1
Non-zero exit status: 1
t/10_inherit.t (Wstat: 512 Tests: 4 Failed: 2)
Failed tests: 2-3
Non-zero exit status: 2
t/11_parse_url_for_cfg_path.t (Wstat: 512 Tests: 3 Failed: 3)
Failed tests: 1-3
Non-zero exit status: 2
Parse errors: Bad plan. You planned 6 tests but ran 3.
t/pod-coverage.t (Wstat: 256 Tests: 1 Failed: 1)
Failed test: 1
Non-zero exit status: 1
Files=6, Tests=13, 0 wallclock secs ( 0.02 usr 0.02 sys + 0.22 cusr 0.02 csys = 0.28 CPU)
Result: FAIL
Failed 4/6 test programs. 7/13 subtests failed.
make: *** [test_dynamic] Error 255
------------------------------
PREREQUISITES
------------------------------
Prerequisite modules loaded:
requires:
Module Need Have
------------------- ---- -------
Config::Simple 0 4.58
Data::Dumper 0 2.145
Test 0 1.25_02
Test::Deep 0 0.110
Test::More 0 0.98
Text::ParseWords 0 3.27
UNIVERSAL 0 1.08
build_requires:
Module Need Have
------------------- ---- -------
ExtUtils::MakeMaker 0 6.75_01
configure_requires:
Module Need Have
------------------- ---- -------
ExtUtils::MakeMaker 0 6.75_01
------------------------------
ENVIRONMENT AND OTHER CONTEXT
------------------------------
Environment variables:
AUTOMATED_TESTING = 1
LANG = en_US.UTF-8
LANGUAGE = en_US:en
PATH = /usr/lib/ccache:/home/sand/bin:/usr/local/bin:/usr/bin:/bin:/usr/bin/X11:/usr/games:/usr/local/perl/bin:/usr/X11/bin:/sbin:/usr/sbin
PERL5LIB =
PERL5OPT =
PERL5_CPANPLUS_IS_RUNNING = 22779
PERL5_CPAN_IS_RUNNING = 22779
PERL_MM_USE_DEFAULT = 1
SHELL = /usr/bin/zsh
TERM = screen
Perl special variables (and OS-specific diagnostics, for MSWin32):
$^X = /home/sand/src/perl/repoperls/installed-perls/perl/v5.14.4/127e/bin/perl
$UID/$EUID = 1005 / 1005
$GID = 1005 1005
$EGID = 1005 1005
Perl module toolchain versions installed:
Module Have
------------------- --------
CPAN 2.00
CPAN::Meta 2.132140
Cwd 3.40
ExtUtils::CBuilder 0.280205
ExtUtils::Command 1.17
ExtUtils::Install 1.56
ExtUtils::MakeMaker 6.75_01
ExtUtils::Manifest 1.60
ExtUtils::ParseXS 3.22
File::Spec 3.40
JSON 2.59
JSON::PP 2.27202
Module::Build 0.4007
Module::Signature 0.73
Parse::CPAN::Meta 1.4405
Test::Harness 3.28
Test::More 0.98
YAML 0.84
YAML::Syck 1.27
version 0.9903
--
Summary of my perl5 (revision 5 version 14 subversion 4) configuration:
Commit id: 26c5c13a4ece9084f310610bb17fb2f24c72a73e
Platform:
osname=linux, osvers=3.9-1-amd64, archname=x86_64-linux-ld
uname='linux k83 3.9-1-amd64 #1 smp debian 3.9.8-1 x86_64 gnulinux '
config_args='-Dprefix=/home/sand/src/perl/repoperls/installed-perls/perl/v5.14.4/127e -Dmyhostname=k83 -Dinstallusrbinperl=n -Uversiononly -Dusedevel -des -Ui_db -Uuseithreads -Duselongdouble -DDEBUGGING=-g'
hint=recommended, useposix=true, d_sigaction=define
useithreads=undef, usemultiplicity=undef
useperlio=define, d_sfio=undef, uselargefiles=define, usesocks=undef
use64bitint=define, use64bitall=define, uselongdouble=define
usemymalloc=n, bincompat5005=undef
Compiler:
cc='cc', ccflags ='-fno-strict-aliasing -pipe -fstack-protector -I/usr/local/include -D_LARGEFILE_SOURCE -D_FILE_OFFSET_BITS=64',
optimize='-O2 -g',
cppflags='-fno-strict-aliasing -pipe -fstack-protector -I/usr/local/include'
ccversion='', gccversion='4.8.1', gccosandvers=''
intsize=4, longsize=8, ptrsize=8, doublesize=8, byteorder=12345678
d_longlong=define, longlongsize=8, d_longdbl=define, longdblsize=16
ivtype='long', ivsize=8, nvtype='long double', nvsize=16, Off_t='off_t', lseeksize=8
alignbytes=16, prototype=define
Linker and Libraries:
ld='cc', ldflags =' -fstack-protector -L/usr/local/lib'
libpth=/usr/local/lib /lib/x86_64-linux-gnu /lib/../lib /usr/lib/x86_64-linux-gnu /usr/lib/../lib /lib /usr/lib
libs=-lnsl -lgdbm -ldb -ldl -lm -lcrypt -lutil -lc -lgdbm_compat
perllibs=-lnsl -ldl -lm -lcrypt -lutil -lc
libc=, so=so, useshrplib=false, libperl=libperl.a
gnulibc_version='2.17'
Dynamic Linking:
dlsrc=dl_dlopen.xs, dlext=so, d_dlsymun=undef, ccdlflags='-Wl,-E'
cccdlflags='-fPIC', lddlflags='-shared -O2 -g -L/usr/local/lib -fstack-protector'
Characteristics of this binary (from libperl):
Compile-time options: PERL_DONT_CREATE_GVSV PERL_MALLOC_WRAP
PERL_PRESERVE_IVUV PERL_USE_DEVEL USE_64_BIT_ALL
USE_64_BIT_INT USE_LARGE_FILES USE_LONG_DOUBLE
USE_PERLIO USE_PERL_ATOF
Built under linux
Compiled at Jul 3 2013 10:53:20
%ENV:
PERL5LIB=""
PERL5OPT=""
PERL5_CPANPLUS_IS_RUNNING="22779"
PERL5_CPAN_IS_RUNNING="22779"
PERL_MM_USE_DEFAULT="1"
@INC:
/home/sand/src/perl/repoperls/installed-perls/perl/v5.14.4/127e/lib/site_perl/5.14.4/x86_64-linux-ld
/home/sand/src/perl/repoperls/installed-perls/perl/v5.14.4/127e/lib/site_perl/5.14.4
/home/sand/src/perl/repoperls/installed-perls/perl/v5.14.4/127e/lib/5.14.4/x86_64-linux-ld
/home/sand/src/perl/repoperls/installed-perls/perl/v5.14.4/127e/lib/5.14.4
.