App-perlmv v0.602 Perl 5 v5.14.4 x86_64-linux-thread-multi

Status
Fail
From
David Cantrell (DCANTRELL)
Dist
App-perlmv v0.602
Platform
Perl 5 v5.14.4 x86_64-linux-thread-multi
Date
2020-12-02 15:45:11
ID
5c8b0b0e-34b5-11eb-adb6-49d2a1724e2f
This distribution has been tested as part of the CPAN Testers
project, supporting the Perl programming language.  See
http://wiki.cpantesters.org/ for more information or email
questions to cpan-testers-discuss@perl.org


--
Dear perlancar,

This is a computer-generated report for App-perlmv-0.602
on perl 5.14.4, created by CPAN-Reporter-1.2018.

Thank you for uploading your work to CPAN.  However, there was a problem
testing your distribution.

If you think this report is invalid, please consult the CPAN Testers Wiki
for suggestions on how to avoid getting FAIL reports for missing library
or binary dependencies, unsupported operating systems, and so on:

http://wiki.cpantesters.org/wiki/CPANAuthorNotes

Sections of this report:

    * Tester comments
    * Program output
    * Prerequisites
    * Environment and other context

------------------------------
TESTER COMMENTS
------------------------------

Additional comments from tester:

this report is from an automated smoke testing program
and was not reviewed by a human for accuracy

------------------------------
PROGRAM OUTPUT
------------------------------

Output from '/usr/bin/make test':

PERL_DL_NONLAZY=1 "/home/david/cpantesting/perl-5.14.4/bin/perl" "-MExtUtils::Command::MM" "-MTest::Harness" "-e" "undef *Test::Harness::Switches; test_harness(0, 'blib/lib', 'blib/arch')" t/*.t
t/00-compile.t ........................... ok
t/author-critic.t ........................ skipped: these tests are for testing by the author
t/author-pod-coverage.t .................. skipped: these tests are for testing by the author
t/author-pod-syntax.t .................... skipped: these tests are for testing by the author
Can't locate App/perlmv.pm in @INC (@INC contains: /home/david/cpantesting/perl-5.14.4/lib/site_perl/5.14.4/x86_64-linux-thread-multi /home/david/cpantesting/perl-5.14.4/lib/site_perl/5.14.4 /home/david/cpantesting/perl-5.14.4/lib/5.14.4/x86_64-linux-thread-multi /home/david/cpantesting/perl-5.14.4/lib/5.14.4 .) at /home/david/cpantesting/perl-5.14.4/.cpan/build/App-perlmv-0.602-sCuyAd/t/../script/perlcp line 8.
BEGIN failed--compilation aborted at /home/david/cpantesting/perl-5.14.4/.cpan/build/App-perlmv-0.602-sCuyAd/t/../script/perlcp line 8.
Can't system(/home/david/cpantesting/perl-5.14.4/bin/perl /home/david/cpantesting/perl-5.14.4/.cpan/build/App-perlmv-0.602-sCuyAd/t/../script/perlcp -e $_++ 1 2 3): 512 at /home/david/cpantesting/perl-5.14.4/.cpan/build/App-perlmv-0.602-sCuyAd/t/testlib.pl line 117.
cannot remove path when cwd is /tmp/DXmEuyXLql/rand73103414 for /tmp/DXmEuyXLql:  at /home/david/cpantesting/perl-5.14.4/lib/site_perl/5.14.4/File/Temp.pm line 921.
# Looks like your test exited with 25 just after 1.
t/cp.t ................................... 
Dubious, test returned 25 (wstat 6400, 0x1900)
Failed 1/2 subtests 
Can't locate App/perlmv.pm in @INC (@INC contains: /home/david/cpantesting/perl-5.14.4/lib/site_perl/5.14.4/x86_64-linux-thread-multi /home/david/cpantesting/perl-5.14.4/lib/site_perl/5.14.4 /home/david/cpantesting/perl-5.14.4/lib/5.14.4/x86_64-linux-thread-multi /home/david/cpantesting/perl-5.14.4/lib/5.14.4 .) at /home/david/cpantesting/perl-5.14.4/.cpan/build/App-perlmv-0.602-sCuyAd/t/../script/perlln line 8.
BEGIN failed--compilation aborted at /home/david/cpantesting/perl-5.14.4/.cpan/build/App-perlmv-0.602-sCuyAd/t/../script/perlln line 8.
Can't system(/home/david/cpantesting/perl-5.14.4/bin/perl /home/david/cpantesting/perl-5.14.4/.cpan/build/App-perlmv-0.602-sCuyAd/t/../script/perlln -e $_++ 1 2 3): 512 at /home/david/cpantesting/perl-5.14.4/.cpan/build/App-perlmv-0.602-sCuyAd/t/testlib.pl line 117.
cannot remove path when cwd is /tmp/yKCMAhgVFb/rand34150359 for /tmp/yKCMAhgVFb:  at /home/david/cpantesting/perl-5.14.4/lib/site_perl/5.14.4/File/Temp.pm line 921.
# Looks like your test exited with 25 just after 1.
t/ln.t ................................... 
Dubious, test returned 25 (wstat 6400, 0x1900)
Failed 1/2 subtests 
Can't locate App/perlmv.pm in @INC (@INC contains: /home/david/cpantesting/perl-5.14.4/lib/site_perl/5.14.4/x86_64-linux-thread-multi /home/david/cpantesting/perl-5.14.4/lib/site_perl/5.14.4 /home/david/cpantesting/perl-5.14.4/lib/5.14.4/x86_64-linux-thread-multi /home/david/cpantesting/perl-5.14.4/lib/5.14.4 .) at /home/david/cpantesting/perl-5.14.4/.cpan/build/App-perlmv-0.602-sCuyAd/t/../script/perlln_s line 8.
BEGIN failed--compilation aborted at /home/david/cpantesting/perl-5.14.4/.cpan/build/App-perlmv-0.602-sCuyAd/t/../script/perlln_s line 8.
Can't system(/home/david/cpantesting/perl-5.14.4/bin/perl /home/david/cpantesting/perl-5.14.4/.cpan/build/App-perlmv-0.602-sCuyAd/t/../script/perlln_s -e $_++ 1 2 3): 512 at /home/david/cpantesting/perl-5.14.4/.cpan/build/App-perlmv-0.602-sCuyAd/t/testlib.pl line 117.
cannot remove path when cwd is /tmp/Ej9_f0ZbjB/rand16280600 for /tmp/Ej9_f0ZbjB:  at /home/david/cpantesting/perl-5.14.4/lib/site_perl/5.14.4/File/Temp.pm line 921.
# Looks like your test exited with 25 just after 4.
t/ln_s.t ................................. 
Dubious, test returned 25 (wstat 6400, 0x1900)
Failed 4/8 subtests 
t/mv.t ................................... ok
t/recursive.t ............................ skipped: TODO
t/release-rinci.t ........................ skipped: these tests are for release candidate testing
Can't locate App/perlmv.pm in @INC (@INC contains: /home/david/cpantesting/perl-5.14.4/lib/site_perl/5.14.4/x86_64-linux-thread-multi /home/david/cpantesting/perl-5.14.4/lib/site_perl/5.14.4 /home/david/cpantesting/perl-5.14.4/lib/5.14.4/x86_64-linux-thread-multi /home/david/cpantesting/perl-5.14.4/lib/5.14.4 .) at /home/david/cpantesting/perl-5.14.4/.cpan/build/App-perlmv-0.602-sCuyAd/t/../script/perlrename line 8.
BEGIN failed--compilation aborted at /home/david/cpantesting/perl-5.14.4/.cpan/build/App-perlmv-0.602-sCuyAd/t/../script/perlrename line 8.
Can't system(/home/david/cpantesting/perl-5.14.4/bin/perl /home/david/cpantesting/perl-5.14.4/.cpan/build/App-perlmv-0.602-sCuyAd/t/../script/perlrename -e $_*4 1 2 3): 512 at /home/david/cpantesting/perl-5.14.4/.cpan/build/App-perlmv-0.602-sCuyAd/t/testlib.pl line 117.
cannot remove path when cwd is /tmp/xXmZM0q5kA/rand29541675 for /tmp/xXmZM0q5kA:  at /home/david/cpantesting/perl-5.14.4/lib/site_perl/5.14.4/File/Temp.pm line 921.
# Looks like your test exited with 25 just after 1.
t/rename.t ............................... 
Dubious, test returned 25 (wstat 6400, 0x1900)
Failed 26/27 subtests 
Can't locate App/perlmv.pm in @INC (@INC contains: /home/david/cpantesting/perl-5.14.4/lib/site_perl/5.14.4/x86_64-linux-thread-multi /home/david/cpantesting/perl-5.14.4/lib/site_perl/5.14.4 /home/david/cpantesting/perl-5.14.4/lib/5.14.4/x86_64-linux-thread-multi /home/david/cpantesting/perl-5.14.4/lib/5.14.4 .) at /home/david/cpantesting/perl-5.14.4/.cpan/build/App-perlmv-0.602-sCuyAd/t/../script/perlrename line 8.
BEGIN failed--compilation aborted at /home/david/cpantesting/perl-5.14.4/.cpan/build/App-perlmv-0.602-sCuyAd/t/../script/perlrename line 8.
Can't system(/home/david/cpantesting/perl-5.14.4/bin/perl /home/david/cpantesting/perl-5.14.4/.cpan/build/App-perlmv-0.602-sCuyAd/t/../script/perlrename -v to-number-ext a.txt b): 512 at /home/david/cpantesting/perl-5.14.4/.cpan/build/App-perlmv-0.602-sCuyAd/t/testlib.pl line 117.
cannot remove path when cwd is /tmp/ahUq_kQlfb/rand86937642 for /tmp/ahUq_kQlfb:  at /home/david/cpantesting/perl-5.14.4/lib/site_perl/5.14.4/File/Temp.pm line 921.
# Looks like your test exited with 25 just after 1.
t/scriptlets.t ........................... 
Dubious, test returned 25 (wstat 6400, 0x1900)
Failed 5/6 subtests 
t/std_scriptlets-dedup-space.t ........... ok
t/std_scriptlets-keep-one-ext.t .......... ok
t/std_scriptlets-pinyin.t ................ ok
t/std_scriptlets-remove-all-ext.t ........ ok
t/std_scriptlets-remove-common-prefix.t .. ok
t/std_scriptlets-remove-common-suffix.t .. ok
t/std_scriptlets-remove-ext.t ............ ok
t/std_scriptlets-to-number-ext.t ......... ok
t/std_scriptlets-to-number.t ............. ok
t/std_scriptlets-to-timestamp-ext.t ...... ok
t/std_scriptlets-to-timestamp.t .......... ok
t/std_scriptlets-trim.t .................. ok
t/std_scriptlets-unaccent.t .............. ok

Test Summary Report
-------------------
t/cp.t                                 (Wstat: 6400 Tests: 1 Failed: 0)
  Non-zero exit status: 25
  Parse errors: Bad plan.  You planned 2 tests but ran 1.
t/ln.t                                 (Wstat: 6400 Tests: 1 Failed: 0)
  Non-zero exit status: 25
  Parse errors: Bad plan.  You planned 2 tests but ran 1.
t/ln_s.t                               (Wstat: 6400 Tests: 4 Failed: 0)
  Non-zero exit status: 25
  Parse errors: Bad plan.  You planned 8 tests but ran 4.
t/rename.t                             (Wstat: 6400 Tests: 1 Failed: 0)
  Non-zero exit status: 25
  Parse errors: Bad plan.  You planned 27 tests but ran 1.
t/scriptlets.t                         (Wstat: 6400 Tests: 1 Failed: 0)
  Non-zero exit status: 25
  Parse errors: Bad plan.  You planned 6 tests but ran 1.
Files=25, Tests=49, 18 wallclock secs ( 0.08 usr  0.04 sys +  2.35 cusr  0.26 csys =  2.73 CPU)
Result: FAIL
Failed 5/25 test programs. 0/49 subtests failed.
Makefile:966: recipe for target 'test_dynamic' failed
make: *** [test_dynamic] Error 255

------------------------------
PREREQUISITES
------------------------------

Prerequisite modules loaded:

requires:

    Module                 Need     Have    
    ---------------------- -------- --------
    Complete::File         0.440    0.440   
    Complete::Util         0.608    0.611   
    Cwd                    0        3.36    
    Exporter               5.57     5.64_03 
    File::Copy             0        2.21    
    File::Find             0        1.19    
    File::MoreUtil         0.624    0.624   
    File::Path             2.07     2.08_01 
    File::Slurper          0        0.012   
    File::Spec             0        3.33    
    Getopt::Long::Complete 0        0.315   
    Module::List::Tiny     0        0.004002
    perl                   5.010001 5.014004
    strict                 0        1.04    
    vars                   0        1.02    
    warnings               0        1.12    

build_requires:

    Module                 Need     Have    
    ---------------------- -------- --------
    ExtUtils::MakeMaker    0        7.34    
    File::Spec             0        3.33    
    File::Temp             0.2307   0.2311  
    FindBin                0        1.50    
    IO::Handle             0        1.31    
    IPC::Open3             0        1.0901  
    Test::Exception        0        0.43    
    Test::More             0.98     1.302183
    Test::Needs            0        0.002006

configure_requires:

    Module                 Need     Have    
    ---------------------- -------- --------
    ExtUtils::MakeMaker    0        7.34    


------------------------------
ENVIRONMENT AND OTHER CONTEXT
------------------------------

Environment variables:

    AUTOMATED_TESTING = 1
    LANG = en_US.UTF-8
    NONINTERACTIVE_TESTING = 1
    PATH = /usr/local/bin:/usr/bin:/bin:/usr/local/games:/usr/games
    PERL = 5.14.4
    PERL5LIB = 
    PERL5OPT = 
    PERL5_CPANPLUS_IS_RUNNING = 27749
    PERL5_CPAN_IS_RUNNING = 27749
    PERLVER = 5.14.4
    PERL_INLINE_DIRECTORY = /home/david/.Inline-5.14.4
    PERL_MM_USE_DEFAULT = 1
    PERL_USE_UNSAFE_INC = 0
    SHELL = /bin/bash
    TERM = screen

Perl special variables (and OS-specific diagnostics, for MSWin32):

    $^X = /home/david/cpantesting/perl-5.14.4/bin/perl
    $UID/$EUID = 1000 / 1000
    $GID = 1000 27 1000
    $EGID = 1000 27 1000

Perl module toolchain versions installed:

    Module              Have     
    ------------------- ---------
    CPAN                1.9600_01
    CPAN::Meta          2.143240 
    Cwd                 3.36     
    ExtUtils::CBuilder  0.280203 
    ExtUtils::Command   7.34     
    ExtUtils::Install   2.06     
    ExtUtils::MakeMaker 7.34     
    ExtUtils::Manifest  1.70     
    ExtUtils::ParseXS   3.35     
    File::Spec          3.33     
    JSON                4.02     
    JSON::PP            4.02     
    Module::Build       0.4231   
    Module::Signature   n/a      
    Parse::CPAN::Meta   1.4414   
    Test::Harness       3.42     
    Test::More          1.302183 
    YAML                n/a      
    YAML::Syck          n/a      
    version             0.88     


--

Summary of my perl5 (revision 5 version 14 subversion 4) configuration:
   
  Platform:
    osname=linux, osvers=4.9.0-8-amd64, archname=x86_64-linux-thread-multi
    uname='linux pigsty 4.9.0-8-amd64 #1 smp debian 4.9.144-3 (2019-02-02) x86_64 gnulinux '
    config_args='-de -Duse64bitall -Dusethreads -Dprefix=/home/david/cpantesting/perl-5.14.4 -A ccflags=-fwrapv'
    hint=previous, useposix=true, d_sigaction=define
    useithreads=define, usemultiplicity=define
    useperlio=define, d_sfio=undef, uselargefiles=define, usesocks=undef
    use64bitint=define, use64bitall=define, uselongdouble=undef
    usemymalloc=n, bincompat5005=undef
  Compiler:
    cc='cc', ccflags ='-D_REENTRANT -D_GNU_SOURCE -fwrapv -fno-strict-aliasing -pipe -fstack-protector -I/usr/local/include -D_LARGEFILE_SOURCE -D_FILE_OFFSET_BITS=64 -fwrapv -fwrapv',
    optimize='-O2',
    cppflags='-D_REENTRANT -D_GNU_SOURCE -fwrapv -fno-strict-aliasing -pipe -fstack-protector -I/usr/local/include -D_REENTRANT -D_GNU_SOURCE -fwrapv -fno-strict-aliasing -pipe -fstack-protector -I/usr/local/include -D_LARGEFILE_SOURCE -D_FILE_OFFSET_BITS=64 -fwrapv -D_REENTRANT -D_GNU_SOURCE -fwrapv -fno-strict-aliasing -pipe -fstack-protector -I/usr/local/include -D_LARGEFILE_SOURCE -D_FILE_OFFSET_BITS=64 -fwrapv -fwrapv'
    ccversion='', gccversion='6.3.0 20170516', gccosandvers=''
    intsize=4, longsize=8, ptrsize=8, doublesize=8, byteorder=12345678
    d_longlong=define, longlongsize=8, d_longdbl=define, longdblsize=16
    ivtype='long', ivsize=8, nvtype='double', nvsize=8, Off_t='off_t', lseeksize=8
    alignbytes=8, prototype=define
  Linker and Libraries:
    ld='cc', ldflags =' -fstack-protector -L/usr/local/lib'
    libpth=/usr/local/lib /lib/x86_64-linux-gnu /lib/../lib /usr/lib/x86_64-linux-gnu /usr/lib/../lib /lib /usr/lib
    libs=-lnsl -ldb -ldl -lm -lcrypt -lutil -lpthread -lc
    perllibs=-lnsl -ldl -lm -lcrypt -lutil -lpthread -lc
    libc=libc-2.24.so, so=so, useshrplib=false, libperl=libperl.a
    gnulibc_version='2.24'
  Dynamic Linking:
    dlsrc=dl_dlopen.xs, dlext=so, d_dlsymun=undef, ccdlflags='-Wl,-E'
    cccdlflags='-fPIC', lddlflags='-shared -O2 -L/usr/local/lib -fstack-protector'


Characteristics of this binary (from libperl): 
  Compile-time options: MULTIPLICITY PERL_DONT_CREATE_GVSV
                        PERL_IMPLICIT_CONTEXT PERL_MALLOC_WRAP
                        PERL_PRESERVE_IVUV USE_64_BIT_ALL USE_64_BIT_INT
                        USE_ITHREADS USE_LARGE_FILES USE_PERLIO USE_PERL_ATOF
                        USE_REENTRANT_API
  Locally applied patches:
	Devel::PatchPerl 1.56
  Built under linux
  Compiled at Apr 25 2019 22:16:53
  %ENV:
    PERL="5.14.4"
    PERL5LIB=""
    PERL5OPT=""
    PERL5_CPANPLUS_IS_RUNNING="27749"
    PERL5_CPAN_IS_RUNNING="27749"
    PERLVER="5.14.4"
    PERL_INLINE_DIRECTORY="/home/david/.Inline-5.14.4"
    PERL_MM_USE_DEFAULT="1"
    PERL_USE_UNSAFE_INC="0"
  @INC:
    /home/david/cpantesting/perl-5.14.4/lib/site_perl/5.14.4/x86_64-linux-thread-multi
    /home/david/cpantesting/perl-5.14.4/lib/site_perl/5.14.4
    /home/david/cpantesting/perl-5.14.4/lib/5.14.4/x86_64-linux-thread-multi
    /home/david/cpantesting/perl-5.14.4/lib/5.14.4
    .