Report for Catalyst-Plugin-Upload-Image-Magick-0.04

Back
From: metabase:user:314402c4-2aae-11df-837a-5e0a49663a4f
Subject: FAIL Catalyst-Plugin-Upload-Image-Magick-0.04 v5.24.0 GNU/Linux
Date: 2017-04-24T19:15:20Z

This distribution has been tested as part of the CPAN Testers
project, supporting the Perl programming language.  See
http://wiki.cpantesters.org/ for more information or email
questions to cpan-testers-discuss@perl.org


--
Dear Adam J Hopkins,

This is a computer-generated report for Catalyst-Plugin-Upload-Image-Magick-0.04
on perl 5.24.0, created by CPAN-Reporter-1.2018.

Thank you for uploading your work to CPAN.  However, there was a problem
testing your distribution.

If you think this report is invalid, please consult the CPAN Testers Wiki
for suggestions on how to avoid getting FAIL reports for missing library
or binary dependencies, unsupported operating systems, and so on:

http://wiki.cpantesters.org/wiki/CPANAuthorNotes

Sections of this report:

    * Tester comments
    * Program output
    * Prerequisites
    * Environment and other context

------------------------------
TESTER COMMENTS
------------------------------

Additional comments from tester:

none provided

------------------------------
PROGRAM OUTPUT
------------------------------

Output from '/usr/bin/make test':

PERL_DL_NONLAZY=1 "/opt/perl-5.24.0/bin/perl" "-MExtUtils::Command::MM" "-MTest::Harness" "-e" "undef *Test::Harness::Switches; test_harness(0, 'inc', 'blib/lib', 'blib/arch')" t/00-load.t t/01-upload-with-image-magick.t t/02-upload-to-thumbnail.t t/03-upload-to-thumbnail-fixed.t t/boilerplate.t t/pod-coverage.t t/pod.t
# Testing Catalyst::Plugin::Upload::Image::Magick 0.03, Perl 5.024000, /opt/perl-5.24.0/bin/perl
t/00-load.t ....................... ok
Redundant argument in sprintf at /home/cpansand/.cpan/build/2017042418/Catalyst-Plugin-Upload-Image-Magick-0.04-4/inc/Spiffy.pm line 225.
Redundant argument in sprintf at /home/cpansand/.cpan/build/2017042418/Catalyst-Plugin-Upload-Image-Magick-0.04-4/inc/Spiffy.pm line 225.
Redundant argument in sprintf at /home/cpansand/.cpan/build/2017042418/Catalyst-Plugin-Upload-Image-Magick-0.04-4/inc/Spiffy.pm line 225.
Redundant argument in sprintf at /home/cpansand/.cpan/build/2017042418/Catalyst-Plugin-Upload-Image-Magick-0.04-4/inc/Spiffy.pm line 225.
t/01-upload-with-image-magick.t ... ok
Redundant argument in sprintf at /home/cpansand/.cpan/build/2017042418/Catalyst-Plugin-Upload-Image-Magick-0.04-4/inc/Spiffy.pm line 225.
Redundant argument in sprintf at /home/cpansand/.cpan/build/2017042418/Catalyst-Plugin-Upload-Image-Magick-0.04-4/inc/Spiffy.pm line 225.
Redundant argument in sprintf at /home/cpansand/.cpan/build/2017042418/Catalyst-Plugin-Upload-Image-Magick-0.04-4/inc/Spiffy.pm line 225.
Redundant argument in sprintf at /home/cpansand/.cpan/build/2017042418/Catalyst-Plugin-Upload-Image-Magick-0.04-4/inc/Spiffy.pm line 225.
Exception 420: no decode delegate for this image format `' @ error/constitute.c/ReadImage/501# Looks like you planned 1801 tests but only ran 861.
t/02-upload-to-thumbnail.t ........ 
Dubious, test returned 255 (wstat 65280, 0xff00)
Failed 940/1801 subtests 
Redundant argument in sprintf at /home/cpansand/.cpan/build/2017042418/Catalyst-Plugin-Upload-Image-Magick-0.04-4/inc/Spiffy.pm line 225.
Redundant argument in sprintf at /home/cpansand/.cpan/build/2017042418/Catalyst-Plugin-Upload-Image-Magick-0.04-4/inc/Spiffy.pm line 225.
Redundant argument in sprintf at /home/cpansand/.cpan/build/2017042418/Catalyst-Plugin-Upload-Image-Magick-0.04-4/inc/Spiffy.pm line 225.
Redundant argument in sprintf at /home/cpansand/.cpan/build/2017042418/Catalyst-Plugin-Upload-Image-Magick-0.04-4/inc/Spiffy.pm line 225.
Use of uninitialized value in hash element at lib/Catalyst/Plugin/Upload/Image/Magick/Thumbnail/Fixed.pm line 156.

#   Failed test 'width compare'
#   in t/03-upload-to-thumbnail-fixed.t at line 35.
#          got: undef
#     expected: '30'

#   Failed test 'height compare'
#   in t/03-upload-to-thumbnail-fixed.t at line 36.
#          got: undef
#     expected: '50'
Use of uninitialized value in hash element at lib/Catalyst/Plugin/Upload/Image/Magick/Thumbnail/Fixed.pm line 156.

#   Failed test 'width compare'
#   in t/03-upload-to-thumbnail-fixed.t at line 35.
#          got: undef
#     expected: '30'

#   Failed test 'height compare'
#   in t/03-upload-to-thumbnail-fixed.t at line 36.
#          got: undef
#     expected: '60'
Use of uninitialized value in hash element at lib/Catalyst/Plugin/Upload/Image/Magick/Thumbnail/Fixed.pm line 156.

#   Failed test 'width compare'
#   in t/03-upload-to-thumbnail-fixed.t at line 35.
#          got: undef
#     expected: '30'

#   Failed test 'height compare'
#   in t/03-upload-to-thumbnail-fixed.t at line 36.
#          got: undef
#     expected: '70'
Use of uninitialized value in hash element at lib/Catalyst/Plugin/Upload/Image/Magick/Thumbnail/Fixed.pm line 156.

#   Failed test 'width compare'
#   in t/03-upload-to-thumbnail-fixed.t at line 35.
#          got: undef
#     expected: '30'

#   Failed test 'height compare'
#   in t/03-upload-to-thumbnail-fixed.t at line 36.
#          got: undef
#     expected: '80'
Use of uninitialized value in hash element at lib/Catalyst/Plugin/Upload/Image/Magick/Thumbnail/Fixed.pm line 156.

#   Failed test 'width compare'
#   in t/03-upload-to-thumbnail-fixed.t at line 35.
#          got: undef
#     expected: '30'

#   Failed test 'height compare'
#   in t/03-upload-to-thumbnail-fixed.t at line 36.
#          got: undef
#     expected: '90'
Use of uninitialized value in hash element at lib/Catalyst/Plugin/Upload/Image/Magick/Thumbnail/Fixed.pm line 156.

#   Failed test 'width compare'
#   in t/03-upload-to-thumbnail-fixed.t at line 35.
#          got: undef
#     expected: '30'

#   Failed test 'height compare'
#   in t/03-upload-to-thumbnail-fixed.t at line 36.
#          got: undef
#     expected: '100'
Use of uninitialized value in hash element at lib/Catalyst/Plugin/Upload/Image/Magick/Thumbnail/Fixed.pm line 156.

#   Failed test 'width compare'
#   in t/03-upload-to-thumbnail-fixed.t at line 35.
#          got: undef
#     expected: '40'

#   Failed test 'height compare'
#   in t/03-upload-to-thumbnail-fixed.t at line 36.
#          got: undef
#     expected: '10'
Use of uninitialized value in hash element at lib/Catalyst/Plugin/Upload/Image/Magick/Thumbnail/Fixed.pm line 156.

#   Failed test 'width compare'
#   in t/03-upload-to-thumbnail-fixed.t at line 35.
#          got: undef
#     expected: '40'

#   Failed test 'height compare'
#   in t/03-upload-to-thumbnail-fixed.t at line 36.
#          got: undef
#     expected: '20'
Use of uninitialized value in hash element at lib/Catalyst/Plugin/Upload/Image/Magick/Thumbnail/Fixed.pm line 156.

#   Failed test 'width compare'
#   in t/03-upload-to-thumbnail-fixed.t at line 35.
#          got: undef
#     expected: '40'

#   Failed test 'height compare'
#   in t/03-upload-to-thumbnail-fixed.t at line 36.
#          got: undef
#     expected: '30'
Use of uninitialized value in hash element at lib/Catalyst/Plugin/Upload/Image/Magick/Thumbnail/Fixed.pm line 156.

#   Failed test 'width compare'
#   in t/03-upload-to-thumbnail-fixed.t at line 35.
#          got: undef
#     expected: '40'

#   Failed test 'height compare'
#   in t/03-upload-to-thumbnail-fixed.t at line 36.
#          got: undef
#     expected: '40'
Use of uninitialized value in hash element at lib/Catalyst/Plugin/Upload/Image/Magick/Thumbnail/Fixed.pm line 156.

#   Failed test 'width compare'
#   in t/03-upload-to-thumbnail-fixed.t at line 35.
#          got: undef
#     expected: '40'

#   Failed test 'height compare'
#   in t/03-upload-to-thumbnail-fixed.t at line 36.
#          got: undef
#     expected: '50'
Use of uninitialized value in hash element at lib/Catalyst/Plugin/Upload/Image/Magick/Thumbnail/Fixed.pm line 156.

#   Failed test 'width compare'
#   in t/03-upload-to-thumbnail-fixed.t at line 35.
#          got: undef
#     expected: '40'

#   Failed test 'height compare'
#   in t/03-upload-to-thumbnail-fixed.t at line 36.
#          got: undef
#     expected: '60'
Use of uninitialized value in hash element at lib/Catalyst/Plugin/Upload/Image/Magick/Thumbnail/Fixed.pm line 156.

#   Failed test 'width compare'
#   in t/03-upload-to-thumbnail-fixed.t at line 35.
#          got: undef
#     expected: '40'

#   Failed test 'height compare'
#   in t/03-upload-to-thumbnail-fixed.t at line 36.
#          got: undef
#     expected: '70'
Use of uninitialized value in hash element at lib/Catalyst/Plugin/Upload/Image/Magick/Thumbnail/Fixed.pm line 156.

#   Failed test 'width compare'
#   in t/03-upload-to-thumbnail-fixed.t at line 35.
#          got: undef
#     expected: '40'

#   Failed test 'height compare'
#   in t/03-upload-to-thumbnail-fixed.t at line 36.
#          got: undef
#     expected: '80'
Use of uninitialized value in hash element at lib/Catalyst/Plugin/Upload/Image/Magick/Thumbnail/Fixed.pm line 156.

#   Failed test 'width compare'
#   in t/03-upload-to-thumbnail-fixed.t at line 35.
#          got: undef
#     expected: '40'

#   Failed test 'height compare'
#   in t/03-upload-to-thumbnail-fixed.t at line 36.
#          got: undef
#     expected: '90'
Use of uninitialized value in hash element at lib/Catalyst/Plugin/Upload/Image/Magick/Thumbnail/Fixed.pm line 156.

#   Failed test 'width compare'
#   in t/03-upload-to-thumbnail-fixed.t at line 35.
#          got: undef
#     expected: '40'

#   Failed test 'height compare'
#   in t/03-upload-to-thumbnail-fixed.t at line 36.
#          got: undef
#     expected: '100'
Use of uninitialized value in hash element at lib/Catalyst/Plugin/Upload/Image/Magick/Thumbnail/Fixed.pm line 156.

#   Failed test 'width compare'
#   in t/03-upload-to-thumbnail-fixed.t at line 35.
#          got: undef
#     expected: '50'

#   Failed test 'height compare'
#   in t/03-upload-to-thumbnail-fixed.t at line 36.
#          got: undef
#     expected: '10'
Use of uninitialized value in hash element at lib/Catalyst/Plugin/Upload/Image/Magick/Thumbnail/Fixed.pm line 156.

#   Failed test 'width compare'
#   in t/03-upload-to-thumbnail-fixed.t at line 35.
#          got: undef
#     expected: '50'

#   Failed test 'height compare'
#   in t/03-upload-to-thumbnail-fixed.t at line 36.
#          got: undef
#     expected: '20'
Use of uninitialized value in hash element at lib/Catalyst/Plugin/Upload/Image/Magick/Thumbnail/Fixed.pm line 156.

#   Failed test 'width compare'
#   in t/03-upload-to-thumbnail-fixed.t at line 35.
#          got: undef
#     expected: '50'

#   Failed test 'height compare'
#   in t/03-upload-to-thumbnail-fixed.t at line 36.
#          got: undef
#     expected: '30'
Use of uninitialized value in hash element at lib/Catalyst/Plugin/Upload/Image/Magick/Thumbnail/Fixed.pm line 156.

#   Failed test 'width compare'
#   in t/03-upload-to-thumbnail-fixed.t at line 35.
#          got: undef
#     expected: '50'

#   Failed test 'height compare'
#   in t/03-upload-to-thumbnail-fixed.t at line 36.
#          got: undef
#     expected: '40'
Use of uninitialized value in hash element at lib/Catalyst/Plugin/Upload/Image/Magick/Thumbnail/Fixed.pm line 156.

#   Failed test 'width compare'
#   in t/03-upload-to-thumbnail-fixed.t at line 35.
#          got: undef
#     expected: '50'

#   Failed test 'height compare'
#   in t/03-upload-to-thumbnail-fixed.t at line 36.
#          got: undef
#     expected: '50'
Use of uninitialized value in hash element at lib/Catalyst/Plugin/Upload/Image/Magick/Thumbnail/Fixed.pm line 156.

#   Failed test 'width compare'
#   in t/03-upload-to-thumbnail-fixed.t at line 35.
#          got: undef
#     expected: '50'

#   Failed test 'height compare'
#   in t/03-upload-to-thumbnail-fixed.t at line 36.
#          got: undef
#     expected: '60'
Use of uninitialized value in hash element at lib/Catalyst/Plugin/Upload/Image/Magick/Thumbnail/Fixed.pm line 156.

#   Failed test 'width compare'
#   in t/03-upload-to-thumbnail-fixed.t at line 35.
#          got: undef
#     expected: '50'

#   Failed test 'height compare'
#   in t/03-upload-to-thumbnail-fixed.t at line 36.
#          got: undef
#     expected: '70'
Use of uninitialized value in hash element at lib/Catalyst/Plugin/Upload/Image/Magick/Thumbnail/Fixed.pm line 156.

#   Failed test 'width compare'
#   in t/03-upload-to-thumbnail-fixed.t at line 35.
#          got: undef
#     expected: '50'

#   Failed test 'height compare'
#   in t/03-upload-to-thumbnail-fixed.t at line 36.
#          got: undef
#     expected: '80'
Use of uninitialized value in hash element at lib/Catalyst/Plugin/Upload/Image/Magick/Thumbnail/Fixed.pm line 156.

#   Failed test 'width compare'
#   in t/03-upload-to-thumbnail-fixed.t at line 35.
#          got: undef
#     expected: '50'

#   Failed test 'height compare'
#   in t/03-upload-to-thumbnail-fixed.t at line 36.
#          got: undef
#     expected: '90'
Use of uninitialized value in hash element at lib/Catalyst/Plugin/Upload/Image/Magick/Thumbnail/Fixed.pm line 156.

#   Failed test 'width compare'
#   in t/03-upload-to-thumbnail-fixed.t at line 35.
#          got: undef
#     expected: '50'

#   Failed test 'height compare'
#   in t/03-upload-to-thumbnail-fixed.t at line 36.
#          got: undef
#     expected: '100'
Use of uninitialized value in hash element at lib/Catalyst/Plugin/Upload/Image/Magick/Thumbnail/Fixed.pm line 156.

#   Failed test 'width compare'
#   in t/03-upload-to-thumbnail-fixed.t at line 35.
#          got: undef
#     expected: '60'

#   Failed test 'height compare'
#   in t/03-upload-to-thumbnail-fixed.t at line 36.
#          got: undef
#     expected: '10'
Use of uninitialized value in hash element at lib/Catalyst/Plugin/Upload/Image/Magick/Thumbnail/Fixed.pm line 156.

#   Failed test 'width compare'
#   in t/03-upload-to-thumbnail-fixed.t at line 35.
#          got: undef
#     expected: '60'

#   Failed test 'height compare'
#   in t/03-upload-to-thumbnail-fixed.t at line 36.
#          got: undef
#     expected: '20'
Use of uninitialized value in hash element at lib/Catalyst/Plugin/Upload/Image/Magick/Thumbnail/Fixed.pm line 156.

#   Failed test 'width compare'
#   in t/03-upload-to-thumbnail-fixed.t at line 35.
#          got: undef
#     expected: '60'

#   Failed test 'height compare'
#   in t/03-upload-to-thumbnail-fixed.t at line 36.
#          got: undef
#     expected: '30'
Use of uninitialized value in hash element at lib/Catalyst/Plugin/Upload/Image/Magick/Thumbnail/Fixed.pm line 156.

#   Failed test 'width compare'
#   in t/03-upload-to-thumbnail-fixed.t at line 35.
#          got: undef
#     expected: '60'

#   Failed test 'height compare'
#   in t/03-upload-to-thumbnail-fixed.t at line 36.
#          got: undef
#     expected: '40'
Use of uninitialized value in hash element at lib/Catalyst/Plugin/Upload/Image/Magick/Thumbnail/Fixed.pm line 156.

#   Failed test 'width compare'
#   in t/03-upload-to-thumbnail-fixed.t at line 35.
#          got: undef
#     expected: '60'

#   Failed test 'height compare'
#   in t/03-upload-to-thumbnail-fixed.t at line 36.
#          got: undef
#     expected: '50'
Use of uninitialized value in hash element at lib/Catalyst/Plugin/Upload/Image/Magick/Thumbnail/Fixed.pm line 156.

#   Failed test 'width compare'
#   in t/03-upload-to-thumbnail-fixed.t at line 35.
#          got: undef
#     expected: '60'

#   Failed test 'height compare'
#   in t/03-upload-to-thumbnail-fixed.t at line 36.
#          got: undef
#     expected: '60'
Use of uninitialized value in hash element at lib/Catalyst/Plugin/Upload/Image/Magick/Thumbnail/Fixed.pm line 156.

#   Failed test 'width compare'
#   in t/03-upload-to-thumbnail-fixed.t at line 35.
#          got: undef
#     expected: '60'

#   Failed test 'height compare'
#   in t/03-upload-to-thumbnail-fixed.t at line 36.
#          got: undef
#     expected: '70'
Use of uninitialized value in hash element at lib/Catalyst/Plugin/Upload/Image/Magick/Thumbnail/Fixed.pm line 156.

#   Failed test 'width compare'
#   in t/03-upload-to-thumbnail-fixed.t at line 35.
#          got: undef
#     expected: '60'

#   Failed test 'height compare'
#   in t/03-upload-to-thumbnail-fixed.t at line 36.
#          got: undef
#     expected: '80'
Use of uninitialized value in hash element at lib/Catalyst/Plugin/Upload/Image/Magick/Thumbnail/Fixed.pm line 156.

#   Failed test 'width compare'
#   in t/03-upload-to-thumbnail-fixed.t at line 35.
#          got: undef
#     expected: '60'

#   Failed test 'height compare'
#   in t/03-upload-to-thumbnail-fixed.t at line 36.
#          got: undef
#     expected: '90'
Use of uninitialized value in hash element at lib/Catalyst/Plugin/Upload/Image/Magick/Thumbnail/Fixed.pm line 156.

#   Failed test 'width compare'
#   in t/03-upload-to-thumbnail-fixed.t at line 35.
#          got: undef
#     expected: '60'

#   Failed test 'height compare'
#   in t/03-upload-to-thumbnail-fixed.t at line 36.
#          got: undef
#     expected: '100'
Use of uninitialized value in hash element at lib/Catalyst/Plugin/Upload/Image/Magick/Thumbnail/Fixed.pm line 156.

#   Failed test 'width compare'
#   in t/03-upload-to-thumbnail-fixed.t at line 35.
#          got: undef
#     expected: '70'

#   Failed test 'height compare'
#   in t/03-upload-to-thumbnail-fixed.t at line 36.
#          got: undef
#     expected: '10'
Use of uninitialized value in hash element at lib/Catalyst/Plugin/Upload/Image/Magick/Thumbnail/Fixed.pm line 156.

#   Failed test 'width compare'
#   in t/03-upload-to-thumbnail-fixed.t at line 35.
#          got: undef
#     expected: '70'

#   Failed test 'height compare'
#   in t/03-upload-to-thumbnail-fixed.t at line 36.
#          got: undef
#     expected: '20'
Use of uninitialized value in hash element at lib/Catalyst/Plugin/Upload/Image/Magick/Thumbnail/Fixed.pm line 156.

#   Failed test 'width compare'
#   in t/03-upload-to-thumbnail-fixed.t at line 35.
#          got: undef
#     expected: '70'

#   Failed test 'height compare'
#   in t/03-upload-to-thumbnail-fixed.t at line 36.
#          got: undef
#     expected: '30'
Use of uninitialized value in hash element at lib/Catalyst/Plugin/Upload/Image/Magick/Thumbnail/Fixed.pm line 156.

#   Failed test 'width compare'
#   in t/03-upload-to-thumbnail-fixed.t at line 35.
#          got: undef
#     expected: '70'

#   Failed test 'height compare'
#   in t/03-upload-to-thumbnail-fixed.t at line 36.
#          got: undef
#     expected: '40'
Use of uninitialized value in hash element at lib/Catalyst/Plugin/Upload/Image/Magick/Thumbnail/Fixed.pm line 156.

#   Failed test 'width compare'
#   in t/03-upload-to-thumbnail-fixed.t at line 35.
#          got: undef
#     expected: '70'

#   Failed test 'height compare'
#   in t/03-upload-to-thumbnail-fixed.t at line 36.
#          got: undef
#     expected: '50'
Use of uninitialized value in hash element at lib/Catalyst/Plugin/Upload/Image/Magick/Thumbnail/Fixed.pm line 156.

#   Failed test 'width compare'
#   in t/03-upload-to-thumbnail-fixed.t at line 35.
#          got: undef
#     expected: '70'

#   Failed test 'height compare'
#   in t/03-upload-to-thumbnail-fixed.t at line 36.
#          got: undef
#     expected: '60'
Use of uninitialized value in hash element at lib/Catalyst/Plugin/Upload/Image/Magick/Thumbnail/Fixed.pm line 156.

#   Failed test 'width compare'
#   in t/03-upload-to-thumbnail-fixed.t at line 35.
#          got: undef
#     expected: '70'

#   Failed test 'height compare'
#   in t/03-upload-to-thumbnail-fixed.t at line 36.
#          got: undef
#     expected: '70'
Use of uninitialized value in hash element at lib/Catalyst/Plugin/Upload/Image/Magick/Thumbnail/Fixed.pm line 156.

#   Failed test 'width compare'
#   in t/03-upload-to-thumbnail-fixed.t at line 35.
#          got: undef
#     expected: '70'

#   Failed test 'height compare'
#   in t/03-upload-to-thumbnail-fixed.t at line 36.
#          got: undef
#     expected: '80'
Use of uninitialized value in hash element at lib/Catalyst/Plugin/Upload/Image/Magick/Thumbnail/Fixed.pm line 156.

#   Failed test 'width compare'
#   in t/03-upload-to-thumbnail-fixed.t at line 35.
#          got: undef
#     expected: '70'

#   Failed test 'height compare'
#   in t/03-upload-to-thumbnail-fixed.t at line 36.
#          got: undef
#     expected: '90'
Use of uninitialized value in hash element at lib/Catalyst/Plugin/Upload/Image/Magick/Thumbnail/Fixed.pm line 156.

#   Failed test 'width compare'
#   in t/03-upload-to-thumbnail-fixed.t at line 35.
#          got: undef
#     expected: '70'

#   Failed test 'height compare'
#   in t/03-upload-to-thumbnail-fixed.t at line 36.
#          got: undef
#     expected: '100'
Use of uninitialized value in hash element at lib/Catalyst/Plugin/Upload/Image/Magick/Thumbnail/Fixed.pm line 156.

#   Failed test 'width compare'
#   in t/03-upload-to-thumbnail-fixed.t at line 35.
#          got: undef
#     expected: '80'

#   Failed test 'height compare'
#   in t/03-upload-to-thumbnail-fixed.t at line 36.
#          got: undef
#     expected: '10'
Use of uninitialized value in hash element at lib/Catalyst/Plugin/Upload/Image/Magick/Thumbnail/Fixed.pm line 156.

#   Failed test 'width compare'
#   in t/03-upload-to-thumbnail-fixed.t at line 35.
#          got: undef
#     expected: '80'

#   Failed test 'height compare'
#   in t/03-upload-to-thumbnail-fixed.t at line 36.
#          got: undef
#     expected: '20'
Use of uninitialized value in hash element at lib/Catalyst/Plugin/Upload/Image/Magick/Thumbnail/Fixed.pm line 156.

#   Failed test 'width compare'
#   in t/03-upload-to-thumbnail-fixed.t at line 35.
#          got: undef
#     expected: '80'

#   Failed test 'height compare'
#   in t/03-upload-to-thumbnail-fixed.t at line 36.
#          got: undef
#     expected: '30'
Use of uninitialized value in hash element at lib/Catalyst/Plugin/Upload/Image/Magick/Thumbnail/Fixed.pm line 156.

#   Failed test 'width compare'
#   in t/03-upload-to-thumbnail-fixed.t at line 35.
#          got: undef
#     expected: '80'

#   Failed test 'height compare'
#   in t/03-upload-to-thumbnail-fixed.t at line 36.
#          got: undef
#     expected: '40'
Use of uninitialized value in hash element at lib/Catalyst/Plugin/Upload/Image/Magick/Thumbnail/Fixed.pm line 156.

#   Failed test 'width compare'
#   in t/03-upload-to-thumbnail-fixed.t at line 35.
#          got: undef
#     expected: '80'

#   Failed test 'height compare'
#   in t/03-upload-to-thumbnail-fixed.t at line 36.
#          got: undef
#     expected: '50'
Use of uninitialized value in hash element at lib/Catalyst/Plugin/Upload/Image/Magick/Thumbnail/Fixed.pm line 156.

#   Failed test 'width compare'
#   in t/03-upload-to-thumbnail-fixed.t at line 35.
#          got: undef
#     expected: '80'

#   Failed test 'height compare'
#   in t/03-upload-to-thumbnail-fixed.t at line 36.
#          got: undef
#     expected: '60'
Use of uninitialized value in hash element at lib/Catalyst/Plugin/Upload/Image/Magick/Thumbnail/Fixed.pm line 156.

#   Failed test 'width compare'
#   in t/03-upload-to-thumbnail-fixed.t at line 35.
#          got: undef
#     expected: '80'

#   Failed test 'height compare'
#   in t/03-upload-to-thumbnail-fixed.t at line 36.
#          got: undef
#     expected: '70'
Use of uninitialized value in hash element at lib/Catalyst/Plugin/Upload/Image/Magick/Thumbnail/Fixed.pm line 156.

#   Failed test 'width compare'
#   in t/03-upload-to-thumbnail-fixed.t at line 35.
#          got: undef
#     expected: '80'

#   Failed test 'height compare'
#   in t/03-upload-to-thumbnail-fixed.t at line 36.
#          got: undef
#     expected: '80'
Use of uninitialized value in hash element at lib/Catalyst/Plugin/Upload/Image/Magick/Thumbnail/Fixed.pm line 156.

#   Failed test 'width compare'
#   in t/03-upload-to-thumbnail-fixed.t at line 35.
#          got: undef
#     expected: '80'

#   Failed test 'height compare'
#   in t/03-upload-to-thumbnail-fixed.t at line 36.
#          got: undef
#     expected: '90'
Use of uninitialized value in hash element at lib/Catalyst/Plugin/Upload/Image/Magick/Thumbnail/Fixed.pm line 156.

#   Failed test 'width compare'
#   in t/03-upload-to-thumbnail-fixed.t at line 35.
#          got: undef
#     expected: '80'

#   Failed test 'height compare'
#   in t/03-upload-to-thumbnail-fixed.t at line 36.
#          got: undef
#     expected: '100'
Use of uninitialized value in hash element at lib/Catalyst/Plugin/Upload/Image/Magick/Thumbnail/Fixed.pm line 156.

#   Failed test 'width compare'
#   in t/03-upload-to-thumbnail-fixed.t at line 35.
#          got: undef
#     expected: '90'

#   Failed test 'height compare'
#   in t/03-upload-to-thumbnail-fixed.t at line 36.
#          got: undef
#     expected: '10'
Use of uninitialized value in hash element at lib/Catalyst/Plugin/Upload/Image/Magick/Thumbnail/Fixed.pm line 156.

#   Failed test 'width compare'
#   in t/03-upload-to-thumbnail-fixed.t at line 35.
#          got: undef
#     expected: '90'

#   Failed test 'height compare'
#   in t/03-upload-to-thumbnail-fixed.t at line 36.
#          got: undef
#     expected: '20'
Use of uninitialized value in hash element at lib/Catalyst/Plugin/Upload/Image/Magick/Thumbnail/Fixed.pm line 156.

#   Failed test 'width compare'
#   in t/03-upload-to-thumbnail-fixed.t at line 35.
#          got: undef
#     expected: '90'

#   Failed test 'height compare'
#   in t/03-upload-to-thumbnail-fixed.t at line 36.
#          got: undef
#     expected: '30'
Use of uninitialized value in hash element at lib/Catalyst/Plugin/Upload/Image/Magick/Thumbnail/Fixed.pm line 156.

#   Failed test 'width compare'
#   in t/03-upload-to-thumbnail-fixed.t at line 35.
#          got: undef
#     expected: '90'

#   Failed test 'height compare'
#   in t/03-upload-to-thumbnail-fixed.t at line 36.
#          got: undef
#     expected: '40'
Use of uninitialized value in hash element at lib/Catalyst/Plugin/Upload/Image/Magick/Thumbnail/Fixed.pm line 156.

#   Failed test 'width compare'
#   in t/03-upload-to-thumbnail-fixed.t at line 35.
#          got: undef
#     expected: '90'

#   Failed test 'height compare'
#   in t/03-upload-to-thumbnail-fixed.t at line 36.
#          got: undef
#     expected: '50'
Use of uninitialized value in hash element at lib/Catalyst/Plugin/Upload/Image/Magick/Thumbnail/Fixed.pm line 156.

#   Failed test 'width compare'
#   in t/03-upload-to-thumbnail-fixed.t at line 35.
#          got: undef
#     expected: '90'

#   Failed test 'height compare'
#   in t/03-upload-to-thumbnail-fixed.t at line 36.
#          got: undef
#     expected: '60'
Use of uninitialized value in hash element at lib/Catalyst/Plugin/Upload/Image/Magick/Thumbnail/Fixed.pm line 156.

#   Failed test 'width compare'
#   in t/03-upload-to-thumbnail-fixed.t at line 35.
#          got: undef
#     expected: '90'

#   Failed test 'height compare'
#   in t/03-upload-to-thumbnail-fixed.t at line 36.
#          got: undef
#     expected: '70'
Use of uninitialized value in hash element at lib/Catalyst/Plugin/Upload/Image/Magick/Thumbnail/Fixed.pm line 156.

#   Failed test 'width compare'
#   in t/03-upload-to-thumbnail-fixed.t at line 35.
#          got: undef
#     expected: '90'

#   Failed test 'height compare'
#   in t/03-upload-to-thumbnail-fixed.t at line 36.
#          got: undef
#     expected: '80'
Use of uninitialized value in hash element at lib/Catalyst/Plugin/Upload/Image/Magick/Thumbnail/Fixed.pm line 156.

#   Failed test 'width compare'
#   in t/03-upload-to-thumbnail-fixed.t at line 35.
#          got: undef
#     expected: '90'

#   Failed test 'height compare'
#   in t/03-upload-to-thumbnail-fixed.t at line 36.
#          got: undef
#     expected: '90'
Use of uninitialized value in hash element at lib/Catalyst/Plugin/Upload/Image/Magick/Thumbnail/Fixed.pm line 156.

#   Failed test 'width compare'
#   in t/03-upload-to-thumbnail-fixed.t at line 35.
#          got: undef
#     expected: '90'

#   Failed test 'height compare'
#   in t/03-upload-to-thumbnail-fixed.t at line 36.
#          got: undef
#     expected: '100'
Use of uninitialized value in hash element at lib/Catalyst/Plugin/Upload/Image/Magick/Thumbnail/Fixed.pm line 156.

#   Failed test 'width compare'
#   in t/03-upload-to-thumbnail-fixed.t at line 35.
#          got: undef
#     expected: '100'

#   Failed test 'height compare'
#   in t/03-upload-to-thumbnail-fixed.t at line 36.
#          got: undef
#     expected: '10'
Use of uninitialized value in hash element at lib/Catalyst/Plugin/Upload/Image/Magick/Thumbnail/Fixed.pm line 156.

#   Failed test 'width compare'
#   in t/03-upload-to-thumbnail-fixed.t at line 35.
#          got: undef
#     expected: '100'

#   Failed test 'height compare'
#   in t/03-upload-to-thumbnail-fixed.t at line 36.
#          got: undef
#     expected: '20'
Use of uninitialized value in hash element at lib/Catalyst/Plugin/Upload/Image/Magick/Thumbnail/Fixed.pm line 156.

#   Failed test 'width compare'
#   in t/03-upload-to-thumbnail-fixed.t at line 35.
#          got: undef
#     expected: '100'

#   Failed test 'height compare'
#   in t/03-upload-to-thumbnail-fixed.t at line 36.
#          got: undef
#     expected: '30'
Use of uninitialized value in hash element at lib/Catalyst/Plugin/Upload/Image/Magick/Thumbnail/Fixed.pm line 156.

#   Failed test 'width compare'
#   in t/03-upload-to-thumbnail-fixed.t at line 35.
#          got: undef
#     expected: '100'

#   Failed test 'height compare'
#   in t/03-upload-to-thumbnail-fixed.t at line 36.
#          got: undef
#     expected: '40'
Use of uninitialized value in hash element at lib/Catalyst/Plugin/Upload/Image/Magick/Thumbnail/Fixed.pm line 156.

#   Failed test 'width compare'
#   in t/03-upload-to-thumbnail-fixed.t at line 35.
#          got: undef
#     expected: '100'

#   Failed test 'height compare'
#   in t/03-upload-to-thumbnail-fixed.t at line 36.
#          got: undef
#     expected: '50'
Use of uninitialized value in hash element at lib/Catalyst/Plugin/Upload/Image/Magick/Thumbnail/Fixed.pm line 156.

#   Failed test 'width compare'
#   in t/03-upload-to-thumbnail-fixed.t at line 35.
#          got: undef
#     expected: '100'

#   Failed test 'height compare'
#   in t/03-upload-to-thumbnail-fixed.t at line 36.
#          got: undef
#     expected: '60'
Use of uninitialized value in hash element at lib/Catalyst/Plugin/Upload/Image/Magick/Thumbnail/Fixed.pm line 156.

#   Failed test 'width compare'
#   in t/03-upload-to-thumbnail-fixed.t at line 35.
#          got: undef
#     expected: '100'

#   Failed test 'height compare'
#   in t/03-upload-to-thumbnail-fixed.t at line 36.
#          got: undef
#     expected: '70'
Use of uninitialized value in hash element at lib/Catalyst/Plugin/Upload/Image/Magick/Thumbnail/Fixed.pm line 156.

#   Failed test 'width compare'
#   in t/03-upload-to-thumbnail-fixed.t at line 35.
#          got: undef
#     expected: '100'

#   Failed test 'height compare'
#   in t/03-upload-to-thumbnail-fixed.t at line 36.
#          got: undef
#     expected: '80'
Use of uninitialized value in hash element at lib/Catalyst/Plugin/Upload/Image/Magick/Thumbnail/Fixed.pm line 156.

#   Failed test 'width compare'
#   in t/03-upload-to-thumbnail-fixed.t at line 35.
#          got: undef
#     expected: '100'

#   Failed test 'height compare'
#   in t/03-upload-to-thumbnail-fixed.t at line 36.
#          got: undef
#     expected: '90'
Use of uninitialized value in hash element at lib/Catalyst/Plugin/Upload/Image/Magick/Thumbnail/Fixed.pm line 156.

#   Failed test 'width compare'
#   in t/03-upload-to-thumbnail-fixed.t at line 35.
#          got: undef
#     expected: '100'

#   Failed test 'height compare'
#   in t/03-upload-to-thumbnail-fixed.t at line 36.
#          got: undef
#     expected: '100'
Use of uninitialized value in hash element at lib/Catalyst/Plugin/Upload/Image/Magick/Thumbnail/Fixed.pm line 156.

#   Failed test 'width compare'
#   in t/03-upload-to-thumbnail-fixed.t at line 35.
#          got: undef
#     expected: '20'

#   Failed test 'height compare'
#   in t/03-upload-to-thumbnail-fixed.t at line 36.
#          got: undef
#     expected: '30'
Use of uninitialized value in hash element at lib/Catalyst/Plugin/Upload/Image/Magick/Thumbnail/Fixed.pm line 156.

#   Failed test 'width compare'
#   in t/03-upload-to-thumbnail-fixed.t at line 35.
#          got: undef
#     expected: '20'

#   Failed test 'height compare'
#   in t/03-upload-to-thumbnail-fixed.t at line 36.
#          got: undef
#     expected: '40'
Use of uninitialized value in hash element at lib/Catalyst/Plugin/Upload/Image/Magick/Thumbnail/Fixed.pm line 156.

#   Failed test 'width compare'
#   in t/03-upload-to-thumbnail-fixed.t at line 35.
#          got: undef
#     expected: '20'

#   Failed test 'height compare'
#   in t/03-upload-to-thumbnail-fixed.t at line 36.
#          got: undef
#     expected: '50'
Use of uninitialized value in hash element at lib/Catalyst/Plugin/Upload/Image/Magick/Thumbnail/Fixed.pm line 156.

#   Failed test 'width compare'
#   in t/03-upload-to-thumbnail-fixed.t at line 35.
#          got: undef
#     expected: '20'

#   Failed test 'height compare'
#   in t/03-upload-to-thumbnail-fixed.t at line 36.
#          got: undef
#     expected: '60'
Use of uninitialized value in hash element at lib/Catalyst/Plugin/Upload/Image/Magick/Thumbnail/Fixed.pm line 156.

#   Failed test 'width compare'
#   in t/03-upload-to-thumbnail-fixed.t at line 35.
#          got: undef
#     expected: '20'

#   Failed test 'height compare'
#   in t/03-upload-to-thumbnail-fixed.t at line 36.
#          got: undef
#     expected: '70'
Use of uninitialized value in hash element at lib/Catalyst/Plugin/Upload/Image/Magick/Thumbnail/Fixed.pm line 156.

#   Failed test 'width compare'
#   in t/03-upload-to-thumbnail-fixed.t at line 35.
#          got: undef
#     expected: '20'

#   Failed test 'height compare'
#   in t/03-upload-to-thumbnail-fixed.t at line 36.
#          got: undef
#     expected: '80'
Use of uninitialized value in hash element at lib/Catalyst/Plugin/Upload/Image/Magick/Thumbnail/Fixed.pm line 156.

#   Failed test 'width compare'
#   in t/03-upload-to-thumbnail-fixed.t at line 35.
#          got: undef
#     expected: '20'

#   Failed test 'height compare'
#   in t/03-upload-to-thumbnail-fixed.t at line 36.
#          got: undef
#     expected: '90'
Use of uninitialized value in hash element at lib/Catalyst/Plugin/Upload/Image/Magick/Thumbnail/Fixed.pm line 156.

#   Failed test 'width compare'
#   in t/03-upload-to-thumbnail-fixed.t at line 35.
#          got: undef
#     expected: '20'

#   Failed test 'height compare'
#   in t/03-upload-to-thumbnail-fixed.t at line 36.
#          got: undef
#     expected: '100'
Use of uninitialized value in hash element at lib/Catalyst/Plugin/Upload/Image/Magick/Thumbnail/Fixed.pm line 156.

#   Failed test 'width compare'
#   in t/03-upload-to-thumbnail-fixed.t at line 35.
#          got: undef
#     expected: '30'

#   Failed test 'height compare'
#   in t/03-upload-to-thumbnail-fixed.t at line 36.
#          got: undef
#     expected: '30'
Use of uninitialized value in hash element at lib/Catalyst/Plugin/Upload/Image/Magick/Thumbnail/Fixed.pm line 156.

#   Failed test 'width compare'
#   in t/03-upload-to-thumbnail-fixed.t at line 35.
#          got: undef
#     expected: '30'

#   Failed test 'height compare'
#   in t/03-upload-to-thumbnail-fixed.t at line 36.
#          got: undef
#     expected: '40'
Use of uninitialized value in hash element at lib/Catalyst/Plugin/Upload/Image/Magick/Thumbnail/Fixed.pm line 156.

#   Failed test 'width compare'
#   in t/03-upload-to-thumbnail-fixed.t at line 35.
#          got: undef
#     expected: '30'

#   Failed test 'height compare'
#   in t/03-upload-to-thumbnail-fixed.t at line 36.
#          got: undef
#     expected: '50'
Use of uninitialized value in hash element at lib/Catalyst/Plugin/Upload/Image/Magick/Thumbnail/Fixed.pm line 156.

#   Failed test 'width compare'
#   in t/03-upload-to-thumbnail-fixed.t at line 35.
#          got: undef
#     expected: '30'

#   Failed test 'height compare'
#   in t/03-upload-to-thumbnail-fixed.t at line 36.
#          got: undef
#     expected: '60'
Use of uninitialized value in hash element at lib/Catalyst/Plugin/Upload/Image/Magick/Thumbnail/Fixed.pm line 156.

#   Failed test 'width compare'
#   in t/03-upload-to-thumbnail-fixed.t at line 35.
#          got: undef
#     expected: '30'

#   Failed test 'height compare'
#   in t/03-upload-to-thumbnail-fixed.t at line 36.
#          got: undef
#     expected: '70'
Use of uninitialized value in hash element at lib/Catalyst/Plugin/Upload/Image/Magick/Thumbnail/Fixed.pm line 156.

#   Failed test 'width compare'
#   in t/03-upload-to-thumbnail-fixed.t at line 35.
#          got: undef
#     expected: '30'

#   Failed test 'height compare'
#   in t/03-upload-to-thumbnail-fixed.t at line 36.
#          got: undef
#     expected: '80'
Use of uninitialized value in hash element at lib/Catalyst/Plugin/Upload/Image/Magick/Thumbnail/Fixed.pm line 156.

#   Failed test 'width compare'
#   in t/03-upload-to-thumbnail-fixed.t at line 35.
#          got: undef
#     expected: '30'

#   Failed test 'height compare'
#   in t/03-upload-to-thumbnail-fixed.t at line 36.
#          got: undef
#     expected: '90'
Use of uninitialized value in hash element at lib/Catalyst/Plugin/Upload/Image/Magick/Thumbnail/Fixed.pm line 156.

#   Failed test 'width compare'
#   in t/03-upload-to-thumbnail-fixed.t at line 35.
#          got: undef
#     expected: '30'

#   Failed test 'height compare'
#   in t/03-upload-to-thumbnail-fixed.t at line 36.
#          got: undef
#     expected: '100'
Use of uninitialized value in hash element at lib/Catalyst/Plugin/Upload/Image/Magick/Thumbnail/Fixed.pm line 156.

#   Failed test 'width compare'
#   in t/03-upload-to-thumbnail-fixed.t at line 35.
#          got: undef
#     expected: '40'

#   Failed test 'height compare'
#   in t/03-upload-to-thumbnail-fixed.t at line 36.
#          got: undef
#     expected: '10'
Use of uninitialized value in hash element at lib/Catalyst/Plugin/Upload/Image/Magick/Thumbnail/Fixed.pm line 156.

#   Failed test 'width compare'
#   in t/03-upload-to-thumbnail-fixed.t at line 35.
#          got: undef
#     expected: '40'

#   Failed test 'height compare'
#   in t/03-upload-to-thumbnail-fixed.t at line 36.
#          got: undef
#     expected: '20'
Use of uninitialized value in hash element at lib/Catalyst/Plugin/Upload/Image/Magick/Thumbnail/Fixed.pm line 156.

#   Failed test 'width compare'
#   in t/03-upload-to-thumbnail-fixed.t at line 35.
#          got: undef
#     expected: '40'

#   Failed test 'height compare'
#   in t/03-upload-to-thumbnail-fixed.t at line 36.
#          got: undef
#     expected: '30'
Use of uninitialized value in hash element at lib/Catalyst/Plugin/Upload/Image/Magick/Thumbnail/Fixed.pm line 156.

#   Failed test 'width compare'
#   in t/03-upload-to-thumbnail-fixed.t at line 35.
#          got: undef
#     expected: '40'

#   Failed test 'height compare'
#   in t/03-upload-to-thumbnail-fixed.t at line 36.
#          got: undef
#     expected: '40'
Use of uninitialized value in hash element at lib/Catalyst/Plugin/Upload/Image/Magick/Thumbnail/Fixed.pm line 156.

#   Failed test 'width compare'
#   in t/03-upload-to-thumbnail-fixed.t at line 35.
#          got: undef
#     expected: '40'

#   Failed test 'height compare'
#   in t/03-upload-to-thumbnail-fixed.t at line 36.
#          got: undef
#     expected: '50'
Use of uninitialized value in hash element at lib/Catalyst/Plugin/Upload/Image/Magick/Thumbnail/Fixed.pm line 156.

#   Failed test 'width compare'
#   in t/03-upload-to-thumbnail-fixed.t at line 35.
#          got: undef
#     expected: '40'

#   Failed test 'height compare'
#   in t/03-upload-to-thumbnail-fixed.t at line 36.
#          got: undef
#     expected: '60'
Exception 420: no decode delegate for this image format `' @ error/constitute.c/ReadImage/501# Looks like you planned 2701 tests but only ran 1309.
# Looks like you failed 196 tests of 1309 run.
t/03-upload-to-thumbnail-fixed.t .. 
Dubious, test returned 196 (wstat 50176, 0xc400)
Failed 1588/2701 subtests 
t/boilerplate.t ................... ok
t/pod-coverage.t .................. ok
t/pod.t ........................... ok

Test Summary Report
-------------------
t/02-upload-to-thumbnail.t      (Wstat: 65280 Tests: 861 Failed: 0)
  Non-zero exit status: 255
  Parse errors: Bad plan.  You planned 1801 tests but ran 861.
t/03-upload-to-thumbnail-fixed.t (Wstat: 50176 Tests: 1309 Failed: 196)
  Failed tests:  975-976, 978-979, 981-982, 984-985, 987-988
                990-991, 993-994, 996-997, 999-1000, 1002-1003
                1005-1006, 1008-1009, 1011-1012, 1014-1015
                1017-1018, 1020-1021, 1023-1024, 1026-1027
                1029-1030, 1032-1033, 1035-1036, 1038-1039
                1041-1042, 1044-1045, 1047-1048, 1050-1051
                1053-1054, 1056-1057, 1059-1060, 1062-1063
                1065-1066, 1068-1069, 1071-1072, 1074-1075
                1077-1078, 1080-1081, 1083-1084, 1086-1087
                1089-1090, 1092-1093, 1095-1096, 1098-1099
                1101-1102, 1104-1105, 1107-1108, 1110-1111
                1113-1114, 1116-1117, 1119-1120, 1122-1123
                1125-1126, 1128-1129, 1131-1132, 1134-1135
                1137-1138, 1140-1141, 1143-1144, 1146-1147
                1149-1150, 1152-1153, 1155-1156, 1158-1159
                1161-1162, 1164-1165, 1167-1168, 1170-1171
                1173-1174, 1176-1177, 1179-1180, 1182-1183
                1185-1186, 1188-1189, 1191-1192, 1194-1195
                1197-1198, 1200-1201, 1239-1240, 1242-1243
                1245-1246, 1248-1249, 1251-1252, 1254-1255
                1257-1258, 1260-1261, 1269-1270, 1272-1273
                1275-1276, 1278-1279, 1281-1282, 1284-1285
                1287-1288, 1290-1291, 1293-1294, 1296-1297
                1299-1300, 1302-1303, 1305-1306, 1308-1309
  Non-zero exit status: 196
  Parse errors: Bad plan.  You planned 2701 tests but ran 1309.
Files=7, Tests=2198, 14 wallclock secs ( 0.56 usr  0.14 sys + 12.28 cusr  5.65 csys = 18.63 CPU)
Result: FAIL
Failed 2/7 test programs. 196/2198 subtests failed.
Makefile:786: recipe for target 'test_dynamic' failed
make: *** [test_dynamic] Error 255

------------------------------
PREREQUISITES
------------------------------

Prerequisite modules loaded:

requires:

    Module                          Need Have   
    ------------------------------- ---- -------
    Catalyst                        0    5.90114
    Catalyst::Exception             0    0      
    Catalyst::Request::Upload       0    0      
    Catalyst::Utils                 0    0      
    Class::Accessor::Fast           0    0.34   
    File::Temp                      0    0.2304 
    Image::Magick                   0    0      
    Image::Magick::Thumbnail::Fixed 0    0.04   

build_requires:

    Module                          Need Have   
    ------------------------------- ---- -------
    ExtUtils::MakeMaker             0    7.24   


------------------------------
ENVIRONMENT AND OTHER CONTEXT
------------------------------

Environment variables:

    LANG = en_US.UTF-8
    PATH = /usr/local/bin:/usr/bin:/bin:/usr/local/sbin:/usr/sbin:/sbin:/home/cpansand/bin/linux-gnu:/home/cpansand/bin/sh:/home/cpansand/bin:/usr/games:/home/cpansand/devel:/home/eserte/src/srezic-misc/scripts
    PERL5LIB = 
    PERL5OPT = 
    PERL5_CPANPLUS_IS_RUNNING = 26687
    PERL5_CPAN_IS_RUNNING = 26687
    PERL5_CPAN_IS_RUNNING_IN_RECURSION = 31760,26687
    PERLDOC = -MPod::Perldoc::ToTextOverstrike
    PERL_BATCH = yes
    PERL_CANARY_STABILITY_NOPROMPT = 1
    PERL_CPAN_REPORTER_CONFIG = /var/tmp/cpansmoker-1002/2017042418/cpanreporter_003_config.ini
    PERL_EXTUTILS_AUTOINSTALL = --defaultdeps
    SHELL = /bin/zsh
    TERM = screen
    TMPDIR = /var/tmp/cpansmoker-1002/2017042418

Perl special variables (and OS-specific diagnostics, for MSWin32):

    $^X = /opt/perl-5.24.0/bin/perl
    $UID/$EUID = 1002 / 1002
    $GID = 1002 1002
    $EGID = 1002 1002

Perl module toolchain versions installed:

    Module              Have    
    ------------------- --------
    CPAN                2.16    
    CPAN::Meta          2.150010
    Cwd                 3.62    
    ExtUtils::CBuilder  0.280224
    ExtUtils::Command   7.24    
    ExtUtils::Install   2.04    
    ExtUtils::MakeMaker 7.24    
    ExtUtils::Manifest  1.70    
    ExtUtils::ParseXS   3.30    
    File::Spec          3.62    
    JSON                2.90    
    JSON::PP            2.27400 
    Module::Build       0.4220  
    Module::Signature   0.81    
    Parse::CPAN::Meta   2.150010
    Test::Harness       3.38    
    Test::More          1.302083
    YAML                1.22    
    YAML::Syck          1.29    
    version             0.9917  


--

Summary of my perl5 (revision 5 version 24 subversion 0) configuration:
   
  Platform:
    osname=linux, osvers=4.4.0-59-generic, archname=x86_64-linux
    uname='linux prod3.bbbike.org 4.4.0-59-generic #80-ubuntu smp fri jan 6 17:47:47 utc 2017 x86_64 x86_64 x86_64 gnulinux '
    config_args='-ds -e -Dprefix=/opt/perl-5.24.0 -Dcf_email=srezic@cpan.org'
    hint=recommended, useposix=true, d_sigaction=define
    useithreads=undef, usemultiplicity=undef
    use64bitint=define, use64bitall=define, uselongdouble=undef
    usemymalloc=n, bincompat5005=undef
  Compiler:
    cc='cc', ccflags ='-fwrapv -fno-strict-aliasing -pipe -fstack-protector-strong -I/usr/local/include -D_LARGEFILE_SOURCE -D_FILE_OFFSET_BITS=64',
    optimize='-O2',
    cppflags='-fwrapv -fno-strict-aliasing -pipe -fstack-protector-strong -I/usr/local/include'
    ccversion='', gccversion='5.4.0 20160609', gccosandvers=''
    intsize=4, longsize=8, ptrsize=8, doublesize=8, byteorder=12345678, doublekind=3
    d_longlong=define, longlongsize=8, d_longdbl=define, longdblsize=16, longdblkind=3
    ivtype='long', ivsize=8, nvtype='double', nvsize=8, Off_t='off_t', lseeksize=8
    alignbytes=8, prototype=define
  Linker and Libraries:
    ld='cc', ldflags =' -fstack-protector-strong -L/usr/local/lib'
    libpth=/usr/local/lib /usr/lib/gcc/x86_64-linux-gnu/5/include-fixed /usr/include/x86_64-linux-gnu /usr/lib /lib/x86_64-linux-gnu /lib/../lib /usr/lib/x86_64-linux-gnu /usr/lib/../lib /lib
    libs=-lpthread -lnsl -lgdbm -ldb -ldl -lm -lcrypt -lutil -lc -lgdbm_compat
    perllibs=-lpthread -lnsl -ldl -lm -lcrypt -lutil -lc
    libc=libc-2.23.so, so=so, useshrplib=false, libperl=libperl.a
    gnulibc_version='2.23'
  Dynamic Linking:
    dlsrc=dl_dlopen.xs, dlext=so, d_dlsymun=undef, ccdlflags='-Wl,-E'
    cccdlflags='-fPIC', lddlflags='-shared -O2 -L/usr/local/lib -fstack-protector-strong'


Characteristics of this binary (from libperl): 
  Compile-time options: HAS_TIMES PERLIO_LAYERS PERL_COPY_ON_WRITE
                        PERL_DONT_CREATE_GVSV
                        PERL_HASH_FUNC_ONE_AT_A_TIME_HARD PERL_MALLOC_WRAP
                        PERL_PRESERVE_IVUV USE_64_BIT_ALL USE_64_BIT_INT
                        USE_LARGE_FILES USE_LOCALE USE_LOCALE_COLLATE
                        USE_LOCALE_CTYPE USE_LOCALE_NUMERIC USE_LOCALE_TIME
                        USE_PERLIO USE_PERL_ATOF
  Built under linux
  Compiled at Jan 15 2017 08:12:09
  %ENV:
    PERL5LIB=""
    PERL5OPT=""
    PERL5_CPANPLUS_IS_RUNNING="26687"
    PERL5_CPAN_IS_RUNNING="26687"
    PERL5_CPAN_IS_RUNNING_IN_RECURSION="31760,26687"
    PERLDOC="-MPod::Perldoc::ToTextOverstrike"
    PERL_BATCH="yes"
    PERL_CANARY_STABILITY_NOPROMPT="1"
    PERL_CPAN_REPORTER_CONFIG="/var/tmp/cpansmoker-1002/2017042418/cpanreporter_003_config.ini"
    PERL_EXTUTILS_AUTOINSTALL="--defaultdeps"
  @INC:
    /opt/perl-5.24.0/lib/site_perl/5.24.0/x86_64-linux
    /opt/perl-5.24.0/lib/site_perl/5.24.0
    /opt/perl-5.24.0/lib/5.24.0/x86_64-linux
    /opt/perl-5.24.0/lib/5.24.0
    .