Report for Test-AnyEvent-Time-0.01

Back
From: metabase:user:315f03b2-2aae-11df-837a-5e0a49663a4f
Subject: FAIL Test-AnyEvent-Time-0.01 v5.10.1 SunOS/Solaris
Date: 2013-06-26T08:35:29Z

This distribution has been tested as part of the CPAN Testers
project, supporting the Perl programming language.  See
http://wiki.cpantesters.org/ for more information or email
questions to cpan-testers-discuss@perl.org


--
Dear Toshio Ito,

This is a computer-generated report for Test-AnyEvent-Time-0.01
on perl 5.10.1, created by CPAN-Reporter-1.2010.

Thank you for uploading your work to CPAN.  However, there was a problem
testing your distribution.

If you think this report is invalid, please consult the CPAN Testers Wiki
for suggestions on how to avoid getting FAIL reports for missing library
or binary dependencies, unsupported operating systems, and so on:

http://wiki.cpantesters.org/wiki/CPANAuthorNotes

Sections of this report:

    * Tester comments
    * Program output
    * Prerequisites
    * Environment and other context

------------------------------
TESTER COMMENTS
------------------------------

Additional comments from tester:

this report is from an automated smoke testing program
and was not reviewed by a human for accuracy

------------------------------
PROGRAM OUTPUT
------------------------------

Output from '/usr/local/bin/make test':

PERL_DL_NONLAZY=1 /export/home/smoke/perl5/perlbrew/perls/perl-5.10.1/bin/perl5.10.1 "-MExtUtils::Command::MM" "-e" "test_harness(0, 'blib/lib', 'blib/arch')" t/*.t
# Testing Test::AnyEvent::Time 0.01, Perl 5.010001, /export/home/smoke/perl5/perlbrew/perls/perl-5.10.1/bin/perl5.10.1
t/00-load.t .......... ok
t/10-elapsed_time.t .. ok

#   Failed test ' - >, no timeout'
#   at t/20-Time.t line 62.
# STDERR is:
# #   Failed test '>, no timeout'
# #   at t/20-Time.t line 59.
# #     '0.201085805892944'
# #         >
# #     '0.4'
# 
# not:
# /#\s+Failed\ test.*?\n?.*?at\ t\/20\-Time\.t line 59.*\n?/
# (?-xism:# +'[^']+' *\n)
# (?-xism:# +> *\n)
# (?-xism:# +'0.4' *\n?)
# 
# as expected

#   Failed test ' - <=, no timeout'
#   at t/20-Time.t line 62.
# STDERR is:
# #   Failed test '<=, no timeout'
# #   at t/20-Time.t line 59.
# #     '1.00113415718079'
# #         <=
# #     '0.4'
# 
# not:
# /#\s+Failed\ test.*?\n?.*?at\ t\/20\-Time\.t line 59.*\n?/
# (?-xism:# +'[^']+' *\n)
# (?-xism:# +<= *\n)
# (?-xism:# +'0.4' *\n?)
# 
# as expected

#   Failed test ' - >=, timeout(2)'
#   at t/20-Time.t line 62.
# STDERR is:
# #   Failed test '>=, timeout(2)'
# #   at t/20-Time.t line 56.
# #     '0.301095962524414'
# #         >=
# #     '1'
# 
# not:
# /#\s+Failed\ test.*?\n?.*?at\ t\/20\-Time\.t line 56.*\n?/
# (?-xism:# +'[^']+' *\n)
# (?-xism:# +>= *\n)
# (?-xism:# +'1' *\n?)
# 
# as expected

#   Failed test ' - <, timeout(1)'
#   at t/20-Time.t line 62.
# STDERR is:
# #   Failed test '<, timeout(1)'
# #   at t/20-Time.t line 56.
# #     '0.701125860214233'
# #         <
# #     '0.5'
# 
# not:
# /#\s+Failed\ test.*?\n?.*?at\ t\/20\-Time\.t line 56.*\n?/
# (?-xism:# +'[^']+' *\n)
# (?-xism:# +< *\n)
# (?-xism:# +'0.5' *\n?)
# 
# as expected

#   Failed test ' - >, timeout(undef)'
#   at t/20-Time.t line 62.
# STDERR is:
# #   Failed test '>, timeout(undef)'
# #   at t/20-Time.t line 56.
# #     '0.401056051254272'
# #         >
# #     '0.6'
# 
# not:
# /#\s+Failed\ test.*?\n?.*?at\ t\/20\-Time\.t line 56.*\n?/
# (?-xism:# +'[^']+' *\n)
# (?-xism:# +> *\n)
# (?-xism:# +'0.6' *\n?)
# 
# as expected

#   Failed test ' - <, timeout(undef)'
#   at t/20-Time.t line 62.
# STDERR is:
# #   Failed test '<, timeout(undef)'
# #   at t/20-Time.t line 56.
# #     '0.301125049591064'
# #         <
# #     '0.1'
# 
# not:
# /#\s+Failed\ test.*?\n?.*?at\ t\/20\-Time\.t line 56.*\n?/
# (?-xism:# +'[^']+' *\n)
# (?-xism:# +< *\n)
# (?-xism:# +'0.1' *\n?)
# 
# as expected

#   Failed test ''
#   at t/20-Time.t line 62.
# STDERR is:
# #   Failed test at t/20-Time.t line 59.
# #     '0.201098918914795'
# #         <
# #     '0.1'
# 
# not:
# /#\s+Failed\ test.*?\n?.*?at\ t\/20\-Time\.t line 59.*\n?/
# (?-xism:# +'[^']+' *\n)
# (?-xism:# +< *\n)
# (?-xism:# +'0.1' *\n?)
# 
# as expected

#   Failed test ''
#   at t/20-Time.t line 62.
# STDERR is:
# #   Failed test at t/20-Time.t line 59.
# #     '0.301053047180176'
# #         >
# #     '1'
# 
# not:
# /#\s+Failed\ test.*?\n?.*?at\ t\/20\-Time\.t line 59.*\n?/
# (?-xism:# +'[^']+' *\n)
# (?-xism:# +> *\n)
# (?-xism:# +'1' *\n?)
# 
# as expected

#   Failed test ' - >='
#   at t/20-Time.t line 62.
# STDERR is:
# #   Failed test '>='
# #   at t/20-Time.t line 56.
# # Timeout (0.3 sec)
# 
# not:
# /#\s+Failed\ test.*?\n?.*?at\ t\/20\-Time\.t line 56.*\n?/
# (?-xism:# +Timeout \(0.3 sec\) *\n)
# 
# as expected

#   Failed test ' - >'
#   at t/20-Time.t line 62.
# STDERR is:
# #   Failed test '>'
# #   at t/20-Time.t line 56.
# # Timeout (0.2 sec)
# 
# not:
# /#\s+Failed\ test.*?\n?.*?at\ t\/20\-Time\.t line 56.*\n?/
# (?-xism:# +Timeout \(0.2 sec\) *\n)
# 
# as expected

#   Failed test ' - <'
#   at t/20-Time.t line 62.
# STDERR is:
# #   Failed test '<'
# #   at t/20-Time.t line 56.
# # Timeout (0.1 sec)
# 
# not:
# /#\s+Failed\ test.*?\n?.*?at\ t\/20\-Time\.t line 56.*\n?/
# (?-xism:# +Timeout \(0.1 sec\) *\n)
# 
# as expected

#   Failed test ' - <='
#   at t/20-Time.t line 62.
# STDERR is:
# #   Failed test '<='
# #   at t/20-Time.t line 56.
# # Timeout (0.3 sec)
# 
# not:
# /#\s+Failed\ test.*?\n?.*?at\ t\/20\-Time\.t line 56.*\n?/
# (?-xism:# +Timeout \(0.3 sec\) *\n)
# 
# as expected

#   Failed test ''
#   at t/20-Time.t line 62.
# STDERR is:
# #   Failed test at t/20-Time.t line 59.
# # Invalid arguments.
# 
# not:
# /#\s+Failed\ test.*?\n?.*?at\ t\/20\-Time\.t line 59.*\n?/
# (?-xism:# +Invalid arguments\. *\n)
# 
# as expected

#   Failed test ''
#   at t/20-Time.t line 62.
# STDERR is:
# #   Failed test at t/20-Time.t line 59.
# # Invalid arguments.
# 
# not:
# /#\s+Failed\ test.*?\n?.*?at\ t\/20\-Time\.t line 59.*\n?/
# (?-xism:# +Invalid arguments\. *\n)
# 
# as expected

#   Failed test ''
#   at t/20-Time.t line 62.
# STDERR is:
# #   Failed test at t/20-Time.t line 59.
# # Invalid arguments.
# 
# not:
# /#\s+Failed\ test.*?\n?.*?at\ t\/20\-Time\.t line 59.*\n?/
# (?-xism:# +Invalid arguments\. *\n)
# 
# as expected

#   Failed test ''
#   at t/20-Time.t line 62.
# STDERR is:
# #   Failed test at t/20-Time.t line 59.
# # Invalid arguments.
# 
# not:
# /#\s+Failed\ test.*?\n?.*?at\ t\/20\-Time\.t line 59.*\n?/
# (?-xism:# +Invalid arguments\. *\n)
# 
# as expected

#   Failed test ''
#   at t/20-Time.t line 62.
# STDERR is:
# #   Failed test at t/20-Time.t line 59.
# # Invalid arguments.
# 
# not:
# /#\s+Failed\ test.*?\n?.*?at\ t\/20\-Time\.t line 59.*\n?/
# (?-xism:# +Invalid arguments\. *\n)
# 
# as expected

#   Failed test ''
#   at t/20-Time.t line 62.
# STDERR is:
# #   Failed test at t/20-Time.t line 56.
# # Invalid arguments.
# 
# not:
# /#\s+Failed\ test.*?\n?.*?at\ t\/20\-Time\.t line 56.*\n?/
# (?-xism:# +Invalid arguments\. *\n)
# 
# as expected

#   Failed test 'time_between_ok: not ok: too long'
#   at t/20-Time.t line 168.
# STDERR is:
# #   Failed test 'too long'
# #   at t/20-Time.t line 166.
# # Timeout (0.6 sec)
# 
# not:
# /#\s+Failed\ test.*?\n?.*?at\ t\/20\-Time\.t line 166.*\n?/
# (?-xism:# +Timeout \(0.6 sec\) *\n)
# 
# as expected

#   Failed test 'time_between_ok: not ok: too short'
#   at t/20-Time.t line 175.
# STDERR is:
# #   Failed test 'too short'
# #   at t/20-Time.t line 173.
# #     '0.00610589981079102'
# #         >
# #     '0.4'
# 
# not:
# /#\s+Failed\ test.*?\n?.*?at\ t\/20\-Time\.t line 173.*\n?/
# (?-xism:# +'[^']+' *\n)
# (?-xism:# +> *\n)
# (?-xism:# +'0.4' *\n?)
# 
# as expected

#   Failed test 'time_between_ok: not ok: invalid'
#   at t/20-Time.t line 182.
# STDERR is:
# #   Failed test at t/20-Time.t line 180.
# # Invalid arguments.
# 
# not:
# /#\s+Failed\ test.*?\n?.*?at\ t\/20\-Time\.t line 180.*\n?/
# (?-xism:# +Invalid arguments\. *\n)
# 
# as expected

#   Failed test 'time_between_ok: not ok: invalid'
#   at t/20-Time.t line 189.
# STDERR is:
# #   Failed test at t/20-Time.t line 187.
# # Invalid arguments.
# 
# not:
# /#\s+Failed\ test.*?\n?.*?at\ t\/20\-Time\.t line 187.*\n?/
# (?-xism:# +Invalid arguments\. *\n)
# 
# as expected

#   Failed test 'time_within_ok: not ok, with desc'
#   at t/20-Time.t line 206.
# STDERR is:
# #   Failed test 'too long'
# #   at t/20-Time.t line 204.
# # Timeout (0.2 sec)
# 
# not:
# /#\s+Failed\ test.*?\n?.*?at\ t\/20\-Time\.t line 204.*\n?/
# (?-xism:# +Timeout \(0.2 sec\) *\n)
# 
# as expected

#   Failed test 'time_within_ok: not ok, without desc, multi timer'
#   at t/20-Time.t line 213.
# STDERR is:
# #   Failed test at t/20-Time.t line 211.
# # Timeout (0.5 sec)
# 
# not:
# /#\s+Failed\ test.*?\n?.*?at\ t\/20\-Time\.t line 211.*\n?/
# (?-xism:# +Timeout \(0.5 sec\) *\n)
# 
# as expected

#   Failed test 'time_within_ok: not ok, without desc'
#   at t/20-Time.t line 220.
# STDERR is:
# #   Failed test at t/20-Time.t line 218.
# # Timeout (0.5 sec)
# 
# not:
# /#\s+Failed\ test.*?\n?.*?at\ t\/20\-Time\.t line 218.*\n?/
# (?-xism:# +Timeout \(0.5 sec\) *\n)
# 
# as expected

#   Failed test 'time_within_ok: not ok, invalid'
#   at t/20-Time.t line 227.
# STDERR is:
# #   Failed test at t/20-Time.t line 225.
# # Invalid arguments.
# 
# not:
# /#\s+Failed\ test.*?\n?.*?at\ t\/20\-Time\.t line 225.*\n?/
# (?-xism:# +Invalid arguments\. *\n)
# 
# as expected

#   Failed test 'time_within_ok: not ok, invalid with desc'
#   at t/20-Time.t line 234.
# STDERR is:
# #   Failed test 'hoge'
# #   at t/20-Time.t line 232.
# # Invalid arguments.
# 
# not:
# /#\s+Failed\ test.*?\n?.*?at\ t\/20\-Time\.t line 232.*\n?/
# (?-xism:# +Invalid arguments\. *\n)
# 
# as expected
t/20-Time.t .......... 
Failed 27/81 subtests 
t/manifest.t ......... skipped: Author tests not required for installation
t/pod.t .............. ok

Test Summary Report
-------------------
t/20-Time.t        (Wstat: 0 Tests: 81 Failed: 27)
  Failed tests:  20, 22, 24, 26, 28, 30, 32, 34, 36, 38
                40, 42, 44, 46, 48, 50, 52, 54, 60, 62
                64, 66, 72, 74, 76, 78, 80
Files=5, Tests=110, 25 wallclock secs ( 0.16 usr  0.03 sys +  1.02 cusr  0.12 csys =  1.33 CPU)
Result: FAIL
Failed 1/5 test programs. 27/110 subtests failed.
make: *** [test_dynamic] Error 255

------------------------------
PREREQUISITES
------------------------------

Prerequisite modules loaded:

requires:

    Module              Need Have   
    ------------------- ---- -------
    AnyEvent            7.01 7.04   
    Scalar::Util        0    1.27   
    Test::Builder       0    0.98_05

build_requires:

    Module              Need Have   
    ------------------- ---- -------
    Test::More          0    0.98_05

configure_requires:

    Module              Need Have   
    ------------------- ---- -------
    ExtUtils::MakeMaker 0    6.69_01


------------------------------
ENVIRONMENT AND OTHER CONTEXT
------------------------------

Environment variables:

    AUTOMATED_TESTING = 1
    LANG = en_US.UTF-8
    LC_CTYPE = en_US.UTF-8
    PATH = /export/home/smoke/perl5/perlbrew/bin:/export/home/smoke/perl5/perlbrew/perls/perl-5.10.1/bin:/usr/local/bin:/usr/local/sbin:/usr/sbin:/sbin:/usr/bin:/bin:/export/home/smoke/bin:/usr/bin
    PATH_WITHOUT_PERLBREW = /usr/local/bin:/usr/local/sbin:/usr/sbin:/sbin:/usr/bin:/bin:/export/home/smoke/bin:/usr/bin
    PERL5LIB = 
    PERL5OPT = 
    PERL5_CPANPLUS_IS_RUNNING = 15772
    PERL5_CPAN_IS_RUNNING = 15772
    PERL5_CPAN_IS_RUNNING_IN_RECURSION = 13694,15772
    PERLBREW_MANPATH = /export/home/smoke/perl5/perlbrew/perls/perl-5.10.1/man
    PERLBREW_PATH = /export/home/smoke/perl5/perlbrew/bin:/export/home/smoke/perl5/perlbrew/perls/perl-5.10.1/bin
    PERLBREW_PERL = perl-5.10.1
    PERLBREW_ROOT = /export/home/smoke/perl5/perlbrew
    PERLBREW_VERSION = 0.59
    PERL_CR_SMOKER_CURRENT = Test-AnyEvent-Time-0.01
    PERL_EXTUTILS_AUTOINSTALL = --defaultdeps
    PERL_MM_USE_DEFAULT = 1
    SHELL = /usr/bin/bash
    TERM = xterm

Perl special variables (and OS-specific diagnostics, for MSWin32):

    $^X = /export/home/smoke/perl5/perlbrew/perls/perl-5.10.1/bin/perl5.10.1
    $UID/$EUID = 101 / 101
    $GID = 1 1
    $EGID = 1 1

Perl module toolchain versions installed:

    Module              Have    
    ------------------- --------
    CPAN                2.02    
    CPAN::Meta          2.112621
    Cwd                 3.40    
    ExtUtils::CBuilder  0.280205
    ExtUtils::Command   1.16    
    ExtUtils::Install   1.54    
    ExtUtils::MakeMaker 6.69_01 
    ExtUtils::Manifest  1.61    
    ExtUtils::ParseXS   3.18_04 
    File::Spec          3.40    
    JSON                2.59    
    JSON::PP            2.27200 
    Module::Build       0.4005  
    Module::Signature   n/a     
    Parse::CPAN::Meta   1.4404  
    Test::Harness       3.28    
    Test::More          0.98_05 
    YAML                0.84    
    YAML::Syck          1.27    
    version             0.9902  


--

Summary of my perl5 (revision 5 version 10 subversion 1) configuration:
   
  Platform:
    osname=solaris, osvers=2.10, archname=sun4-solaris-thread-multi-64int
    uname='sunos sparcy 5.10 generic_142909-17 sun4u sparc sunw,a70 '
    config_args='-de -Dprefix=/export/home/smoke/perl5/perlbrew/perls/perl-5.10.1 -Duse64bitint -Duse4bitall -Dusethreads -Dcc=gcc -Dusedevel'
    hint=recommended, useposix=true, d_sigaction=define
    useithreads=define, usemultiplicity=define
    useperlio=define, d_sfio=undef, uselargefiles=define, usesocks=undef
    use64bitint=define, use64bitall=undef, uselongdouble=undef
    usemymalloc=n, bincompat5005=undef
  Compiler:
    cc='gcc', ccflags ='-D_REENTRANT -fno-strict-aliasing -pipe -I/usr/local/include -D_LARGEFILE_SOURCE -D_FILE_OFFSET_BITS=64 -DPERL_USE_SAFE_PUTENV',
    optimize='-O',
    cppflags='-D_REENTRANT -fno-strict-aliasing -pipe -I/usr/local/include'
    ccversion='', gccversion='3.4.6', gccosandvers='solaris2.10'
    intsize=4, longsize=4, ptrsize=4, doublesize=8, byteorder=87654321
    d_longlong=define, longlongsize=8, d_longdbl=define, longdblsize=16
    ivtype='long long', ivsize=8, nvtype='double', nvsize=8, Off_t='off_t', lseeksize=8
    alignbytes=8, prototype=define
  Linker and Libraries:
    ld='gcc', ldflags =' -L/usr/local/lib '
    libpth=/usr/local/lib /usr/lib /usr/ccs/lib
    libs=-lsocket -lnsl -lgdbm -ldl -lm -lpthread -lc
    perllibs=-lsocket -lnsl -ldl -lm -lpthread -lc
    libc=/lib/libc.so, so=so, useshrplib=false, libperl=libperl.a
    gnulibc_version=''
  Dynamic Linking:
    dlsrc=dl_dlopen.xs, dlext=so, d_dlsymun=undef, ccdlflags=' '
    cccdlflags='-fPIC', lddlflags='-G -L/usr/local/lib'


Characteristics of this binary (from libperl): 
  Compile-time options: MULTIPLICITY PERL_DONT_CREATE_GVSV
                        PERL_IMPLICIT_CONTEXT PERL_MALLOC_WRAP PERL_USE_DEVEL
                        PERL_USE_SAFE_PUTENV USE_64_BIT_INT USE_ITHREADS
                        USE_LARGE_FILES USE_PERLIO USE_REENTRANT_API
  Built under solaris
  Compiled at Dec  4 2012 15:26:14
  %ENV:
    PERL5LIB=""
    PERL5OPT=""
    PERL5_CPANPLUS_IS_RUNNING="15772"
    PERL5_CPAN_IS_RUNNING="15772"
    PERL5_CPAN_IS_RUNNING_IN_RECURSION="13694,15772"
    PERLBREW_MANPATH="/export/home/smoke/perl5/perlbrew/perls/perl-5.10.1/man"
    PERLBREW_PATH="/export/home/smoke/perl5/perlbrew/bin:/export/home/smoke/perl5/perlbrew/perls/perl-5.10.1/bin"
    PERLBREW_PERL="perl-5.10.1"
    PERLBREW_ROOT="/export/home/smoke/perl5/perlbrew"
    PERLBREW_VERSION="0.59"
    PERL_CR_SMOKER_CURRENT="Test-AnyEvent-Time-0.01"
    PERL_EXTUTILS_AUTOINSTALL="--defaultdeps"
    PERL_MM_USE_DEFAULT="1"
  @INC:
    /export/home/smoke/perl5/perlbrew/perls/perl-5.10.1/lib/5.10.1/sun4-solaris-thread-multi-64int
    /export/home/smoke/perl5/perlbrew/perls/perl-5.10.1/lib/5.10.1
    /export/home/smoke/perl5/perlbrew/perls/perl-5.10.1/lib/site_perl/5.10.1/sun4-solaris-thread-multi-64int
    /export/home/smoke/perl5/perlbrew/perls/perl-5.10.1/lib/site_perl/5.10.1
    .