Time-C v0.024 Perl 5 v5.30.0 amd64-freebsd
- Status
- Fail
- From
- Slaven Rezić (SREZIC)
- Dist
-
Time-C v0.024
- Platform
- Perl 5 v5.30.0 amd64-freebsd
- Date
- 2020-01-01 20:00:28
- ID
- 5b73e2be-2cd1-11ea-b7ba-68371f24ea8f
This distribution has been tested as part of the CPAN Testers
project, supporting the Perl programming language. See
http://wiki.cpantesters.org/ for more information or email
questions to cpan-testers-discuss@perl.org
--
Dear Pink Mist,
This is a computer-generated report for Time-C-0.024
on perl 5.30.0, created by CPAN-Reporter-1.2018.
Thank you for uploading your work to CPAN. However, there was a problem
testing your distribution.
If you think this report is invalid, please consult the CPAN Testers Wiki
for suggestions on how to avoid getting FAIL reports for missing library
or binary dependencies, unsupported operating systems, and so on:
http://wiki.cpantesters.org/wiki/CPANAuthorNotes
Sections of this report:
* Tester comments
* Program output
* Prerequisites
* Environment and other context
------------------------------
TESTER COMMENTS
------------------------------
Additional comments from tester:
none provided
------------------------------
PROGRAM OUTPUT
------------------------------
Output from '/usr/bin/make test':
Skip blib/lib/auto/share/dist/Time-C/locale.db (unchanged)
PERL_DL_NONLAZY=1 "/usr/perl5.30.0p/bin/perl" "-MExtUtils::Command::MM" "-MTest::Harness" "-e" "undef *Test::Harness::Switches; test_harness(0, 'blib/lib', 'blib/arch')" t/*.t
#
# Versions for all modules listed in MYMETA.json (including optional ones):
#
# === Configure Requires ===
#
# Module Want Have
# ----------------------- ---- ----
# ExtUtils::MakeMaker any 7.42
# File::ShareDir::Install 0.06 0.13
#
# === Build Requires ===
#
# Module Want Have
# ------------------- ---- ----
# ExtUtils::MakeMaker any 7.42
#
# === Test Requires ===
#
# Module Want Have
# ------------------- ---- --------
# ExtUtils::MakeMaker any 7.42
# File::Spec any 3.78
# Test::More any 1.302164
#
# === Test Recommends ===
#
# Module Want Have
# ---------- -------- --------
# CPAN::Meta 2.120900 2.150010
#
# === Runtime Requires ===
#
# Module Want Have
# -------------------- ------ --------
# Data::Munge any 0.097
# File::Share any 0.25
# Function::Parameters 1.0705 2.001003
# JSON::MaybeXS any 1.004000
# List::Util 1.45 1.51
# Test::More any 1.302164
# Time::Moment 0.38 0.44
# Time::Zone::Olson 0.12 0.26
# overload any 1.30
#
t/00-report-prereqs.t .. ok
Reference found where even-sized list expected at /usr/perl5.30.0p/lib/site_perl/5.30.0/Time/Zone/Olson.pm line 577.
Reference found where even-sized list expected at /usr/perl5.30.0p/lib/site_perl/5.30.0/Time/Zone/Olson.pm line 577.
Reference found where even-sized list expected at /usr/perl5.30.0p/lib/site_perl/5.30.0/Time/Zone/Olson.pm line 577.
Reference found where even-sized list expected at /usr/perl5.30.0p/lib/site_perl/5.30.0/Time/Zone/Olson.pm line 577.
Reference found where even-sized list expected at /usr/perl5.30.0p/lib/site_perl/5.30.0/Time/Zone/Olson.pm line 577.
Reference found where even-sized list expected at /usr/perl5.30.0p/lib/site_perl/5.30.0/Time/Zone/Olson.pm line 577.
Reference found where even-sized list expected at /usr/perl5.30.0p/lib/site_perl/5.30.0/Time/Zone/Olson.pm line 577.
Reference found where even-sized list expected at /usr/perl5.30.0p/lib/site_perl/5.30.0/Time/Zone/Olson.pm line 577.
Reference found where even-sized list expected at /usr/perl5.30.0p/lib/site_perl/5.30.0/Time/Zone/Olson.pm line 577.
Reference found where even-sized list expected at /usr/perl5.30.0p/lib/site_perl/5.30.0/Time/Zone/Olson.pm line 577.
Reference found where even-sized list expected at /usr/perl5.30.0p/lib/site_perl/5.30.0/Time/Zone/Olson.pm line 577.
Reference found where even-sized list expected at /usr/perl5.30.0p/lib/site_perl/5.30.0/Time/Zone/Olson.pm line 577.
Reference found where even-sized list expected at /usr/perl5.30.0p/lib/site_perl/5.30.0/Time/Zone/Olson.pm line 577.
Reference found where even-sized list expected at /usr/perl5.30.0p/lib/site_perl/5.30.0/Time/Zone/Olson.pm line 577.
Reference found where even-sized list expected at /usr/perl5.30.0p/lib/site_perl/5.30.0/Time/Zone/Olson.pm line 577.
Reference found where even-sized list expected at /usr/perl5.30.0p/lib/site_perl/5.30.0/Time/Zone/Olson.pm line 577.
Reference found where even-sized list expected at /usr/perl5.30.0p/lib/site_perl/5.30.0/Time/Zone/Olson.pm line 577.
Reference found where even-sized list expected at /usr/perl5.30.0p/lib/site_perl/5.30.0/Time/Zone/Olson.pm line 577.
Reference found where even-sized list expected at /usr/perl5.30.0p/lib/site_perl/5.30.0/Time/Zone/Olson.pm line 577.
Reference found where even-sized list expected at /usr/perl5.30.0p/lib/site_perl/5.30.0/Time/Zone/Olson.pm line 577.
Reference found where even-sized list expected at /usr/perl5.30.0p/lib/site_perl/5.30.0/Time/Zone/Olson.pm line 577.
Reference found where even-sized list expected at /usr/perl5.30.0p/lib/site_perl/5.30.0/Time/Zone/Olson.pm line 577.
Reference found where even-sized list expected at /usr/perl5.30.0p/lib/site_perl/5.30.0/Time/Zone/Olson.pm line 577.
Reference found where even-sized list expected at /usr/perl5.30.0p/lib/site_perl/5.30.0/Time/Zone/Olson.pm line 577.
Reference found where even-sized list expected at /usr/perl5.30.0p/lib/site_perl/5.30.0/Time/Zone/Olson.pm line 577.
Reference found where even-sized list expected at /usr/perl5.30.0p/lib/site_perl/5.30.0/Time/Zone/Olson.pm line 577.
Reference found where even-sized list expected at /usr/perl5.30.0p/lib/site_perl/5.30.0/Time/Zone/Olson.pm line 577.
Reference found where even-sized list expected at /usr/perl5.30.0p/lib/site_perl/5.30.0/Time/Zone/Olson.pm line 577.
Reference found where even-sized list expected at /usr/perl5.30.0p/lib/site_perl/5.30.0/Time/Zone/Olson.pm line 577.
Reference found where even-sized list expected at /usr/perl5.30.0p/lib/site_perl/5.30.0/Time/Zone/Olson.pm line 577.
Reference found where even-sized list expected at /usr/perl5.30.0p/lib/site_perl/5.30.0/Time/Zone/Olson.pm line 577.
Reference found where even-sized list expected at /usr/perl5.30.0p/lib/site_perl/5.30.0/Time/Zone/Olson.pm line 577.
Reference found where even-sized list expected at /usr/perl5.30.0p/lib/site_perl/5.30.0/Time/Zone/Olson.pm line 577.
Reference found where even-sized list expected at /usr/perl5.30.0p/lib/site_perl/5.30.0/Time/Zone/Olson.pm line 577.
Reference found where even-sized list expected at /usr/perl5.30.0p/lib/site_perl/5.30.0/Time/Zone/Olson.pm line 577.
Reference found where even-sized list expected at /usr/perl5.30.0p/lib/site_perl/5.30.0/Time/Zone/Olson.pm line 577.
Reference found where even-sized list expected at /usr/perl5.30.0p/lib/site_perl/5.30.0/Time/Zone/Olson.pm line 577.
Reference found where even-sized list expected at /usr/perl5.30.0p/lib/site_perl/5.30.0/Time/Zone/Olson.pm line 577.
t/01-synopsis.t ........ ok
Reference found where even-sized list expected at /usr/perl5.30.0p/lib/site_perl/5.30.0/Time/Zone/Olson.pm line 577.
Reference found where even-sized list expected at /usr/perl5.30.0p/lib/site_perl/5.30.0/Time/Zone/Olson.pm line 577.
Reference found where even-sized list expected at /usr/perl5.30.0p/lib/site_perl/5.30.0/Time/Zone/Olson.pm line 577.
Reference found where even-sized list expected at /usr/perl5.30.0p/lib/site_perl/5.30.0/Time/Zone/Olson.pm line 577.
Reference found where even-sized list expected at /usr/perl5.30.0p/lib/site_perl/5.30.0/Time/Zone/Olson.pm line 577.
Reference found where even-sized list expected at /usr/perl5.30.0p/lib/site_perl/5.30.0/Time/Zone/Olson.pm line 577.
Reference found where even-sized list expected at /usr/perl5.30.0p/lib/site_perl/5.30.0/Time/Zone/Olson.pm line 577.
Reference found where even-sized list expected at /usr/perl5.30.0p/lib/site_perl/5.30.0/Time/Zone/Olson.pm line 577.
Reference found where even-sized list expected at /usr/perl5.30.0p/lib/site_perl/5.30.0/Time/Zone/Olson.pm line 577.
# Failed test 'setting offset correct'
# at t/02-unit.t line 136.
# got: '1981-02-05T00:00:00Z'
# expected: '1981-02-05T02:00:00+02:00'
Reference found where even-sized list expected at /usr/perl5.30.0p/lib/site_perl/5.30.0/Time/Zone/Olson.pm line 577.
Reference found where even-sized list expected at /usr/perl5.30.0p/lib/site_perl/5.30.0/Time/Zone/Olson.pm line 577.
Reference found where even-sized list expected at /usr/perl5.30.0p/lib/site_perl/5.30.0/Time/Zone/Olson.pm line 577.
Reference found where even-sized list expected at /usr/perl5.30.0p/lib/site_perl/5.30.0/Time/Zone/Olson.pm line 577.
Reference found where even-sized list expected at /usr/perl5.30.0p/lib/site_perl/5.30.0/Time/Zone/Olson.pm line 577.
Reference found where even-sized list expected at /usr/perl5.30.0p/lib/site_perl/5.30.0/Time/Zone/Olson.pm line 577.
# Failed test 'passing arguments to ->strftime correct'
# at t/02-unit.t line 138.
# got: '1981-02-05 00:00:00'
# expected: '1981-02-05 02:00:00'
Reference found where even-sized list expected at /usr/perl5.30.0p/lib/site_perl/5.30.0/Time/Zone/Olson.pm line 577.
# Failed test 'passing no arguments to ->strftime correct'
# at t/02-unit.t line 140.
# got: '1981-02-05T00:00:00Z'
# expected: '1981-02-05T02:00:00+02:00'
Reference found where even-sized list expected at /usr/perl5.30.0p/lib/site_perl/5.30.0/Time/Zone/Olson.pm line 577.
Reference found where even-sized list expected at /usr/perl5.30.0p/lib/site_perl/5.30.0/Time/Zone/Olson.pm line 577.
Reference found where even-sized list expected at /usr/perl5.30.0p/lib/site_perl/5.30.0/Time/Zone/Olson.pm line 577.
Reference found where even-sized list expected at /usr/perl5.30.0p/lib/site_perl/5.30.0/Time/Zone/Olson.pm line 577.
Reference found where even-sized list expected at /usr/perl5.30.0p/lib/site_perl/5.30.0/Time/Zone/Olson.pm line 577.
Reference found where even-sized list expected at /usr/perl5.30.0p/lib/site_perl/5.30.0/Time/Zone/Olson.pm line 577.
Reference found where even-sized list expected at /usr/perl5.30.0p/lib/site_perl/5.30.0/Time/Zone/Olson.pm line 577.
# Failed test 'passing a new string and a format to ->strftime correct'
# at t/02-unit.t line 141.
Reference found where even-sized list expected at /usr/perl5.30.0p/lib/site_perl/5.30.0/Time/Zone/Olson.pm line 577.
# got: '1980-03-03T00:00:00Z'
# expected: '1980-03-03T02:00:00+02:00'
Reference found where even-sized list expected at /usr/perl5.30.0p/lib/site_perl/5.30.0/Time/Zone/Olson.pm line 577.
Reference found where even-sized list expected at /usr/perl5.30.0p/lib/site_perl/5.30.0/Time/Zone/Olson.pm line 577.
Reference found where even-sized list expected at /usr/perl5.30.0p/lib/site_perl/5.30.0/Time/Zone/Olson.pm line 577.
Reference found where even-sized list expected at /usr/perl5.30.0p/lib/site_perl/5.30.0/Time/Zone/Olson.pm line 577.
Reference found where even-sized list expected at /usr/perl5.30.0p/lib/site_perl/5.30.0/Time/Zone/Olson.pm line 577.
Reference found where even-sized list expected at /usr/perl5.30.0p/lib/site_perl/5.30.0/Time/Zone/Olson.pm line 577.
Reference found where even-sized list expected at /usr/perl5.30.0p/lib/site_perl/5.30.0/Time/Zone/Olson.pm line 577.
Reference found where even-sized list expected at /usr/perl5.30.0p/lib/site_perl/5.30.0/Time/Zone/Olson.pm line 577.
Reference found where even-sized list expected at /usr/perl5.30.0p/lib/site_perl/5.30.0/Time/Zone/Olson.pm line 577.
Reference found where even-sized list expected at /usr/perl5.30.0p/lib/site_perl/5.30.0/Time/Zone/Olson.pm line 577.
# Failed test 'setting ->strftime with a format correct'
# at t/02-unit.t line 144.
# got: '1990-05-06T00:00:00Z'
# expected: '1990-05-06T02:00:00+02:00'
Reference found where even-sized list expected at /usr/perl5.30.0p/lib/site_perl/5.30.0/Time/Zone/Olson.pm line 577.
Reference found where even-sized list expected at /usr/perl5.30.0p/lib/site_perl/5.30.0/Time/Zone/Olson.pm line 577.
Reference found where even-sized list expected at /usr/perl5.30.0p/lib/site_perl/5.30.0/Time/Zone/Olson.pm line 577.
Reference found where even-sized list expected at /usr/perl5.30.0p/lib/site_perl/5.30.0/Time/Zone/Olson.pm line 577.
Reference found where even-sized list expected at /usr/perl5.30.0p/lib/site_perl/5.30.0/Time/Zone/Olson.pm line 577.
Reference found where even-sized list expected at /usr/perl5.30.0p/lib/site_perl/5.30.0/Time/Zone/Olson.pm line 577.
Reference found where even-sized list expected at /usr/perl5.30.0p/lib/site_perl/5.30.0/Time/Zone/Olson.pm line 577.
Reference found where even-sized list expected at /usr/perl5.30.0p/lib/site_perl/5.30.0/Time/Zone/Olson.pm line 577.
Reference found where even-sized list expected at /usr/perl5.30.0p/lib/site_perl/5.30.0/Time/Zone/Olson.pm line 577.
Reference found where even-sized list expected at /usr/perl5.30.0p/lib/site_perl/5.30.0/Time/Zone/Olson.pm line 577.
Reference found where even-sized list expected at /usr/perl5.30.0p/lib/site_perl/5.30.0/Time/Zone/Olson.pm line 577.
Reference found where even-sized list expected at /usr/perl5.30.0p/lib/site_perl/5.30.0/Time/Zone/Olson.pm line 577.
Reference found where even-sized list expected at /usr/perl5.30.0p/lib/site_perl/5.30.0/Time/Zone/Olson.pm line 577.
Reference found where even-sized list expected at /usr/perl5.30.0p/lib/site_perl/5.30.0/Time/Zone/Olson.pm line 577.
Reference found where even-sized list expected at /usr/perl5.30.0p/lib/site_perl/5.30.0/Time/Zone/Olson.pm line 577.
Reference found where even-sized list expected at /usr/perl5.30.0p/lib/site_perl/5.30.0/Time/Zone/Olson.pm line 577.
Reference found where even-sized list expected at /usr/perl5.30.0p/lib/site_perl/5.30.0/Time/Zone/Olson.pm line 577.
Reference found where even-sized list expected at /usr/perl5.30.0p/lib/site_perl/5.30.0/Time/Zone/Olson.pm line 577.
# Failed test 'setting ->strftime with a format and a locale correct'
# at t/02-unit.t line 146.
# got: '2016-01-18T00:00:00Z'
# expected: '2016-01-18T02:00:00+02:00'
Reference found where even-sized list expected at /usr/perl5.30.0p/lib/site_perl/5.30.0/Time/Zone/Olson.pm line 577.
Reference found where even-sized list expected at /usr/perl5.30.0p/lib/site_perl/5.30.0/Time/Zone/Olson.pm line 577.
Reference found where even-sized list expected at /usr/perl5.30.0p/lib/site_perl/5.30.0/Time/Zone/Olson.pm line 577.
# Looks like you failed 6 tests of 71.
t/02-unit.t ............
Dubious, test returned 6 (wstat 1536, 0x600)
Failed 6/71 subtests
Reference found where even-sized list expected at /usr/perl5.30.0p/lib/site_perl/5.30.0/Time/Zone/Olson.pm line 577.
t/03-ret.t ............. ok
Reference found where even-sized list expected at /usr/perl5.30.0p/lib/site_perl/5.30.0/Time/Zone/Olson.pm line 577.
Reference found where even-sized list expected at /usr/perl5.30.0p/lib/site_perl/5.30.0/Time/Zone/Olson.pm line 577.
Reference found where even-sized list expected at /usr/perl5.30.0p/lib/site_perl/5.30.0/Time/Zone/Olson.pm line 577.
Reference found where even-sized list expected at /usr/perl5.30.0p/lib/site_perl/5.30.0/Time/Zone/Olson.pm line 577.
Reference found where even-sized list expected at /usr/perl5.30.0p/lib/site_perl/5.30.0/Time/Zone/Olson.pm line 577.
Reference found where even-sized list expected at /usr/perl5.30.0p/lib/site_perl/5.30.0/Time/Zone/Olson.pm line 577.
Reference found where even-sized list expected at /usr/perl5.30.0p/lib/site_perl/5.30.0/Time/Zone/Olson.pm line 577.
Reference found where even-sized list expected at /usr/perl5.30.0p/lib/site_perl/5.30.0/Time/Zone/Olson.pm line 577.
Reference found where even-sized list expected at /usr/perl5.30.0p/lib/site_perl/5.30.0/Time/Zone/Olson.pm line 577.
Reference found where even-sized list expected at /usr/perl5.30.0p/lib/site_perl/5.30.0/Time/Zone/Olson.pm line 577.
Reference found where even-sized list expected at /usr/perl5.30.0p/lib/site_perl/5.30.0/Time/Zone/Olson.pm line 577.
Reference found where even-sized list expected at /usr/perl5.30.0p/lib/site_perl/5.30.0/Time/Zone/Olson.pm line 577.
# Failed test 'right epoch for 2000-01-01T01:00:00 Europe/Stockholm'
# at t/04-timezone.t line 25.
# got: '946688400'
# expected: '946684800'
Reference found where even-sized list expected at /usr/perl5.30.0p/lib/site_perl/5.30.0/Time/Zone/Olson.pm line 577.
# Failed test 'right offset for 2000-01-01T01:00:00 Europe Stockholm'
# at t/04-timezone.t line 26.
# got: '0'
# expected: '60'
Reference found where even-sized list expected at /usr/perl5.30.0p/lib/site_perl/5.30.0/Time/Zone/Olson.pm line 577.
Reference found where even-sized list expected at /usr/perl5.30.0p/lib/site_perl/5.30.0/Time/Zone/Olson.pm line 577.
Reference found where even-sized list expected at /usr/perl5.30.0p/lib/site_perl/5.30.0/Time/Zone/Olson.pm line 577.
# Failed test 'right epoch for 2000-03-26T00:00:00 Europe/Stockholm'
# at t/04-timezone.t line 29.
# got: '954028800'
# expected: '954025200'
Reference found where even-sized list expected at /usr/perl5.30.0p/lib/site_perl/5.30.0/Time/Zone/Olson.pm line 577.
# Failed test 'right offset for 2000-03-26T00:00:00 Europe/Stockholm'
# at t/04-timezone.t line 30.
# got: '0'
# expected: '60'
Reference found where even-sized list expected at /usr/perl5.30.0p/lib/site_perl/5.30.0/Time/Zone/Olson.pm line 577.
Reference found where even-sized list expected at /usr/perl5.30.0p/lib/site_perl/5.30.0/Time/Zone/Olson.pm line 577.
Reference found where even-sized list expected at /usr/perl5.30.0p/lib/site_perl/5.30.0/Time/Zone/Olson.pm line 577.
# Failed test 'right epoch for 2000-03-26T01:59:59 Europe/Stockholm'
# at t/04-timezone.t line 33.
# got: '954035999'
# expected: '954032399'
Reference found where even-sized list expected at /usr/perl5.30.0p/lib/site_perl/5.30.0/Time/Zone/Olson.pm line 577.
# Failed test 'right offset for 2000-03-26T01:59:59 Europe/Stockholm'
# at t/04-timezone.t line 34.
# got: '0'
# expected: '60'
Reference found where even-sized list expected at /usr/perl5.30.0p/lib/site_perl/5.30.0/Time/Zone/Olson.pm line 577.
Reference found where even-sized list expected at /usr/perl5.30.0p/lib/site_perl/5.30.0/Time/Zone/Olson.pm line 577.
# Failed test 'right epoch after adding 1 second'
# at t/04-timezone.t line 38.
# got: '954036000'
# expected: '954032400'
Reference found where even-sized list expected at /usr/perl5.30.0p/lib/site_perl/5.30.0/Time/Zone/Olson.pm line 577.
# Failed test 'right offset after adding 1 second'
# at t/04-timezone.t line 39.
# got: '0'
# expected: '120'
Reference found where even-sized list expected at /usr/perl5.30.0p/lib/site_perl/5.30.0/Time/Zone/Olson.pm line 577.
# Failed test 'right stringification after adding 1 second'
# at t/04-timezone.t line 40.
# got: '2000-03-26T02:00:00Z'
# expected: '2000-03-26T03:00:00+02:00'
Reference found where even-sized list expected at /usr/perl5.30.0p/lib/site_perl/5.30.0/Time/Zone/Olson.pm line 577.
Reference found where even-sized list expected at /usr/perl5.30.0p/lib/site_perl/5.30.0/Time/Zone/Olson.pm line 577.
Reference found where even-sized list expected at /usr/perl5.30.0p/lib/site_perl/5.30.0/Time/Zone/Olson.pm line 577.
# Failed test 'right epoch after entering nonexistent time 2000-03-26T02:00:00 Europe/Stockholm'
# at t/04-timezone.t line 43.
# got: '954036000'
# expected: '954032400'
Reference found where even-sized list expected at /usr/perl5.30.0p/lib/site_perl/5.30.0/Time/Zone/Olson.pm line 577.
# Failed test 'right offset after entering nonexistent time 2000-03-26T02:00:00 Europe/Stockholm'
# at t/04-timezone.t line 44.
# got: '0'
# expected: '120'
Reference found where even-sized list expected at /usr/perl5.30.0p/lib/site_perl/5.30.0/Time/Zone/Olson.pm line 577.
Reference found where even-sized list expected at /usr/perl5.30.0p/lib/site_perl/5.30.0/Time/Zone/Olson.pm line 577.
Reference found where even-sized list expected at /usr/perl5.30.0p/lib/site_perl/5.30.0/Time/Zone/Olson.pm line 577.
# Failed test 'right epoch for 2000-10-29T01:00:00 Europe/Stockholm'
# at t/04-timezone.t line 47.
# got: '972781200'
# expected: '972774000'
Reference found where even-sized list expected at /usr/perl5.30.0p/lib/site_perl/5.30.0/Time/Zone/Olson.pm line 577.
# Failed test 'right offset for 2000-10-29T01:00:00 Europe/Stockholm'
# at t/04-timezone.t line 48.
# got: '0'
# expected: '120'
Reference found where even-sized list expected at /usr/perl5.30.0p/lib/site_perl/5.30.0/Time/Zone/Olson.pm line 577.
Reference found where even-sized list expected at /usr/perl5.30.0p/lib/site_perl/5.30.0/Time/Zone/Olson.pm line 577.
Reference found where even-sized list expected at /usr/perl5.30.0p/lib/site_perl/5.30.0/Time/Zone/Olson.pm line 577.
# Failed test 'right epoch for 2000-10-29T02:00:00 Europe/Stockholm'
# at t/04-timezone.t line 51.
# got: '972784800'
# expected: '972781200'
Reference found where even-sized list expected at /usr/perl5.30.0p/lib/site_perl/5.30.0/Time/Zone/Olson.pm line 577.
# Failed test 'right offset for 2000-10-29T02:00:00 Europe/Stockholm'
# at t/04-timezone.t line 52.
# got: '0'
# expected: '60'
Reference found where even-sized list expected at /usr/perl5.30.0p/lib/site_perl/5.30.0/Time/Zone/Olson.pm line 577.
Reference found where even-sized list expected at /usr/perl5.30.0p/lib/site_perl/5.30.0/Time/Zone/Olson.pm line 577.
Reference found where even-sized list expected at /usr/perl5.30.0p/lib/site_perl/5.30.0/Time/Zone/Olson.pm line 577.
# Failed test 'right epoch for 2016-11-06T01:00:00 America/New_York'
# at t/04-timezone.t line 55.
# got: '1478394000'
# expected: '1478408400'
Reference found where even-sized list expected at /usr/perl5.30.0p/lib/site_perl/5.30.0/Time/Zone/Olson.pm line 577.
# Failed test 'right offset for 2016-11-06T01:00:00 America/New_York'
# at t/04-timezone.t line 56.
# got: '0'
# expected: '-240'
Reference found where even-sized list expected at /usr/perl5.30.0p/lib/site_perl/5.30.0/Time/Zone/Olson.pm line 577.
Reference found where even-sized list expected at /usr/perl5.30.0p/lib/site_perl/5.30.0/Time/Zone/Olson.pm line 577.
Reference found where even-sized list expected at /usr/perl5.30.0p/lib/site_perl/5.30.0/Time/Zone/Olson.pm line 577.
# Failed test 'right epoch for 2016-11-06T02:00:00 America/New_York'
# at t/04-timezone.t line 59.
# got: '1478397600'
# expected: '1478415600'
Reference found where even-sized list expected at /usr/perl5.30.0p/lib/site_perl/5.30.0/Time/Zone/Olson.pm line 577.
# Failed test 'right offset for 2016-11-06T02:00:00 America/New_York'
# at t/04-timezone.t line 60.
# got: '0'
# expected: '-300'
# Looks like you failed 19 tests of 22.
t/04-timezone.t ........
Dubious, test returned 19 (wstat 4864, 0x1300)
Failed 19/22 subtests
Reference found where even-sized list expected at /usr/perl5.30.0p/lib/site_perl/5.30.0/Time/Zone/Olson.pm line 577.
Reference found where even-sized list expected at /usr/perl5.30.0p/lib/site_perl/5.30.0/Time/Zone/Olson.pm line 577.
Reference found where even-sized list expected at /usr/perl5.30.0p/lib/site_perl/5.30.0/Time/Zone/Olson.pm line 577.
Reference found where even-sized list expected at /usr/perl5.30.0p/lib/site_perl/5.30.0/Time/Zone/Olson.pm line 577.
Reference found where even-sized list expected at /usr/perl5.30.0p/lib/site_perl/5.30.0/Time/Zone/Olson.pm line 577.
Reference found where even-sized list expected at /usr/perl5.30.0p/lib/site_perl/5.30.0/Time/Zone/Olson.pm line 577.
Reference found where even-sized list expected at /usr/perl5.30.0p/lib/site_perl/5.30.0/Time/Zone/Olson.pm line 577.
Reference found where even-sized list expected at /usr/perl5.30.0p/lib/site_perl/5.30.0/Time/Zone/Olson.pm line 577.
Reference found where even-sized list expected at /usr/perl5.30.0p/lib/site_perl/5.30.0/Time/Zone/Olson.pm line 577.
Reference found where even-sized list expected at /usr/perl5.30.0p/lib/site_perl/5.30.0/Time/Zone/Olson.pm line 577.
Reference found where even-sized list expected at /usr/perl5.30.0p/lib/site_perl/5.30.0/Time/Zone/Olson.pm line 577.
Reference found where even-sized list expected at /usr/perl5.30.0p/lib/site_perl/5.30.0/Time/Zone/Olson.pm line 577.
Reference found where even-sized list expected at /usr/perl5.30.0p/lib/site_perl/5.30.0/Time/Zone/Olson.pm line 577.
Reference found where even-sized list expected at /usr/perl5.30.0p/lib/site_perl/5.30.0/Time/Zone/Olson.pm line 577.
Reference found where even-sized list expected at /usr/perl5.30.0p/lib/site_perl/5.30.0/Time/Zone/Olson.pm line 577.
Reference found where even-sized list expected at /usr/perl5.30.0p/lib/site_perl/5.30.0/Time/Zone/Olson.pm line 577.
Reference found where even-sized list expected at /usr/perl5.30.0p/lib/site_perl/5.30.0/Time/Zone/Olson.pm line 577.
Reference found where even-sized list expected at /usr/perl5.30.0p/lib/site_perl/5.30.0/Time/Zone/Olson.pm line 577.
Reference found where even-sized list expected at /usr/perl5.30.0p/lib/site_perl/5.30.0/Time/Zone/Olson.pm line 577.
Reference found where even-sized list expected at /usr/perl5.30.0p/lib/site_perl/5.30.0/Time/Zone/Olson.pm line 577.
Reference found where even-sized list expected at /usr/perl5.30.0p/lib/site_perl/5.30.0/Time/Zone/Olson.pm line 577.
Reference found where even-sized list expected at /usr/perl5.30.0p/lib/site_perl/5.30.0/Time/Zone/Olson.pm line 577.
Reference found where even-sized list expected at /usr/perl5.30.0p/lib/site_perl/5.30.0/Time/Zone/Olson.pm line 577.
Reference found where even-sized list expected at /usr/perl5.30.0p/lib/site_perl/5.30.0/Time/Zone/Olson.pm line 577.
Reference found where even-sized list expected at /usr/perl5.30.0p/lib/site_perl/5.30.0/Time/Zone/Olson.pm line 577.
Reference found where even-sized list expected at /usr/perl5.30.0p/lib/site_perl/5.30.0/Time/Zone/Olson.pm line 577.
Reference found where even-sized list expected at /usr/perl5.30.0p/lib/site_perl/5.30.0/Time/Zone/Olson.pm line 577.
Reference found where even-sized list expected at /usr/perl5.30.0p/lib/site_perl/5.30.0/Time/Zone/Olson.pm line 577.
Reference found where even-sized list expected at /usr/perl5.30.0p/lib/site_perl/5.30.0/Time/Zone/Olson.pm line 577.
Reference found where even-sized list expected at /usr/perl5.30.0p/lib/site_perl/5.30.0/Time/Zone/Olson.pm line 577.
Reference found where even-sized list expected at /usr/perl5.30.0p/lib/site_perl/5.30.0/Time/Zone/Olson.pm line 577.
Reference found where even-sized list expected at /usr/perl5.30.0p/lib/site_perl/5.30.0/Time/Zone/Olson.pm line 577.
Reference found where even-sized list expected at /usr/perl5.30.0p/lib/site_perl/5.30.0/Time/Zone/Olson.pm line 577.
Reference found where even-sized list expected at /usr/perl5.30.0p/lib/site_perl/5.30.0/Time/Zone/Olson.pm line 577.
Reference found where even-sized list expected at /usr/perl5.30.0p/lib/site_perl/5.30.0/Time/Zone/Olson.pm line 577.
Reference found where even-sized list expected at /usr/perl5.30.0p/lib/site_perl/5.30.0/Time/Zone/Olson.pm line 577.
Reference found where even-sized list expected at /usr/perl5.30.0p/lib/site_perl/5.30.0/Time/Zone/Olson.pm line 577.
Reference found where even-sized list expected at /usr/perl5.30.0p/lib/site_perl/5.30.0/Time/Zone/Olson.pm line 577.
Reference found where even-sized list expected at /usr/perl5.30.0p/lib/site_perl/5.30.0/Time/Zone/Olson.pm line 577.
Reference found where even-sized list expected at /usr/perl5.30.0p/lib/site_perl/5.30.0/Time/Zone/Olson.pm line 577.
Reference found where even-sized list expected at /usr/perl5.30.0p/lib/site_perl/5.30.0/Time/Zone/Olson.pm line 577.
Reference found where even-sized list expected at /usr/perl5.30.0p/lib/site_perl/5.30.0/Time/Zone/Olson.pm line 577.
Reference found where even-sized list expected at /usr/perl5.30.0p/lib/site_perl/5.30.0/Time/Zone/Olson.pm line 577.
Reference found where even-sized list expected at /usr/perl5.30.0p/lib/site_perl/5.30.0/Time/Zone/Olson.pm line 577.
Reference found where even-sized list expected at /usr/perl5.30.0p/lib/site_perl/5.30.0/Time/Zone/Olson.pm line 577.
Reference found where even-sized list expected at /usr/perl5.30.0p/lib/site_perl/5.30.0/Time/Zone/Olson.pm line 577.
Reference found where even-sized list expected at /usr/perl5.30.0p/lib/site_perl/5.30.0/Time/Zone/Olson.pm line 577.
Reference found where even-sized list expected at /usr/perl5.30.0p/lib/site_perl/5.30.0/Time/Zone/Olson.pm line 577.
Reference found where even-sized list expected at /usr/perl5.30.0p/lib/site_perl/5.30.0/Time/Zone/Olson.pm line 577.
Reference found where even-sized list expected at /usr/perl5.30.0p/lib/site_perl/5.30.0/Time/Zone/Olson.pm line 577.
Reference found where even-sized list expected at /usr/perl5.30.0p/lib/site_perl/5.30.0/Time/Zone/Olson.pm line 577.
Reference found where even-sized list expected at /usr/perl5.30.0p/lib/site_perl/5.30.0/Time/Zone/Olson.pm line 577.
Reference found where even-sized list expected at /usr/perl5.30.0p/lib/site_perl/5.30.0/Time/Zone/Olson.pm line 577.
Reference found where even-sized list expected at /usr/perl5.30.0p/lib/site_perl/5.30.0/Time/Zone/Olson.pm line 577.
Reference found where even-sized list expected at /usr/perl5.30.0p/lib/site_perl/5.30.0/Time/Zone/Olson.pm line 577.
Reference found where even-sized list expected at /usr/perl5.30.0p/lib/site_perl/5.30.0/Time/Zone/Olson.pm line 577.
Reference found where even-sized list expected at /usr/perl5.30.0p/lib/site_perl/5.30.0/Time/Zone/Olson.pm line 577.
Reference found where even-sized list expected at /usr/perl5.30.0p/lib/site_perl/5.30.0/Time/Zone/Olson.pm line 577.
Reference found where even-sized list expected at /usr/perl5.30.0p/lib/site_perl/5.30.0/Time/Zone/Olson.pm line 577.
Reference found where even-sized list expected at /usr/perl5.30.0p/lib/site_perl/5.30.0/Time/Zone/Olson.pm line 577.
Reference found where even-sized list expected at /usr/perl5.30.0p/lib/site_perl/5.30.0/Time/Zone/Olson.pm line 577.
Reference found where even-sized list expected at /usr/perl5.30.0p/lib/site_perl/5.30.0/Time/Zone/Olson.pm line 577.
Reference found where even-sized list expected at /usr/perl5.30.0p/lib/site_perl/5.30.0/Time/Zone/Olson.pm line 577.
Reference found where even-sized list expected at /usr/perl5.30.0p/lib/site_perl/5.30.0/Time/Zone/Olson.pm line 577.
Reference found where even-sized list expected at /usr/perl5.30.0p/lib/site_perl/5.30.0/Time/Zone/Olson.pm line 577.
Reference found where even-sized list expected at /usr/perl5.30.0p/lib/site_perl/5.30.0/Time/Zone/Olson.pm line 577.
Reference found where even-sized list expected at /usr/perl5.30.0p/lib/site_perl/5.30.0/Time/Zone/Olson.pm line 577.
Reference found where even-sized list expected at /usr/perl5.30.0p/lib/site_perl/5.30.0/Time/Zone/Olson.pm line 577.
Reference found where even-sized list expected at /usr/perl5.30.0p/lib/site_perl/5.30.0/Time/Zone/Olson.pm line 577.
Reference found where even-sized list expected at /usr/perl5.30.0p/lib/site_perl/5.30.0/Time/Zone/Olson.pm line 577.
Reference found where even-sized list expected at /usr/perl5.30.0p/lib/site_perl/5.30.0/Time/Zone/Olson.pm line 577.
Reference found where even-sized list expected at /usr/perl5.30.0p/lib/site_perl/5.30.0/Time/Zone/Olson.pm line 577.
Reference found where even-sized list expected at /usr/perl5.30.0p/lib/site_perl/5.30.0/Time/Zone/Olson.pm line 577.
Reference found where even-sized list expected at /usr/perl5.30.0p/lib/site_perl/5.30.0/Time/Zone/Olson.pm line 577.
Reference found where even-sized list expected at /usr/perl5.30.0p/lib/site_perl/5.30.0/Time/Zone/Olson.pm line 577.
Reference found where even-sized list expected at /usr/perl5.30.0p/lib/site_perl/5.30.0/Time/Zone/Olson.pm line 577.
Reference found where even-sized list expected at /usr/perl5.30.0p/lib/site_perl/5.30.0/Time/Zone/Olson.pm line 577.
Reference found where even-sized list expected at /usr/perl5.30.0p/lib/site_perl/5.30.0/Time/Zone/Olson.pm line 577.
Reference found where even-sized list expected at /usr/perl5.30.0p/lib/site_perl/5.30.0/Time/Zone/Olson.pm line 577.
Reference found where even-sized list expected at /usr/perl5.30.0p/lib/site_perl/5.30.0/Time/Zone/Olson.pm line 577.
Reference found where even-sized list expected at /usr/perl5.30.0p/lib/site_perl/5.30.0/Time/Zone/Olson.pm line 577.
Reference found where even-sized list expected at /usr/perl5.30.0p/lib/site_perl/5.30.0/Time/Zone/Olson.pm line 577.
Reference found where even-sized list expected at /usr/perl5.30.0p/lib/site_perl/5.30.0/Time/Zone/Olson.pm line 577.
Reference found where even-sized list expected at /usr/perl5.30.0p/lib/site_perl/5.30.0/Time/Zone/Olson.pm line 577.
t/05-diff.t ............ ok
Reference found where even-sized list expected at /usr/perl5.30.0p/lib/site_perl/5.30.0/Time/Zone/Olson.pm line 577.
Reference found where even-sized list expected at /usr/perl5.30.0p/lib/site_perl/5.30.0/Time/Zone/Olson.pm line 577.
Reference found where even-sized list expected at /usr/perl5.30.0p/lib/site_perl/5.30.0/Time/Zone/Olson.pm line 577.
Reference found where even-sized list expected at /usr/perl5.30.0p/lib/site_perl/5.30.0/Time/Zone/Olson.pm line 577.
Reference found where even-sized list expected at /usr/perl5.30.0p/lib/site_perl/5.30.0/Time/Zone/Olson.pm line 577.
Reference found where even-sized list expected at /usr/perl5.30.0p/lib/site_perl/5.30.0/Time/Zone/Olson.pm line 577.
Reference found where even-sized list expected at /usr/perl5.30.0p/lib/site_perl/5.30.0/Time/Zone/Olson.pm line 577.
Reference found where even-sized list expected at /usr/perl5.30.0p/lib/site_perl/5.30.0/Time/Zone/Olson.pm line 577.
Reference found where even-sized list expected at /usr/perl5.30.0p/lib/site_perl/5.30.0/Time/Zone/Olson.pm line 577.
Reference found where even-sized list expected at /usr/perl5.30.0p/lib/site_perl/5.30.0/Time/Zone/Olson.pm line 577.
Reference found where even-sized list expected at /usr/perl5.30.0p/lib/site_perl/5.30.0/Time/Zone/Olson.pm line 577.
Reference found where even-sized list expected at /usr/perl5.30.0p/lib/site_perl/5.30.0/Time/Zone/Olson.pm line 577.
t/06-recurrence.t ...... ok
Reference found where even-sized list expected at /usr/perl5.30.0p/lib/site_perl/5.30.0/Time/Zone/Olson.pm line 577.
Reference found where even-sized list expected at /usr/perl5.30.0p/lib/site_perl/5.30.0/Time/Zone/Olson.pm line 577.
Reference found where even-sized list expected at /usr/perl5.30.0p/lib/site_perl/5.30.0/Time/Zone/Olson.pm line 577.
Reference found where even-sized list expected at /usr/perl5.30.0p/lib/site_perl/5.30.0/Time/Zone/Olson.pm line 577.
Reference found where even-sized list expected at /usr/perl5.30.0p/lib/site_perl/5.30.0/Time/Zone/Olson.pm line 577.
Reference found where even-sized list expected at /usr/perl5.30.0p/lib/site_perl/5.30.0/Time/Zone/Olson.pm line 577.
Reference found where even-sized list expected at /usr/perl5.30.0p/lib/site_perl/5.30.0/Time/Zone/Olson.pm line 577.
Reference found where even-sized list expected at /usr/perl5.30.0p/lib/site_perl/5.30.0/Time/Zone/Olson.pm line 577.
Reference found where even-sized list expected at /usr/perl5.30.0p/lib/site_perl/5.30.0/Time/Zone/Olson.pm line 577.
Reference found where even-sized list expected at /usr/perl5.30.0p/lib/site_perl/5.30.0/Time/Zone/Olson.pm line 577.
Reference found where even-sized list expected at /usr/perl5.30.0p/lib/site_perl/5.30.0/Time/Zone/Olson.pm line 577.
Reference found where even-sized list expected at /usr/perl5.30.0p/lib/site_perl/5.30.0/Time/Zone/Olson.pm line 577.
Reference found where even-sized list expected at /usr/perl5.30.0p/lib/site_perl/5.30.0/Time/Zone/Olson.pm line 577.
Reference found where even-sized list expected at /usr/perl5.30.0p/lib/site_perl/5.30.0/Time/Zone/Olson.pm line 577.
Reference found where even-sized list expected at /usr/perl5.30.0p/lib/site_perl/5.30.0/Time/Zone/Olson.pm line 577.
Reference found where even-sized list expected at /usr/perl5.30.0p/lib/site_perl/5.30.0/Time/Zone/Olson.pm line 577.
Reference found where even-sized list expected at /usr/perl5.30.0p/lib/site_perl/5.30.0/Time/Zone/Olson.pm line 577.
Reference found where even-sized list expected at /usr/perl5.30.0p/lib/site_perl/5.30.0/Time/Zone/Olson.pm line 577.
Reference found where even-sized list expected at /usr/perl5.30.0p/lib/site_perl/5.30.0/Time/Zone/Olson.pm line 577.
Reference found where even-sized list expected at /usr/perl5.30.0p/lib/site_perl/5.30.0/Time/Zone/Olson.pm line 577.
Reference found where even-sized list expected at /usr/perl5.30.0p/lib/site_perl/5.30.0/Time/Zone/Olson.pm line 577.
Reference found where even-sized list expected at /usr/perl5.30.0p/lib/site_perl/5.30.0/Time/Zone/Olson.pm line 577.
Reference found where even-sized list expected at /usr/perl5.30.0p/lib/site_perl/5.30.0/Time/Zone/Olson.pm line 577.
Reference found where even-sized list expected at /usr/perl5.30.0p/lib/site_perl/5.30.0/Time/Zone/Olson.pm line 577.
Reference found where even-sized list expected at /usr/perl5.30.0p/lib/site_perl/5.30.0/Time/Zone/Olson.pm line 577.
Reference found where even-sized list expected at /usr/perl5.30.0p/lib/site_perl/5.30.0/Time/Zone/Olson.pm line 577.
Reference found where even-sized list expected at /usr/perl5.30.0p/lib/site_perl/5.30.0/Time/Zone/Olson.pm line 577.
Reference found where even-sized list expected at /usr/perl5.30.0p/lib/site_perl/5.30.0/Time/Zone/Olson.pm line 577.
Reference found where even-sized list expected at /usr/perl5.30.0p/lib/site_perl/5.30.0/Time/Zone/Olson.pm line 577.
Reference found where even-sized list expected at /usr/perl5.30.0p/lib/site_perl/5.30.0/Time/Zone/Olson.pm line 577.
Reference found where even-sized list expected at /usr/perl5.30.0p/lib/site_perl/5.30.0/Time/Zone/Olson.pm line 577.
Reference found where even-sized list expected at /usr/perl5.30.0p/lib/site_perl/5.30.0/Time/Zone/Olson.pm line 577.
Reference found where even-sized list expected at /usr/perl5.30.0p/lib/site_perl/5.30.0/Time/Zone/Olson.pm line 577.
Reference found where even-sized list expected at /usr/perl5.30.0p/lib/site_perl/5.30.0/Time/Zone/Olson.pm line 577.
Reference found where even-sized list expected at /usr/perl5.30.0p/lib/site_perl/5.30.0/Time/Zone/Olson.pm line 577.
Reference found where even-sized list expected at /usr/perl5.30.0p/lib/site_perl/5.30.0/Time/Zone/Olson.pm line 577.
Reference found where even-sized list expected at /usr/perl5.30.0p/lib/site_perl/5.30.0/Time/Zone/Olson.pm line 577.
Reference found where even-sized list expected at /usr/perl5.30.0p/lib/site_perl/5.30.0/Time/Zone/Olson.pm line 577.
Reference found where even-sized list expected at /usr/perl5.30.0p/lib/site_perl/5.30.0/Time/Zone/Olson.pm line 577.
Reference found where even-sized list expected at /usr/perl5.30.0p/lib/site_perl/5.30.0/Time/Zone/Olson.pm line 577.
Reference found where even-sized list expected at /usr/perl5.30.0p/lib/site_perl/5.30.0/Time/Zone/Olson.pm line 577.
Reference found where even-sized list expected at /usr/perl5.30.0p/lib/site_perl/5.30.0/Time/Zone/Olson.pm line 577.
Reference found where even-sized list expected at /usr/perl5.30.0p/lib/site_perl/5.30.0/Time/Zone/Olson.pm line 577.
Reference found where even-sized list expected at /usr/perl5.30.0p/lib/site_perl/5.30.0/Time/Zone/Olson.pm line 577.
Reference found where even-sized list expected at /usr/perl5.30.0p/lib/site_perl/5.30.0/Time/Zone/Olson.pm line 577.
Reference found where even-sized list expected at /usr/perl5.30.0p/lib/site_perl/5.30.0/Time/Zone/Olson.pm line 577.
Reference found where even-sized list expected at /usr/perl5.30.0p/lib/site_perl/5.30.0/Time/Zone/Olson.pm line 577.
Reference found where even-sized list expected at /usr/perl5.30.0p/lib/site_perl/5.30.0/Time/Zone/Olson.pm line 577.
Reference found where even-sized list expected at /usr/perl5.30.0p/lib/site_perl/5.30.0/Time/Zone/Olson.pm line 577.
Reference found where even-sized list expected at /usr/perl5.30.0p/lib/site_perl/5.30.0/Time/Zone/Olson.pm line 577.
Reference found where even-sized list expected at /usr/perl5.30.0p/lib/site_perl/5.30.0/Time/Zone/Olson.pm line 577.
Reference found where even-sized list expected at /usr/perl5.30.0p/lib/site_perl/5.30.0/Time/Zone/Olson.pm line 577.
Reference found where even-sized list expected at /usr/perl5.30.0p/lib/site_perl/5.30.0/Time/Zone/Olson.pm line 577.
Reference found where even-sized list expected at /usr/perl5.30.0p/lib/site_perl/5.30.0/Time/Zone/Olson.pm line 577.
Reference found where even-sized list expected at /usr/perl5.30.0p/lib/site_perl/5.30.0/Time/Zone/Olson.pm line 577.
Reference found where even-sized list expected at /usr/perl5.30.0p/lib/site_perl/5.30.0/Time/Zone/Olson.pm line 577.
Reference found where even-sized list expected at /usr/perl5.30.0p/lib/site_perl/5.30.0/Time/Zone/Olson.pm line 577.
Reference found where even-sized list expected at /usr/perl5.30.0p/lib/site_perl/5.30.0/Time/Zone/Olson.pm line 577.
Reference found where even-sized list expected at /usr/perl5.30.0p/lib/site_perl/5.30.0/Time/Zone/Olson.pm line 577.
Reference found where even-sized list expected at /usr/perl5.30.0p/lib/site_perl/5.30.0/Time/Zone/Olson.pm line 577.
Reference found where even-sized list expected at /usr/perl5.30.0p/lib/site_perl/5.30.0/Time/Zone/Olson.pm line 577.
Reference found where even-sized list expected at /usr/perl5.30.0p/lib/site_perl/5.30.0/Time/Zone/Olson.pm line 577.
Reference found where even-sized list expected at /usr/perl5.30.0p/lib/site_perl/5.30.0/Time/Zone/Olson.pm line 577.
Reference found where even-sized list expected at /usr/perl5.30.0p/lib/site_perl/5.30.0/Time/Zone/Olson.pm line 577.
Reference found where even-sized list expected at /usr/perl5.30.0p/lib/site_perl/5.30.0/Time/Zone/Olson.pm line 577.
Reference found where even-sized list expected at /usr/perl5.30.0p/lib/site_perl/5.30.0/Time/Zone/Olson.pm line 577.
Reference found where even-sized list expected at /usr/perl5.30.0p/lib/site_perl/5.30.0/Time/Zone/Olson.pm line 577.
Reference found where even-sized list expected at /usr/perl5.30.0p/lib/site_perl/5.30.0/Time/Zone/Olson.pm line 577.
Reference found where even-sized list expected at /usr/perl5.30.0p/lib/site_perl/5.30.0/Time/Zone/Olson.pm line 577.
Reference found where even-sized list expected at /usr/perl5.30.0p/lib/site_perl/5.30.0/Time/Zone/Olson.pm line 577.
Reference found where even-sized list expected at /usr/perl5.30.0p/lib/site_perl/5.30.0/Time/Zone/Olson.pm line 577.
Reference found where even-sized list expected at /usr/perl5.30.0p/lib/site_perl/5.30.0/Time/Zone/Olson.pm line 577.
Reference found where even-sized list expected at /usr/perl5.30.0p/lib/site_perl/5.30.0/Time/Zone/Olson.pm line 577.
Reference found where even-sized list expected at /usr/perl5.30.0p/lib/site_perl/5.30.0/Time/Zone/Olson.pm line 577.
Reference found where even-sized list expected at /usr/perl5.30.0p/lib/site_perl/5.30.0/Time/Zone/Olson.pm line 577.
Reference found where even-sized list expected at /usr/perl5.30.0p/lib/site_perl/5.30.0/Time/Zone/Olson.pm line 577.
Reference found where even-sized list expected at /usr/perl5.30.0p/lib/site_perl/5.30.0/Time/Zone/Olson.pm line 577.
Reference found where even-sized list expected at /usr/perl5.30.0p/lib/site_perl/5.30.0/Time/Zone/Olson.pm line 577.
Reference found where even-sized list expected at /usr/perl5.30.0p/lib/site_perl/5.30.0/Time/Zone/Olson.pm line 577.
Reference found where even-sized list expected at /usr/perl5.30.0p/lib/site_perl/5.30.0/Time/Zone/Olson.pm line 577.
Reference found where even-sized list expected at /usr/perl5.30.0p/lib/site_perl/5.30.0/Time/Zone/Olson.pm line 577.
Reference found where even-sized list expected at /usr/perl5.30.0p/lib/site_perl/5.30.0/Time/Zone/Olson.pm line 577.
Reference found where even-sized list expected at /usr/perl5.30.0p/lib/site_perl/5.30.0/Time/Zone/Olson.pm line 577.
Reference found where even-sized list expected at /usr/perl5.30.0p/lib/site_perl/5.30.0/Time/Zone/Olson.pm line 577.
Reference found where even-sized list expected at /usr/perl5.30.0p/lib/site_perl/5.30.0/Time/Zone/Olson.pm line 577.
Reference found where even-sized list expected at /usr/perl5.30.0p/lib/site_perl/5.30.0/Time/Zone/Olson.pm line 577.
Reference found where even-sized list expected at /usr/perl5.30.0p/lib/site_perl/5.30.0/Time/Zone/Olson.pm line 577.
Reference found where even-sized list expected at /usr/perl5.30.0p/lib/site_perl/5.30.0/Time/Zone/Olson.pm line 577.
Reference found where even-sized list expected at /usr/perl5.30.0p/lib/site_perl/5.30.0/Time/Zone/Olson.pm line 577.
Reference found where even-sized list expected at /usr/perl5.30.0p/lib/site_perl/5.30.0/Time/Zone/Olson.pm line 577.
Reference found where even-sized list expected at /usr/perl5.30.0p/lib/site_perl/5.30.0/Time/Zone/Olson.pm line 577.
Reference found where even-sized list expected at /usr/perl5.30.0p/lib/site_perl/5.30.0/Time/Zone/Olson.pm line 577.
Reference found where even-sized list expected at /usr/perl5.30.0p/lib/site_perl/5.30.0/Time/Zone/Olson.pm line 577.
Reference found where even-sized list expected at /usr/perl5.30.0p/lib/site_perl/5.30.0/Time/Zone/Olson.pm line 577.
Reference found where even-sized list expected at /usr/perl5.30.0p/lib/site_perl/5.30.0/Time/Zone/Olson.pm line 577.
Reference found where even-sized list expected at /usr/perl5.30.0p/lib/site_perl/5.30.0/Time/Zone/Olson.pm line 577.
Reference found where even-sized list expected at /usr/perl5.30.0p/lib/site_perl/5.30.0/Time/Zone/Olson.pm line 577.
Reference found where even-sized list expected at /usr/perl5.30.0p/lib/site_perl/5.30.0/Time/Zone/Olson.pm line 577.
Reference found where even-sized list expected at /usr/perl5.30.0p/lib/site_perl/5.30.0/Time/Zone/Olson.pm line 577.
Reference found where even-sized list expected at /usr/perl5.30.0p/lib/site_perl/5.30.0/Time/Zone/Olson.pm line 577.
Reference found where even-sized list expected at /usr/perl5.30.0p/lib/site_perl/5.30.0/Time/Zone/Olson.pm line 577.
Reference found where even-sized list expected at /usr/perl5.30.0p/lib/site_perl/5.30.0/Time/Zone/Olson.pm line 577.
Reference found where even-sized list expected at /usr/perl5.30.0p/lib/site_perl/5.30.0/Time/Zone/Olson.pm line 577.
Reference found where even-sized list expected at /usr/perl5.30.0p/lib/site_perl/5.30.0/Time/Zone/Olson.pm line 577.
Reference found where even-sized list expected at /usr/perl5.30.0p/lib/site_perl/5.30.0/Time/Zone/Olson.pm line 577.
Reference found where even-sized list expected at /usr/perl5.30.0p/lib/site_perl/5.30.0/Time/Zone/Olson.pm line 577.
Reference found where even-sized list expected at /usr/perl5.30.0p/lib/site_perl/5.30.0/Time/Zone/Olson.pm line 577.
Reference found where even-sized list expected at /usr/perl5.30.0p/lib/site_perl/5.30.0/Time/Zone/Olson.pm line 577.
Reference found where even-sized list expected at /usr/perl5.30.0p/lib/site_perl/5.30.0/Time/Zone/Olson.pm line 577.
Reference found where even-sized list expected at /usr/perl5.30.0p/lib/site_perl/5.30.0/Time/Zone/Olson.pm line 577.
Reference found where even-sized list expected at /usr/perl5.30.0p/lib/site_perl/5.30.0/Time/Zone/Olson.pm line 577.
Reference found where even-sized list expected at /usr/perl5.30.0p/lib/site_perl/5.30.0/Time/Zone/Olson.pm line 577.
Reference found where even-sized list expected at /usr/perl5.30.0p/lib/site_perl/5.30.0/Time/Zone/Olson.pm line 577.
Reference found where even-sized list expected at /usr/perl5.30.0p/lib/site_perl/5.30.0/Time/Zone/Olson.pm line 577.
Reference found where even-sized list expected at /usr/perl5.30.0p/lib/site_perl/5.30.0/Time/Zone/Olson.pm line 577.
Reference found where even-sized list expected at /usr/perl5.30.0p/lib/site_perl/5.30.0/Time/Zone/Olson.pm line 577.
Reference found where even-sized list expected at /usr/perl5.30.0p/lib/site_perl/5.30.0/Time/Zone/Olson.pm line 577.
Reference found where even-sized list expected at /usr/perl5.30.0p/lib/site_perl/5.30.0/Time/Zone/Olson.pm line 577.
Reference found where even-sized list expected at /usr/perl5.30.0p/lib/site_perl/5.30.0/Time/Zone/Olson.pm line 577.
Reference found where even-sized list expected at /usr/perl5.30.0p/lib/site_perl/5.30.0/Time/Zone/Olson.pm line 577.
Reference found where even-sized list expected at /usr/perl5.30.0p/lib/site_perl/5.30.0/Time/Zone/Olson.pm line 577.
Reference found where even-sized list expected at /usr/perl5.30.0p/lib/site_perl/5.30.0/Time/Zone/Olson.pm line 577.
Reference found where even-sized list expected at /usr/perl5.30.0p/lib/site_perl/5.30.0/Time/Zone/Olson.pm line 577.
Reference found where even-sized list expected at /usr/perl5.30.0p/lib/site_perl/5.30.0/Time/Zone/Olson.pm line 577.
Reference found where even-sized list expected at /usr/perl5.30.0p/lib/site_perl/5.30.0/Time/Zone/Olson.pm line 577.
Reference found where even-sized list expected at /usr/perl5.30.0p/lib/site_perl/5.30.0/Time/Zone/Olson.pm line 577.
Reference found where even-sized list expected at /usr/perl5.30.0p/lib/site_perl/5.30.0/Time/Zone/Olson.pm line 577.
Reference found where even-sized list expected at /usr/perl5.30.0p/lib/site_perl/5.30.0/Time/Zone/Olson.pm line 577.
Reference found where even-sized list expected at /usr/perl5.30.0p/lib/site_perl/5.30.0/Time/Zone/Olson.pm line 577.
Reference found where even-sized list expected at /usr/perl5.30.0p/lib/site_perl/5.30.0/Time/Zone/Olson.pm line 577.
Reference found where even-sized list expected at /usr/perl5.30.0p/lib/site_perl/5.30.0/Time/Zone/Olson.pm line 577.
Reference found where even-sized list expected at /usr/perl5.30.0p/lib/site_perl/5.30.0/Time/Zone/Olson.pm line 577.
Reference found where even-sized list expected at /usr/perl5.30.0p/lib/site_perl/5.30.0/Time/Zone/Olson.pm line 577.
Reference found where even-sized list expected at /usr/perl5.30.0p/lib/site_perl/5.30.0/Time/Zone/Olson.pm line 577.
Reference found where even-sized list expected at /usr/perl5.30.0p/lib/site_perl/5.30.0/Time/Zone/Olson.pm line 577.
Reference found where even-sized list expected at /usr/perl5.30.0p/lib/site_perl/5.30.0/Time/Zone/Olson.pm line 577.
Reference found where even-sized list expected at /usr/perl5.30.0p/lib/site_perl/5.30.0/Time/Zone/Olson.pm line 577.
Reference found where even-sized list expected at /usr/perl5.30.0p/lib/site_perl/5.30.0/Time/Zone/Olson.pm line 577.
Reference found where even-sized list expected at /usr/perl5.30.0p/lib/site_perl/5.30.0/Time/Zone/Olson.pm line 577.
Reference found where even-sized list expected at /usr/perl5.30.0p/lib/site_perl/5.30.0/Time/Zone/Olson.pm line 577.
Reference found where even-sized list expected at /usr/perl5.30.0p/lib/site_perl/5.30.0/Time/Zone/Olson.pm line 577.
Reference found where even-sized list expected at /usr/perl5.30.0p/lib/site_perl/5.30.0/Time/Zone/Olson.pm line 577.
Reference found where even-sized list expected at /usr/perl5.30.0p/lib/site_perl/5.30.0/Time/Zone/Olson.pm line 577.
Reference found where even-sized list expected at /usr/perl5.30.0p/lib/site_perl/5.30.0/Time/Zone/Olson.pm line 577.
Reference found where even-sized list expected at /usr/perl5.30.0p/lib/site_perl/5.30.0/Time/Zone/Olson.pm line 577.
Reference found where even-sized list expected at /usr/perl5.30.0p/lib/site_perl/5.30.0/Time/Zone/Olson.pm line 577.
Reference found where even-sized list expected at /usr/perl5.30.0p/lib/site_perl/5.30.0/Time/Zone/Olson.pm line 577.
Reference found where even-sized list expected at /usr/perl5.30.0p/lib/site_perl/5.30.0/Time/Zone/Olson.pm line 577.
Reference found where even-sized list expected at /usr/perl5.30.0p/lib/site_perl/5.30.0/Time/Zone/Olson.pm line 577.
Reference found where even-sized list expected at /usr/perl5.30.0p/lib/site_perl/5.30.0/Time/Zone/Olson.pm line 577.
Reference found where even-sized list expected at /usr/perl5.30.0p/lib/site_perl/5.30.0/Time/Zone/Olson.pm line 577.
Reference found where even-sized list expected at /usr/perl5.30.0p/lib/site_perl/5.30.0/Time/Zone/Olson.pm line 577.
Reference found where even-sized list expected at /usr/perl5.30.0p/lib/site_perl/5.30.0/Time/Zone/Olson.pm line 577.
Reference found where even-sized list expected at /usr/perl5.30.0p/lib/site_perl/5.30.0/Time/Zone/Olson.pm line 577.
Reference found where even-sized list expected at /usr/perl5.30.0p/lib/site_perl/5.30.0/Time/Zone/Olson.pm line 577.
Reference found where even-sized list expected at /usr/perl5.30.0p/lib/site_perl/5.30.0/Time/Zone/Olson.pm line 577.
Reference found where even-sized list expected at /usr/perl5.30.0p/lib/site_perl/5.30.0/Time/Zone/Olson.pm line 577.
Reference found where even-sized list expected at /usr/perl5.30.0p/lib/site_perl/5.30.0/Time/Zone/Olson.pm line 577.
Reference found where even-sized list expected at /usr/perl5.30.0p/lib/site_perl/5.30.0/Time/Zone/Olson.pm line 577.
Reference found where even-sized list expected at /usr/perl5.30.0p/lib/site_perl/5.30.0/Time/Zone/Olson.pm line 577.
Reference found where even-sized list expected at /usr/perl5.30.0p/lib/site_perl/5.30.0/Time/Zone/Olson.pm line 577.
Reference found where even-sized list expected at /usr/perl5.30.0p/lib/site_perl/5.30.0/Time/Zone/Olson.pm line 577.
Reference found where even-sized list expected at /usr/perl5.30.0p/lib/site_perl/5.30.0/Time/Zone/Olson.pm line 577.
Reference found where even-sized list expected at /usr/perl5.30.0p/lib/site_perl/5.30.0/Time/Zone/Olson.pm line 577.
Reference found where even-sized list expected at /usr/perl5.30.0p/lib/site_perl/5.30.0/Time/Zone/Olson.pm line 577.
Reference found where even-sized list expected at /usr/perl5.30.0p/lib/site_perl/5.30.0/Time/Zone/Olson.pm line 577.
Reference found where even-sized list expected at /usr/perl5.30.0p/lib/site_perl/5.30.0/Time/Zone/Olson.pm line 577.
Reference found where even-sized list expected at /usr/perl5.30.0p/lib/site_perl/5.30.0/Time/Zone/Olson.pm line 577.
Reference found where even-sized list expected at /usr/perl5.30.0p/lib/site_perl/5.30.0/Time/Zone/Olson.pm line 577.
Reference found where even-sized list expected at /usr/perl5.30.0p/lib/site_perl/5.30.0/Time/Zone/Olson.pm line 577.
Reference found where even-sized list expected at /usr/perl5.30.0p/lib/site_perl/5.30.0/Time/Zone/Olson.pm line 577.
Reference found where even-sized list expected at /usr/perl5.30.0p/lib/site_perl/5.30.0/Time/Zone/Olson.pm line 577.
Reference found where even-sized list expected at /usr/perl5.30.0p/lib/site_perl/5.30.0/Time/Zone/Olson.pm line 577.
Reference found where even-sized list expected at /usr/perl5.30.0p/lib/site_perl/5.30.0/Time/Zone/Olson.pm line 577.
Reference found where even-sized list expected at /usr/perl5.30.0p/lib/site_perl/5.30.0/Time/Zone/Olson.pm line 577.
Reference found where even-sized list expected at /usr/perl5.30.0p/lib/site_perl/5.30.0/Time/Zone/Olson.pm line 577.
Reference found where even-sized list expected at /usr/perl5.30.0p/lib/site_perl/5.30.0/Time/Zone/Olson.pm line 577.
Reference found where even-sized list expected at /usr/perl5.30.0p/lib/site_perl/5.30.0/Time/Zone/Olson.pm line 577.
Reference found where even-sized list expected at /usr/perl5.30.0p/lib/site_perl/5.30.0/Time/Zone/Olson.pm line 577.
Reference found where even-sized list expected at /usr/perl5.30.0p/lib/site_perl/5.30.0/Time/Zone/Olson.pm line 577.
Reference found where even-sized list expected at /usr/perl5.30.0p/lib/site_perl/5.30.0/Time/Zone/Olson.pm line 577.
Reference found where even-sized list expected at /usr/perl5.30.0p/lib/site_perl/5.30.0/Time/Zone/Olson.pm line 577.
Reference found where even-sized list expected at /usr/perl5.30.0p/lib/site_perl/5.30.0/Time/Zone/Olson.pm line 577.
Reference found where even-sized list expected at /usr/perl5.30.0p/lib/site_perl/5.30.0/Time/Zone/Olson.pm line 577.
Reference found where even-sized list expected at /usr/perl5.30.0p/lib/site_perl/5.30.0/Time/Zone/Olson.pm line 577.
Reference found where even-sized list expected at /usr/perl5.30.0p/lib/site_perl/5.30.0/Time/Zone/Olson.pm line 577.
Reference found where even-sized list expected at /usr/perl5.30.0p/lib/site_perl/5.30.0/Time/Zone/Olson.pm line 577.
Reference found where even-sized list expected at /usr/perl5.30.0p/lib/site_perl/5.30.0/Time/Zone/Olson.pm line 577.
Reference found where even-sized list expected at /usr/perl5.30.0p/lib/site_perl/5.30.0/Time/Zone/Olson.pm line 577.
Reference found where even-sized list expected at /usr/perl5.30.0p/lib/site_perl/5.30.0/Time/Zone/Olson.pm line 577.
Reference found where even-sized list expected at /usr/perl5.30.0p/lib/site_perl/5.30.0/Time/Zone/Olson.pm line 577.
Reference found where even-sized list expected at /usr/perl5.30.0p/lib/site_perl/5.30.0/Time/Zone/Olson.pm line 577.
Reference found where even-sized list expected at /usr/perl5.30.0p/lib/site_perl/5.30.0/Time/Zone/Olson.pm line 577.
Reference found where even-sized list expected at /usr/perl5.30.0p/lib/site_perl/5.30.0/Time/Zone/Olson.pm line 577.
Reference found where even-sized list expected at /usr/perl5.30.0p/lib/site_perl/5.30.0/Time/Zone/Olson.pm line 577.
Reference found where even-sized list expected at /usr/perl5.30.0p/lib/site_perl/5.30.0/Time/Zone/Olson.pm line 577.
Reference found where even-sized list expected at /usr/perl5.30.0p/lib/site_perl/5.30.0/Time/Zone/Olson.pm line 577.
Reference found where even-sized list expected at /usr/perl5.30.0p/lib/site_perl/5.30.0/Time/Zone/Olson.pm line 577.
Reference found where even-sized list expected at /usr/perl5.30.0p/lib/site_perl/5.30.0/Time/Zone/Olson.pm line 577.
Reference found where even-sized list expected at /usr/perl5.30.0p/lib/site_perl/5.30.0/Time/Zone/Olson.pm line 577.
Reference found where even-sized list expected at /usr/perl5.30.0p/lib/site_perl/5.30.0/Time/Zone/Olson.pm line 577.
Reference found where even-sized list expected at /usr/perl5.30.0p/lib/site_perl/5.30.0/Time/Zone/Olson.pm line 577.
Reference found where even-sized list expected at /usr/perl5.30.0p/lib/site_perl/5.30.0/Time/Zone/Olson.pm line 577.
Reference found where even-sized list expected at /usr/perl5.30.0p/lib/site_perl/5.30.0/Time/Zone/Olson.pm line 577.
Reference found where even-sized list expected at /usr/perl5.30.0p/lib/site_perl/5.30.0/Time/Zone/Olson.pm line 577.
Reference found where even-sized list expected at /usr/perl5.30.0p/lib/site_perl/5.30.0/Time/Zone/Olson.pm line 577.
Reference found where even-sized list expected at /usr/perl5.30.0p/lib/site_perl/5.30.0/Time/Zone/Olson.pm line 577.
Reference found where even-sized list expected at /usr/perl5.30.0p/lib/site_perl/5.30.0/Time/Zone/Olson.pm line 577.
Reference found where even-sized list expected at /usr/perl5.30.0p/lib/site_perl/5.30.0/Time/Zone/Olson.pm line 577.
Reference found where even-sized list expected at /usr/perl5.30.0p/lib/site_perl/5.30.0/Time/Zone/Olson.pm line 577.
Reference found where even-sized list expected at /usr/perl5.30.0p/lib/site_perl/5.30.0/Time/Zone/Olson.pm line 577.
Reference found where even-sized list expected at /usr/perl5.30.0p/lib/site_perl/5.30.0/Time/Zone/Olson.pm line 577.
Reference found where even-sized list expected at /usr/perl5.30.0p/lib/site_perl/5.30.0/Time/Zone/Olson.pm line 577.
Reference found where even-sized list expected at /usr/perl5.30.0p/lib/site_perl/5.30.0/Time/Zone/Olson.pm line 577.
Reference found where even-sized list expected at /usr/perl5.30.0p/lib/site_perl/5.30.0/Time/Zone/Olson.pm line 577.
Reference found where even-sized list expected at /usr/perl5.30.0p/lib/site_perl/5.30.0/Time/Zone/Olson.pm line 577.
Reference found where even-sized list expected at /usr/perl5.30.0p/lib/site_perl/5.30.0/Time/Zone/Olson.pm line 577.
Reference found where even-sized list expected at /usr/perl5.30.0p/lib/site_perl/5.30.0/Time/Zone/Olson.pm line 577.
Reference found where even-sized list expected at /usr/perl5.30.0p/lib/site_perl/5.30.0/Time/Zone/Olson.pm line 577.
Reference found where even-sized list expected at /usr/perl5.30.0p/lib/site_perl/5.30.0/Time/Zone/Olson.pm line 577.
Reference found where even-sized list expected at /usr/perl5.30.0p/lib/site_perl/5.30.0/Time/Zone/Olson.pm line 577.
Reference found where even-sized list expected at /usr/perl5.30.0p/lib/site_perl/5.30.0/Time/Zone/Olson.pm line 577.
Reference found where even-sized list expected at /usr/perl5.30.0p/lib/site_perl/5.30.0/Time/Zone/Olson.pm line 577.
Reference found where even-sized list expected at /usr/perl5.30.0p/lib/site_perl/5.30.0/Time/Zone/Olson.pm line 577.
Reference found where even-sized list expected at /usr/perl5.30.0p/lib/site_perl/5.30.0/Time/Zone/Olson.pm line 577.
Reference found where even-sized list expected at /usr/perl5.30.0p/lib/site_perl/5.30.0/Time/Zone/Olson.pm line 577.
Reference found where even-sized list expected at /usr/perl5.30.0p/lib/site_perl/5.30.0/Time/Zone/Olson.pm line 577.
Reference found where even-sized list expected at /usr/perl5.30.0p/lib/site_perl/5.30.0/Time/Zone/Olson.pm line 577.
Reference found where even-sized list expected at /usr/perl5.30.0p/lib/site_perl/5.30.0/Time/Zone/Olson.pm line 577.
Reference found where even-sized list expected at /usr/perl5.30.0p/lib/site_perl/5.30.0/Time/Zone/Olson.pm line 577.
Reference found where even-sized list expected at /usr/perl5.30.0p/lib/site_perl/5.30.0/Time/Zone/Olson.pm line 577.
Reference found where even-sized list expected at /usr/perl5.30.0p/lib/site_perl/5.30.0/Time/Zone/Olson.pm line 577.
Reference found where even-sized list expected at /usr/perl5.30.0p/lib/site_perl/5.30.0/Time/Zone/Olson.pm line 577.
Reference found where even-sized list expected at /usr/perl5.30.0p/lib/site_perl/5.30.0/Time/Zone/Olson.pm line 577.
Reference found where even-sized list expected at /usr/perl5.30.0p/lib/site_perl/5.30.0/Time/Zone/Olson.pm line 577.
Reference found where even-sized list expected at /usr/perl5.30.0p/lib/site_perl/5.30.0/Time/Zone/Olson.pm line 577.
Reference found where even-sized list expected at /usr/perl5.30.0p/lib/site_perl/5.30.0/Time/Zone/Olson.pm line 577.
Reference found where even-sized list expected at /usr/perl5.30.0p/lib/site_perl/5.30.0/Time/Zone/Olson.pm line 577.
Reference found where even-sized list expected at /usr/perl5.30.0p/lib/site_perl/5.30.0/Time/Zone/Olson.pm line 577.
Reference found where even-sized list expected at /usr/perl5.30.0p/lib/site_perl/5.30.0/Time/Zone/Olson.pm line 577.
Reference found where even-sized list expected at /usr/perl5.30.0p/lib/site_perl/5.30.0/Time/Zone/Olson.pm line 577.
Reference found where even-sized list expected at /usr/perl5.30.0p/lib/site_perl/5.30.0/Time/Zone/Olson.pm line 577.
Reference found where even-sized list expected at /usr/perl5.30.0p/lib/site_perl/5.30.0/Time/Zone/Olson.pm line 577.
Reference found where even-sized list expected at /usr/perl5.30.0p/lib/site_perl/5.30.0/Time/Zone/Olson.pm line 577.
Reference found where even-sized list expected at /usr/perl5.30.0p/lib/site_perl/5.30.0/Time/Zone/Olson.pm line 577.
Reference found where even-sized list expected at /usr/perl5.30.0p/lib/site_perl/5.30.0/Time/Zone/Olson.pm line 577.
Reference found where even-sized list expected at /usr/perl5.30.0p/lib/site_perl/5.30.0/Time/Zone/Olson.pm line 577.
Reference found where even-sized list expected at /usr/perl5.30.0p/lib/site_perl/5.30.0/Time/Zone/Olson.pm line 577.
Reference found where even-sized list expected at /usr/perl5.30.0p/lib/site_perl/5.30.0/Time/Zone/Olson.pm line 577.
Reference found where even-sized list expected at /usr/perl5.30.0p/lib/site_perl/5.30.0/Time/Zone/Olson.pm line 577.
Reference found where even-sized list expected at /usr/perl5.30.0p/lib/site_perl/5.30.0/Time/Zone/Olson.pm line 577.
Reference found where even-sized list expected at /usr/perl5.30.0p/lib/site_perl/5.30.0/Time/Zone/Olson.pm line 577.
Reference found where even-sized list expected at /usr/perl5.30.0p/lib/site_perl/5.30.0/Time/Zone/Olson.pm line 577.
Reference found where even-sized list expected at /usr/perl5.30.0p/lib/site_perl/5.30.0/Time/Zone/Olson.pm line 577.
Reference found where even-sized list expected at /usr/perl5.30.0p/lib/site_perl/5.30.0/Time/Zone/Olson.pm line 577.
Reference found where even-sized list expected at /usr/perl5.30.0p/lib/site_perl/5.30.0/Time/Zone/Olson.pm line 577.
Reference found where even-sized list expected at /usr/perl5.30.0p/lib/site_perl/5.30.0/Time/Zone/Olson.pm line 577.
Reference found where even-sized list expected at /usr/perl5.30.0p/lib/site_perl/5.30.0/Time/Zone/Olson.pm line 577.
Reference found where even-sized list expected at /usr/perl5.30.0p/lib/site_perl/5.30.0/Time/Zone/Olson.pm line 577.
Reference found where even-sized list expected at /usr/perl5.30.0p/lib/site_perl/5.30.0/Time/Zone/Olson.pm line 577.
Reference found where even-sized list expected at /usr/perl5.30.0p/lib/site_perl/5.30.0/Time/Zone/Olson.pm line 577.
Reference found where even-sized list expected at /usr/perl5.30.0p/lib/site_perl/5.30.0/Time/Zone/Olson.pm line 577.
Reference found where even-sized list expected at /usr/perl5.30.0p/lib/site_perl/5.30.0/Time/Zone/Olson.pm line 577.
Reference found where even-sized list expected at /usr/perl5.30.0p/lib/site_perl/5.30.0/Time/Zone/Olson.pm line 577.
Reference found where even-sized list expected at /usr/perl5.30.0p/lib/site_perl/5.30.0/Time/Zone/Olson.pm line 577.
Reference found where even-sized list expected at /usr/perl5.30.0p/lib/site_perl/5.30.0/Time/Zone/Olson.pm line 577.
Reference found where even-sized list expected at /usr/perl5.30.0p/lib/site_perl/5.30.0/Time/Zone/Olson.pm line 577.
Reference found where even-sized list expected at /usr/perl5.30.0p/lib/site_perl/5.30.0/Time/Zone/Olson.pm line 577.
Reference found where even-sized list expected at /usr/perl5.30.0p/lib/site_perl/5.30.0/Time/Zone/Olson.pm line 577.
Reference found where even-sized list expected at /usr/perl5.30.0p/lib/site_perl/5.30.0/Time/Zone/Olson.pm line 577.
Reference found where even-sized list expected at /usr/perl5.30.0p/lib/site_perl/5.30.0/Time/Zone/Olson.pm line 577.
Reference found where even-sized list expected at /usr/perl5.30.0p/lib/site_perl/5.30.0/Time/Zone/Olson.pm line 577.
Reference found where even-sized list expected at /usr/perl5.30.0p/lib/site_perl/5.30.0/Time/Zone/Olson.pm line 577.
Reference found where even-sized list expected at /usr/perl5.30.0p/lib/site_perl/5.30.0/Time/Zone/Olson.pm line 577.
Reference found where even-sized list expected at /usr/perl5.30.0p/lib/site_perl/5.30.0/Time/Zone/Olson.pm line 577.
Reference found where even-sized list expected at /usr/perl5.30.0p/lib/site_perl/5.30.0/Time/Zone/Olson.pm line 577.
Reference found where even-sized list expected at /usr/perl5.30.0p/lib/site_perl/5.30.0/Time/Zone/Olson.pm line 577.
Reference found where even-sized list expected at /usr/perl5.30.0p/lib/site_perl/5.30.0/Time/Zone/Olson.pm line 577.
Reference found where even-sized list expected at /usr/perl5.30.0p/lib/site_perl/5.30.0/Time/Zone/Olson.pm line 577.
Reference found where even-sized list expected at /usr/perl5.30.0p/lib/site_perl/5.30.0/Time/Zone/Olson.pm line 577.
Reference found where even-sized list expected at /usr/perl5.30.0p/lib/site_perl/5.30.0/Time/Zone/Olson.pm line 577.
Reference found where even-sized list expected at /usr/perl5.30.0p/lib/site_perl/5.30.0/Time/Zone/Olson.pm line 577.
Reference found where even-sized list expected at /usr/perl5.30.0p/lib/site_perl/5.30.0/Time/Zone/Olson.pm line 577.
Reference found where even-sized list expected at /usr/perl5.30.0p/lib/site_perl/5.30.0/Time/Zone/Olson.pm line 577.
Reference found where even-sized list expected at /usr/perl5.30.0p/lib/site_perl/5.30.0/Time/Zone/Olson.pm line 577.
Reference found where even-sized list expected at /usr/perl5.30.0p/lib/site_perl/5.30.0/Time/Zone/Olson.pm line 577.
Reference found where even-sized list expected at /usr/perl5.30.0p/lib/site_perl/5.30.0/Time/Zone/Olson.pm line 577.
Reference found where even-sized list expected at /usr/perl5.30.0p/lib/site_perl/5.30.0/Time/Zone/Olson.pm line 577.
Reference found where even-sized list expected at /usr/perl5.30.0p/lib/site_perl/5.30.0/Time/Zone/Olson.pm line 577.
Reference found where even-sized list expected at /usr/perl5.30.0p/lib/site_perl/5.30.0/Time/Zone/Olson.pm line 577.
Reference found where even-sized list expected at /usr/perl5.30.0p/lib/site_perl/5.30.0/Time/Zone/Olson.pm line 577.
Reference found where even-sized list expected at /usr/perl5.30.0p/lib/site_perl/5.30.0/Time/Zone/Olson.pm line 577.
Reference found where even-sized list expected at /usr/perl5.30.0p/lib/site_perl/5.30.0/Time/Zone/Olson.pm line 577.
Reference found where even-sized list expected at /usr/perl5.30.0p/lib/site_perl/5.30.0/Time/Zone/Olson.pm line 577.
Reference found where even-sized list expected at /usr/perl5.30.0p/lib/site_perl/5.30.0/Time/Zone/Olson.pm line 577.
Reference found where even-sized list expected at /usr/perl5.30.0p/lib/site_perl/5.30.0/Time/Zone/Olson.pm line 577.
Reference found where even-sized list expected at /usr/perl5.30.0p/lib/site_perl/5.30.0/Time/Zone/Olson.pm line 577.
Reference found where even-sized list expected at /usr/perl5.30.0p/lib/site_perl/5.30.0/Time/Zone/Olson.pm line 577.
Reference found where even-sized list expected at /usr/perl5.30.0p/lib/site_perl/5.30.0/Time/Zone/Olson.pm line 577.
Reference found where even-sized list expected at /usr/perl5.30.0p/lib/site_perl/5.30.0/Time/Zone/Olson.pm line 577.
Reference found where even-sized list expected at /usr/perl5.30.0p/lib/site_perl/5.30.0/Time/Zone/Olson.pm line 577.
Reference found where even-sized list expected at /usr/perl5.30.0p/lib/site_perl/5.30.0/Time/Zone/Olson.pm line 577.
Reference found where even-sized list expected at /usr/perl5.30.0p/lib/site_perl/5.30.0/Time/Zone/Olson.pm line 577.
Reference found where even-sized list expected at /usr/perl5.30.0p/lib/site_perl/5.30.0/Time/Zone/Olson.pm line 577.
Reference found where even-sized list expected at /usr/perl5.30.0p/lib/site_perl/5.30.0/Time/Zone/Olson.pm line 577.
Reference found where even-sized list expected at /usr/perl5.30.0p/lib/site_perl/5.30.0/Time/Zone/Olson.pm line 577.
Reference found where even-sized list expected at /usr/perl5.30.0p/lib/site_perl/5.30.0/Time/Zone/Olson.pm line 577.
Reference found where even-sized list expected at /usr/perl5.30.0p/lib/site_perl/5.30.0/Time/Zone/Olson.pm line 577.
Reference found where even-sized list expected at /usr/perl5.30.0p/lib/site_perl/5.30.0/Time/Zone/Olson.pm line 577.
Reference found where even-sized list expected at /usr/perl5.30.0p/lib/site_perl/5.30.0/Time/Zone/Olson.pm line 577.
Reference found where even-sized list expected at /usr/perl5.30.0p/lib/site_perl/5.30.0/Time/Zone/Olson.pm line 577.
Reference found where even-sized list expected at /usr/perl5.30.0p/lib/site_perl/5.30.0/Time/Zone/Olson.pm line 577.
Reference found where even-sized list expected at /usr/perl5.30.0p/lib/site_perl/5.30.0/Time/Zone/Olson.pm line 577.
Reference found where even-sized list expected at /usr/perl5.30.0p/lib/site_perl/5.30.0/Time/Zone/Olson.pm line 577.
Reference found where even-sized list expected at /usr/perl5.30.0p/lib/site_perl/5.30.0/Time/Zone/Olson.pm line 577.
Reference found where even-sized list expected at /usr/perl5.30.0p/lib/site_perl/5.30.0/Time/Zone/Olson.pm line 577.
Reference found where even-sized list expected at /usr/perl5.30.0p/lib/site_perl/5.30.0/Time/Zone/Olson.pm line 577.
Reference found where even-sized list expected at /usr/perl5.30.0p/lib/site_perl/5.30.0/Time/Zone/Olson.pm line 577.
Reference found where even-sized list expected at /usr/perl5.30.0p/lib/site_perl/5.30.0/Time/Zone/Olson.pm line 577.
Reference found where even-sized list expected at /usr/perl5.30.0p/lib/site_perl/5.30.0/Time/Zone/Olson.pm line 577.
Reference found where even-sized list expected at /usr/perl5.30.0p/lib/site_perl/5.30.0/Time/Zone/Olson.pm line 577.
Reference found where even-sized list expected at /usr/perl5.30.0p/lib/site_perl/5.30.0/Time/Zone/Olson.pm line 577.
Reference found where even-sized list expected at /usr/perl5.30.0p/lib/site_perl/5.30.0/Time/Zone/Olson.pm line 577.
Reference found where even-sized list expected at /usr/perl5.30.0p/lib/site_perl/5.30.0/Time/Zone/Olson.pm line 577.
Reference found where even-sized list expected at /usr/perl5.30.0p/lib/site_perl/5.30.0/Time/Zone/Olson.pm line 577.
Reference found where even-sized list expected at /usr/perl5.30.0p/lib/site_perl/5.30.0/Time/Zone/Olson.pm line 577.
Reference found where even-sized list expected at /usr/perl5.30.0p/lib/site_perl/5.30.0/Time/Zone/Olson.pm line 577.
Reference found where even-sized list expected at /usr/perl5.30.0p/lib/site_perl/5.30.0/Time/Zone/Olson.pm line 577.
Reference found where even-sized list expected at /usr/perl5.30.0p/lib/site_perl/5.30.0/Time/Zone/Olson.pm line 577.
Reference found where even-sized list expected at /usr/perl5.30.0p/lib/site_perl/5.30.0/Time/Zone/Olson.pm line 577.
Reference found where even-sized list expected at /usr/perl5.30.0p/lib/site_perl/5.30.0/Time/Zone/Olson.pm line 577.
Reference found where even-sized list expected at /usr/perl5.30.0p/lib/site_perl/5.30.0/Time/Zone/Olson.pm line 577.
Reference found where even-sized list expected at /usr/perl5.30.0p/lib/site_perl/5.30.0/Time/Zone/Olson.pm line 577.
Reference found where even-sized list expected at /usr/perl5.30.0p/lib/site_perl/5.30.0/Time/Zone/Olson.pm line 577.
Reference found where even-sized list expected at /usr/perl5.30.0p/lib/site_perl/5.30.0/Time/Zone/Olson.pm line 577.
Reference found where even-sized list expected at /usr/perl5.30.0p/lib/site_perl/5.30.0/Time/Zone/Olson.pm line 577.
Reference found where even-sized list expected at /usr/perl5.30.0p/lib/site_perl/5.30.0/Time/Zone/Olson.pm line 577.
Reference found where even-sized list expected at /usr/perl5.30.0p/lib/site_perl/5.30.0/Time/Zone/Olson.pm line 577.
Reference found where even-sized list expected at /usr/perl5.30.0p/lib/site_perl/5.30.0/Time/Zone/Olson.pm line 577.
Reference found where even-sized list expected at /usr/perl5.30.0p/lib/site_perl/5.30.0/Time/Zone/Olson.pm line 577.
Reference found where even-sized list expected at /usr/perl5.30.0p/lib/site_perl/5.30.0/Time/Zone/Olson.pm line 577.
Reference found where even-sized list expected at /usr/perl5.30.0p/lib/site_perl/5.30.0/Time/Zone/Olson.pm line 577.
Reference found where even-sized list expected at /usr/perl5.30.0p/lib/site_perl/5.30.0/Time/Zone/Olson.pm line 577.
Reference found where even-sized list expected at /usr/perl5.30.0p/lib/site_perl/5.30.0/Time/Zone/Olson.pm line 577.
Reference found where even-sized list expected at /usr/perl5.30.0p/lib/site_perl/5.30.0/Time/Zone/Olson.pm line 577.
Reference found where even-sized list expected at /usr/perl5.30.0p/lib/site_perl/5.30.0/Time/Zone/Olson.pm line 577.
Reference found where even-sized list expected at /usr/perl5.30.0p/lib/site_perl/5.30.0/Time/Zone/Olson.pm line 577.
Reference found where even-sized list expected at /usr/perl5.30.0p/lib/site_perl/5.30.0/Time/Zone/Olson.pm line 577.
Reference found where even-sized list expected at /usr/perl5.30.0p/lib/site_perl/5.30.0/Time/Zone/Olson.pm line 577.
Reference found where even-sized list expected at /usr/perl5.30.0p/lib/site_perl/5.30.0/Time/Zone/Olson.pm line 577.
Reference found where even-sized list expected at /usr/perl5.30.0p/lib/site_perl/5.30.0/Time/Zone/Olson.pm line 577.
Reference found where even-sized list expected at /usr/perl5.30.0p/lib/site_perl/5.30.0/Time/Zone/Olson.pm line 577.
Reference found where even-sized list expected at /usr/perl5.30.0p/lib/site_perl/5.30.0/Time/Zone/Olson.pm line 577.
Reference found where even-sized list expected at /usr/perl5.30.0p/lib/site_perl/5.30.0/Time/Zone/Olson.pm line 577.
Reference found where even-sized list expected at /usr/perl5.30.0p/lib/site_perl/5.30.0/Time/Zone/Olson.pm line 577.
Reference found where even-sized list expected at /usr/perl5.30.0p/lib/site_perl/5.30.0/Time/Zone/Olson.pm line 577.
Reference found where even-sized list expected at /usr/perl5.30.0p/lib/site_perl/5.30.0/Time/Zone/Olson.pm line 577.
Reference found where even-sized list expected at /usr/perl5.30.0p/lib/site_perl/5.30.0/Time/Zone/Olson.pm line 577.
Reference found where even-sized list expected at /usr/perl5.30.0p/lib/site_perl/5.30.0/Time/Zone/Olson.pm line 577.
Reference found where even-sized list expected at /usr/perl5.30.0p/lib/site_perl/5.30.0/Time/Zone/Olson.pm line 577.
Reference found where even-sized list expected at /usr/perl5.30.0p/lib/site_perl/5.30.0/Time/Zone/Olson.pm line 577.
Reference found where even-sized list expected at /usr/perl5.30.0p/lib/site_perl/5.30.0/Time/Zone/Olson.pm line 577.
Reference found where even-sized list expected at /usr/perl5.30.0p/lib/site_perl/5.30.0/Time/Zone/Olson.pm line 577.
Reference found where even-sized list expected at /usr/perl5.30.0p/lib/site_perl/5.30.0/Time/Zone/Olson.pm line 577.
Reference found where even-sized list expected at /usr/perl5.30.0p/lib/site_perl/5.30.0/Time/Zone/Olson.pm line 577.
Reference found where even-sized list expected at /usr/perl5.30.0p/lib/site_perl/5.30.0/Time/Zone/Olson.pm line 577.
Reference found where even-sized list expected at /usr/perl5.30.0p/lib/site_perl/5.30.0/Time/Zone/Olson.pm line 577.
Reference found where even-sized list expected at /usr/perl5.30.0p/lib/site_perl/5.30.0/Time/Zone/Olson.pm line 577.
Reference found where even-sized list expected at /usr/perl5.30.0p/lib/site_perl/5.30.0/Time/Zone/Olson.pm line 577.
Reference found where even-sized list expected at /usr/perl5.30.0p/lib/site_perl/5.30.0/Time/Zone/Olson.pm line 577.
Reference found where even-sized list expected at /usr/perl5.30.0p/lib/site_perl/5.30.0/Time/Zone/Olson.pm line 577.
Reference found where even-sized list expected at /usr/perl5.30.0p/lib/site_perl/5.30.0/Time/Zone/Olson.pm line 577.
Reference found where even-sized list expected at /usr/perl5.30.0p/lib/site_perl/5.30.0/Time/Zone/Olson.pm line 577.
Reference found where even-sized list expected at /usr/perl5.30.0p/lib/site_perl/5.30.0/Time/Zone/Olson.pm line 577.
Reference found where even-sized list expected at /usr/perl5.30.0p/lib/site_perl/5.30.0/Time/Zone/Olson.pm line 577.
Reference found where even-sized list expected at /usr/perl5.30.0p/lib/site_perl/5.30.0/Time/Zone/Olson.pm line 577.
Reference found where even-sized list expected at /usr/perl5.30.0p/lib/site_perl/5.30.0/Time/Zone/Olson.pm line 577.
Reference found where even-sized list expected at /usr/perl5.30.0p/lib/site_perl/5.30.0/Time/Zone/Olson.pm line 577.
Reference found where even-sized list expected at /usr/perl5.30.0p/lib/site_perl/5.30.0/Time/Zone/Olson.pm line 577.
Reference found where even-sized list expected at /usr/perl5.30.0p/lib/site_perl/5.30.0/Time/Zone/Olson.pm line 577.
Reference found where even-sized list expected at /usr/perl5.30.0p/lib/site_perl/5.30.0/Time/Zone/Olson.pm line 577.
Reference found where even-sized list expected at /usr/perl5.30.0p/lib/site_perl/5.30.0/Time/Zone/Olson.pm line 577.
Reference found where even-sized list expected at /usr/perl5.30.0p/lib/site_perl/5.30.0/Time/Zone/Olson.pm line 577.
Reference found where even-sized list expected at /usr/perl5.30.0p/lib/site_perl/5.30.0/Time/Zone/Olson.pm line 577.
Reference found where even-sized list expected at /usr/perl5.30.0p/lib/site_perl/5.30.0/Time/Zone/Olson.pm line 577.
Reference found where even-sized list expected at /usr/perl5.30.0p/lib/site_perl/5.30.0/Time/Zone/Olson.pm line 577.
Reference found where even-sized list expected at /usr/perl5.30.0p/lib/site_perl/5.30.0/Time/Zone/Olson.pm line 577.
Reference found where even-sized list expected at /usr/perl5.30.0p/lib/site_perl/5.30.0/Time/Zone/Olson.pm line 577.
Reference found where even-sized list expected at /usr/perl5.30.0p/lib/site_perl/5.30.0/Time/Zone/Olson.pm line 577.
Reference found where even-sized list expected at /usr/perl5.30.0p/lib/site_perl/5.30.0/Time/Zone/Olson.pm line 577.
Reference found where even-sized list expected at /usr/perl5.30.0p/lib/site_perl/5.30.0/Time/Zone/Olson.pm line 577.
Reference found where even-sized list expected at /usr/perl5.30.0p/lib/site_perl/5.30.0/Time/Zone/Olson.pm line 577.
Reference found where even-sized list expected at /usr/perl5.30.0p/lib/site_perl/5.30.0/Time/Zone/Olson.pm line 577.
Reference found where even-sized list expected at /usr/perl5.30.0p/lib/site_perl/5.30.0/Time/Zone/Olson.pm line 577.
Reference found where even-sized list expected at /usr/perl5.30.0p/lib/site_perl/5.30.0/Time/Zone/Olson.pm line 577.
Reference found where even-sized list expected at /usr/perl5.30.0p/lib/site_perl/5.30.0/Time/Zone/Olson.pm line 577.
Reference found where even-sized list expected at /usr/perl5.30.0p/lib/site_perl/5.30.0/Time/Zone/Olson.pm line 577.
Reference found where even-sized list expected at /usr/perl5.30.0p/lib/site_perl/5.30.0/Time/Zone/Olson.pm line 577.
Reference found where even-sized list expected at /usr/perl5.30.0p/lib/site_perl/5.30.0/Time/Zone/Olson.pm line 577.
Reference found where even-sized list expected at /usr/perl5.30.0p/lib/site_perl/5.30.0/Time/Zone/Olson.pm line 577.
Reference found where even-sized list expected at /usr/perl5.30.0p/lib/site_perl/5.30.0/Time/Zone/Olson.pm line 577.
Reference found where even-sized list expected at /usr/perl5.30.0p/lib/site_perl/5.30.0/Time/Zone/Olson.pm line 577.
Reference found where even-sized list expected at /usr/perl5.30.0p/lib/site_perl/5.30.0/Time/Zone/Olson.pm line 577.
Reference found where even-sized list expected at /usr/perl5.30.0p/lib/site_perl/5.30.0/Time/Zone/Olson.pm line 577.
Reference found where even-sized list expected at /usr/perl5.30.0p/lib/site_perl/5.30.0/Time/Zone/Olson.pm line 577.
Reference found where even-sized list expected at /usr/perl5.30.0p/lib/site_perl/5.30.0/Time/Zone/Olson.pm line 577.
Reference found where even-sized list expected at /usr/perl5.30.0p/lib/site_perl/5.30.0/Time/Zone/Olson.pm line 577.
Reference found where even-sized list expected at /usr/perl5.30.0p/lib/site_perl/5.30.0/Time/Zone/Olson.pm line 577.
Reference found where even-sized list expected at /usr/perl5.30.0p/lib/site_perl/5.30.0/Time/Zone/Olson.pm line 577.
Reference found where even-sized list expected at /usr/perl5.30.0p/lib/site_perl/5.30.0/Time/Zone/Olson.pm line 577.
Reference found where even-sized list expected at /usr/perl5.30.0p/lib/site_perl/5.30.0/Time/Zone/Olson.pm line 577.
Reference found where even-sized list expected at /usr/perl5.30.0p/lib/site_perl/5.30.0/Time/Zone/Olson.pm line 577.
Reference found where even-sized list expected at /usr/perl5.30.0p/lib/site_perl/5.30.0/Time/Zone/Olson.pm line 577.
Reference found where even-sized list expected at /usr/perl5.30.0p/lib/site_perl/5.30.0/Time/Zone/Olson.pm line 577.
Reference found where even-sized list expected at /usr/perl5.30.0p/lib/site_perl/5.30.0/Time/Zone/Olson.pm line 577.
Reference found where even-sized list expected at /usr/perl5.30.0p/lib/site_perl/5.30.0/Time/Zone/Olson.pm line 577.
Reference found where even-sized list expected at /usr/perl5.30.0p/lib/site_perl/5.30.0/Time/Zone/Olson.pm line 577.
Reference found where even-sized list expected at /usr/perl5.30.0p/lib/site_perl/5.30.0/Time/Zone/Olson.pm line 577.
Reference found where even-sized list expected at /usr/perl5.30.0p/lib/site_perl/5.30.0/Time/Zone/Olson.pm line 577.
Reference found where even-sized list expected at /usr/perl5.30.0p/lib/site_perl/5.30.0/Time/Zone/Olson.pm line 577.
Reference found where even-sized list expected at /usr/perl5.30.0p/lib/site_perl/5.30.0/Time/Zone/Olson.pm line 577.
Reference found where even-sized list expected at /usr/perl5.30.0p/lib/site_perl/5.30.0/Time/Zone/Olson.pm line 577.
Reference found where even-sized list expected at /usr/perl5.30.0p/lib/site_perl/5.30.0/Time/Zone/Olson.pm line 577.
Reference found where even-sized list expected at /usr/perl5.30.0p/lib/site_perl/5.30.0/Time/Zone/Olson.pm line 577.
Reference found where even-sized list expected at /usr/perl5.30.0p/lib/site_perl/5.30.0/Time/Zone/Olson.pm line 577.
Reference found where even-sized list expected at /usr/perl5.30.0p/lib/site_perl/5.30.0/Time/Zone/Olson.pm line 577.
Reference found where even-sized list expected at /usr/perl5.30.0p/lib/site_perl/5.30.0/Time/Zone/Olson.pm line 577.
Reference found where even-sized list expected at /usr/perl5.30.0p/lib/site_perl/5.30.0/Time/Zone/Olson.pm line 577.
Reference found where even-sized list expected at /usr/perl5.30.0p/lib/site_perl/5.30.0/Time/Zone/Olson.pm line 577.
Reference found where even-sized list expected at /usr/perl5.30.0p/lib/site_perl/5.30.0/Time/Zone/Olson.pm line 577.
Reference found where even-sized list expected at /usr/perl5.30.0p/lib/site_perl/5.30.0/Time/Zone/Olson.pm line 577.
t/07-week.t ............ ok
Reference found where even-sized list expected at /usr/perl5.30.0p/lib/site_perl/5.30.0/Time/Zone/Olson.pm line 577.
Reference found where even-sized list expected at /usr/perl5.30.0p/lib/site_perl/5.30.0/Time/Zone/Olson.pm line 577.
Reference found where even-sized list expected at /usr/perl5.30.0p/lib/site_perl/5.30.0/Time/Zone/Olson.pm line 577.
Reference found where even-sized list expected at /usr/perl5.30.0p/lib/site_perl/5.30.0/Time/Zone/Olson.pm line 577.
Reference found where even-sized list expected at /usr/perl5.30.0p/lib/site_perl/5.30.0/Time/Zone/Olson.pm line 577.
Reference found where even-sized list expected at /usr/perl5.30.0p/lib/site_perl/5.30.0/Time/Zone/Olson.pm line 577.
Reference found where even-sized list expected at /usr/perl5.30.0p/lib/site_perl/5.30.0/Time/Zone/Olson.pm line 577.
t/08-definedness.t ..... ok
Reference found where even-sized list expected at /usr/perl5.30.0p/lib/site_perl/5.30.0/Time/Zone/Olson.pm line 577.
Reference found where even-sized list expected at /usr/perl5.30.0p/lib/site_perl/5.30.0/Time/Zone/Olson.pm line 577.
Reference found where even-sized list expected at /usr/perl5.30.0p/lib/site_perl/5.30.0/Time/Zone/Olson.pm line 577.
Reference found where even-sized list expected at /usr/perl5.30.0p/lib/site_perl/5.30.0/Time/Zone/Olson.pm line 577.
Reference found where even-sized list expected at /usr/perl5.30.0p/lib/site_perl/5.30.0/Time/Zone/Olson.pm line 577.
Reference found where even-sized list expected at /usr/perl5.30.0p/lib/site_perl/5.30.0/Time/Zone/Olson.pm line 577.
Reference found where even-sized list expected at /usr/perl5.30.0p/lib/site_perl/5.30.0/Time/Zone/Olson.pm line 577.
Reference found where even-sized list expected at /usr/perl5.30.0p/lib/site_perl/5.30.0/Time/Zone/Olson.pm line 577.
Reference found where even-sized list expected at /usr/perl5.30.0p/lib/site_perl/5.30.0/Time/Zone/Olson.pm line 577.
Reference found where even-sized list expected at /usr/perl5.30.0p/lib/site_perl/5.30.0/Time/Zone/Olson.pm line 577.
Reference found where even-sized list expected at /usr/perl5.30.0p/lib/site_perl/5.30.0/Time/Zone/Olson.pm line 577.
Reference found where even-sized list expected at /usr/perl5.30.0p/lib/site_perl/5.30.0/Time/Zone/Olson.pm line 577.
Reference found where even-sized list expected at /usr/perl5.30.0p/lib/site_perl/5.30.0/Time/Zone/Olson.pm line 577.
Reference found where even-sized list expected at /usr/perl5.30.0p/lib/site_perl/5.30.0/Time/Zone/Olson.pm line 577.
Reference found where even-sized list expected at /usr/perl5.30.0p/lib/site_perl/5.30.0/Time/Zone/Olson.pm line 577.
Reference found where even-sized list expected at /usr/perl5.30.0p/lib/site_perl/5.30.0/Time/Zone/Olson.pm line 577.
Reference found where even-sized list expected at /usr/perl5.30.0p/lib/site_perl/5.30.0/Time/Zone/Olson.pm line 577.
Reference found where even-sized list expected at /usr/perl5.30.0p/lib/site_perl/5.30.0/Time/Zone/Olson.pm line 577.
Reference found where even-sized list expected at /usr/perl5.30.0p/lib/site_perl/5.30.0/Time/Zone/Olson.pm line 577.
Reference found where even-sized list expected at /usr/perl5.30.0p/lib/site_perl/5.30.0/Time/Zone/Olson.pm line 577.
Reference found where even-sized list expected at /usr/perl5.30.0p/lib/site_perl/5.30.0/Time/Zone/Olson.pm line 577.
Reference found where even-sized list expected at /usr/perl5.30.0p/lib/site_perl/5.30.0/Time/Zone/Olson.pm line 577.
t/09-strptime.t ........ ok
Reference found where even-sized list expected at /usr/perl5.30.0p/lib/site_perl/5.30.0/Time/Zone/Olson.pm line 577.
Reference found where even-sized list expected at /usr/perl5.30.0p/lib/site_perl/5.30.0/Time/Zone/Olson.pm line 577.
Reference found where even-sized list expected at /usr/perl5.30.0p/lib/site_perl/5.30.0/Time/Zone/Olson.pm line 577.
Reference found where even-sized list expected at /usr/perl5.30.0p/lib/site_perl/5.30.0/Time/Zone/Olson.pm line 577.
Reference found where even-sized list expected at /usr/perl5.30.0p/lib/site_perl/5.30.0/Time/Zone/Olson.pm line 577.
Reference found where even-sized list expected at /usr/perl5.30.0p/lib/site_perl/5.30.0/Time/Zone/Olson.pm line 577.
Reference found where even-sized list expected at /usr/perl5.30.0p/lib/site_perl/5.30.0/Time/Zone/Olson.pm line 577.
Reference found where even-sized list expected at /usr/perl5.30.0p/lib/site_perl/5.30.0/Time/Zone/Olson.pm line 577.
Reference found where even-sized list expected at /usr/perl5.30.0p/lib/site_perl/5.30.0/Time/Zone/Olson.pm line 577.
Reference found where even-sized list expected at /usr/perl5.30.0p/lib/site_perl/5.30.0/Time/Zone/Olson.pm line 577.
# Failed test '->new(2016,3,26,4,51,38,"Europe/Stockholm") constructor gave correct epoch'
# at t/10-constructors.t line 56.
# got: '1458967898'
# expected: '1458964298'
Reference found where even-sized list expected at /usr/perl5.30.0p/lib/site_perl/5.30.0/Time/Zone/Olson.pm line 577.
Reference found where even-sized list expected at /usr/perl5.30.0p/lib/site_perl/5.30.0/Time/Zone/Olson.pm line 577.
Reference found where even-sized list expected at /usr/perl5.30.0p/lib/site_perl/5.30.0/Time/Zone/Olson.pm line 577.
# Failed test '->new(2016,3,27,4,51,38,"Europe/Stockholm") constructor gave correct epoch'
# at t/10-constructors.t line 58.
# got: '1459054298'
# expected: '1459047098'
Reference found where even-sized list expected at /usr/perl5.30.0p/lib/site_perl/5.30.0/Time/Zone/Olson.pm line 577.
Reference found where even-sized list expected at /usr/perl5.30.0p/lib/site_perl/5.30.0/Time/Zone/Olson.pm line 577.
Reference found where even-sized list expected at /usr/perl5.30.0p/lib/site_perl/5.30.0/Time/Zone/Olson.pm line 577.
Reference found where even-sized list expected at /usr/perl5.30.0p/lib/site_perl/5.30.0/Time/Zone/Olson.pm line 577.
Reference found where even-sized list expected at /usr/perl5.30.0p/lib/site_perl/5.30.0/Time/Zone/Olson.pm line 577.
Reference found where even-sized list expected at /usr/perl5.30.0p/lib/site_perl/5.30.0/Time/Zone/Olson.pm line 577.
Reference found where even-sized list expected at /usr/perl5.30.0p/lib/site_perl/5.30.0/Time/Zone/Olson.pm line 577.
Reference found where even-sized list expected at /usr/perl5.30.0p/lib/site_perl/5.30.0/Time/Zone/Olson.pm line 577.
Reference found where even-sized list expected at /usr/perl5.30.0p/lib/site_perl/5.30.0/Time/Zone/Olson.pm line 577.
Reference found where even-sized list expected at /usr/perl5.30.0p/lib/site_perl/5.30.0/Time/Zone/Olson.pm line 577.
Reference found where even-sized list expected at /usr/perl5.30.0p/lib/site_perl/5.30.0/Time/Zone/Olson.pm line 577.
Reference found where even-sized list expected at /usr/perl5.30.0p/lib/site_perl/5.30.0/Time/Zone/Olson.pm line 577.
Reference found where even-sized list expected at /usr/perl5.30.0p/lib/site_perl/5.30.0/Time/Zone/Olson.pm line 577.
Reference found where even-sized list expected at /usr/perl5.30.0p/lib/site_perl/5.30.0/Time/Zone/Olson.pm line 577.
Reference found where even-sized list expected at /usr/perl5.30.0p/lib/site_perl/5.30.0/Time/Zone/Olson.pm line 577.
Reference found where even-sized list expected at /usr/perl5.30.0p/lib/site_perl/5.30.0/Time/Zone/Olson.pm line 577.
Reference found where even-sized list expected at /usr/perl5.30.0p/lib/site_perl/5.30.0/Time/Zone/Olson.pm line 577.
Reference found where even-sized list expected at /usr/perl5.30.0p/lib/site_perl/5.30.0/Time/Zone/Olson.pm line 577.
Reference found where even-sized list expected at /usr/perl5.30.0p/lib/site_perl/5.30.0/Time/Zone/Olson.pm line 577.
Reference found where even-sized list expected at /usr/perl5.30.0p/lib/site_perl/5.30.0/Time/Zone/Olson.pm line 577.
Reference found where even-sized list expected at /usr/perl5.30.0p/lib/site_perl/5.30.0/Time/Zone/Olson.pm line 577.
Reference found where even-sized list expected at /usr/perl5.30.0p/lib/site_perl/5.30.0/Time/Zone/Olson.pm line 577.
Reference found where even-sized list expected at /usr/perl5.30.0p/lib/site_perl/5.30.0/Time/Zone/Olson.pm line 577.
Reference found where even-sized list expected at /usr/perl5.30.0p/lib/site_perl/5.30.0/Time/Zone/Olson.pm line 577.
Reference found where even-sized list expected at /usr/perl5.30.0p/lib/site_perl/5.30.0/Time/Zone/Olson.pm line 577.
Reference found where even-sized list expected at /usr/perl5.30.0p/lib/site_perl/5.30.0/Time/Zone/Olson.pm line 577.
Reference found where even-sized list expected at /usr/perl5.30.0p/lib/site_perl/5.30.0/Time/Zone/Olson.pm line 577.
Reference found where even-sized list expected at /usr/perl5.30.0p/lib/site_perl/5.30.0/Time/Zone/Olson.pm line 577.
Reference found where even-sized list expected at /usr/perl5.30.0p/lib/site_perl/5.30.0/Time/Zone/Olson.pm line 577.
Reference found where even-sized list expected at /usr/perl5.30.0p/lib/site_perl/5.30.0/Time/Zone/Olson.pm line 577.
Reference found where even-sized list expected at /usr/perl5.30.0p/lib/site_perl/5.30.0/Time/Zone/Olson.pm line 577.
Reference found where even-sized list expected at /usr/perl5.30.0p/lib/site_perl/5.30.0/Time/Zone/Olson.pm line 577.
Reference found where even-sized list expected at /usr/perl5.30.0p/lib/site_perl/5.30.0/Time/Zone/Olson.pm line 577.
Reference found where even-sized list expected at /usr/perl5.30.0p/lib/site_perl/5.30.0/Time/Zone/Olson.pm line 577.
Reference found where even-sized list expected at /usr/perl5.30.0p/lib/site_perl/5.30.0/Time/Zone/Olson.pm line 577.
Reference found where even-sized list expected at /usr/perl5.30.0p/lib/site_perl/5.30.0/Time/Zone/Olson.pm line 577.
Reference found where even-sized list expected at /usr/perl5.30.0p/lib/site_perl/5.30.0/Time/Zone/Olson.pm line 577.
Reference found where even-sized list expected at /usr/perl5.30.0p/lib/site_perl/5.30.0/Time/Zone/Olson.pm line 577.
Reference found where even-sized list expected at /usr/perl5.30.0p/lib/site_perl/5.30.0/Time/Zone/Olson.pm line 577.
Reference found where even-sized list expected at /usr/perl5.30.0p/lib/site_perl/5.30.0/Time/Zone/Olson.pm line 577.
Reference found where even-sized list expected at /usr/perl5.30.0p/lib/site_perl/5.30.0/Time/Zone/Olson.pm line 577.
Reference found where even-sized list expected at /usr/perl5.30.0p/lib/site_perl/5.30.0/Time/Zone/Olson.pm line 577.
Reference found where even-sized list expected at /usr/perl5.30.0p/lib/site_perl/5.30.0/Time/Zone/Olson.pm line 577.
Reference found where even-sized list expected at /usr/perl5.30.0p/lib/site_perl/5.30.0/Time/Zone/Olson.pm line 577.
Reference found where even-sized list expected at /usr/perl5.30.0p/lib/site_perl/5.30.0/Time/Zone/Olson.pm line 577.
Reference found where even-sized list expected at /usr/perl5.30.0p/lib/site_perl/5.30.0/Time/Zone/Olson.pm line 577.
Reference found where even-sized list expected at /usr/perl5.30.0p/lib/site_perl/5.30.0/Time/Zone/Olson.pm line 577.
Reference found where even-sized list expected at /usr/perl5.30.0p/lib/site_perl/5.30.0/Time/Zone/Olson.pm line 577.
Reference found where even-sized list expected at /usr/perl5.30.0p/lib/site_perl/5.30.0/Time/Zone/Olson.pm line 577.
Reference found where even-sized list expected at /usr/perl5.30.0p/lib/site_perl/5.30.0/Time/Zone/Olson.pm line 577.
Reference found where even-sized list expected at /usr/perl5.30.0p/lib/site_perl/5.30.0/Time/Zone/Olson.pm line 577.
Reference found where even-sized list expected at /usr/perl5.30.0p/lib/site_perl/5.30.0/Time/Zone/Olson.pm line 577.
Reference found where even-sized list expected at /usr/perl5.30.0p/lib/site_perl/5.30.0/Time/Zone/Olson.pm line 577.
Reference found where even-sized list expected at /usr/perl5.30.0p/lib/site_perl/5.30.0/Time/Zone/Olson.pm line 577.
Reference found where even-sized list expected at /usr/perl5.30.0p/lib/site_perl/5.30.0/Time/Zone/Olson.pm line 577.
Reference found where even-sized list expected at /usr/perl5.30.0p/lib/site_perl/5.30.0/Time/Zone/Olson.pm line 577.
Reference found where even-sized list expected at /usr/perl5.30.0p/lib/site_perl/5.30.0/Time/Zone/Olson.pm line 577.
Reference found where even-sized list expected at /usr/perl5.30.0p/lib/site_perl/5.30.0/Time/Zone/Olson.pm line 577.
Reference found where even-sized list expected at /usr/perl5.30.0p/lib/site_perl/5.30.0/Time/Zone/Olson.pm line 577.
Reference found where even-sized list expected at /usr/perl5.30.0p/lib/site_perl/5.30.0/Time/Zone/Olson.pm line 577.
Reference found where even-sized list expected at /usr/perl5.30.0p/lib/site_perl/5.30.0/Time/Zone/Olson.pm line 577.
Reference found where even-sized list expected at /usr/perl5.30.0p/lib/site_perl/5.30.0/Time/Zone/Olson.pm line 577.
Reference found where even-sized list expected at /usr/perl5.30.0p/lib/site_perl/5.30.0/Time/Zone/Olson.pm line 577.
Reference found where even-sized list expected at /usr/perl5.30.0p/lib/site_perl/5.30.0/Time/Zone/Olson.pm line 577.
Reference found where even-sized list expected at /usr/perl5.30.0p/lib/site_perl/5.30.0/Time/Zone/Olson.pm line 577.
Reference found where even-sized list expected at /usr/perl5.30.0p/lib/site_perl/5.30.0/Time/Zone/Olson.pm line 577.
Reference found where even-sized list expected at /usr/perl5.30.0p/lib/site_perl/5.30.0/Time/Zone/Olson.pm line 577.
Reference found where even-sized list expected at /usr/perl5.30.0p/lib/site_perl/5.30.0/Time/Zone/Olson.pm line 577.
Reference found where even-sized list expected at /usr/perl5.30.0p/lib/site_perl/5.30.0/Time/Zone/Olson.pm line 577.
Reference found where even-sized list expected at /usr/perl5.30.0p/lib/site_perl/5.30.0/Time/Zone/Olson.pm line 577.
Reference found where even-sized list expected at /usr/perl5.30.0p/lib/site_perl/5.30.0/Time/Zone/Olson.pm line 577.
Reference found where even-sized list expected at /usr/perl5.30.0p/lib/site_perl/5.30.0/Time/Zone/Olson.pm line 577.
Reference found where even-sized list expected at /usr/perl5.30.0p/lib/site_perl/5.30.0/Time/Zone/Olson.pm line 577.
Reference found where even-sized list expected at /usr/perl5.30.0p/lib/site_perl/5.30.0/Time/Zone/Olson.pm line 577.
Reference found where even-sized list expected at /usr/perl5.30.0p/lib/site_perl/5.30.0/Time/Zone/Olson.pm line 577.
Reference found where even-sized list expected at /usr/perl5.30.0p/lib/site_perl/5.30.0/Time/Zone/Olson.pm line 577.
Reference found where even-sized list expected at /usr/perl5.30.0p/lib/site_perl/5.30.0/Time/Zone/Olson.pm line 577.
Reference found where even-sized list expected at /usr/perl5.30.0p/lib/site_perl/5.30.0/Time/Zone/Olson.pm line 577.
Reference found where even-sized list expected at /usr/perl5.30.0p/lib/site_perl/5.30.0/Time/Zone/Olson.pm line 577.
Reference found where even-sized list expected at /usr/perl5.30.0p/lib/site_perl/5.30.0/Time/Zone/Olson.pm line 577.
Reference found where even-sized list expected at /usr/perl5.30.0p/lib/site_perl/5.30.0/Time/Zone/Olson.pm line 577.
Reference found where even-sized list expected at /usr/perl5.30.0p/lib/site_perl/5.30.0/Time/Zone/Olson.pm line 577.
Reference found where even-sized list expected at /usr/perl5.30.0p/lib/site_perl/5.30.0/Time/Zone/Olson.pm line 577.
Reference found where even-sized list expected at /usr/perl5.30.0p/lib/site_perl/5.30.0/Time/Zone/Olson.pm line 577.
Reference found where even-sized list expected at /usr/perl5.30.0p/lib/site_perl/5.30.0/Time/Zone/Olson.pm line 577.
Reference found where even-sized list expected at /usr/perl5.30.0p/lib/site_perl/5.30.0/Time/Zone/Olson.pm line 577.
Reference found where even-sized list expected at /usr/perl5.30.0p/lib/site_perl/5.30.0/Time/Zone/Olson.pm line 577.
Reference found where even-sized list expected at /usr/perl5.30.0p/lib/site_perl/5.30.0/Time/Zone/Olson.pm line 577.
# Looks like you failed 2 tests of 72.
t/10-constructors.t ....
Dubious, test returned 2 (wstat 512, 0x200)
Failed 2/72 subtests
Test Summary Report
-------------------
t/02-unit.t (Wstat: 1536 Tests: 71 Failed: 6)
Failed tests: 63-68
Non-zero exit status: 6
t/04-timezone.t (Wstat: 4864 Tests: 22 Failed: 19)
Failed tests: 4-22
Non-zero exit status: 19
t/10-constructors.t (Wstat: 512 Tests: 72 Failed: 2)
Failed tests: 8-9
Non-zero exit status: 2
Files=11, Tests=813, 3 wallclock secs ( 0.23 usr 0.12 sys + 2.43 cusr 0.85 csys = 3.63 CPU)
Result: FAIL
Failed 3/11 test programs. 27/813 subtests failed.
*** Error code 2
Stop.
make: stopped in /usr/home/cpansand/.cpan/build/2020010119/Time-C-0.024-0
------------------------------
PREREQUISITES
------------------------------
Prerequisite modules loaded:
requires:
Module Need Have
----------------------- -------- --------
Data::Munge 0 0.097
File::Share 0 0.25
Function::Parameters 1.0705 2.001003
JSON::MaybeXS 0 1.004000
List::Util 1.45 1.51
overload 0 1.30
perl 5.016000 5.030000
Test::More 0 1.302164
Time::Moment 0.38 0.44
Time::Zone::Olson 0.12 0.26
build_requires:
Module Need Have
----------------------- -------- --------
ExtUtils::MakeMaker 0 7.42
File::Spec 0 3.78
Test::More 0 1.302164
configure_requires:
Module Need Have
----------------------- -------- --------
ExtUtils::MakeMaker 0 7.42
File::ShareDir::Install 0.06 0.13
------------------------------
ENVIRONMENT AND OTHER CONTEXT
------------------------------
Environment variables:
PATH = /usr/local/bin:/usr/bin:/bin:/usr/local/sbin:/usr/sbin:/sbin:/home/cpansand/bin/freebsd12.0:/home/cpansand/bin/sh:/home/cpansand/bin:/usr/games:/home/cpansand/devel:/usr/home/eserte/src/srezic-misc/scripts
PERL5LIB = /home/cpansand/.cpan/build/2020010119/DateTime-Format-Pg-0.16013-0/blib/arch:/home/cpansand/.cpan/build/2020010119/DateTime-Format-Pg-0.16013-0/blib/lib:/home/cpansand/.cpan/build/2020010119/Date-Calc-Endpoints-1.03-0/blib/arch:/home/cpansand/.cpan/build/2020010119/Date-Calc-Endpoints-1.03-0/blib/lib:/home/cpansand/.cpan/build/2020010119/Time-Verbal-1.0.1-0/blib/arch:/home/cpansand/.cpan/build/2020010119/Time-Verbal-1.0.1-0/blib/lib:/home/cpansand/.cpan/build/2020010119/Locale-Wolowitz-1.004001-0/blib/arch:/home/cpansand/.cpan/build/2020010119/Locale-Wolowitz-1.004001-0/blib/lib:/home/cpansand/.cpan/build/2020010119/Time-Ago-1.00-0/blib/arch:/home/cpansand/.cpan/build/2020010119/Time-Ago-1.00-0/blib/lib
PERL5OPT =
PERL5_CPANPLUS_IS_RUNNING = 91503
PERL5_CPAN_IS_RUNNING = 91503
PERL5_CPAN_IS_RUNNING_IN_RECURSION = 38101,91503
PERLDOC = -MPod::Perldoc::ToTextOverstrike
PERL_BATCH = yes
PERL_CANARY_STABILITY_NOPROMPT = 1
PERL_CPAN_REPORTER_CONFIG = /var/tmp/cpansmoker-1023/2020010118/cpanreporter_003_config.ini
PERL_EXTUTILS_AUTOINSTALL = --defaultdeps
PERL_USE_UNSAFE_INC = 1
SHELL = /usr/local/bin/zsh
TERM = screen
TMPDIR = /var/tmp/cpansmoker-1023/2020010118
Perl special variables (and OS-specific diagnostics, for MSWin32):
$^X = /usr/perl5.30.0p/bin/perl
$UID/$EUID = 1023 / 1023
$GID = 1023 1023
$EGID = 1023 1023
Perl module toolchain versions installed:
Module Have
------------------- --------
CPAN 2.27
CPAN::Meta 2.150010
Cwd 3.78
ExtUtils::CBuilder 0.280231
ExtUtils::Command 7.42
ExtUtils::Install 2.14
ExtUtils::MakeMaker 7.42
ExtUtils::Manifest 1.72
ExtUtils::ParseXS 3.40
File::Spec 3.78
JSON 4.02
JSON::PP 4.04
Module::Build 0.4229
Module::Signature 0.83
Parse::CPAN::Meta 2.150010
Test::Harness 3.42
Test::More 1.302164
YAML 1.29
YAML::Syck 1.31
version 0.9924
--
Summary of my perl5 (revision 5 version 30 subversion 0) configuration:
Platform:
osname=freebsd
osvers=12.0-stable
archname=amd64-freebsd
uname='freebsd cloud1.bbbike.org 12.0-stable freebsd 12.0-stable 5f6d693b936(stable12) generic amd64 '
config_args='-ds -e -Dprefix=/usr/perl5.30.0p -Dcf_email=srezic@cpan.org -Doptimize=-O2 -pipe'
hint=recommended
useposix=true
d_sigaction=define
useithreads=undef
usemultiplicity=undef
use64bitint=define
use64bitall=define
uselongdouble=undef
usemymalloc=n
default_inc_excludes_dot=define
bincompat5005=undef
Compiler:
cc='cc'
ccflags ='-DHAS_FPSETMASK -DHAS_FLOATINGPOINT_H -fno-strict-aliasing -pipe -fstack-protector-strong -I/usr/local/include -D_FORTIFY_SOURCE=2'
optimize='-O2 -pipe'
cppflags='-DHAS_FPSETMASK -DHAS_FLOATINGPOINT_H -fno-strict-aliasing -pipe -fstack-protector-strong -I/usr/local/include'
ccversion=''
gccversion='4.2.1 Compatible FreeBSD Clang 8.0.0 (tags/RELEASE_800/final 356365)'
gccosandvers=''
intsize=4
longsize=8
ptrsize=8
doublesize=8
byteorder=12345678
doublekind=3
d_longlong=define
longlongsize=8
d_longdbl=define
longdblsize=16
longdblkind=3
ivtype='long'
ivsize=8
nvtype='double'
nvsize=8
Off_t='off_t'
lseeksize=8
alignbytes=8
prototype=define
Linker and Libraries:
ld='cc'
ldflags ='-pthread -Wl,-E -fstack-protector-strong -L/usr/local/lib'
libpth=/usr/lib /usr/local/lib /usr/lib/clang/8.0.0/lib /usr/lib
libs=-lpthread -lgdbm -ldl -lm -lcrypt -lutil -lc
perllibs=-lpthread -ldl -lm -lcrypt -lutil -lc
libc=
so=so
useshrplib=false
libperl=libperl.a
gnulibc_version=''
Dynamic Linking:
dlsrc=dl_dlopen.xs
dlext=so
d_dlsymun=undef
ccdlflags=' '
cccdlflags='-DPIC -fPIC'
lddlflags='-shared -L/usr/local/lib -fstack-protector-strong'
Characteristics of this binary (from libperl):
Compile-time options:
HAS_TIMES
PERLIO_LAYERS
PERL_COPY_ON_WRITE
PERL_DONT_CREATE_GVSV
PERL_MALLOC_WRAP
PERL_OP_PARENT
PERL_PRESERVE_IVUV
USE_64_BIT_ALL
USE_64_BIT_INT
USE_LARGE_FILES
USE_LOCALE
USE_LOCALE_COLLATE
USE_LOCALE_CTYPE
USE_LOCALE_NUMERIC
USE_LOCALE_TIME
USE_PERLIO
USE_PERL_ATOF
Built under freebsd
Compiled at May 22 2019 20:12:17
%ENV:
PERL5LIB="/home/cpansand/.cpan/build/2020010119/DateTime-Format-Pg-0.16013-0/blib/arch:/home/cpansand/.cpan/build/2020010119/DateTime-Format-Pg-0.16013-0/blib/lib:/home/cpansand/.cpan/build/2020010119/Date-Calc-Endpoints-1.03-0/blib/arch:/home/cpansand/.cpan/build/2020010119/Date-Calc-Endpoints-1.03-0/blib/lib:/home/cpansand/.cpan/build/2020010119/Time-Verbal-1.0.1-0/blib/arch:/home/cpansand/.cpan/build/2020010119/Time-Verbal-1.0.1-0/blib/lib:/home/cpansand/.cpan/build/2020010119/Locale-Wolowitz-1.004001-0/blib/arch:/home/cpansand/.cpan/build/2020010119/Locale-Wolowitz-1.004001-0/blib/lib:/home/cpansand/.cpan/build/2020010119/Time-Ago-1.00-0/blib/arch:/home/cpansand/.cpan/build/2020010119/Time-Ago-1.00-0/blib/lib"
PERL5OPT=""
PERL5_CPANPLUS_IS_RUNNING="91503"
PERL5_CPAN_IS_RUNNING="91503"
PERL5_CPAN_IS_RUNNING_IN_RECURSION="38101,91503"
PERLDOC="-MPod::Perldoc::ToTextOverstrike"
PERL_BATCH="yes"
PERL_CANARY_STABILITY_NOPROMPT="1"
PERL_CPAN_REPORTER_CONFIG="/var/tmp/cpansmoker-1023/2020010118/cpanreporter_003_config.ini"
PERL_EXTUTILS_AUTOINSTALL="--defaultdeps"
PERL_USE_UNSAFE_INC="1"
@INC:
/home/cpansand/.cpan/build/2020010119/DateTime-Format-Pg-0.16013-0/blib/arch
/home/cpansand/.cpan/build/2020010119/DateTime-Format-Pg-0.16013-0/blib/lib
/home/cpansand/.cpan/build/2020010119/Date-Calc-Endpoints-1.03-0/blib/arch
/home/cpansand/.cpan/build/2020010119/Date-Calc-Endpoints-1.03-0/blib/lib
/home/cpansand/.cpan/build/2020010119/Time-Verbal-1.0.1-0/blib/arch
/home/cpansand/.cpan/build/2020010119/Time-Verbal-1.0.1-0/blib/lib
/home/cpansand/.cpan/build/2020010119/Locale-Wolowitz-1.004001-0/blib/arch
/home/cpansand/.cpan/build/2020010119/Locale-Wolowitz-1.004001-0/blib/lib
/home/cpansand/.cpan/build/2020010119/Time-Ago-1.00-0/blib/arch
/home/cpansand/.cpan/build/2020010119/Time-Ago-1.00-0/blib/lib
/usr/perl5.30.0p/lib/site_perl/5.30.0/amd64-freebsd
/usr/perl5.30.0p/lib/site_perl/5.30.0
/usr/perl5.30.0p/lib/5.30.0/amd64-freebsd
/usr/perl5.30.0p/lib/5.30.0
.