Report for MonetDB-CLI-MapiLib-0.03

Back
From: metabase:user:322078bc-2aae-11df-837a-5e0a49663a4f
Subject: NA MonetDB-CLI-MapiLib-0.03 v5.12.4 GNU/Linux
Date: 2011-11-29T13:16:32Z

This distribution has been tested as part of the CPAN Testers
project, supporting the Perl programming language.  See
http://wiki.cpantesters.org/ for more information or email
questions to cpan-testers-discuss@perl.org


--

Dear SGOELDNER,

This is a computer-generated error report created automatically by
CPANPLUS, version 0.9112. Testers personal comments may appear
at the end of this report.


Thank you for uploading your work to CPAN.  However, it appears that
there were some problems testing your distribution.

TEST RESULTS:

Below is the error stack from stage 'make test':

[ERROR] [Tue Nov 29 13:16:19 2011] No such module 'MapiLib' found on CPAN
[MSG] [Tue Nov 29 13:16:19 2011] cp MapiLib.pm blib/lib/MonetDB/CLI/MapiLib.pm
Manifying blib/man3/MonetDB::CLI::MapiLib.3

[ERROR] [Tue Nov 29 13:16:19 2011] MAKE TEST failed: PERL_DL_NONLAZY=1 /home/cpan/pit/bare/perl-5.12.4/bin/perl "-MExtUtils::Command::MM" "-e" "test_harness(0, 'blib/lib', 'blib/arch')" t/*.t
Subroutine connect redefined at /home/cpan/pit/bare/conf/perl-5.12.4/.cpanplus/5.12.4/build/MonetDB-CLI-MapiLib-0.03/blib/lib/MonetDB/CLI/MapiLib.pm line 11.
Subroutine query redefined at /home/cpan/pit/bare/conf/perl-5.12.4/.cpanplus/5.12.4/build/MonetDB-CLI-MapiLib-0.03/blib/lib/MonetDB/CLI/MapiLib.pm line 25.
Subroutine new_handle redefined at /home/cpan/pit/bare/conf/perl-5.12.4/.cpanplus/5.12.4/build/MonetDB-CLI-MapiLib-0.03/blib/lib/MonetDB/CLI/MapiLib.pm line 38.
Subroutine DESTROY redefined at /home/cpan/pit/bare/conf/perl-5.12.4/.cpanplus/5.12.4/build/MonetDB-CLI-MapiLib-0.03/blib/lib/MonetDB/CLI/MapiLib.pm line 51.
Subroutine query redefined at /home/cpan/pit/bare/conf/perl-5.12.4/.cpanplus/5.12.4/build/MonetDB-CLI-MapiLib-0.03/blib/lib/MonetDB/CLI/MapiLib.pm line 64.
Subroutine querytype redefined at /home/cpan/pit/bare/conf/perl-5.12.4/.cpanplus/5.12.4/build/MonetDB-CLI-MapiLib-0.03/blib/lib/MonetDB/CLI/MapiLib.pm line 76.
Subroutine id redefined at /home/cpan/pit/bare/conf/perl-5.12.4/.cpanplus/5.12.4/build/MonetDB-CLI-MapiLib-0.03/blib/lib/MonetDB/CLI/MapiLib.pm line 86.
Subroutine rows_affected redefined at /home/cpan/pit/bare/conf/perl-5.12.4/.cpanplus/5.12.4/build/MonetDB-CLI-MapiLib-0.03/blib/lib/MonetDB/CLI/MapiLib.pm line 96.
Subroutine columncount redefined at /home/cpan/pit/bare/conf/perl-5.12.4/.cpanplus/5.12.4/build/MonetDB-CLI-MapiLib-0.03/blib/lib/MonetDB/CLI/MapiLib.pm line 106.
Subroutine name redefined at /home/cpan/pit/bare/conf/perl-5.12.4/.cpanplus/5.12.4/build/MonetDB-CLI-MapiLib-0.03/blib/lib/MonetDB/CLI/MapiLib.pm line 116.
Subroutine type redefined at /home/cpan/pit/bare/conf/perl-5.12.4/.cpanplus/5.12.4/build/MonetDB-CLI-MapiLib-0.03/blib/lib/MonetDB/CLI/MapiLib.pm line 126.
Subroutine length redefined at /home/cpan/pit/bare/conf/perl-5.12.4/.cpanplus/5.12.4/build/MonetDB-CLI-MapiLib-0.03/blib/lib/MonetDB/CLI/MapiLib.pm line 136.
Subroutine fetch redefined at /home/cpan/pit/bare/conf/perl-5.12.4/.cpanplus/5.12.4/build/MonetDB-CLI-MapiLib-0.03/blib/lib/MonetDB/CLI/MapiLib.pm line 146.
Subroutine field redefined at /home/cpan/pit/bare/conf/perl-5.12.4/.cpanplus/5.12.4/build/MonetDB-CLI-MapiLib-0.03/blib/lib/MonetDB/CLI/MapiLib.pm line 156.
Subroutine finish redefined at /home/cpan/pit/bare/conf/perl-5.12.4/.cpanplus/5.12.4/build/MonetDB-CLI-MapiLib-0.03/blib/lib/MonetDB/CLI/MapiLib.pm line 166.
Subroutine DESTROY redefined at /home/cpan/pit/bare/conf/perl-5.12.4/.cpanplus/5.12.4/build/MonetDB-CLI-MapiLib-0.03/blib/lib/MonetDB/CLI/MapiLib.pm line 176.
t/00use.t .. ok
Subroutine connect redefined at /home/cpan/pit/bare/conf/perl-5.12.4/.cpanplus/5.12.4/build/MonetDB-CLI-MapiLib-0.03/blib/lib/MonetDB/CLI/MapiLib.pm line 11.
Subroutine query redefined at /home/cpan/pit/bare/conf/perl-5.12.4/.cpanplus/5.12.4/build/MonetDB-CLI-MapiLib-0.03/blib/lib/MonetDB/CLI/MapiLib.pm line 25.
Subroutine new_handle redefined at /home/cpan/pit/bare/conf/perl-5.12.4/.cpanplus/5.12.4/build/MonetDB-CLI-MapiLib-0.03/blib/lib/MonetDB/CLI/MapiLib.pm line 38.
Subroutine DESTROY redefined at /home/cpan/pit/bare/conf/perl-5.12.4/.cpanplus/5.12.4/build/MonetDB-CLI-MapiLib-0.03/blib/lib/MonetDB/CLI/MapiLib.pm line 51.
Subroutine query redefined at /home/cpan/pit/bare/conf/perl-5.12.4/.cpanplus/5.12.4/build/MonetDB-CLI-MapiLib-0.03/blib/lib/MonetDB/CLI/MapiLib.pm line 64.
Subroutine querytype redefined at /home/cpan/pit/bare/conf/perl-5.12.4/.cpanplus/5.12.4/build/MonetDB-CLI-MapiLib-0.03/blib/lib/MonetDB/CLI/MapiLib.pm line 76.
Subroutine id redefined at /home/cpan/pit/bare/conf/perl-5.12.4/.cpanplus/5.12.4/build/MonetDB-CLI-MapiLib-0.03/blib/lib/MonetDB/CLI/MapiLib.pm line 86.
Subroutine rows_affected redefined at /home/cpan/pit/bare/conf/perl-5.12.4/.cpanplus/5.12.4/build/MonetDB-CLI-MapiLib-0.03/blib/lib/MonetDB/CLI/MapiLib.pm line 96.
Subroutine columncount redefined at /home/cpan/pit/bare/conf/perl-5.12.4/.cpanplus/5.12.4/build/MonetDB-CLI-MapiLib-0.03/blib/lib/MonetDB/CLI/MapiLib.pm line 106.
Subroutine name redefined at /home/cpan/pit/bare/conf/perl-5.12.4/.cpanplus/5.12.4/build/MonetDB-CLI-MapiLib-0.03/blib/lib/MonetDB/CLI/MapiLib.pm line 116.
Subroutine type redefined at /home/cpan/pit/bare/conf/perl-5.12.4/.cpanplus/5.12.4/build/MonetDB-CLI-MapiLib-0.03/blib/lib/MonetDB/CLI/MapiLib.pm line 126.
Subroutine length redefined at /home/cpan/pit/bare/conf/perl-5.12.4/.cpanplus/5.12.4/build/MonetDB-CLI-MapiLib-0.03/blib/lib/MonetDB/CLI/MapiLib.pm line 136.
Subroutine fetch redefined at /home/cpan/pit/bare/conf/perl-5.12.4/.cpanplus/5.12.4/build/MonetDB-CLI-MapiLib-0.03/blib/lib/MonetDB/CLI/MapiLib.pm line 146.
Subroutine field redefined at /home/cpan/pit/bare/conf/perl-5.12.4/.cpanplus/5.12.4/build/MonetDB-CLI-MapiLib-0.03/blib/lib/MonetDB/CLI/MapiLib.pm line 156.
Subroutine finish redefined at /home/cpan/pit/bare/conf/perl-5.12.4/.cpanplus/5.12.4/build/MonetDB-CLI-MapiLib-0.03/blib/lib/MonetDB/CLI/MapiLib.pm line 166.
Subroutine DESTROY redefined at /home/cpan/pit/bare/conf/perl-5.12.4/.cpanplus/5.12.4/build/MonetDB-CLI-MapiLib-0.03/blib/lib/MonetDB/CLI/MapiLib.pm line 176.

#   Failed test 'connect'
#   at t/02cxn.t line 37.
Use of uninitialized value $cxn in concatenation (.) or string at t/02cxn.t line 38.

#   Failed test 'Connection object: '
#   at t/02cxn.t line 38.

#   Failed test 'query'
#   at t/02cxn.t line 41.
Use of uninitialized value $req in concatenation (.) or string at t/02cxn.t line 42.

#   Failed test 'Request object: '
#   at t/02cxn.t line 42.
Use of uninitialized value $cnt in concatenation (.) or string at t/02cxn.t line 45.

#   Failed test 'columncount: '
#   at t/02cxn.t line 45.
#          got: undef
#     expected: '2'
Use of uninitialized value $querytype in concatenation (.) or string at t/02cxn.t line 48.

#   Failed test 'querytype: '
#   at t/02cxn.t line 48.
#          got: undef
#     expected: '1'
Use of uninitialized value $v in concatenation (.) or string at t/02cxn.t line 52.

#   Failed test 'id: '
#   at t/02cxn.t line 52.
Use of uninitialized value $v in concatenation (.) or string at t/02cxn.t line 52.

#   Failed test 'rows_affected: '
#   at t/02cxn.t line 52.
Use of uninitialized value $v in concatenation (.) or string at t/02cxn.t line 57.

#   Failed test 'name( 0 ): '
#   at t/02cxn.t line 57.
Use of uninitialized value $v in concatenation (.) or string at t/02cxn.t line 57.

#   Failed test 'name( 1 ): '
#   at t/02cxn.t line 57.
Use of uninitialized value $v in concatenation (.) or string at t/02cxn.t line 57.

#   Failed test 'type( 0 ): '
#   at t/02cxn.t line 57.
Use of uninitialized value $v in concatenation (.) or string at t/02cxn.t line 57.

#   Failed test 'type( 1 ): '
#   at t/02cxn.t line 57.
Use of uninitialized value $v in concatenation (.) or string at t/02cxn.t line 57.

#   Failed test 'length( 0 ): '
#   at t/02cxn.t line 57.
Use of uninitialized value $v in concatenation (.) or string at t/02cxn.t line 57.

#   Failed test 'length( 1 ): '
#   at t/02cxn.t line 57.
Can't call method "rows_affected" on an undefined value at t/02cxn.t line 67.
# Looks like you planned 18 tests but ran 15.
# Looks like you failed 14 tests of 15 run.
# Looks like your test exited with 255 just after 15.
t/02cxn.t .. 
Dubious, test returned 255 (wstat 65280, 0xff00)
Failed 17/18 subtests 
Subroutine connect redefined at /home/cpan/pit/bare/conf/perl-5.12.4/.cpanplus/5.12.4/build/MonetDB-CLI-MapiLib-0.03/blib/lib/MonetDB/CLI/MapiLib.pm line 11.
Subroutine query redefined at /home/cpan/pit/bare/conf/perl-5.12.4/.cpanplus/5.12.4/build/MonetDB-CLI-MapiLib-0.03/blib/lib/MonetDB/CLI/MapiLib.pm line 25.
Subroutine new_handle redefined at /home/cpan/pit/bare/conf/perl-5.12.4/.cpanplus/5.12.4/build/MonetDB-CLI-MapiLib-0.03/blib/lib/MonetDB/CLI/MapiLib.pm line 38.
Subroutine DESTROY redefined at /home/cpan/pit/bare/conf/perl-5.12.4/.cpanplus/5.12.4/build/MonetDB-CLI-MapiLib-0.03/blib/lib/MonetDB/CLI/MapiLib.pm line 51.
Subroutine query redefined at /home/cpan/pit/bare/conf/perl-5.12.4/.cpanplus/5.12.4/build/MonetDB-CLI-MapiLib-0.03/blib/lib/MonetDB/CLI/MapiLib.pm line 64.
Subroutine querytype redefined at /home/cpan/pit/bare/conf/perl-5.12.4/.cpanplus/5.12.4/build/MonetDB-CLI-MapiLib-0.03/blib/lib/MonetDB/CLI/MapiLib.pm line 76.
Subroutine id redefined at /home/cpan/pit/bare/conf/perl-5.12.4/.cpanplus/5.12.4/build/MonetDB-CLI-MapiLib-0.03/blib/lib/MonetDB/CLI/MapiLib.pm line 86.
Subroutine rows_affected redefined at /home/cpan/pit/bare/conf/perl-5.12.4/.cpanplus/5.12.4/build/MonetDB-CLI-MapiLib-0.03/blib/lib/MonetDB/CLI/MapiLib.pm line 96.
Subroutine columncount redefined at /home/cpan/pit/bare/conf/perl-5.12.4/.cpanplus/5.12.4/build/MonetDB-CLI-MapiLib-0.03/blib/lib/MonetDB/CLI/MapiLib.pm line 106.
Subroutine name redefined at /home/cpan/pit/bare/conf/perl-5.12.4/.cpanplus/5.12.4/build/MonetDB-CLI-MapiLib-0.03/blib/lib/MonetDB/CLI/MapiLib.pm line 116.
Subroutine type redefined at /home/cpan/pit/bare/conf/perl-5.12.4/.cpanplus/5.12.4/build/MonetDB-CLI-MapiLib-0.03/blib/lib/MonetDB/CLI/MapiLib.pm line 126.
Subroutine length redefined at /home/cpan/pit/bare/conf/perl-5.12.4/.cpanplus/5.12.4/build/MonetDB-CLI-MapiLib-0.03/blib/lib/MonetDB/CLI/MapiLib.pm line 136.
Subroutine fetch redefined at /home/cpan/pit/bare/conf/perl-5.12.4/.cpanplus/5.12.4/build/MonetDB-CLI-MapiLib-0.03/blib/lib/MonetDB/CLI/MapiLib.pm line 146.
Subroutine field redefined at /home/cpan/pit/bare/conf/perl-5.12.4/.cpanplus/5.12.4/build/MonetDB-CLI-MapiLib-0.03/blib/lib/MonetDB/CLI/MapiLib.pm line 156.
Subroutine finish redefined at /home/cpan/pit/bare/conf/perl-5.12.4/.cpanplus/5.12.4/build/MonetDB-CLI-MapiLib-0.03/blib/lib/MonetDB/CLI/MapiLib.pm line 166.
Subroutine DESTROY redefined at /home/cpan/pit/bare/conf/perl-5.12.4/.cpanplus/5.12.4/build/MonetDB-CLI-MapiLib-0.03/blib/lib/MonetDB/CLI/MapiLib.pm line 176.

#   Failed test 'connect'
#   at t/75mil.t line 37.
Use of uninitialized value $cxn in concatenation (.) or string at t/75mil.t line 38.

#   Failed test 'Connection object: '
#   at t/75mil.t line 38.

#   Failed test 'query'
#   at t/75mil.t line 41.
Use of uninitialized value $req in concatenation (.) or string at t/75mil.t line 42.

#   Failed test 'Request object: '
#   at t/75mil.t line 42.
Use of uninitialized value $cnt in concatenation (.) or string at t/75mil.t line 45.

#   Failed test 'columncount: '
#   at t/75mil.t line 45.
#          got: undef
#     expected: '2'
Use of uninitialized value $querytype in concatenation (.) or string at t/75mil.t line 48.

#   Failed test 'querytype: '
#   at t/75mil.t line 48.
#          got: undef
#     expected: '-1'
Use of uninitialized value $v in concatenation (.) or string at t/75mil.t line 52.

#   Failed test 'id: '
#   at t/75mil.t line 52.
Use of uninitialized value $v in concatenation (.) or string at t/75mil.t line 52.

#   Failed test 'rows_affected: '
#   at t/75mil.t line 52.
Use of uninitialized value $v in concatenation (.) or string at t/75mil.t line 57.

#   Failed test 'name( 0 ): '
#   at t/75mil.t line 57.
Use of uninitialized value $v in concatenation (.) or string at t/75mil.t line 57.

#   Failed test 'name( 1 ): '
#   at t/75mil.t line 57.
Use of uninitialized value $v in concatenation (.) or string at t/75mil.t line 57.

#   Failed test 'type( 0 ): '
#   at t/75mil.t line 57.
Use of uninitialized value $v in concatenation (.) or string at t/75mil.t line 57.

#   Failed test 'type( 1 ): '
#   at t/75mil.t line 57.
Use of uninitialized value $v in concatenation (.) or string at t/75mil.t line 57.

#   Failed test 'length( 0 ): '
#   at t/75mil.t line 57.
Use of uninitialized value $v in concatenation (.) or string at t/75mil.t line 57.

#   Failed test 'length( 1 ): '
#   at t/75mil.t line 57.
Can't call method "rows_affected" on an undefined value at t/75mil.t line 67.
# Looks like you planned 18 tests but ran 15.
# Looks like you failed 14 tests of 15 run.
# Looks like your test exited with 255 just after 15.
t/75mil.t .. 
Dubious, test returned 255 (wstat 65280, 0xff00)
Failed 17/18 subtests 

Test Summary Report
-------------------
t/02cxn.t (Wstat: 65280 Tests: 15 Failed: 14)
  Failed tests:  2-15
  Non-zero exit status: 255
  Parse errors: Bad plan.  You planned 18 tests but ran 15.
t/75mil.t (Wstat: 65280 Tests: 15 Failed: 14)
  Failed tests:  2-15
  Non-zero exit status: 255
  Parse errors: Bad plan.  You planned 18 tests but ran 15.
Files=3, Tests=32,  0 wallclock secs ( 0.02 usr  0.01 sys +  0.06 cusr  0.00 csys =  0.09 CPU)
Result: FAIL
Failed 2/3 test programs. 28/32 subtests failed.
make: *** [test_dynamic] Error 255

[MSG] [Tue Nov 29 13:16:19 2011] DEFAULT 'proceed_on_test_failure' HANDLER RETURNING 'sub return value'


******************************** NOTE ********************************
The comments above are created mechanically, possibly without manual
checking by the sender.  As there are many people performing automatic
tests on each upload to CPAN, it is likely that you will receive
identical messages about the same problem.

If you believe that the message is mistaken, please reply to the first
one with correction and/or additional informations, and do not take
it personally.  We appreciate your patience. :)
**********************************************************************

Additional comments:


This report was machine-generated by CPANPLUS::Dist::YACSmoke 0.66.
Powered by minismokebox version 0.54

------------------------------
ENVIRONMENT AND OTHER CONTEXT
------------------------------

Environment variables:

    AUTOMATED_TESTING = 1
    LANG = en_US
    LC_COLLATE = C
    PATH = /usr/local/bin:/usr/bin:/bin:/usr/games:/usr/lib64/java/bin:/usr/lib64/qt/bin:/usr/share/texmf/bin:.
    PERL5LIB = :/home/cpan/pit/bare/conf/perl-5.12.4/.cpanplus/5.12.4/build/MonetDB-CLI-MapiLib-0.03/blib/lib:/home/cpan/pit/bare/conf/perl-5.12.4/.cpanplus/5.12.4/build/MonetDB-CLI-MapiLib-0.03/blib/arch
    PERL5_CPANPLUS_IS_RUNNING = 7027
    PERL5_CPANPLUS_IS_VERSION = 0.9112
    PERL5_MINISMOKEBOX = 0.54
    PERL5_YACSMOKE_BASE = /home/cpan/pit/bare/conf/perl-5.12.4
    PERL_EXTUTILS_AUTOINSTALL = --defaultdeps
    PERL_MM_USE_DEFAULT = 1
    SHELL = /bin/bash
    TERM = screen

Perl special variables (and OS-specific diagnostics, for MSWin32):

    Perl: $^X = /home/cpan/pit/bare/perl-5.12.4/bin/perl
    UID:  $<  = 1001
    EUID: $>  = 1001
    GID:  $(  = 100 100
    EGID: $)  = 100 100


-------------------------------


--

Summary of my perl5 (revision 5 version 12 subversion 4) configuration:
   
  Platform:
    osname=linux, osvers=2.6.33.4, archname=x86_64-linux
    uname='linux slack64 2.6.33.4 #3 smp wed may 12 23:13:09 cdt 2010 x86_64 intel(r) xeon(r) cpu e5520 @ 2.27ghz genuineintel gnulinux '
    config_args='-des -Dprefix=/home/cpan/pit/bare/perl-5.12.4'
    hint=recommended, useposix=true, d_sigaction=define
    useithreads=undef, usemultiplicity=undef
    useperlio=define, d_sfio=undef, uselargefiles=define, usesocks=undef
    use64bitint=define, use64bitall=define, uselongdouble=undef
    usemymalloc=n, bincompat5005=undef
  Compiler:
    cc='cc', ccflags ='-fno-strict-aliasing -pipe -fstack-protector -I/usr/local/include -D_LARGEFILE_SOURCE -D_FILE_OFFSET_BITS=64',
    optimize='-O2',
    cppflags='-fno-strict-aliasing -pipe -fstack-protector -I/usr/local/include'
    ccversion='', gccversion='4.4.4', gccosandvers=''
    intsize=4, longsize=8, ptrsize=8, doublesize=8, byteorder=12345678
    d_longlong=define, longlongsize=8, d_longdbl=define, longdblsize=16
    ivtype='long', ivsize=8, nvtype='double', nvsize=8, Off_t='off_t', lseeksize=8
    alignbytes=8, prototype=define
  Linker and Libraries:
    ld='cc', ldflags =' -fstack-protector -L/usr/local/lib'
    libpth=/usr/local/lib /lib/../lib64 /usr/lib/../lib64 /lib /usr/lib /lib64 /usr/lib64 /usr/local/lib64
    libs=-lnsl -lgdbm -ldb -ldl -lm -lcrypt -lutil -lc
    perllibs=-lnsl -ldl -lm -lcrypt -lutil -lc
    libc=, so=so, useshrplib=false, libperl=libperl.a
    gnulibc_version='2.11.1'
  Dynamic Linking:
    dlsrc=dl_dlopen.xs, dlext=so, d_dlsymun=undef, ccdlflags='-Wl,-E'
    cccdlflags='-fPIC', lddlflags='-shared -O2 -L/usr/local/lib -fstack-protector'


Characteristics of this binary (from libperl): 
  Compile-time options: PERL_DONT_CREATE_GVSV PERL_MALLOC_WRAP USE_64_BIT_ALL
                        USE_64_BIT_INT USE_LARGE_FILES USE_PERLIO
                        USE_PERL_ATOF
  Built under linux
  Compiled at Jun 21 2011 12:53:31
  %ENV:
    PERL5LIB=":/home/cpan/pit/bare/conf/perl-5.12.4/.cpanplus/5.12.4/build/MonetDB-CLI-MapiLib-0.03/blib/lib:/home/cpan/pit/bare/conf/perl-5.12.4/.cpanplus/5.12.4/build/MonetDB-CLI-MapiLib-0.03/blib/arch"
    PERL5_CPANPLUS_IS_RUNNING="7027"
    PERL5_CPANPLUS_IS_VERSION="0.9112"
    PERL5_MINISMOKEBOX="0.54"
    PERL5_YACSMOKE_BASE="/home/cpan/pit/bare/conf/perl-5.12.4"
    PERL_EXTUTILS_AUTOINSTALL="--defaultdeps"
    PERL_MM_USE_DEFAULT="1"
  @INC:
    /home/cpan/pit/bare/conf/perl-5.12.4/.cpanplus/5.12.4/build/MonetDB-CLI-MapiLib-0.03/blib/lib
    /home/cpan/pit/bare/conf/perl-5.12.4/.cpanplus/5.12.4/build/MonetDB-CLI-MapiLib-0.03/blib/arch
    /home/cpan/pit/bare/perl-5.12.4/lib/site_perl/5.12.4/x86_64-linux
    /home/cpan/pit/bare/perl-5.12.4/lib/site_perl/5.12.4
    /home/cpan/pit/bare/perl-5.12.4/lib/5.12.4/x86_64-linux
    /home/cpan/pit/bare/perl-5.12.4/lib/5.12.4
    .