Back
From: metabase:user:314402c4-2aae-11df-837a-5e0a49663a4f
Subject: FAIL Make-Cache-1.052 v5.12.4 RC2 FreeBSD
Date: 2011-06-21T05:07:25Z
This distribution has been tested as part of the CPAN Testers
project, supporting the Perl programming language. See
http://wiki.cpantesters.org/ for more information or email
questions to cpan-testers-discuss@perl.org
--
Dear Wilson Snyder,
This is a computer-generated report for Make-Cache-1.052
on perl 5.12.4, created by CPAN-Reporter-1.1902.
Thank you for uploading your work to CPAN. However, there was a problem
testing your distribution.
If you think this report is invalid, please consult the CPAN Testers Wiki
for suggestions on how to avoid getting FAIL reports for missing library
or binary dependencies, unsupported operating systems, and so on:
http://wiki.cpantesters.org/wiki/CPANAuthorNotes
Sections of this report:
* Tester comments
* Program output
* Prerequisites
* Environment and other context
------------------------------
TESTER COMMENTS
------------------------------
Additional comments from tester:
none provided
------------------------------
PROGRAM OUTPUT
------------------------------
Output from '/usr/bin/make test':
PERL_DL_NONLAZY=1 /usr/home/cpansand/var/ctps/5124RC2/install/perl-v5.12.4-RC2/bin/perl "-MExtUtils::Command::MM" "-e" "test_harness(0, 'blib/lib', 'blib/arch')" t/*.t
t/00_pod.t ....... ok
t/01_manifest.t .. ok
t/02_help.t ...... ok
t/10_runtime.t ... ok
t/20_hash.t ...... ok
t/40_cache.t ..... ok
-Info: A warning on the next line is expected, we're testing that...
objcache: -Info: Ignoring cache: Can't cp /var/tmp/CPAN-build/Make-Cache-1.052-Tuf5kX/test_dir/cache/db/db247b699d1521912a68a4f2ccd2fe88/13259fa5ad235890e39bbae835086bc3.t0 test1.o: No such file or directory
t/50_gcc.t ....... ok
Can't store CODE items at blib/lib/Storable.pm (autosplit into blib/lib/auto/Storable/_store.al) line 263, at /var/tmp/CPAN-build/Make-Cache-1.052-Tuf5kX/blib/lib/Make/Cache.pm line 215
%Error: Command Failed /usr/home/cpansand/var/ctps/5124RC2/install/perl-v5.12.4-RC2/bin/perl -Iblib/arch -Iblib/lib ../objcache --read --write g++ -DIGNORED test1.cpp -O1 -c -o test1.o, 6400, stopped at t/test_utils.pl line 36.
t/90_objcache.t ..
Dubious, test returned 25 (wstat 6400, 0x1900)
Failed 27/27 subtests
Can't store CODE items at blib/lib/Storable.pm (autosplit into blib/lib/auto/Storable/_store.al) line 263, at /var/tmp/CPAN-build/Make-Cache-1.052-Tuf5kX/blib/lib/Make/Cache.pm line 215
%Error: Command Failed /usr/home/cpansand/var/ctps/5124RC2/install/perl-v5.12.4-RC2/bin/perl -Iblib/arch -Iblib/lib ../objcache --read --write --distcc g++ -DIGNORED test1.cpp -c -o test1.o, 6400, stopped at t/test_utils.pl line 36.
t/95_distcc.t ....
Dubious, test returned 25 (wstat 6400, 0x1900)
Failed 12/12 subtests
t/96_icecream.t .. ok
Can't store CODE items at blib/lib/Storable.pm (autosplit into blib/lib/auto/Storable/_store.al) line 263, at /var/tmp/CPAN-build/Make-Cache-1.052-Tuf5kX/blib/lib/Make/Cache.pm line 215
%Error: Command Failed /usr/home/cpansand/var/ctps/5124RC2/install/perl-v5.12.4-RC2/bin/perl -Iblib/arch -Iblib/lib ../objcache --read --write --wrapper t/fake_purify g++ -DIGNORED test1.cpp -c -o test1.o, 6400, stopped at t/test_utils.pl line 36.
t/97_purify.t ....
Dubious, test returned 25 (wstat 6400, 0x1900)
Failed 12/12 subtests
Test Summary Report
-------------------
t/90_objcache.t (Wstat: 6400 Tests: 0 Failed: 0)
Non-zero exit status: 25
Parse errors: Bad plan. You planned 27 tests but ran 0.
t/95_distcc.t (Wstat: 6400 Tests: 0 Failed: 0)
Non-zero exit status: 25
Parse errors: Bad plan. You planned 12 tests but ran 0.
t/97_purify.t (Wstat: 6400 Tests: 0 Failed: 0)
Non-zero exit status: 25
Parse errors: Bad plan. You planned 12 tests but ran 0.
Files=11, Tests=76, 2 wallclock secs ( 0.05 usr 0.05 sys + 1.45 cusr 0.30 csys = 1.84 CPU)
Result: FAIL
Failed 3/11 test programs. 0/76 subtests failed.
*** Error code 25
Stop in /var/tmp/CPAN-build/Make-Cache-1.052-Tuf5kX.
------------------------------
PREREQUISITES
------------------------------
Prerequisite modules loaded:
requires:
Module Need Have
------------- ---- ------
BSD::Resource 1 1.2904
Digest::MD5 1 2.51
Pod::Usage 1.34 1.36
Storable 1 2.25
------------------------------
ENVIRONMENT AND OTHER CONTEXT
------------------------------
Environment variables:
DBIC_NO_WARN_BAD_PERL = 1
PATH = /usr/local/bin:/usr/X11R6/bin:/usr/X11/bin:/usr/perl5.8.0/bin:/usr/bin:/bin:/usr/local/sbin:/usr/sbin:/sbin:/usr/local/pilot/bin:/home/cpansand/bin/freebsd8.0:/home/cpansand/bin/sh:/home/cpansand/bin:/usr/X386/bin:/usr/games:/home/cpansand/devel:/usr/home/e/eserte/src/perl/CPAN-Testers-ParallelSmoker/utils
PERL5LIB =
PERL5OPT =
PERL5_CPANPLUS_IS_RUNNING = 55594
PERL5_CPAN_IS_RUNNING = 55594
PERL5_CPAN_IS_RUNNING_IN_RECURSION = 44856,55594
PERL_BATCH = yes
PERL_CPAN_REPORTER_DIR = /home/cpansand/var/ctps/5124RC2/config/perl-v5.12.4-RC2/cpanreporter
PERL_EXTUTILS_AUTOINSTALL = --defaultdeps
PERL_HTML_DISPLAY_CLASS = HTML::Display::Mozilla
PERL_PARALLEL_SMOKER = yes
SHELL = /usr/local/bin/zsh
TERM = xterm
TMPDIR = /var/tmp/cpansmoker-1023
Perl special variables (and OS-specific diagnostics, for MSWin32):
$^X = /usr/home/cpansand/var/ctps/5124RC2/install/perl-v5.12.4-RC2/bin/perl
$UID/$EUID = 1023 / 1023
$GID = 1023 1023
$EGID = 1023 1023
Perl module toolchain versions installed:
Module Have
------------------- --------
CPAN 1.9600
Cwd 3.33
ExtUtils::CBuilder 0.280202
ExtUtils::Command 1.17
ExtUtils::Install 1.55
ExtUtils::MakeMaker 6.56
ExtUtils::Manifest 1.57
ExtUtils::ParseXS 2.2206
File::Spec 3.33
Module::Build 0.3800
Module::Signature 0.68
Test::Harness 3.23
Test::More 0.98
YAML 0.73
YAML::Syck 1.17
version 0.91
--
Summary of my perl5 (revision 5 version 12 subversion 4) configuration:
Commit id: 5c26f8f6953ad4f9517732ac321914c726d7ec9d
Platform:
osname=freebsd, osvers=8.0-release-p4, archname=i386-freebsd
uname='freebsd biokovo.herceg.de 8.0-release-p4 freebsd 8.0-release-p4 #0: mon jul 12 20:22:27 utc 2010 root@i386-builder.daemonology.net:usrobjusrsrcsysgeneric i386 '
config_args='-ds -e -Uversiononly -Dinstallusrbinperl=n -Dusedevel -Dprefix=/home/cpansand/var/ctps/5124RC2/install/perl-v5.12.4-RC2'
hint=recommended, useposix=true, d_sigaction=define
useithreads=undef, usemultiplicity=undef
useperlio=define, d_sfio=undef, uselargefiles=define, usesocks=undef
use64bitint=undef, use64bitall=undef, uselongdouble=undef
usemymalloc=n, bincompat5005=undef
Compiler:
cc='cc', ccflags ='-DHAS_FPSETMASK -DHAS_FLOATINGPOINT_H -fno-strict-aliasing -pipe -fstack-protector -I/usr/local/include',
optimize='-O',
cppflags='-DHAS_FPSETMASK -DHAS_FLOATINGPOINT_H -fno-strict-aliasing -pipe -fstack-protector -I/usr/local/include'
ccversion='', gccversion='4.2.1 20070719 [FreeBSD]', gccosandvers=''
intsize=4, longsize=4, ptrsize=4, doublesize=8, byteorder=1234
d_longlong=define, longlongsize=8, d_longdbl=define, longdblsize=12
ivtype='long', ivsize=4, nvtype='double', nvsize=8, Off_t='off_t', lseeksize=8
alignbytes=4, prototype=define
Linker and Libraries:
ld='cc', ldflags ='-Wl,-E -fstack-protector -L/usr/local/lib'
libpth=/usr/lib /usr/local/lib
libs=-lgdbm -lm -lcrypt -lutil -lc
perllibs=-lm -lcrypt -lutil -lc
libc=, so=so, useshrplib=false, libperl=libperl.a
gnulibc_version=''
Dynamic Linking:
dlsrc=dl_dlopen.xs, dlext=so, d_dlsymun=undef, ccdlflags=' '
cccdlflags='-DPIC -fPIC', lddlflags='-shared -L/usr/local/lib -fstack-protector'
Characteristics of this binary (from libperl):
Compile-time options: PERL_DONT_CREATE_GVSV PERL_MALLOC_WRAP PERL_USE_DEVEL
USE_LARGE_FILES USE_PERLIO USE_PERL_ATOF
Locally applied patches:
RC2
Built under freebsd
Compiled at Jun 18 2011 12:17:44
%ENV:
PERL5LIB=""
PERL5OPT=""
PERL5_CPANPLUS_IS_RUNNING="55594"
PERL5_CPAN_IS_RUNNING="55594"
PERL5_CPAN_IS_RUNNING_IN_RECURSION="44856,55594"
PERL_BATCH="yes"
PERL_CPAN_REPORTER_DIR="/home/cpansand/var/ctps/5124RC2/config/perl-v5.12.4-RC2/cpanreporter"
PERL_EXTUTILS_AUTOINSTALL="--defaultdeps"
PERL_HTML_DISPLAY_CLASS="HTML::Display::Mozilla"
PERL_PARALLEL_SMOKER="yes"
@INC:
/home/cpansand/var/ctps/5124RC2/install/perl-v5.12.4-RC2/lib/site_perl/5.12.4/i386-freebsd
/home/cpansand/var/ctps/5124RC2/install/perl-v5.12.4-RC2/lib/site_perl/5.12.4
/home/cpansand/var/ctps/5124RC2/install/perl-v5.12.4-RC2/lib/5.12.4/i386-freebsd
/home/cpansand/var/ctps/5124RC2/install/perl-v5.12.4-RC2/lib/5.12.4
.