Back
From: metabase:user:322078bc-2aae-11df-837a-5e0a49663a4f
Subject: FAIL AnyEvent-SIP-0.002 v5.10.1 OpenBSD
Date: 2013-04-16T23:14:13Z
This distribution has been tested as part of the CPAN Testers
project, supporting the Perl programming language. See
http://wiki.cpantesters.org/ for more information or email
questions to cpan-testers-discuss@perl.org
--
Dear XSAWYERX,
This is a computer-generated error report created automatically by
CPANPLUS, version 0.9134. Testers personal comments may appear
at the end of this report.
Thank you for uploading your work to CPAN. However, it appears that
there were some problems testing your distribution.
TEST RESULTS:
Below is the error stack from stage 'make test':
Use of uninitialized value $Test::Harness::Switches in length at /home/cpan/pit/thr/perl-5.10.1/lib/5.10.1/Module/Build/Base.pm line 2767.
t/00-compile.t .......................... ok
# call created
# got ringing
# call established
# call cleaned up
t/02_listen_and_invite-anyevent.t ....... ok
# call created
# got ringing
# call established
# call cleaned up
t/02_listen_and_invite.t ................ ok
t/03_forward_stateless.t ................ ok
# UAS on 127.0.0.1:37769
# UAC on 127.0.0.1:5060
# call created
# call established
# call cleaned up
# received 100/100 packets
t/04_call_with_rtp.t .................... ok
# UAS on 127.0.0.1:14010
# UAC on 127.0.0.1:38574
# PROXY on 127.0.0.1:10807 127.0.0.1:27709
# proxy >> OK
# <<
# uas >> OK
# <<
# proxy >> ready
# <<
# uas >> ready
# <<
# uac >> OK
# <<
# uac >> ready
# O> udp:127.0.0.1:10807 REQ(INVITE) SDP: audio=127.0.0.1:5486/2
# I< 127.0.0.1:10807 RSP(INVITE,100) NO SDP
# <<
# proxy >> I< 127.0.0.1:38574 REQ(INVITE) SDP: audio=127.0.0.1:5486/2
# O> udp:127.0.0.1:14010 REQ(INVITE) SDP: audio=127.0.0.1:5486/2
# I< 127.0.0.1:14010 RSP(INVITE,100) NO SDP
# O> 127.0.0.1:38574 RSP(INVITE,100) NO SDP
# I< 127.0.0.1:14010 RSP(INVITE,200) SDP: audio=127.0.0.1:7408/2
# O> 127.0.0.1:38574 RSP(INVITE,200) SDP: audio=127.0.0.1:7408/2
# I< 127.0.0.1:38574 REQ(ACK) NO SDP
# O> udp:127.0.0.1:14010 REQ(ACK) NO SDP
# <<
# uas >> I< 127.0.0.1:27709 REQ(INVITE) SDP: audio=127.0.0.1:5486/2
# O> 127.0.0.1:27709 RSP(INVITE,100) NO SDP
# call created
# INVITE you.uas@example.com SIP/2.0
# Via: SIP/2.0/UDP 127.0.0.1:27709;branch=z9hG4bKed86426f15c3e92b78bc0cedb34daffbc2620d9602aa7a60de086a490b3bac73
# Record-route: <sip:127.0.0.1:27709;lr>
# Via: SIP/2.0/UDP 127.0.0.1:10807;branch=z9hG4bK472cb9c86b479097ce3f8bf58730e737c2620d9602aa7a60de086a490b3bac73
# Record-route: <sip:127.0.0.1:10807;lr>
# Supported:
# Allow: INVITE, ACK, OPTIONS, CANCEL, BYE
# Via: SIP/2.0/UDP 127.0.0.1:38574;branch=z9hG4bK9bea3414a7f67adcc4810d02e53e35bec2620d9602aa7a60de086a490b3bac73
# Call-id: c777ddc880643d32c492a5480e81b74e
# Cseq: 1 INVITE
# From: me.uac@example.com;tag=04c8b9e276dd24a7c4e4c2424b88f003
# Content-type: application/sdp
# Content-length: 171
# Max-forwards: 69
# Contact: sip:r550119110450260050544a064b0316525b06085300052e7566787d34@127.0.0.1:27709
# To: you.uas@example.com;tag=ee54d2279f4c0e7e8f2820bf25a35a8c
#
# v=0
# o=anonymous 1366154000 1366154000 IN IP4 127.0.0.1
# s=session
# c=IN IP4 127.0.0.1
# t=0 0
# m=audio 5486 RTP/AVP 0
# a=rtpmap:101 telephone-event/8000
# a=fmtp:101 0-16
# O> 127.0.0.1:27709 RSP(INVITE,200) SDP: audio=127.0.0.1:7408/2
# I< 127.0.0.1:27709 REQ(ACK) NO SDP
# call established
# <<
# uac >> I< 127.0.0.1:10807 RSP(INVITE,200) SDP: audio=127.0.0.1:7408/2
# O> 127.0.0.1:10807 REQ(ACK) NO SDP
# <<
# uac >> call established
# <<
# uac >> RTP done
# <<
# uas >> I< 127.0.0.1:27709 REQ(BYE) NO SDP
# O> 127.0.0.1:27709 RSP(BYE,200) NO SDP
# call cleaned up
# <<
# uas >> received 100/100 packets
# <<
# uas >> RTP ok
# END
# <<
# uac >> O> udp:127.0.0.1:10807 REQ(BYE) NO SDP
# I< 127.0.0.1:10807 RSP(BYE,200) NO SDP
# <<
# uac >> END
# <<
# proxy >> OK
# <<
# uas >> OK
# <<
# proxy >> ready
# <<
# uas >> ready
# <<
# uac >> OK
# <<
# uac >> ready
# O> udp:127.0.0.1:10807 REQ(INVITE) SDP: audio=127.0.0.1:5272/2
# I< 127.0.0.1:10807 RSP(INVITE,100) NO SDP
# <<
# proxy >> I< 127.0.0.1:38574 REQ(INVITE) SDP: audio=127.0.0.1:5272/2
# O> udp:127.0.0.1:14010 REQ(INVITE) SDP: audio=127.0.0.1:10578/2
# I< 127.0.0.1:14010 RSP(INVITE,100) NO SDP
# O> 127.0.0.1:38574 RSP(INVITE,100) NO SDP
# I< 127.0.0.1:14010 RSP(INVITE,200) SDP: audio=127.0.0.1:8902/2
# O> 127.0.0.1:38574 RSP(INVITE,200) SDP: audio=127.0.0.1:11416/2
# I< 127.0.0.1:38574 REQ(ACK) NO SDP
# O> udp:127.0.0.1:14010 REQ(ACK) NO SDP
# <<
# uas >> I< 127.0.0.1:27709 REQ(INVITE) SDP: audio=127.0.0.1:10578/2
# O> 127.0.0.1:27709 RSP(INVITE,100) NO SDP
# call created
# INVITE you.uas@example.com SIP/2.0
# Via: SIP/2.0/UDP 127.0.0.1:27709;branch=z9hG4bKed86426f15c3e92b78bc0cedb34daffbcd8cc2c12615ce00be92e64be8bb5c1f
# Record-route: <sip:127.0.0.1:27709;lr>
# Via: SIP/2.0/UDP 127.0.0.1:10807;branch=z9hG4bK472cb9c86b479097ce3f8bf58730e737cd8cc2c12615ce00be92e64be8bb5c1f
# Record-route: <sip:127.0.0.1:10807;lr>
# Supported:
# Allow: INVITE, ACK, OPTIONS, CANCEL, BYE
# Via: SIP/2.0/UDP 127.0.0.1:38574;branch=z9hG4bK9bea3414a7f67adcc4810d02e53e35becd8cc2c12615ce00be92e64be8bb5c1f
# Call-id: 3ddeaaee1e20969cd7ffd00ebf1b8b3a
# Cseq: 1 INVITE
# From: me.uac@example.com;tag=cf8a4175d3a2682982f3b56df8e617be
# Content-type: application/sdp
# Max-forwards: 69
# Contact: sip:r550119110450260050544a064b0316525b06085300052e7566787d34@127.0.0.1:27709
# Content-length: 172
# To: you.uas@example.com;tag=1c03047f07a0fd2e20014353b496759f
#
# v=0
# o=anonymous 1366154003 1366154003 IN IP4 127.0.0.1
# s=session
# c=IN IP4 127.0.0.1
# t=0 0
# m=audio 10578 RTP/AVP 0
# a=rtpmap:101 telephone-event/8000
# a=fmtp:101 0-16
# O> 127.0.0.1:27709 RSP(INVITE,200) SDP: audio=127.0.0.1:8902/2
# I< 127.0.0.1:27709 REQ(ACK) NO SDP
# call established
# <<
# uac >> I< 127.0.0.1:10807 RSP(INVITE,200) SDP: audio=127.0.0.1:11416/2
# O> 127.0.0.1:10807 REQ(ACK) NO SDP
# <<
# uac >> call established
# <<
# uac >> RTP done
# <<
# uas >> I< 127.0.0.1:27709 REQ(BYE) NO SDP
# O> 127.0.0.1:27709 RSP(BYE,200) NO SDP
# call cleaned up
# <<
# uas >> received 100/100 packets
# <<
# uas >> RTP ok
# END
# <<
# uac >> O> udp:127.0.0.1:10807 REQ(BYE) NO SDP
# I< 127.0.0.1:10807 RSP(BYE,200) NO SDP
# <<
# uac >> END
# <<
# nathelper >> OK
# <<
# proxy >> OK
# <<
# uas >> OK
# <<
# proxy >> ready
# <<
# uas >> ready
# <<
# uac >> OK
# <<
# uac >> ready
# O> udp:127.0.0.1:10807 REQ(INVITE) SDP: audio=127.0.0.1:3528/2
# <<
# proxy >> I< 127.0.0.1:38574 REQ(INVITE) SDP: audio=127.0.0.1:3528/2
# O> udp:127.0.0.1:14010 REQ(INVITE) SDP: audio=127.0.0.1:6532/2
# I< 127.0.0.1:14010 RSP(INVITE,100) NO SDP
# O> 127.0.0.1:38574 RSP(INVITE,100) NO SDP
# I< 127.0.0.1:14010 RSP(INVITE,200) SDP: audio=127.0.0.1:6780/2
# <<
# uas >> I< 127.0.0.1:27709 REQ(INVITE) SDP: audio=127.0.0.1:6532/2
# O> 127.0.0.1:27709 RSP(INVITE,100) NO SDP
# call created
# INVITE you.uas@example.com SIP/2.0
# Via: SIP/2.0/UDP 127.0.0.1:27709;branch=z9hG4bKed86426f15c3e92b78bc0cedb34daffb91fe677c1f9b0bf7393abbb5a4228007
# Record-route: <sip:127.0.0.1:27709;lr>
# Via: SIP/2.0/UDP 127.0.0.1:10807;branch=z9hG4bK472cb9c86b479097ce3f8bf58730e73791fe677c1f9b0bf7393abbb5a4228007
# Record-route: <sip:127.0.0.1:10807;lr>
# Supported:
# Allow: INVITE, ACK, OPTIONS, CANCEL, BYE
# Via: SIP/2.0/UDP 127.0.0.1:38574;branch=z9hG4bK9bea3414a7f67adcc4810d02e53e35be91fe677c1f9b0bf7393abbb5a4228007
# Call-id: 506399bd49bd1b734fe9f52a0aa2c02d
# Cseq: 1 INVITE
# From: me.uac@example.com;tag=28ec0051a4dd4f43afa961274bcb8f9e
# Content-type: application/sdp
# Content-length: 171
# Max-forwards: 69
# Contact: sip:r550119110450260050544a064b0316525b06085300052e7566787d34@127.0.0.1:27709
# To: you.uas@example.com;tag=95ff7edc3edb77a4e258f4f35ccf6556
#
# v=0
# o=anonymous 1366154005 1366154005 IN IP4 127.0.0.1
# s=session
# c=IN IP4 127.0.0.1
# t=0 0
# m=audio 6532 RTP/AVP 0
# a=rtpmap:101 telephone-event/8000
# a=fmtp:101 0-16
# O> 127.0.0.1:27709 RSP(INVITE,200) SDP: audio=127.0.0.1:6780/2
# <<
# uac >> I< 127.0.0.1:10807 RSP(INVITE,100) NO SDP
# I< 127.0.0.1:10807 RSP(INVITE,200) SDP: audio=127.0.0.1:8844/2
# O> 127.0.0.1:10807 REQ(ACK) NO SDP
# <<
# uac >> call established
# <<
# uac >> RTP done
# <<
# uas >> I< 127.0.0.1:27709 REQ(ACK) NO SDP
# call established
# I< 127.0.0.1:27709 REQ(BYE) NO SDP
# O> 127.0.0.1:27709 RSP(BYE,200) NO SDP
# call cleaned up
# <<
# uas >> received 100/100 packets
# <<
# uas >> RTP ok
# END
# <<
# uac >> O> udp:127.0.0.1:10807 REQ(BYE) NO SDP
# I< 127.0.0.1:10807 RSP(BYE,200) NO SDP
# <<
# uac >> END
# <<
t/05_call_with_stateless_proxy.t ........ ok
# uas >> OK
# <<
# uas >> Listening
# <<
# uac >> OK
# <<
# uac >> Started
# <<
# uas >> Call accepted
# <<
# uac >> Start RTP
# <<
# uac >> RTP#50#
# <<
# uas >> got rtp packet#50
# <<
# uas >> Starting ReInvite
# <<
# uac >> Got ReInvite
# <<
# uas >> Start RTP
# <<
# uas >> RTP#50#
# <<
# uac >> got rtp packet#50
# Send BYE
# <<
# uas >> Got RTP
# <<
# uas >> Received BYE
# <<
# uac >> BYE done
# <<
t/06_call_with_reinvite.t ............... ok
# uas >> OK
# <<
# uas >> Listening
# <<
# uac >> OK
# <<
# uac >> Started
# <<
# uas >> Call accepted
# <<
# uac >> Start RTP
# <<
# uac >> RTP#50#
# <<
# uas >> got rtp packet#50
# <<
# uas >> Starting ReInvite
# <<
# uac >> Got ReInvite
# <<
# uas >> Start RTP
# <<
# uas >> RTP#50#
# <<
# uac >> got rtp packet#50
# <<
# uac >> Send BYE
# <<
# uas >> Received BYE after 0 bytes read
# <<
# uac >> BYE done
# <<
t/07_call_on_hold.t ..................... ok
# registrar >> OK
# <<
# registrar >> Listening
# <<
# uac >> OK
# <<
# uac >> Started
# <<
# uac >> Registered wolf (REALM.example.com)
# <<
# uac >> Registered 007 (REALM.example.com)
# <<
# uac >> Registered noauth ()
# <<
t/08_register_with_auth.t ............... ok
t/11_invite_timeout.t ................... ok
# call established
# call cleaned up
t/12_maddr.t ............................ ok
t/13_maddr_proxy.t ...................... ok
# UAS on 127.0.0.1:5062
# UAC on 127.0.0.1:5060
# PROXY on 127.0.0.1:5063
# proxy >> OK
# <<
# proxy >> Listening
# <<
# uas >> OK
# <<
# uas >> Listening
# <<
# uac >> OK
# <<
# uac >> Started
# <<
# uas >> Call accepted
# <<
# uas >> Starting ReInvite
# <<
# uac >> Got ReInvite
# <<
# uas >> Send BYE
# <<
# Failed test '[uac] Received BYE'
# at ./t/testlib.pl line 156.
# Failed test 'fatal error at ./t/testlib.pl line 157.
# '
# at ./t/testlib.pl line 26.
# Looks like you failed 2 tests of 12.
# Looks like your test exited with 1 just after 12.
t/14_bugfix_0.51.t ......................
Dubious, test returned 1 (wstat 256, 0x100)
Failed 2/12 subtests
t/15_block_invite.t ..................... ok
Byte order is not compatible at /home/cpan/pit/thr/perl-5.10.1/lib/5.10.1/OpenBSD.i386-openbsd-thread-multi/Storable.pm line 380, at /home/cpan/pit/thr/conf/perl-5.10.1/.cpanplus/5.10.1/build/Net-SIP-0.68/blib/lib/Net/SIP/Dropper/ByIPPort.pm line 103
# Failed test 'UAS ready'
# at t/16_drop_invite.t line 96.
# Failed test 'UAS got INVITE, dropped it and wrote database file'
# at t/16_drop_invite.t line 69.
# Looks like you failed 2 tests of 9.
t/16_drop_invite.t ......................
Dubious, test returned 2 (wstat 512, 0x200)
Failed 2/9 subtests
# uas >> OK
# Listening
# <<
# uac >> OK
# <<
# uac >> Started
# <<
# uas >> Call accepted
# <<
# uac >> Starting ReInvite
# <<
# uas >> ReInvite accepted
# <<
# uac >> ReInvite done
# <<
# uac >> Send BYE
# <<
# uas >> Received BYE
# <<
# uac >> BYE done
# <<
t/17_call_with_reinvite_and_auth.t ...... ok
# registrar >> OK
# <<
# registrar >> Listening
# <<
# uac >> OK
# <<
# uac >> Started
# <<
# uac >> got 401 response
# <<
# uac >> Registered wolf (REALM.example.com)
# <<
# uac >> Registered 007 (REALM.example.com)
# <<
# uac >> Registered noauth ()
# <<
t/18_register_with_auth_step_by_step.t .. ok
# UAS on 127.0.0.1:9365
# UAC on 127.0.0.1:5060
# call created
# call established
# call cleaned up
# received 350/100 packets events=1 2 D # 3 4 B *
t/19_call_with_dtmf.t ................... ok
# call created
# got ringing
# call established
# call cleaned up
t/anyevent.t ............................ ok
t/release-pod-syntax.t .................. skipped: these tests are for release candidate testing
Test Summary Report
-------------------
t/14_bugfix_0.51.t (Wstat: 256 Tests: 12 Failed: 2)
Failed tests: 11-12
Non-zero exit status: 1
t/16_drop_invite.t (Wstat: 512 Tests: 9 Failed: 2)
Failed tests: 6, 9
Non-zero exit status: 2
Files=20, Tests=224, 60 wallclock secs ( 0.19 usr 0.18 sys + 8.79 cusr 10.43 csys = 19.59 CPU)
Result: FAIL
Failed 2/20 test programs. 4/224 subtests failed.
BEGIN failed--compilation aborted at -e line 1.
PREREQUISITES:
Here is a list of prerequisites you specified and versions we
managed to load:
Module Name Have Want
AnyEvent 7.04 0
AnyEvent::AggressiveIdle 0.04 0
Cwd 3.40 0
Data::Dumper 2.124 0
Digest::MD5 2.39 0
File::Find 1.14 0
File::Temp 0.23 0
IO::Socket 1.31 0
List::Util 1.21 0
Module::Build 0.4003 0.3601
Net::SIP 0.68 0
Net::SIP::Blocker 0 0
Net::SIP::Debug 0 0
Net::SIP::Dispatcher::Eventloop 0 0
Net::SIP::Dropper 0 0
Net::SIP::Dropper::ByField 0 0
Net::SIP::Dropper::ByIPPort 0 0
Net::SIP::Leg 0 0
Net::SIP::NATHelper::Client 0 0
Net::SIP::NATHelper::Local 0 0
Net::SIP::NATHelper::Server 0 0
Net::SIP::ReceiveChain 0 0
Net::SIP::SDP 0 0
Net::SIP::Util 0 0
Test::More 0.98 0
base 2.14 0
fields 2.14 0
strict 1.04 0
warnings 1.06 0
Perl module toolchain versions installed:
Module Name Have
CPANPLUS 0.9134
CPANPLUS::Dist::Build 0.70
Cwd 3.40
ExtUtils::CBuilder 0.280205
ExtUtils::Command 1.16
ExtUtils::Install 1.54
ExtUtils::MakeMaker 6.64
ExtUtils::Manifest 1.61
ExtUtils::ParseXS 3.18
File::Spec 3.40
Module::Build 0.4003
Pod::Parser 1.37
Pod::Simple 3.07
Test::Harness 3.26
Test::More 0.98
version 0.9902
******************************** NOTE ********************************
The comments above are created mechanically, possibly without manual
checking by the sender. As there are many people performing automatic
tests on each upload to CPAN, it is likely that you will receive
identical messages about the same problem.
If you believe that the message is mistaken, please reply to the first
one with correction and/or additional informations, and do not take
it personally. We appreciate your patience. :)
**********************************************************************
Additional comments:
This report was machine-generated by CPANPLUS::Dist::YACSmoke 0.86.
Powered by minismokebox version 0.54
------------------------------
ENVIRONMENT AND OTHER CONTEXT
------------------------------
Environment variables:
AUTOMATED_TESTING = 1
PATH = /home/cpan/bin:/bin:/sbin:/usr/bin:/usr/sbin:/usr/X11R6/bin:/usr/local/bin:/usr/local/sbin:/usr/games:.
PERL5LIB = :/home/cpan/pit/thr/conf/perl-5.10.1/.cpanplus/5.10.1/build/AnyEvent-7.04/blib/lib:/home/cpan/pit/thr/conf/perl-5.10.1/.cpanplus/5.10.1/build/AnyEvent-7.04/blib/arch:/home/cpan/pit/thr/conf/perl-5.10.1/.cpanplus/5.10.1/build/AnyEvent-AggressiveIdle-0.04/blib/lib:/home/cpan/pit/thr/conf/perl-5.10.1/.cpanplus/5.10.1/build/AnyEvent-AggressiveIdle-0.04/blib/arch:/home/cpan/pit/thr/conf/perl-5.10.1/.cpanplus/5.10.1/build/Digest-HMAC-1.03/blib/lib:/home/cpan/pit/thr/conf/perl-5.10.1/.cpanplus/5.10.1/build/Digest-HMAC-1.03/blib/arch:/home/cpan/pit/thr/conf/perl-5.10.1/.cpanplus/5.10.1/build/Net-DNS-0.72/blib/lib:/home/cpan/pit/thr/conf/perl-5.10.1/.cpanplus/5.10.1/build/Net-DNS-0.72/blib/arch:/home/cpan/pit/thr/conf/perl-5.10.1/.cpanplus/5.10.1/build/Net-SIP-0.68/blib/lib:/home/cpan/pit/thr/conf/perl-5.10.1/.cpanplus/5.10.1/build/Net-SIP-0.68/blib/arch:/home/cpan/pit/thr/conf/perl-5.10.1/.cpanplus/5.10.1/build/AnyEvent-SIP-0.002/blib/lib:/home/cpan/pit/thr/conf/perl-5.10.1/.cpanplus/5.10.1/build/AnyEvent-SIP-0.002/blib/arch
PERL5_CPANPLUS_IS_RUNNING = 6137
PERL5_CPANPLUS_IS_VERSION = 0.9134
PERL5_MINISMOKEBOX = 0.54
PERL5_YACSMOKE_BASE = /home/cpan/pit/thr/conf/perl-5.10.1
PERL_EXTUTILS_AUTOINSTALL = --defaultdeps
PERL_MM_USE_DEFAULT = 1
SHELL = /usr/local/bin/bash
TERM = screen
Perl special variables (and OS-specific diagnostics, for MSWin32):
Perl: $^X = /home/cpan/pit/thr/perl-5.10.1/bin/perl
UID: $< = 1001
EUID: $> = 1001
GID: $( = 1001 1001
EGID: $) = 1001 1001
-------------------------------
--
Summary of my perl5 (revision 5 version 10 subversion 1) configuration:
Platform:
osname=openbsd, osvers=5.1, archname=OpenBSD.i386-openbsd-thread-multi
uname='openbsd oatcake.bingosnet.co.uk 5.1 generic#160 i386 '
config_args='-des -Dprefix=/home/cpan/pit/thr/perl-5.10.1 -Dusethreads'
hint=recommended, useposix=true, d_sigaction=define
useithreads=define, usemultiplicity=define
useperlio=define, d_sfio=undef, uselargefiles=define, usesocks=undef
use64bitint=undef, use64bitall=undef, uselongdouble=undef
usemymalloc=y, bincompat5005=undef
Compiler:
cc='cc', ccflags ='-pthread -fno-strict-aliasing -pipe -fstack-protector -I/usr/local/include',
optimize='-O2',
cppflags='-pthread -fno-strict-aliasing -pipe -fstack-protector -I/usr/local/include'
ccversion='', gccversion='4.2.1 20070719 ', gccosandvers='openbsd5.1'
intsize=4, longsize=4, ptrsize=4, doublesize=8, byteorder=1234
d_longlong=define, longlongsize=8, d_longdbl=define, longdblsize=12
ivtype='long', ivsize=4, nvtype='double', nvsize=8, Off_t='off_t', lseeksize=8
alignbytes=4, prototype=define
Linker and Libraries:
ld='cc', ldflags ='-pthread -Wl,-E -fstack-protector -L/usr/local/lib'
libpth=/usr/local/lib /usr/lib
libs=-lgdbm -lm -lutil -lc
perllibs=-lm -lutil -lc
libc=/usr/lib/libc.so.62.0, so=so, useshrplib=false, libperl=libperl.a
gnulibc_version=''
Dynamic Linking:
dlsrc=dl_dlopen.xs, dlext=so, d_dlsymun=undef, ccdlflags=' '
cccdlflags='-DPIC -fPIC ', lddlflags='-shared -fPIC -L/usr/local/lib -fstack-protector'
Characteristics of this binary (from libperl):
Compile-time options: MULTIPLICITY MYMALLOC PERL_DONT_CREATE_GVSV
PERL_IMPLICIT_CONTEXT PERL_MALLOC_WRAP USE_ITHREADS
USE_LARGE_FILES USE_PERLIO USE_REENTRANT_API
Built under openbsd
Compiled at May 3 2012 21:30:50
%ENV:
PERL5LIB=":/home/cpan/pit/thr/conf/perl-5.10.1/.cpanplus/5.10.1/build/AnyEvent-7.04/blib/lib:/home/cpan/pit/thr/conf/perl-5.10.1/.cpanplus/5.10.1/build/AnyEvent-7.04/blib/arch:/home/cpan/pit/thr/conf/perl-5.10.1/.cpanplus/5.10.1/build/AnyEvent-AggressiveIdle-0.04/blib/lib:/home/cpan/pit/thr/conf/perl-5.10.1/.cpanplus/5.10.1/build/AnyEvent-AggressiveIdle-0.04/blib/arch:/home/cpan/pit/thr/conf/perl-5.10.1/.cpanplus/5.10.1/build/Digest-HMAC-1.03/blib/lib:/home/cpan/pit/thr/conf/perl-5.10.1/.cpanplus/5.10.1/build/Digest-HMAC-1.03/blib/arch:/home/cpan/pit/thr/conf/perl-5.10.1/.cpanplus/5.10.1/build/Net-DNS-0.72/blib/lib:/home/cpan/pit/thr/conf/perl-5.10.1/.cpanplus/5.10.1/build/Net-DNS-0.72/blib/arch:/home/cpan/pit/thr/conf/perl-5.10.1/.cpanplus/5.10.1/build/Net-SIP-0.68/blib/lib:/home/cpan/pit/thr/conf/perl-5.10.1/.cpanplus/5.10.1/build/Net-SIP-0.68/blib/arch:/home/cpan/pit/thr/conf/perl-5.10.1/.cpanplus/5.10.1/build/AnyEvent-SIP-0.002/blib/lib:/home/cpan/pit/thr/conf/perl-5.10.1/.cpanplus/5.10.1/build/AnyEvent-SIP-0.002/blib/arch"
PERL5_CPANPLUS_IS_RUNNING="6137"
PERL5_CPANPLUS_IS_VERSION="0.9134"
PERL5_MINISMOKEBOX="0.54"
PERL5_YACSMOKE_BASE="/home/cpan/pit/thr/conf/perl-5.10.1"
PERL_EXTUTILS_AUTOINSTALL="--defaultdeps"
PERL_MM_USE_DEFAULT="1"
@INC:
/home/cpan/pit/thr/conf/perl-5.10.1/.cpanplus/5.10.1/build/AnyEvent-7.04/blib/lib
/home/cpan/pit/thr/conf/perl-5.10.1/.cpanplus/5.10.1/build/AnyEvent-7.04/blib/arch
/home/cpan/pit/thr/conf/perl-5.10.1/.cpanplus/5.10.1/build/AnyEvent-AggressiveIdle-0.04/blib/lib
/home/cpan/pit/thr/conf/perl-5.10.1/.cpanplus/5.10.1/build/AnyEvent-AggressiveIdle-0.04/blib/arch
/home/cpan/pit/thr/conf/perl-5.10.1/.cpanplus/5.10.1/build/Digest-HMAC-1.03/blib/lib
/home/cpan/pit/thr/conf/perl-5.10.1/.cpanplus/5.10.1/build/Digest-HMAC-1.03/blib/arch
/home/cpan/pit/thr/conf/perl-5.10.1/.cpanplus/5.10.1/build/Net-DNS-0.72/blib/lib
/home/cpan/pit/thr/conf/perl-5.10.1/.cpanplus/5.10.1/build/Net-DNS-0.72/blib/arch
/home/cpan/pit/thr/conf/perl-5.10.1/.cpanplus/5.10.1/build/Net-SIP-0.68/blib/lib
/home/cpan/pit/thr/conf/perl-5.10.1/.cpanplus/5.10.1/build/Net-SIP-0.68/blib/arch
/home/cpan/pit/thr/conf/perl-5.10.1/.cpanplus/5.10.1/build/AnyEvent-SIP-0.002/blib/lib
/home/cpan/pit/thr/conf/perl-5.10.1/.cpanplus/5.10.1/build/AnyEvent-SIP-0.002/blib/arch
/home/cpan/pit/thr/perl-5.10.1/lib/5.10.1/OpenBSD.i386-openbsd-thread-multi
/home/cpan/pit/thr/perl-5.10.1/lib/5.10.1
/home/cpan/pit/thr/perl-5.10.1/lib/site_perl/5.10.1/OpenBSD.i386-openbsd-thread-multi
/home/cpan/pit/thr/perl-5.10.1/lib/site_perl/5.10.1
.