Report for Test-ParallelSubtest-0.05

Back
From: metabase:user:320bfe00-2aae-11df-837a-5e0a49663a4f
Subject: FAIL Test-ParallelSubtest-0.05 v5.20.0 GNU/Linux
Date: 2014-07-24T18:21:37Z

This distribution has been tested as part of the CPAN Testers
project, supporting the Perl programming language.  See
http://wiki.cpantesters.org/ for more information or email
questions to cpan-testers-discuss@perl.org


--
Dear Nick Cleaton,

This is a computer-generated report for Test-ParallelSubtest-0.05
on perl 5.20.0, created by CPAN-Reporter-1.2011.

Thank you for uploading your work to CPAN.  However, there was a problem
testing your distribution.

If you think this report is invalid, please consult the CPAN Testers Wiki
for suggestions on how to avoid getting FAIL reports for missing library
or binary dependencies, unsupported operating systems, and so on:

http://wiki.cpantesters.org/wiki/CPANAuthorNotes

Sections of this report:

    * Tester comments
    * Program output
    * Prerequisites
    * Environment and other context

------------------------------
TESTER COMMENTS
------------------------------

Additional comments from tester:

this report is from an automated smoke testing program
and was not reviewed by a human for accuracy

------------------------------
PROGRAM OUTPUT
------------------------------

Output from './Build test':


#   Failed test 'one_test_useplan status'
#   at t/MyTest.pm line 55.
#          got: '0'
#     expected: '1'

#   Failed test 'one_test_useplan ERR'
#   at t/MyTest.pm line 57.
# +---+------------------------------------------------------+---+------------------------------------------+
# | Ln|Got                                                   | Ln|Expected                                  |
# +---+------------------------------------------------------+---+------------------------------------------+
# |  1|'                                                     |  1|'                                         |
# |  2|    #   Failed test at - line 6.                      |  2|    #   Failed test at - line 6.          |
# |  3|    # Looks like you failed 1 test of 2.              |  3|    # Looks like you failed 1 test of 2.  |
# |  4|                                                      |  4|                                          |
# |  5|#   Failed test \'one\'                               |  5|#   Failed test \'one\'                   |
# |  6|#   at - line 8.                                      |  6|#   at - line 8.                          |
# |  7|# Looks like you failed 1 test of 1.                  |  7|# Looks like you failed 1 test of 1.      |
# *  8|# Looks like your test exited with 256 just after 1.  *   |                                          |
# |  9|'                                                     |  8|'                                         |
# +---+------------------------------------------------------+---+------------------------------------------+

#   Failed test 'one_test_noplan status'
#   at t/MyTest.pm line 55.
#          got: '0'
#     expected: '1'

#   Failed test 'one_test_noplan ERR'
#   at t/MyTest.pm line 57.
# +---+------------------------------------------------------+---+------------------------------------------+
# | Ln|Got                                                   | Ln|Expected                                  |
# +---+------------------------------------------------------+---+------------------------------------------+
# |  1|'                                                     |  1|'                                         |
# |  2|    #   Failed test at - line 6.                      |  2|    #   Failed test at - line 6.          |
# |  3|    # Looks like you failed 1 test of 2.              |  3|    # Looks like you failed 1 test of 2.  |
# |  4|                                                      |  4|                                          |
# |  5|#   Failed test \'one\'                               |  5|#   Failed test \'one\'                   |
# |  6|#   at - line 8.                                      |  6|#   at - line 8.                          |
# |  7|# Looks like you failed 1 test of 1.                  |  7|# Looks like you failed 1 test of 1.      |
# *  8|# Looks like your test exited with 256 just after 1.  *   |                                          |
# |  9|'                                                     |  8|'                                         |
# +---+------------------------------------------------------+---+------------------------------------------+

#   Failed test 'one_test_missingplan status'
#   at t/MyTest.pm line 55.
#          got: '0'
#     expected: '1'

#   Failed test 'one_test_missingplan ERR'
#   at t/MyTest.pm line 57.
# +---+----------------------------------------------------------------------------+---+----------------------------------------------------------------------------+
# | Ln|Got                                                                         | Ln|Expected                                                                    |
# +---+----------------------------------------------------------------------------+---+----------------------------------------------------------------------------+
# |  1|'                                                                           |  1|'                                                                           |
# |  2|    #   Failed test at - line 6.                                            |  2|    #   Failed test at - line 6.                                            |
# |  3|    # Looks like you failed 1 test of 2.                                    |  3|    # Looks like you failed 1 test of 2.                                    |
# |  4|                                                                            |  4|                                                                            |
# |  5|#   Failed test \'one\'                                                     |  5|#   Failed test \'one\'                                                     |
# |  6|#   at - line 8.                                                            |  6|#   at - line 8.                                                            |
# |  7|# Tests were run but no plan was declared and done_testing() was not seen.  |  7|# Tests were run but no plan was declared and done_testing() was not seen.  |
# *  8|# Looks like your test exited with 256 just after 1.                        *   |                                                                            |
# |  9|'                                                                           |  8|'                                                                           |
# +---+----------------------------------------------------------------------------+---+----------------------------------------------------------------------------+

#   Failed test 'one_test_runtimeplan status'
#   at t/MyTest.pm line 55.
#          got: '0'
#     expected: '1'

#   Failed test 'one_test_runtimeplan ERR'
#   at t/MyTest.pm line 57.
# +---+------------------------------------------------------+---+------------------------------------------+
# | Ln|Got                                                   | Ln|Expected                                  |
# +---+------------------------------------------------------+---+------------------------------------------+
# |  1|'                                                     |  1|'                                         |
# |  2|    #   Failed test at - line 8.                      |  2|    #   Failed test at - line 8.          |
# |  3|    # Looks like you failed 1 test of 2.              |  3|    # Looks like you failed 1 test of 2.  |
# |  4|                                                      |  4|                                          |
# |  5|#   Failed test \'one\'                               |  5|#   Failed test \'one\'                   |
# |  6|#   at - line 10.                                     |  6|#   at - line 10.                         |
# |  7|# Looks like you failed 1 test of 1.                  |  7|# Looks like you failed 1 test of 1.      |
# *  8|# Looks like your test exited with 256 just after 1.  *   |                                          |
# |  9|'                                                     |  8|'                                         |
# +---+------------------------------------------------------+---+------------------------------------------+

#   Failed test 'one_test_badplan status'
#   at t/MyTest.pm line 55.
#          got: '0'
#     expected: '1'

#   Failed test 'one_test_badplan ERR'
#   at t/MyTest.pm line 57.
# +---+------------------------------------------------------+---+----------------------------------------------+
# | Ln|Got                                                   | Ln|Expected                                      |
# +---+------------------------------------------------------+---+----------------------------------------------+
# |  1|'                                                     |  1|'                                             |
# |  2|    #   Failed test at - line 8.                      |  2|    #   Failed test at - line 8.              |
# |  3|    # Looks like you failed 1 test of 2.              |  3|    # Looks like you failed 1 test of 2.      |
# |  4|                                                      |  4|                                              |
# |  5|#   Failed test \'one\'                               |  5|#   Failed test \'one\'                       |
# |  6|#   at - line 10.                                     |  6|#   at - line 10.                             |
# |  7|# Looks like you planned 17 tests but ran 1.          |  7|# Looks like you planned 17 tests but ran 1.  |
# |  8|# Looks like you failed 1 test of 1 run.              |  8|# Looks like you failed 1 test of 1 run.      |
# *  9|# Looks like your test exited with 256 just after 1.  *   |                                              |
# | 10|'                                                     |  9|'                                             |
# +---+------------------------------------------------------+---+----------------------------------------------+

#   Failed test 'subtest in bg_subtest status'
#   at t/MyTest.pm line 55.
#          got: '0'
#     expected: '1'

#   Failed test 'subtest in bg_subtest ERR'
#   at t/MyTest.pm line 57.
# +---+------------------------------------------------------+---+----------------------------------------------+
# | Ln|Got                                                   | Ln|Expected                                      |
# +---+------------------------------------------------------+---+----------------------------------------------+
# |  1|'                                                     |  1|'                                             |
# |  2|    #   Failed test at - line 6.                      |  2|    #   Failed test at - line 6.              |
# |  3|                                                      |  3|                                              |
# |  4|        #   Failed test \'fail in inner\'             |  4|        #   Failed test \'fail in inner\'     |
# |  5|        #   at - line 7.                              |  5|        #   at - line 7.                      |
# |  6|        # Looks like you failed 1 test of 1.          |  6|        # Looks like you failed 1 test of 1.  |
# |  7|                                                      |  7|                                              |
# |  8|    #   Failed test \'foo\'                           |  8|    #   Failed test \'foo\'                   |
# |  9|    #   at - line 7.                                  |  9|    #   at - line 7.                          |
# | 10|    # Looks like you failed 2 tests of 4.             | 10|    # Looks like you failed 2 tests of 4.     |
# | 11|                                                      | 11|                                              |
# | 12|#   Failed test \'one\'                               | 12|#   Failed test \'one\'                       |
# | 13|#   at - line 10.                                     | 13|#   at - line 10.                             |
# | 14|# Looks like you failed 1 test of 1.                  | 14|# Looks like you failed 1 test of 1.          |
# * 15|# Looks like your test exited with 256 just after 1.  *   |                                              |
# | 16|'                                                     | 15|'                                             |
# +---+------------------------------------------------------+---+----------------------------------------------+
# Looks like you failed 12 tests of 54.
t/basic.t ................... 
Dubious, test returned 12 (wstat 3072, 0xc00)
Failed 12/54 subtests 
t/bg_subtest_wait.t ......... ok
# Looks like your test exited with 65280 just after 6.
t/child-limits.t ............ ok

#   Failed test 'no_plan_no_tests status'
#   at t/MyTest.pm line 55.
#          got: '0'
#     expected: '1'

#   Failed test 'no_plan_no_tests ERR'
#   at t/MyTest.pm line 57.
# +---+------------------------------------------------------+---+----------------------------------------------------+
# | Ln|Got                                                   | Ln|Expected                                            |
# +---+------------------------------------------------------+---+----------------------------------------------------+
# |  1|'    # No tests run!                                  |  1|'    # No tests run!                                |
# |  2|                                                      |  2|                                                    |
# |  3|#   Failed test \'No tests run for subtest "foo"\'    |  3|#   Failed test \'No tests run for subtest "foo"\'  |
# |  4|#   at - line 4.                                      |  4|#   at - line 4.                                    |
# |  5|# Looks like you failed 1 test of 1.                  |  5|# Looks like you failed 1 test of 1.                |
# *  6|# Looks like your test exited with 256 just after 1.  *   |                                                    |
# |  7|'                                                     |  6|'                                                   |
# +---+------------------------------------------------------+---+----------------------------------------------------+

#   Failed test 'no_tests_done_testing status'
#   at t/MyTest.pm line 55.
#          got: '0'
#     expected: '1'

#   Failed test 'no_tests_done_testing ERR'
#   at t/MyTest.pm line 57.
# +---+------------------------------------------------------+---+----------------------------------------------------+
# | Ln|Got                                                   | Ln|Expected                                            |
# +---+------------------------------------------------------+---+----------------------------------------------------+
# |  1|'    # No tests run!                                  |  1|'    # No tests run!                                |
# |  2|                                                      |  2|                                                    |
# |  3|#   Failed test \'No tests run for subtest "foo"\'    |  3|#   Failed test \'No tests run for subtest "foo"\'  |
# |  4|#   at - line 4.                                      |  4|#   at - line 4.                                    |
# |  5|# Looks like you failed 1 test of 1.                  |  5|# Looks like you failed 1 test of 1.                |
# *  6|# Looks like your test exited with 256 just after 1.  *   |                                                    |
# |  7|'                                                     |  6|'                                                   |
# +---+------------------------------------------------------+---+----------------------------------------------------+

#   Failed test 'test_after_donetesting status'
#   at t/MyTest.pm line 55.
#          got: '0'
#     expected: '1'

#   Failed test 'test_after_donetesting ERR'
#   at t/MyTest.pm line 57.
# +---+------------------------------------------------------+---+-------------------------------------------------+
# | Ln|Got                                                   | Ln|Expected                                         |
# +---+------------------------------------------------------+---+-------------------------------------------------+
# |  1|'    # Looks like you planned 1 test but ran 2.       |  1|'    # Looks like you planned 1 test but ran 2.  |
# |  2|                                                      |  2|                                                 |
# |  3|#   Failed test \'foo\'                               |  3|#   Failed test \'foo\'                          |
# |  4|#   at - line 8.                                      |  4|#   at - line 8.                                 |
# |  5|# Looks like you failed 1 test of 1.                  |  5|# Looks like you failed 1 test of 1.             |
# *  6|# Looks like your test exited with 256 just after 1.  *   |                                                 |
# |  7|'                                                     |  6|'                                                |
# +---+------------------------------------------------------+---+-------------------------------------------------+
# Looks like you failed 6 tests of 39.
t/exceptions.t .............. 
Dubious, test returned 6 (wstat 1536, 0x600)
Failed 6/39 subtests 
t/forbid-fork.t ............. ok
t/max_parallel.t ............ ok
t/nested-fork.t ............. ok
t/no-bg_subtest.t ........... ok
t/no-pipe.t ................. ok

#   Failed test 'skip_all_noreason status'
#   at t/MyTest.pm line 55.
#          got: '0'
#     expected: '1'

#   Failed test 'skip_all_noreason ERR'
#   at t/MyTest.pm line 57.
# +---+------------------------------------------------------+---+----------------------------------------------------+
# | Ln|Got                                                   | Ln|Expected                                            |
# +---+------------------------------------------------------+---+----------------------------------------------------+
# |  1|'                                                     |  1|'                                                   |
# |  2|#   Failed test \'No tests run for subtest "foo"\'    |  2|#   Failed test \'No tests run for subtest "foo"\'  |
# |  3|#   at - line 6.                                      |  3|#   at - line 6.                                    |
# |  4|# Looks like you failed 1 test of 1.                  |  4|# Looks like you failed 1 test of 1.                |
# *  5|# Looks like your test exited with 256 just after 1.  *   |                                                    |
# |  6|'                                                     |  5|'                                                   |
# +---+------------------------------------------------------+---+----------------------------------------------------+

#   Failed test 'skip_all_reason_empty status'
#   at t/MyTest.pm line 55.
#          got: '0'
#     expected: '1'

#   Failed test 'skip_all_reason_empty ERR'
#   at t/MyTest.pm line 57.
# +---+------------------------------------------------------+---+----------------------------------------------------+
# | Ln|Got                                                   | Ln|Expected                                            |
# +---+------------------------------------------------------+---+----------------------------------------------------+
# |  1|'                                                     |  1|'                                                   |
# |  2|#   Failed test \'No tests run for subtest "foo"\'    |  2|#   Failed test \'No tests run for subtest "foo"\'  |
# |  3|#   at - line 6.                                      |  3|#   at - line 6.                                    |
# |  4|# Looks like you failed 1 test of 1.                  |  4|# Looks like you failed 1 test of 1.                |
# *  5|# Looks like your test exited with 256 just after 1.  *   |                                                    |
# |  6|'                                                     |  5|'                                                   |
# +---+------------------------------------------------------+---+----------------------------------------------------+

#   Failed test 'skip_all_reason_zero status'
#   at t/MyTest.pm line 55.
#          got: '0'
#     expected: '1'

#   Failed test 'skip_all_reason_zero ERR'
#   at t/MyTest.pm line 57.
# +---+------------------------------------------------------+---+----------------------------------------------------+
# | Ln|Got                                                   | Ln|Expected                                            |
# +---+------------------------------------------------------+---+----------------------------------------------------+
# |  1|'                                                     |  1|'                                                   |
# |  2|#   Failed test \'No tests run for subtest "foo"\'    |  2|#   Failed test \'No tests run for subtest "foo"\'  |
# |  3|#   at - line 6.                                      |  3|#   at - line 6.                                    |
# |  4|# Looks like you failed 1 test of 1.                  |  4|# Looks like you failed 1 test of 1.                |
# *  5|# Looks like your test exited with 256 just after 1.  *   |                                                    |
# |  6|'                                                     |  5|'                                                   |
# +---+------------------------------------------------------+---+----------------------------------------------------+
# Looks like you failed 6 tests of 60.
t/skip_all.t ................ 
Dubious, test returned 6 (wstat 1536, 0x600)
Failed 6/60 subtests 
t/strange-test-names.t ...... ok

#   Failed test 'one_bg_subtest status'
#   at t/MyTest.pm line 55.
#          got: '0'
#     expected: '1'

#   Failed test 'one_bg_subtest ERR'
#   at t/MyTest.pm line 57.
# +---+------------------------------------------------------+---+------------------------------------------+
# | Ln|Got                                                   | Ln|Expected                                  |
# +---+------------------------------------------------------+---+------------------------------------------+
# |  1|'                                                     |  1|'                                         |
# |  2|    #   Failed test \'3 is 4\'                        |  2|    #   Failed test \'3 is 4\'            |
# |  3|    #   at - line 7.                                  |  3|    #   at - line 7.                      |
# |  4|    #          got: \'3\'                             |  4|    #          got: \'3\'                 |
# |  5|    #     expected: \'4\'                             |  5|    #     expected: \'4\'                 |
# |  6|    # Looks like you failed 1 test of 2.              |  6|    # Looks like you failed 1 test of 2.  |
# |  7|                                                      |  7|                                          |
# |  8|#   Failed test \'foo\'                               |  8|#   Failed test \'foo\'                   |
# |  9|#   at - line 8.                                      |  9|#   at - line 8.                          |
# | 10|                                                      | 10|                                          |
# | 11|    #   Failed test \'3 is 4\'                        | 11|    #   Failed test \'3 is 4\'            |
# | 12|    #   at - line 12.                                 | 12|    #   at - line 12.                     |
# | 13|    #          got: \'3\'                             | 13|    #          got: \'3\'                 |
# | 14|    #     expected: \'4\'                             | 14|    #     expected: \'4\'                 |
# | 15|    # Looks like you failed 1 test of 2.              | 15|    # Looks like you failed 1 test of 2.  |
# | 16|                                                      | 16|                                          |
# | 17|#   Failed test \'bar\'                               | 17|#   Failed test \'bar\'                   |
# | 18|#   at - line 13.                                     | 18|#   at - line 13.                         |
# | 19|# Looks like you failed 2 tests of 3.                 | 19|# Looks like you failed 2 tests of 3.     |
# * 20|# Looks like your test exited with 512 just after 3.  *   |                                          |
# | 21|'                                                     | 20|'                                         |
# +---+------------------------------------------------------+---+------------------------------------------+

#   Failed test 'two_bg_subtests status'
#   at t/MyTest.pm line 55.
#          got: '0'
#     expected: '1'

#   Failed test 'two_bg_subtests ERR'
#   at t/MyTest.pm line 57.
# +---+------------------------------------------------------+---+---------------------------------------+
# | Ln|Got                                                   | Ln|Expected                               |
# +---+------------------------------------------------------+---+---------------------------------------+
# | 26|#   Failed test \'baz\'                               | 26|#   Failed test \'baz\'                |
# | 27|#   at - line 18.                                     | 27|#   at - line 18.                      |
# | 28|# Looks like you failed 3 tests of 4.                 | 28|# Looks like you failed 3 tests of 4.  |
# * 29|# Looks like your test exited with 512 just after 4.  *   |                                       |
# | 30|'                                                     | 29|'                                      |
# +---+------------------------------------------------------+---+---------------------------------------+

#   Failed test 'no_plan status'
#   at t/MyTest.pm line 55.
#          got: '0'
#     expected: '1'

#   Failed test 'no_plan ERR'
#   at t/MyTest.pm line 57.
# +---+------------------------------------------------------+---+---------------------------------------+
# | Ln|Got                                                   | Ln|Expected                               |
# +---+------------------------------------------------------+---+---------------------------------------+
# | 26|#   Failed test \'baz\'                               | 26|#   Failed test \'baz\'                |
# | 27|#   at - line 18.                                     | 27|#   at - line 18.                      |
# | 28|# Looks like you failed 3 tests of 4.                 | 28|# Looks like you failed 3 tests of 4.  |
# * 29|# Looks like your test exited with 512 just after 4.  *   |                                       |
# | 30|'                                                     | 29|'                                      |
# +---+------------------------------------------------------+---+---------------------------------------+

#   Failed test 'bad_plan status'
#   at t/MyTest.pm line 55.
#          got: '0'
#     expected: '1'

#   Failed test 'bad_plan ERR'
#   at t/MyTest.pm line 57.
# +---+------------------------------------------------------+---+----------------------------------------------+
# | Ln|Got                                                   | Ln|Expected                                      |
# +---+------------------------------------------------------+---+----------------------------------------------+
# | 27|#   at - line 18.                                     | 27|#   at - line 18.                             |
# | 28|# Looks like you planned 17 tests but ran 4.          | 28|# Looks like you planned 17 tests but ran 4.  |
# | 29|# Looks like you failed 3 tests of 4 run.             | 29|# Looks like you failed 3 tests of 4 run.     |
# * 30|# Looks like your test exited with 512 just after 4.  *   |                                              |
# | 31|'                                                     | 30|'                                             |
# +---+------------------------------------------------------+---+----------------------------------------------+

#   Failed test 'missing_plan status'
#   at t/MyTest.pm line 55.
#          got: '0'
#     expected: '1'

#   Failed test 'missing_plan ERR'
#   at t/MyTest.pm line 57.
# +---+----------------------------------------------------------------------------+---+----------------------------------------------------------------------------+
# | Ln|Got                                                                         | Ln|Expected                                                                    |
# +---+----------------------------------------------------------------------------+---+----------------------------------------------------------------------------+
# | 26|#   Failed test \'baz\'                                                     | 26|#   Failed test \'baz\'                                                     |
# | 27|#   at - line 20.                                                           | 27|#   at - line 20.                                                           |
# | 28|# Tests were run but no plan was declared and done_testing() was not seen.  | 28|# Tests were run but no plan was declared and done_testing() was not seen.  |
# * 29|# Looks like your test exited with 512 just after 4.                        *   |                                                                            |
# | 30|'                                                                           | 29|'                                                                           |
# +---+----------------------------------------------------------------------------+---+----------------------------------------------------------------------------+

#   Failed test 'bg_subtest_after_done_testing status'
#   at t/MyTest.pm line 55.
#          got: '0'
#     expected: '1'

#   Failed test 'bg_subtest_after_done_testing ERR'
#   at t/MyTest.pm line 57.
# +---+-------------------------------------------------------+---+---------------------------------------------+
# | Ln|Got                                                    | Ln|Expected                                     |
# +---+-------------------------------------------------------+---+---------------------------------------------+
# | 38|#   at - line 27.                                      | 38|#   at - line 27.                            |
# | 39|# Looks like you planned 4 tests but ran 5.            | 39|# Looks like you planned 4 tests but ran 5.  |
# | 40|# Looks like you failed 4 tests of 5 run.              | 40|# Looks like you failed 4 tests of 5 run.    |
# * 41|# Looks like your test exited with 1024 just after 5.  *   |                                             |
# | 42|'                                                      | 41|'                                            |
# +---+-------------------------------------------------------+---+---------------------------------------------+
# Looks like you failed 12 tests of 54.
t/tests-in-parent-before.t .. 
Dubious, test returned 12 (wstat 3072, 0xc00)
Failed 12/54 subtests 

#   Failed test 'whole_bg_subtest_todo status'
#   at t/MyTest.pm line 55.
#          got: '0'
#     expected: '1'

#   Failed test 'whole_bg_subtest_todo ERR'
#   at t/MyTest.pm line 57.
# +---+------------------------------------------------------+---+------------------------------------------+
# | Ln|Got                                                   | Ln|Expected                                  |
# +---+------------------------------------------------------+---+------------------------------------------+
# |  1|'                                                     |  1|'                                         |
# |  2|    #   Failed test \'failing test\'                  |  2|    #   Failed test \'failing test\'      |
# |  3|    #   at - line 5.                                  |  3|    #   at - line 5.                      |
# |  4|    # Looks like you failed 1 test of 2.              |  4|    # Looks like you failed 1 test of 2.  |
# |  5|                                                      |  5|                                          |
# |  6|#   Failed test \'foo\'                               |  6|#   Failed test \'foo\'                   |
# |  7|#   at - line 8.                                      |  7|#   at - line 8.                          |
# |  8|                                                      |  8|                                          |
# |  9|    #   Failed test \'failing test\'                  |  9|    #   Failed test \'failing test\'      |
# | 10|    #   at - line 21.                                 | 10|    #   at - line 21.                     |
# | 11|    # Looks like you failed 1 test of 2.              | 11|    # Looks like you failed 1 test of 2.  |
# | 12|                                                      | 12|                                          |
# | 13|#   Failed test \'baz\'                               | 13|#   Failed test \'baz\'                   |
# | 14|#   at - line 24.                                     | 14|#   at - line 24.                         |
# | 15|# Looks like you failed 2 tests of 3.                 | 15|# Looks like you failed 2 tests of 3.     |
# * 16|# Looks like your test exited with 256 just after 3.  *   |                                          |
# | 17|'                                                     | 16|'                                         |
# +---+------------------------------------------------------+---+------------------------------------------+

#   Failed test 'whole_bg_subtest_todo_plan status'
#   at t/MyTest.pm line 55.
#          got: '0'
#     expected: '1'

#   Failed test 'whole_bg_subtest_todo_plan ERR'
#   at t/MyTest.pm line 57.
# +---+------------------------------------------------------+---+------------------------------------------+
# | Ln|Got                                                   | Ln|Expected                                  |
# +---+------------------------------------------------------+---+------------------------------------------+
# |  1|'                                                     |  1|'                                         |
# |  2|    #   Failed test \'failing test\'                  |  2|    #   Failed test \'failing test\'      |
# |  3|    #   at - line 5.                                  |  3|    #   at - line 5.                      |
# |  4|    # Looks like you failed 1 test of 2.              |  4|    # Looks like you failed 1 test of 2.  |
# |  5|                                                      |  5|                                          |
# |  6|#   Failed test \'foo\'                               |  6|#   Failed test \'foo\'                   |
# |  7|#   at - line 8.                                      |  7|#   at - line 8.                          |
# |  8|                                                      |  8|                                          |
# |  9|    #   Failed test \'failing test\'                  |  9|    #   Failed test \'failing test\'      |
# | 10|    #   at - line 21.                                 | 10|    #   at - line 21.                     |
# | 11|    # Looks like you failed 1 test of 2.              | 11|    # Looks like you failed 1 test of 2.  |
# | 12|                                                      | 12|                                          |
# | 13|#   Failed test \'baz\'                               | 13|#   Failed test \'baz\'                   |
# | 14|#   at - line 24.                                     | 14|#   at - line 24.                         |
# | 15|# Looks like you failed 2 tests of 3.                 | 15|# Looks like you failed 2 tests of 3.     |
# * 16|# Looks like your test exited with 256 just after 3.  *   |                                          |
# | 17|'                                                     | 16|'                                         |
# +---+------------------------------------------------------+---+------------------------------------------+

#   Failed test 'whole_bg_subtest_todo_badplan status'
#   at t/MyTest.pm line 55.
#          got: '0'
#     expected: '1'

#   Failed test 'whole_bg_subtest_todo_badplan ERR'
#   at t/MyTest.pm line 57.
# +---+------------------------------------------------------+---+--------------------------------------------------+
# | Ln|Got                                                   | Ln|Expected                                          |
# +---+------------------------------------------------------+---+--------------------------------------------------+
# |  1|'                                                     |  1|'                                                 |
# |  2|    #   Failed test \'failing test\'                  |  2|    #   Failed test \'failing test\'              |
# |  3|    #   at - line 5.                                  |  3|    #   at - line 5.                              |
# |  4|    # Looks like you failed 1 test of 2.              |  4|    # Looks like you failed 1 test of 2.          |
# |  5|                                                      |  5|                                                  |
# |  6|#   Failed test \'foo\'                               |  6|#   Failed test \'foo\'                           |
# |  7|#   at - line 8.                                      |  7|#   at - line 8.                                  |
# |  8|    # Looks like you planned 20 tests but ran 2.      |  8|    # Looks like you planned 20 tests but ran 2.  |
# |  9|                                                      |  9|                                                  |
# | 10|#   Failed test \'bar\'                               | 10|#   Failed test \'bar\'                           |
# | 11|#   at - line 18.                                     | 11|#   at - line 18.                                 |
# | 12|                                                      | 12|                                                  |
# | 13|    #   Failed test \'failing test\'                  | 13|    #   Failed test \'failing test\'              |
# | 14|    #   at - line 21.                                 | 14|    #   at - line 21.                             |
# | 15|    # Looks like you failed 1 test of 2.              | 15|    # Looks like you failed 1 test of 2.          |
# | 16|                                                      | 16|                                                  |
# | 17|#   Failed test \'baz\'                               | 17|#   Failed test \'baz\'                           |
# | 18|#   at - line 24.                                     | 18|#   at - line 24.                                 |
# | 19|# Looks like you failed 3 tests of 3.                 | 19|# Looks like you failed 3 tests of 3.             |
# * 20|# Looks like your test exited with 256 just after 3.  *   |                                                  |
# | 21|'                                                     | 20|'                                                 |
# +---+------------------------------------------------------+---+--------------------------------------------------+

#   Failed test 'whole_bg_subtest_todo_missingplan status'
#   at t/MyTest.pm line 55.
#          got: '0'
#     expected: '1'

#   Failed test 'whole_bg_subtest_todo_missingplan ERR'
#   at t/MyTest.pm line 57.
# +---+------------------------------------------------------+---+------------------------------------------+
# | Ln|Got                                                   | Ln|Expected                                  |
# +---+------------------------------------------------------+---+------------------------------------------+
# |  1|'                                                     |  1|'                                         |
# |  2|    #   Failed test \'failing test\'                  |  2|    #   Failed test \'failing test\'      |
# |  3|    #   at - line 5.                                  |  3|    #   at - line 5.                      |
# |  4|    # Looks like you failed 1 test of 2.              |  4|    # Looks like you failed 1 test of 2.  |
# |  5|                                                      |  5|                                          |
# |  6|#   Failed test \'foo\'                               |  6|#   Failed test \'foo\'                   |
# |  7|#   at - line 8.                                      |  7|#   at - line 8.                          |
# |  8|                                                      |  8|                                          |
# |  9|    #   Failed test \'failing test\'                  |  9|    #   Failed test \'failing test\'      |
# | 10|    #   at - line 20.                                 | 10|    #   at - line 20.                     |
# | 11|    # Looks like you failed 1 test of 2.              | 11|    # Looks like you failed 1 test of 2.  |
# | 12|                                                      | 12|                                          |
# | 13|#   Failed test \'baz\'                               | 13|#   Failed test \'baz\'                   |
# | 14|#   at - line 23.                                     | 14|#   at - line 23.                         |
# | 15|# Looks like you failed 2 tests of 3.                 | 15|# Looks like you failed 2 tests of 3.     |
# * 16|# Looks like your test exited with 256 just after 3.  *   |                                          |
# | 17|'                                                     | 16|'                                         |
# +---+------------------------------------------------------+---+------------------------------------------+

#   Failed test 'part_bg_subtest_todo status'
#   at t/MyTest.pm line 55.
#          got: '0'
#     expected: '1'

#   Failed test 'part_bg_subtest_todo ERR'
#   at t/MyTest.pm line 57.
# +---+------------------------------------------------------+---+------------------------------------------+
# | Ln|Got                                                   | Ln|Expected                                  |
# +---+------------------------------------------------------+---+------------------------------------------+
# |  1|'                                                     |  1|'                                         |
# |  2|    #   Failed test \'failing test\'                  |  2|    #   Failed test \'failing test\'      |
# |  3|    #   at - line 5.                                  |  3|    #   at - line 5.                      |
# |  4|    # Looks like you failed 1 test of 2.              |  4|    # Looks like you failed 1 test of 2.  |
# |  5|                                                      |  5|                                          |
# |  6|#   Failed test \'foo\'                               |  6|#   Failed test \'foo\'                   |
# |  7|#   at - line 8.                                      |  7|#   at - line 8.                          |
# |  8|                                                      |  8|                                          |
# |  9|    #   Failed test \'failing test\'                  |  9|    #   Failed test \'failing test\'      |
# | 10|    #   at - line 22.                                 | 10|    #   at - line 22.                     |
# | 11|    # Looks like you failed 1 test of 2.              | 11|    # Looks like you failed 1 test of 2.  |
# | 12|                                                      | 12|                                          |
# | 13|#   Failed test \'baz\'                               | 13|#   Failed test \'baz\'                   |
# | 14|#   at - line 25.                                     | 14|#   at - line 25.                         |
# | 15|# Looks like you failed 2 tests of 3.                 | 15|# Looks like you failed 2 tests of 3.     |
# * 16|# Looks like your test exited with 256 just after 3.  *   |                                          |
# | 17|'                                                     | 16|'                                         |
# +---+------------------------------------------------------+---+------------------------------------------+

#   Failed test 'bg_subtest_in_todo -f OUT'
#   at t/MyTest.pm line 52.
# +---+-----------------------------+---+------------------------------------------+
# | Ln|Got                          | Ln|Expected                                  |
# +---+-----------------------------+---+------------------------------------------+
# | 18|#   at - line 17.            | 18|#   at - line 17.                         |
# | 19|# Subtest: baz               | 19|# Subtest: baz                            |
# | 20|    not ok 1 - failing test  | 20|    not ok 1 - failing test               |
# |   |                             * 21|   \n                                     *
# |   |                             * 22|    #   Failed test \'failing test\'      *
# |   |                             * 23|    #   at - line 21.                     *
# | 21|    ok 2 - passing test      | 24|    ok 2 - passing test                   |
# | 22|    1..2                     | 25|    1..2                                  |
# * 23|not ok 3 - baz               * 26|    # Looks like you failed 1 test of 2.  *
# |   |                             * 27|not ok 3 - baz # TODO just because        *
# |   |                             * 28|\n                                        *
# |   |                             * 29|#   Failed (TODO) test \'baz\'            *
# |   |                             * 30|#   at - line 24.                         *
# |   |                             * 31|# Looks like you failed 1 test of 3.      *
# | 24|'                            | 32|'                                         |
# +---+-----------------------------+---+------------------------------------------+

#   Failed test 'bg_subtest_in_todo -f ERR'
#   at t/MyTest.pm line 53.
# +---+------------------------------------------+---+------------------------------------------+
# | Ln|Got                                       | Ln|Expected                                  |
# +---+------------------------------------------+---+------------------------------------------+
# |  1|'                                         |  1|'                                         |
# |  2|    #   Failed test \'failing test\'      |  2|    #   Failed test \'failing test\'      |
# |  3|    #   at - line 5.                      |  3|    #   at - line 5.                      |
# |  4|    # Looks like you failed 1 test of 2.  |  4|    # Looks like you failed 1 test of 2.  |
# |  5|                                          |  5|                                          |
# |  6|#   Failed test \'foo\'                   |  6|#   Failed test \'foo\'                   |
# |  7|#   at - line 8.                          |  7|#   at - line 8.                          |
# *  8|    \n                                    *   |                                          |
# *  9|    #   Failed test \'failing test\'      *   |                                          |
# * 10|    #   at - line 21.                     *   |                                          |
# * 11|    # Looks like you failed 1 test of 2.  *   |                                          |
# * 12|\n                                        *   |                                          |
# * 13|#   Failed test \'baz\'                   *   |                                          |
# * 14|#   at - line 24.                         *   |                                          |
# * 15|# Looks like you failed 2 tests of 3.     *   |                                          |
# | 16|'                                         |  8|'                                         |
# +---+------------------------------------------+---+------------------------------------------+

#   Failed test 'bg_subtest_in_todo status'
#   at t/MyTest.pm line 55.
#          got: '0'
#     expected: '1'

#   Failed test 'bg_subtest_in_todo OUT'
#   at t/MyTest.pm line 56.
# +---+-----------------------------+---+------------------------------------------+
# | Ln|Got                          | Ln|Expected                                  |
# +---+-----------------------------+---+------------------------------------------+
# | 18|#   at - line 17.            | 18|#   at - line 17.                         |
# | 19|# Subtest: baz               | 19|# Subtest: baz                            |
# | 20|    not ok 1 - failing test  | 20|    not ok 1 - failing test               |
# |   |                             * 21|   \n                                     *
# |   |                             * 22|    #   Failed test \'failing test\'      *
# |   |                             * 23|    #   at - line 21.                     *
# | 21|    ok 2 - passing test      | 24|    ok 2 - passing test                   |
# | 22|    1..2                     | 25|    1..2                                  |
# * 23|not ok 3 - baz               * 26|    # Looks like you failed 1 test of 2.  *
# |   |                             * 27|not ok 3 - baz # TODO just because        *
# |   |                             * 28|\n                                        *
# |   |                             * 29|#   Failed (TODO) test \'baz\'            *
# |   |                             * 30|#   at - line 24.                         *
# |   |                             * 31|# Looks like you failed 1 test of 3.      *
# | 24|'                            | 32|'                                         |
# +---+-----------------------------+---+------------------------------------------+

#   Failed test 'bg_subtest_in_todo ERR'
#   at t/MyTest.pm line 57.
# +---+------------------------------------------------------+---+------------------------------------------+
# | Ln|Got                                                   | Ln|Expected                                  |
# +---+------------------------------------------------------+---+------------------------------------------+
# |  1|'                                                     |  1|'                                         |
# |  2|    #   Failed test \'failing test\'                  |  2|    #   Failed test \'failing test\'      |
# |  3|    #   at - line 5.                                  |  3|    #   at - line 5.                      |
# |  4|    # Looks like you failed 1 test of 2.              |  4|    # Looks like you failed 1 test of 2.  |
# |  5|                                                      |  5|                                          |
# |  6|#   Failed test \'foo\'                               |  6|#   Failed test \'foo\'                   |
# |  7|#   at - line 8.                                      |  7|#   at - line 8.                          |
# *  8|    \n                                                *   |                                          |
# *  9|    #   Failed test \'failing test\'                  *   |                                          |
# * 10|    #   at - line 21.                                 *   |                                          |
# * 11|    # Looks like you failed 1 test of 2.              *   |                                          |
# * 12|\n                                                    *   |                                          |
# * 13|#   Failed test \'baz\'                               *   |                                          |
# * 14|#   at - line 24.                                     *   |                                          |
# * 15|# Looks like you failed 2 tests of 3.                 *   |                                          |
# * 16|# Looks like your test exited with 256 just after 3.  *   |                                          |
# | 17|'                                                     |  8|'                                         |
# +---+------------------------------------------------------+---+------------------------------------------+

#   Failed test 'bg_subtest_in_todo_0 status'
#   at t/MyTest.pm line 55.
#          got: '0'
#     expected: '1'

#   Failed test 'bg_subtest_in_todo_0 ERR'
#   at t/MyTest.pm line 57.
# +---+------------------------------------------------------+---+-------------------------------------------+
# | Ln|Got                                                   | Ln|Expected                                   |
# +---+------------------------------------------------------+---+-------------------------------------------+
# |  1|'                                                     |  1|'                                          |
# |  2|    #   Failed test \'failing test\'                  |  2|    #   Failed test \'failing test\'       |
# |  3|    #   at - line 5.                                  |  3|    #   at - line 5.                       |
# |  4|    # Looks like you failed 1 test of 2.              |  4|    # Looks like you failed 1 test of 2.   |
# |  5|                                                      |  5|                                           |
# |  6|#   Failed test \'foo\'                               |  6|#   Failed test \'foo\'                    |
# |  7|#   at - line 8.                                      |  7|#   at - line 8.                           |
# |  8|                                                      |  8|                                           |
# |  9|    #   Failed test \'failing todo test\'             |  9|    #   Failed test \'failing todo test\'  |
# | 10|    #   at - line 14.                                 | 10|    #   at - line 14.                      |
# | 11|    # Looks like you failed 1 test of 2.              | 11|    # Looks like you failed 1 test of 2.   |
# | 12|                                                      | 12|                                           |
# | 13|#   Failed test \'a_todo_subtest\'                    | 13|#   Failed test \'a_todo_subtest\'         |
# | 14|#   at - line 17.                                     | 14|#   at - line 17.                          |
# | 15|                                                      | 15|                                           |
# | 16|    #   Failed test \'failing test\'                  | 16|    #   Failed test \'failing test\'       |
# | 17|    #   at - line 21.                                 | 17|    #   at - line 21.                      |
# | 18|    # Looks like you failed 1 test of 2.              | 18|    # Looks like you failed 1 test of 2.   |
# | 19|                                                      | 19|                                           |
# | 20|#   Failed test \'baz\'                               | 20|#   Failed test \'baz\'                    |
# | 21|#   at - line 24.                                     | 21|#   at - line 24.                          |
# | 22|# Looks like you failed 3 tests of 3.                 | 22|# Looks like you failed 3 tests of 3.      |
# * 23|# Looks like your test exited with 256 just after 3.  *   |                                           |
# | 24|'                                                     | 23|'                                          |
# +---+------------------------------------------------------+---+-------------------------------------------+

#   Failed test 'bg_subtest_in_todo_emptystr status'
#   at t/MyTest.pm line 55.
#          got: '0'
#     expected: '1'

#   Failed test 'bg_subtest_in_todo_emptystr ERR'
#   at t/MyTest.pm line 57.
# +---+------------------------------------------------------+---+-------------------------------------------+
# | Ln|Got                                                   | Ln|Expected                                   |
# +---+------------------------------------------------------+---+-------------------------------------------+
# |  1|'                                                     |  1|'                                          |
# |  2|    #   Failed test \'failing test\'                  |  2|    #   Failed test \'failing test\'       |
# |  3|    #   at - line 5.                                  |  3|    #   at - line 5.                       |
# |  4|    # Looks like you failed 1 test of 2.              |  4|    # Looks like you failed 1 test of 2.   |
# |  5|                                                      |  5|                                           |
# |  6|#   Failed test \'foo\'                               |  6|#   Failed test \'foo\'                    |
# |  7|#   at - line 8.                                      |  7|#   at - line 8.                           |
# |  8|                                                      |  8|                                           |
# |  9|    #   Failed test \'failing todo test\'             |  9|    #   Failed test \'failing todo test\'  |
# | 10|    #   at - line 14.                                 | 10|    #   at - line 14.                      |
# | 11|    # Looks like you failed 1 test of 2.              | 11|    # Looks like you failed 1 test of 2.   |
# | 12|                                                      | 12|                                           |
# | 13|#   Failed test \'a_todo_subtest\'                    | 13|#   Failed test \'a_todo_subtest\'         |
# | 14|#   at - line 17.                                     | 14|#   at - line 17.                          |
# | 15|                                                      | 15|                                           |
# | 16|    #   Failed test \'failing test\'                  | 16|    #   Failed test \'failing test\'       |
# | 17|    #   at - line 21.                                 | 17|    #   at - line 21.                      |
# | 18|    # Looks like you failed 1 test of 2.              | 18|    # Looks like you failed 1 test of 2.   |
# | 19|                                                      | 19|                                           |
# | 20|#   Failed test \'baz\'                               | 20|#   Failed test \'baz\'                    |
# | 21|#   at - line 24.                                     | 21|#   at - line 24.                          |
# | 22|# Looks like you failed 3 tests of 3.                 | 22|# Looks like you failed 3 tests of 3.      |
# * 23|# Looks like your test exited with 256 just after 3.  *   |                                           |
# | 24|'                                                     | 23|'                                          |
# +---+------------------------------------------------------+---+-------------------------------------------+

#   Failed test 'nested_subtest_in_todo status'
#   at t/MyTest.pm line 55.
#          got: '0'
#     expected: '1'

#   Failed test 'nested_subtest_in_todo ERR'
#   at t/MyTest.pm line 57.
# +---+------------------------------------------------------+---+------------------------------------------+
# | Ln|Got                                                   | Ln|Expected                                  |
# +---+------------------------------------------------------+---+------------------------------------------+
# |  1|'                                                     |  1|'                                         |
# |  2|    #   Failed test \'failing test\'                  |  2|    #   Failed test \'failing test\'      |
# |  3|    #   at - line 5.                                  |  3|    #   at - line 5.                      |
# |  4|    # Looks like you failed 1 test of 2.              |  4|    # Looks like you failed 1 test of 2.  |
# |  5|                                                      |  5|                                          |
# |  6|#   Failed test \'foo\'                               |  6|#   Failed test \'foo\'                   |
# |  7|#   at - line 8.                                      |  7|#   at - line 8.                          |
# |  8|                                                      |  8|                                          |
# |  9|    #   Failed test \'failing test\'                  |  9|    #   Failed test \'failing test\'      |
# | 10|    #   at - line 27.                                 | 10|    #   at - line 27.                     |
# | 11|    # Looks like you failed 1 test of 2.              | 11|    # Looks like you failed 1 test of 2.  |
# | 12|                                                      | 12|                                          |
# | 13|#   Failed test \'baz\'                               | 13|#   Failed test \'baz\'                   |
# | 14|#   at - line 30.                                     | 14|#   at - line 30.                         |
# | 15|# Looks like you failed 2 tests of 3.                 | 15|# Looks like you failed 2 tests of 3.     |
# * 16|# Looks like your test exited with 256 just after 3.  *   |                                          |
# | 17|'                                                     | 16|'                                         |
# +---+------------------------------------------------------+---+------------------------------------------+

#   Failed test 'todo_bg_subtest ERR'
#   at t/MyTest.pm line 57.
# +---+-----------------------------------------------------------+---+----------+
# | Ln|Got                                                        | Ln|Expected  |
# +---+-----------------------------------------------------------+---+----------+
# *  1|'# Looks like your test exited with 65280 just after 3.\n  *  1|''        *
# *  2|'                                                          *   |          |
# +---+-----------------------------------------------------------+---+----------+

#   Failed test 'manytodo_subtest_subtest_bg -f OUT'
#   at t/MyTest.pm line 52.
# +---+--------------------------------------------------+---+--------------------------------------------------+
# | Ln|Got                                               | Ln|Expected                                          |
# +---+--------------------------------------------------+---+--------------------------------------------------+
# | 35|            #   at - line 25.                     | 35|            #   at - line 25.                     |
# | 36|            1..4                                  | 36|            1..4                                  |
# | 37|            # Looks like you failed 1 test of 4.  | 37|            # Looks like you failed 1 test of 4.  |
# * 38|        not ok 2 - bar                            * 38|        not ok 2 - bar # TODO level 3             *
# | 39|                                                  | 39|                                                  |
# * 40|        #   Failed test \'bar\'                   * 40|        #   Failed (TODO) test \'bar\'            *
# | 41|        #   at - line 28.                         | 41|        #   at - line 28.                         |
# | 42|        1..2                                      | 42|        1..2                                      |
# * 43|        # Looks like you failed 1 test of 2.      * 43|    ok 1 - bar # TODO level 2                     *
# * 44|    not ok 1 - bar # TODO level 2                 *   |                                                  |
# * 45|   \n                                             *   |                                                  |
# * 46|    #   Failed (TODO) test \'bar\'                *   |                                                  |
# * 47|    #   at - line 30.                             *   |                                                  |
# | 48|    1..1                                          | 44|    1..1                                          |
# | 49|ok 1 - foo # TODO level 1                         | 45|ok 1 - foo # TODO level 1                         |
# | 50|1..1                                              | 46|1..1                                              |
# +---+--------------------------------------------------+---+--------------------------------------------------+

#   Failed test 'manytodo_subtest_subtest_bg OUT'
#   at t/MyTest.pm line 56.
# +---+--------------------------------------------------+---+--------------------------------------------------+
# | Ln|Got                                               | Ln|Expected                                          |
# +---+--------------------------------------------------+---+--------------------------------------------------+
# | 35|            #   at - line 25.                     | 35|            #   at - line 25.                     |
# | 36|            1..4                                  | 36|            1..4                                  |
# | 37|            # Looks like you failed 1 test of 4.  | 37|            # Looks like you failed 1 test of 4.  |
# * 38|        not ok 2 - bar                            * 38|        not ok 2 - bar # TODO level 3             *
# | 39|                                                  | 39|                                                  |
# * 40|        #   Failed test \'bar\'                   * 40|        #   Failed (TODO) test \'bar\'            *
# | 41|        #   at - line 28.                         | 41|        #   at - line 28.                         |
# | 42|        1..2                                      | 42|        1..2                                      |
# * 43|        # Looks like you failed 1 test of 2.      * 43|    ok 1 - bar # TODO level 2                     *
# * 44|    not ok 1 - bar # TODO level 2                 *   |                                                  |
# * 45|   \n                                             *   |                                                  |
# * 46|    #   Failed (TODO) test \'bar\'                *   |                                                  |
# * 47|    #   at - line 30.                             *   |                                                  |
# | 48|    1..1                                          | 44|    1..1                                          |
# | 49|ok 1 - foo # TODO level 1                         | 45|ok 1 - foo # TODO level 1                         |
# | 50|1..1                                              | 46|1..1                                              |
# +---+--------------------------------------------------+---+--------------------------------------------------+

#   Failed test 'nontodo_reaped_in_todo -f OUT'
#   at t/MyTest.pm line 52.
# +---+-----------------------------------------------------+---+-----------------------------------------------------+
# | Ln|Got                                                  | Ln|Expected                                             |
# +---+-----------------------------------------------------+---+-----------------------------------------------------+
# |  1|'# Subtest: foo                                      |  1|'# Subtest: foo                                      |
# |  2|    not ok 1 - this is a failing live test           |  2|    not ok 1 - this is a failing live test           |
# |  3|    1..1                                             |  3|    1..1                                             |
# |  4|not ok 1 - foo                                       |  4|not ok 1 - foo                                       |
# |  5|# Subtest: bar                                       |  5|# Subtest: bar                                       |
# |  6|    not ok 1 - this is a failing todo test           |  6|    not ok 1 - this is a failing todo test           |
# |  7|                                                     |  7|                                                     |
# |  8|    #   Failed test \'this is a failing todo test\'  |  8|    #   Failed test \'this is a failing todo test\'  |
# |  9|    #   at - line 16.                                |  9|    #   at - line 16.                                |
# | 10|    1..1                                             | 10|    1..1                                             |
# | 11|    # Looks like you failed 1 test of 1.             | 11|    # Looks like you failed 1 test of 1.             |
# | 12|not ok 2 - bar # TODO now in todo                    | 12|not ok 2 - bar # TODO now in todo                    |
# | 13|                                                     | 13|                                                     |
# | 14|#   Failed (TODO) test \'bar\'                       | 14|#   Failed (TODO) test \'bar\'                       |
# | 15|#   at - line 18.                                    | 15|#   at - line 18.                                    |
# | 16|1..2                                                 | 16|1..2                                                 |
# |   |                                                     * 17|# Looks like you failed 1 test of 2.                 *
# | 17|'                                                    | 18|'                                                    |
# +---+-----------------------------------------------------+---+-----------------------------------------------------+

#   Failed test 'nontodo_reaped_in_todo -f ERR'
#   at t/MyTest.pm line 53.
# +---+-----------------------------------------------------+---+-----------------------------------------------------+
# | Ln|Got                                                  | Ln|Expected                                             |
# +---+-----------------------------------------------------+---+-----------------------------------------------------+
# |  1|'                                                    |  1|'                                                    |
# |  2|    #   Failed test \'this is a failing live test\'  |  2|    #   Failed test \'this is a failing live test\'  |
# |  3|    #   at - line 5.                                 |  3|    #   at - line 5.                                 |
# |  4|    # Looks like you failed 1 test of 1.             |  4|    # Looks like you failed 1 test of 1.             |
# |  5|                                                     |  5|                                                     |
# |  6|#   Failed test \'foo\'                              |  6|#   Failed test \'foo\'                              |
# |  7|#   at - line 7.                                     |  7|#   at - line 7.                                     |
# *  8|# Looks like you failed 1 test of 2.                 *   |                                                     |
# |  9|'                                                    |  8|'                                                    |
# +---+-----------------------------------------------------+---+-----------------------------------------------------+

#   Failed test 'nontodo_reaped_in_todo OUT'
#   at t/MyTest.pm line 56.
# +---+-----------------------------------------------------+---+-----------------------------------------------------+
# | Ln|Got                                                  | Ln|Expected                                             |
# +---+-----------------------------------------------------+---+-----------------------------------------------------+
# |  1|'# Subtest: foo                                      |  1|'# Subtest: foo                                      |
# |  2|    not ok 1 - this is a failing live test           |  2|    not ok 1 - this is a failing live test           |
# |  3|    1..1                                             |  3|    1..1                                             |
# |  4|not ok 1 - foo                                       |  4|not ok 1 - foo                                       |
# |  5|# Subtest: bar                                       |  5|# Subtest: bar                                       |
# |  6|    not ok 1 - this is a failing todo test           |  6|    not ok 1 - this is a failing todo test           |
# |  7|                                                     |  7|                                                     |
# |  8|    #   Failed test \'this is a failing todo test\'  |  8|    #   Failed test \'this is a failing todo test\'  |
# |  9|    #   at - line 16.                                |  9|    #   at - line 16.                                |
# | 10|    1..1                                             | 10|    1..1                                             |
# | 11|    # Looks like you failed 1 test of 1.             | 11|    # Looks like you failed 1 test of 1.             |
# | 12|not ok 2 - bar # TODO now in todo                    | 12|not ok 2 - bar # TODO now in todo                    |
# | 13|                                                     | 13|                                                     |
# | 14|#   Failed (TODO) test \'bar\'                       | 14|#   Failed (TODO) test \'bar\'                       |
# | 15|#   at - line 18.                                    | 15|#   at - line 18.                                    |
# | 16|1..2                                                 | 16|1..2                                                 |
# |   |                                                     * 17|# Looks like you failed 1 test of 2.                 *
# | 17|'                                                    | 18|'                                                    |
# +---+-----------------------------------------------------+---+-----------------------------------------------------+

#   Failed test 'nontodo_reaped_in_todo ERR'
#   at t/MyTest.pm line 57.
# +---+-----------------------------------------------------+---+-----------------------------------------------------+
# | Ln|Got                                                  | Ln|Expected                                             |
# +---+-----------------------------------------------------+---+-----------------------------------------------------+
# |  1|'                                                    |  1|'                                                    |
# |  2|    #   Failed test \'this is a failing live test\'  |  2|    #   Failed test \'this is a failing live test\'  |
# |  3|    #   at - line 5.                                 |  3|    #   at - line 5.                                 |
# |  4|    # Looks like you failed 1 test of 1.             |  4|    # Looks like you failed 1 test of 1.             |
# |  5|                                                     |  5|                                                     |
# |  6|#   Failed test \'foo\'                              |  6|#   Failed test \'foo\'                              |
# |  7|#   at - line 7.                                     |  7|#   at - line 7.                                     |
# *  8|# Looks like you failed 1 test of 2.                 *   |                                                     |
# |  9|'                                                    |  8|'                                                    |
# +---+-----------------------------------------------------+---+-----------------------------------------------------+

#   Failed test 'nontodo_reaped_in_todo -f OUT'
#   at t/MyTest.pm line 52.
# +---+-----------------------------------------------------+---+-----------------------------------------------------+
# | Ln|Got                                                  | Ln|Expected                                             |
# +---+-----------------------------------------------------+---+-----------------------------------------------------+
# |  1|'# Subtest: foo                                      |  1|'# Subtest: foo                                      |
# |  2|    not ok 1 - this is a failing live test           |  2|    not ok 1 - this is a failing live test           |
# |  3|    1..1                                             |  3|    1..1                                             |
# |  4|not ok 1 - foo                                       |  4|not ok 1 - foo                                       |
# |  5|# Subtest: bar                                       |  5|# Subtest: bar                                       |
# |  6|    not ok 1 - this is a failing todo test           |  6|    not ok 1 - this is a failing todo test           |
# |  7|                                                     |  7|                                                     |
# |  8|    #   Failed test \'this is a failing todo test\'  |  8|    #   Failed test \'this is a failing todo test\'  |
# |  9|    #   at - line 16.                                |  9|    #   at - line 16.                                |
# | 10|    1..1                                             | 10|    1..1                                             |
# | 11|    # Looks like you failed 1 test of 1.             | 11|    # Looks like you failed 1 test of 1.             |
# | 12|not ok 2 - bar # TODO now in todo                    | 12|not ok 2 - bar # TODO now in todo                    |
# | 13|                                                     | 13|                                                     |
# | 14|#   Failed (TODO) test \'bar\'                       | 14|#   Failed (TODO) test \'bar\'                       |
# | 15|#   at - line 18.                                    | 15|#   at - line 18.                                    |
# | 16|1..2                                                 | 16|1..2                                                 |
# |   |                                                     * 17|# Looks like you failed 1 test of 2.                 *
# | 17|'                                                    | 18|'                                                    |
# +---+-----------------------------------------------------+---+-----------------------------------------------------+

#   Failed test 'nontodo_reaped_in_todo -f ERR'
#   at t/MyTest.pm line 53.
# +---+-----------------------------------------------------+---+-----------------------------------------------------+
# | Ln|Got                                                  | Ln|Expected                                             |
# +---+-----------------------------------------------------+---+-----------------------------------------------------+
# |  1|'                                                    |  1|'                                                    |
# |  2|    #   Failed test \'this is a failing live test\'  |  2|    #   Failed test \'this is a failing live test\'  |
# |  3|    #   at - line 5.                                 |  3|    #   at - line 5.                                 |
# |  4|    # Looks like you failed 1 test of 1.             |  4|    # Looks like you failed 1 test of 1.             |
# |  5|                                                     |  5|                                                     |
# |  6|#   Failed test \'foo\'                              |  6|#   Failed test \'foo\'                              |
# |  7|#   at - line 7.                                     |  7|#   at - line 7.                                     |
# *  8|# Looks like you failed 1 test of 2.                 *   |                                                     |
# |  9|'                                                    |  8|'                                                    |
# +---+-----------------------------------------------------+---+-----------------------------------------------------+

#   Failed test 'nontodo_reaped_in_todo OUT'
#   at t/MyTest.pm line 56.
# +---+-----------------------------------------------------+---+-----------------------------------------------------+
# | Ln|Got                                                  | Ln|Expected                                             |
# +---+-----------------------------------------------------+---+-----------------------------------------------------+
# |  1|'# Subtest: foo                                      |  1|'# Subtest: foo                                      |
# |  2|    not ok 1 - this is a failing live test           |  2|    not ok 1 - this is a failing live test           |
# |  3|    1..1                                             |  3|    1..1                                             |
# |  4|not ok 1 - foo                                       |  4|not ok 1 - foo                                       |
# |  5|# Subtest: bar                                       |  5|# Subtest: bar                                       |
# |  6|    not ok 1 - this is a failing todo test           |  6|    not ok 1 - this is a failing todo test           |
# |  7|                                                     |  7|                                                     |
# |  8|    #   Failed test \'this is a failing todo test\'  |  8|    #   Failed test \'this is a failing todo test\'  |
# |  9|    #   at - line 16.                                |  9|    #   at - line 16.                                |
# | 10|    1..1                                             | 10|    1..1                                             |
# | 11|    # Looks like you failed 1 test of 1.             | 11|    # Looks like you failed 1 test of 1.             |
# | 12|not ok 2 - bar # TODO now in todo                    | 12|not ok 2 - bar # TODO now in todo                    |
# | 13|                                                     | 13|                                                     |
# | 14|#   Failed (TODO) test \'bar\'                       | 14|#   Failed (TODO) test \'bar\'                       |
# | 15|#   at - line 18.                                    | 15|#   at - line 18.                                    |
# | 16|1..2                                                 | 16|1..2                                                 |
# |   |                                                     * 17|# Looks like you failed 1 test of 2.                 *
# | 17|'                                                    | 18|'                                                    |
# +---+-----------------------------------------------------+---+-----------------------------------------------------+

#   Failed test 'nontodo_reaped_in_todo ERR'
#   at t/MyTest.pm line 57.
# +---+-----------------------------------------------------+---+-----------------------------------------------------+
# | Ln|Got                                                  | Ln|Expected                                             |
# +---+-----------------------------------------------------+---+-----------------------------------------------------+
# |  1|'                                                    |  1|'                                                    |
# |  2|    #   Failed test \'this is a failing live test\'  |  2|    #   Failed test \'this is a failing live test\'  |
# |  3|    #   at - line 5.                                 |  3|    #   at - line 5.                                 |
# |  4|    # Looks like you failed 1 test of 1.             |  4|    # Looks like you failed 1 test of 1.             |
# |  5|                                                     |  5|                                                     |
# |  6|#   Failed test \'foo\'                              |  6|#   Failed test \'foo\'                              |
# |  7|#   at - line 7.                                     |  7|#   at - line 7.                                     |
# *  8|# Looks like you failed 1 test of 2.                 *   |                                                     |
# |  9|'                                                    |  8|'                                                    |
# +---+-----------------------------------------------------+---+-----------------------------------------------------+

#   Failed test 'todo_reaped_in_other_todo -f OUT'
#   at t/MyTest.pm line 52.
# +---+------------------------------------------------------+---+-------------------------------------------------------------+
# | Ln|Got                                                   | Ln|Expected                                                     |
# +---+------------------------------------------------------+---+-------------------------------------------------------------+
# |  1|'# Subtest: foo                                       |  1|'# Subtest: foo                                              |
# |  2|    not ok 1 - this is a failing todo1 test           |  2|    not ok 1 - this is a failing todo1 test                  |
# |  3|                                                      |  3|                                                             |
# |  4|    #   Failed test \'this is a failing todo1 test\'  |  4|    #   Failed test \'this is a failing todo1 test\'         |
# |  5|    #   at - line 8.                                  |  5|    #   at - line 8.                                         |
# |  6|    1..1                                              |  6|    1..1                                                     |
# |  7|    # Looks like you failed 1 test of 1.              |  7|    # Looks like you failed 1 test of 1.                     |
# |  8|not ok 1 - foo # TODO todo1                           |  8|not ok 1 - foo # TODO todo1                                  |
# |  9|                                                      |  9|                                                             |
# | 10|#   Failed (TODO) test \'foo\'                        | 10|#   Failed (TODO) test \'foo\'                               |
# | 11|#   at - line 10.                                     | 11|#   at - line 10.                                            |
# | 12|# Subtest: bar                                        | 12|# Subtest: bar                                               |
# * 13|    not ok 1 - this is a failing todo2 test           * 13|    not ok 1 - this is a failing todo2 test # TODO todo1     *
# | 14|                                                      | 14|                                                             |
# * 15|    #   Failed test \'this is a failing todo2 test\'  * 15|    #   Failed (TODO) test \'this is a failing todo2 test\'  *
# | 16|    #   at - line 20.                                 | 16|    #   at - line 20.                                        |
# | 17|    1..1                                              | 17|    1..1                                                     |
# * 18|    # Looks like you failed 1 test of 1.              * 18|ok 2 - bar # TODO todo2                                      *
# * 19|not ok 2 - bar # TODO todo2                           *   |                                                             |
# * 20|\n                                                    *   |                                                             |
# * 21|#   Failed (TODO) test \'bar\'                        *   |                                                             |
# * 22|#   at - line 22.                                     *   |                                                             |
# | 23|1..2                                                  | 19|1..2                                                         |
# | 24|'                                                     | 20|'                                                            |
# +---+------------------------------------------------------+---+-------------------------------------------------------------+

#   Failed test 'todo_reaped_in_other_todo OUT'
#   at t/MyTest.pm line 56.
# +---+------------------------------------------------------+---+-------------------------------------------------------------+
# | Ln|Got                                                   | Ln|Expected                                                     |
# +---+------------------------------------------------------+---+-------------------------------------------------------------+
# |  1|'# Subtest: foo                                       |  1|'# Subtest: foo                                              |
# |  2|    not ok 1 - this is a failing todo1 test           |  2|    not ok 1 - this is a failing todo1 test                  |
# |  3|                                                      |  3|                                                             |
# |  4|    #   Failed test \'this is a failing todo1 test\'  |  4|    #   Failed test \'this is a failing todo1 test\'         |
# |  5|    #   at - line 8.                                  |  5|    #   at - line 8.                                         |
# |  6|    1..1                                              |  6|    1..1                                                     |
# |  7|    # Looks like you failed 1 test of 1.              |  7|    # Looks like you failed 1 test of 1.                     |
# |  8|not ok 1 - foo # TODO todo1                           |  8|not ok 1 - foo # TODO todo1                                  |
# |  9|                                                      |  9|                                                             |
# | 10|#   Failed (TODO) test \'foo\'                        | 10|#   Failed (TODO) test \'foo\'                               |
# | 11|#   at - line 10.                                     | 11|#   at - line 10.                                            |
# | 12|# Subtest: bar                                        | 12|# Subtest: bar                                               |
# * 13|    not ok 1 - this is a failing todo2 test           * 13|    not ok 1 - this is a failing todo2 test # TODO todo1     *
# | 14|                                                      | 14|                                                             |
# * 15|    #   Failed test \'this is a failing todo2 test\'  * 15|    #   Failed (TODO) test \'this is a failing todo2 test\'  *
# | 16|    #   at - line 20.                                 | 16|    #   at - line 20.                                        |
# | 17|    1..1                                              | 17|    1..1                                                     |
# * 18|    # Looks like you failed 1 test of 1.              * 18|ok 2 - bar # TODO todo2                                      *
# * 19|not ok 2 - bar # TODO todo2                           *   |                                                             |
# * 20|\n                                                    *   |                                                             |
# * 21|#   Failed (TODO) test \'bar\'                        *   |                                                             |
# * 22|#   at - line 22.                                     *   |                                                             |
# | 23|1..2                                                  | 19|1..2                                                         |
# | 24|'                                                     | 20|'                                                            |
# +---+------------------------------------------------------+---+-------------------------------------------------------------+
# Looks like you failed 34 tests of 96.
t/todo-blocks.t ............. 
Dubious, test returned 34 (wstat 8704, 0x2200)
Failed 34/96 subtests 
t/with-subtest.t ............ ok

Test Summary Report
-------------------
t/basic.t                 (Wstat: 3072 Tests: 54 Failed: 12)
  Failed tests:  4, 6, 10, 12, 22, 24, 28, 30, 34, 36, 40
                42
  Non-zero exit status: 12
t/exceptions.t            (Wstat: 1536 Tests: 39 Failed: 6)
  Failed tests:  4, 6, 10, 12, 28, 30
  Non-zero exit status: 6
t/skip_all.t              (Wstat: 1536 Tests: 60 Failed: 6)
  Failed tests:  4, 6, 16, 18, 22, 24
  Non-zero exit status: 6
t/tests-in-parent-before.t (Wstat: 3072 Tests: 54 Failed: 12)
  Failed tests:  4, 6, 10, 12, 16, 18, 22, 24, 28, 30, 52
                54
  Non-zero exit status: 12
t/todo-blocks.t           (Wstat: 8704 Tests: 96 Failed: 34)
  Failed tests:  4, 6, 10, 12, 16, 18, 22, 24, 28, 30, 32-36
                40, 42, 46, 48, 52, 54, 60, 74, 77, 80-81
                83-84, 86-87, 89-90, 92, 95
  Non-zero exit status: 34
Files=14, Tests=571, 98 wallclock secs ( 0.15 usr  0.01 sys + 29.05 cusr  3.18 csys = 32.39 CPU)
Result: FAIL
Failed 5/14 test programs. 70/571 subtests failed.

------------------------------
PREREQUISITES
------------------------------

Prerequisite modules loaded:

requires:

    Module                Need     Have        
    --------------------- -------- ------------
    Carp                  0        1.3301      
    IO::WrapTie           0        2.110       
    perl                  5.006001 5.020000    
    POSIX                 0        1.38_03     
    Sub::Prepend          0        0.01        
    TAP::Parser           0        3.32        
    Test::Builder         0.94     1.301001_013
    Tie::FileHandle::Base 0        0.1         

build_requires:

    Module                Need     Have        
    --------------------- -------- ------------
    Config                0        5.020000    
    Test::Builder         0.94     1.301001_013
    Test::Cmd             0        1.06        
    Test::Differences     0        0.62        
    Test::Exception       0        0.32        
    Test::More            0.94     1.301001_013

configure_requires:

    Module                Need     Have        
    --------------------- -------- ------------
    ExtUtils::MakeMaker   0        6.99_05     


------------------------------
ENVIRONMENT AND OTHER CONTEXT
------------------------------

Environment variables:

    AUTOMATED_TESTING = 1
    LANG = en_US.UTF-8
    LANGUAGE = en_US:en
    PATH = /usr/lib/ccache:/home/sand/bin:/usr/local/bin:/usr/bin:/bin:/usr/games:/usr/local/perl/bin:/usr/X11/bin:/sbin:/usr/sbin
    PERL5LIB = 
    PERL5OPT = 
    PERL5_CPANPLUS_IS_RUNNING = 13713
    PERL5_CPAN_IS_RUNNING = 13713
    PERL_MM_USE_DEFAULT = 1
    SHELL = /usr/bin/zsh
    TERM = screen

Perl special variables (and OS-specific diagnostics, for MSWin32):

    $^X = /home/sand/src/perl/repoperls/installed-perls/perl/v5.20.0/127e/bin/perl
    $UID/$EUID = 1005 / 1005
    $GID = 1005 1005
    $EGID = 1005 1005

Perl module toolchain versions installed:

    Module              Have        
    ------------------- ------------
    CPAN                2.05        
    CPAN::Meta          2.141520    
    Cwd                 3.47        
    ExtUtils::CBuilder  0.280216    
    ExtUtils::Command   1.18        
    ExtUtils::Install   1.67        
    ExtUtils::MakeMaker 6.99_05     
    ExtUtils::Manifest  1.64        
    ExtUtils::ParseXS   3.24        
    File::Spec          3.47        
    JSON                2.90        
    JSON::PP            2.27203     
    Module::Build       0.4206      
    Module::Signature   0.73        
    Parse::CPAN::Meta   1.4414      
    Test::Harness       3.32        
    Test::More          1.301001_013
    YAML                0.97        
    YAML::Syck          1.28_01     
    version             0.9908      


--

Summary of my perl5 (revision 5 version 20 subversion 0) configuration:
  Commit id: d7d4eceb184d8fc54797d661a6d5ff9a4a7048c3
  Platform:
    osname=linux, osvers=3.14-1-amd64, archname=x86_64-linux-ld
    uname='linux k83 3.14-1-amd64 #1 smp debian 3.14.5-1 (2014-06-05) x86_64 gnulinux '
    config_args='-Dprefix=/home/sand/src/perl/repoperls/installed-perls/perl/v5.20.0/127e -Dmyhostname=k83 -Dinstallusrbinperl=n -Uversiononly -Dusedevel -des -Ui_db -Uuseithreads -Duselongdouble -DDEBUGGING=-g'
    hint=recommended, useposix=true, d_sigaction=define
    useithreads=undef, usemultiplicity=undef
    use64bitint=define, use64bitall=define, uselongdouble=define
    usemymalloc=n, bincompat5005=undef
  Compiler:
    cc='cc', ccflags ='-fwrapv -fno-strict-aliasing -pipe -fstack-protector -I/usr/local/include -D_LARGEFILE_SOURCE -D_FILE_OFFSET_BITS=64',
    optimize='-O2 -g',
    cppflags='-fwrapv -fno-strict-aliasing -pipe -fstack-protector -I/usr/local/include'
    ccversion='', gccversion='4.8.3', gccosandvers=''
    intsize=4, longsize=8, ptrsize=8, doublesize=8, byteorder=12345678
    d_longlong=define, longlongsize=8, d_longdbl=define, longdblsize=16
    ivtype='long', ivsize=8, nvtype='long double', nvsize=16, Off_t='off_t', lseeksize=8
    alignbytes=16, prototype=define
  Linker and Libraries:
    ld='cc', ldflags =' -fstack-protector -L/usr/local/lib'
    libpth=/usr/local/lib /usr/lib/gcc/x86_64-linux-gnu/4.8/include-fixed /usr/include/x86_64-linux-gnu /usr/lib /lib/x86_64-linux-gnu /lib/../lib /usr/lib/x86_64-linux-gnu /usr/lib/../lib /lib
    libs=-lnsl -lgdbm -ldb -ldl -lm -lcrypt -lutil -lc -lgdbm_compat
    perllibs=-lnsl -ldl -lm -lcrypt -lutil -lc
    libc=libc-2.19.so, so=so, useshrplib=false, libperl=libperl.a
    gnulibc_version='2.19'
  Dynamic Linking:
    dlsrc=dl_dlopen.xs, dlext=so, d_dlsymun=undef, ccdlflags='-Wl,-E'
    cccdlflags='-fPIC', lddlflags='-shared -O2 -g -L/usr/local/lib -fstack-protector'


Characteristics of this binary (from libperl): 
  Compile-time options: HAS_TIMES PERLIO_LAYERS PERL_DONT_CREATE_GVSV
                        PERL_HASH_FUNC_ONE_AT_A_TIME_HARD PERL_MALLOC_WRAP
                        PERL_NEW_COPY_ON_WRITE PERL_PRESERVE_IVUV
                        PERL_USE_DEVEL USE_64_BIT_ALL USE_64_BIT_INT
                        USE_LARGE_FILES USE_LOCALE USE_LOCALE_COLLATE
                        USE_LOCALE_CTYPE USE_LOCALE_NUMERIC USE_LONG_DOUBLE
                        USE_PERLIO USE_PERL_ATOF
  Built under linux
  Compiled at Jun 10 2014 11:14:56
  %ENV:
    PERL5LIB=""
    PERL5OPT=""
    PERL5_CPANPLUS_IS_RUNNING="13713"
    PERL5_CPAN_IS_RUNNING="13713"
    PERL_MM_USE_DEFAULT="1"
  @INC:
    /home/sand/src/perl/repoperls/installed-perls/perl/v5.20.0/127e/lib/site_perl/5.20.0/x86_64-linux-ld
    /home/sand/src/perl/repoperls/installed-perls/perl/v5.20.0/127e/lib/site_perl/5.20.0
    /home/sand/src/perl/repoperls/installed-perls/perl/v5.20.0/127e/lib/5.20.0/x86_64-linux-ld
    /home/sand/src/perl/repoperls/installed-perls/perl/v5.20.0/127e/lib/5.20.0
    .