MooseX-Types-Authen-Passphrase v0.04 Perl 5 v5.41.2 OpenBSD.amd64-openbsd

Status
Fail
From
Carlos Guevara
Dist
MooseX-Types-Authen-Passphrase v0.04
Platform
Perl 5 v5.41.2 OpenBSD.amd64-openbsd
Date
2024-07-04 18:22:19
ID
59a13dba-3a32-11ef-aa41-fae58f946bcd
This distribution has been tested as part of the CPAN Testers
project, supporting the Perl programming language.  See
http://wiki.cpantesters.org/ for more information or email
questions to cpan-testers-discuss@perl.org


--
Dear Karen Etheridge,

This is a computer-generated report for MooseX-Types-Authen-Passphrase-0.04
on perl 5.41.2, created by CPAN-Reporter-1.2019.

Thank you for uploading your work to CPAN.  However, there was a problem
testing your distribution.

If you think this report is invalid, please consult the CPAN Testers Wiki
for suggestions on how to avoid getting FAIL reports for missing library
or binary dependencies, unsupported operating systems, and so on:

http://wiki.cpantesters.org/wiki/CPANAuthorNotes

Sections of this report:

    * Tester comments
    * Program output
    * Prerequisites
    * Environment and other context

------------------------------
TESTER COMMENTS
------------------------------

Additional comments from tester:

this report is from an automated smoke testing program
and was not reviewed by a human for accuracy

------------------------------
PROGRAM OUTPUT
------------------------------

Output from './Build test':

# 
# Versions for all modules listed in MYMETA.json (including optional ones):
# 
# === Configure Requires ===
# 
#     Module               Want  Have
#     ------------------- ----- -----
#     ExtUtils::MakeMaker   any  7.70
#     Module::Build::Tiny 0.037 0.048
# 
# === Test Requires ===
# 
#     Module              Want     Have
#     ------------------- ---- --------
#     ExtUtils::MakeMaker  any     7.70
#     File::Spec           any     3.90
#     Moose                any   2.2207
#     Test::More           any 1.302199
#     ok                   any 1.302199
# 
# === Test Recommends ===
# 
#     Module         Want     Have
#     ---------- -------- --------
#     CPAN::Meta 2.120900 2.150010
# 
# === Runtime Requires ===
# 
#     Module                        Want  Have
#     ----------------------------- ---- -----
#     Authen::Passphrase             any 0.008
#     Authen::Passphrase::RejectAll  any 0.008
#     Dist::CheckConflicts           any  0.11
#     MooseX::Types                  any  0.50
#     MooseX::Types::Moose           any  0.50
#     namespace::clean               any  0.27
#     strict                         any  1.13
#     warnings                       any  1.70
# 
t/00-report-prereqs.t .. ok

#   Failed test 'password checking'
#   at t/basic.t line 50.
# Looks like you failed 1 test of 15.
t/basic.t .............. 
Dubious, test returned 1 (wstat 256, 0x100)
Failed 1/15 subtests 
	(less 3 skipped subtests: 11 okay)
t/zzz-check-breaks.t ... ok

Test Summary Report
-------------------
t/basic.t            (Wstat: 256 (exited 1) Tests: 15 Failed: 1)
  Failed test:  6
  Non-zero exit status: 1
Files=3, Tests=18,  2 wallclock secs ( 0.00 usr  0.02 sys +  1.77 cusr  0.32 csys =  2.11 CPU)
Result: FAIL

------------------------------
PREREQUISITES
------------------------------

Prerequisite modules loaded:

requires:

    Module                        Need  Have    
    ----------------------------- ----- --------
    Authen::Passphrase            0     0.008   
    Authen::Passphrase::RejectAll 0     0.008   
    MooseX::Types                 0     0.50    
    MooseX::Types::Moose          0     0.50    
    namespace::clean              0     0.27    
    perl                          5.006 5.041002
    strict                        0     1.13    
    warnings                      0     1.70    

build_requires:

    Module                        Need  Have    
    ----------------------------- ----- --------
    ExtUtils::MakeMaker           0     7.70    
    File::Spec                    0     3.90    
    Moose                         0     2.2207  
    ok                            0     1.302199
    Test::More                    0     1.302199

configure_requires:

    Module                        Need  Have    
    ----------------------------- ----- --------
    ExtUtils::MakeMaker           0     7.70    
    Module::Build::Tiny           0.037 0.048   


------------------------------
ENVIRONMENT AND OTHER CONTEXT
------------------------------

Environment variables:

    AUTOMATED_TESTING = 1
    DATE_MANIP_TEST_DM5 = 1
    LC_ALL = C
    NONINTERACTIVE_TESTING = 1
    NO_NETWORK_TESTING = 1
    PATH = /home/cpan/bin/perl/bin:/home/cpan/bin:/home/cpan/bin:/bin:/sbin:/usr/bin:/usr/sbin:/usr/X11R6/bin:/usr/local/bin:/usr/local/sbin
    PERL5LIB = 
    PERL5OPT = 
    PERL5_CPANPLUS_IS_RUNNING = 78652
    PERL5_CPAN_IS_RUNNING = 78652
    PERL_MM_USE_DEFAULT = 1
    PERL_USE_UNSAFE_INC = 1
    SHELL = /usr/local/bin/bash
    TERM = screen
    TMPDIR = /home/cpan/tmp

Perl special variables (and OS-specific diagnostics, for MSWin32):

    $^X = /home/cpan/bin/perl/bin/perl5.41.2
    $UID/$EUID = 1001 / 1001
    $GID = 1001 1001
    $EGID = 1001 1001

Perl module toolchain versions installed:

    Module              Have    
    ------------------- --------
    CPAN                2.36    
    CPAN::Meta          2.150010
    Cwd                 3.90    
    ExtUtils::CBuilder  0.280240
    ExtUtils::Command   7.70    
    ExtUtils::Install   2.22    
    ExtUtils::MakeMaker 7.70    
    ExtUtils::Manifest  1.75    
    ExtUtils::ParseXS   3.52    
    File::Spec          3.90    
    JSON                4.10    
    JSON::PP            4.16    
    Module::Build       0.4234  
    Module::Signature   0.88    
    Parse::CPAN::Meta   2.150010
    Test2               1.302199
    Test::Harness       3.48    
    Test::More          1.302199
    YAML                1.31    
    YAML::Syck          1.34    
    version             0.9932  


--

Summary of my perl5 (revision 5 version 41 subversion 2) configuration:
  Commit id: 7ea9cde9d9e0d812b65ff3b248bc30ebc980958f
  Platform:
    osname=openbsd
    osvers=7.5
    archname=OpenBSD.amd64-openbsd
    uname='openbsd cjg-openbsd7 7.5 generic#79 amd64 '
    config_args='-des -Dprefix=/home/cpan/bin/perl -Dscriptdir=/home/cpan/bin/perl/bin -Dusedevel -Duse64bitall'
    hint=recommended
    useposix=true
    d_sigaction=define
    useithreads=undef
    usemultiplicity=undef
    use64bitint=define
    use64bitall=define
    uselongdouble=undef
    usemymalloc=n
    default_inc_excludes_dot=define
  Compiler:
    cc='cc'
    ccflags ='-DNO_LOCALE_NUMERIC -DNO_LOCALE_COLLATE -DNO_LOCALE_MONETARY -DNO_LOCALE_TIME -DNO_LOCALE_MESSAGES -DLIBC_HANDLES_MISMATCHED_CTYPE -fno-strict-aliasing -pipe -fstack-protector-strong -I/usr/local/include'
    optimize='-O2'
    cppflags='-DNO_LOCALE_NUMERIC -DNO_LOCALE_COLLATE -DNO_LOCALE_MONETARY -DNO_LOCALE_TIME -DNO_LOCALE_MESSAGES -DLIBC_HANDLES_MISMATCHED_CTYPE -fno-strict-aliasing -pipe -fstack-protector-strong -I/usr/local/include'
    ccversion=''
    gccversion='OpenBSD Clang 16.0.6'
    gccosandvers=''
    intsize=4
    longsize=8
    ptrsize=8
    doublesize=8
    byteorder=12345678
    doublekind=3
    d_longlong=define
    longlongsize=8
    d_longdbl=define
    longdblsize=16
    longdblkind=3
    ivtype='long'
    ivsize=8
    nvtype='double'
    nvsize=8
    Off_t='off_t'
    lseeksize=8
    alignbytes=8
    prototype=define
  Linker and Libraries:
    ld='cc'
    ldflags ='-Wl,-E  -fstack-protector-strong -L/usr/local/lib'
    libpth=/usr/lib/clang/16/lib /usr/lib /usr/local/lib
    libs=-lpthread -lm -lutil -lc
    perllibs=-lpthread -lm -lutil -lc
    libc=/usr/lib/libc.so.99.0
    so=so
    useshrplib=false
    libperl=libperl.a
    gnulibc_version=''
  Dynamic Linking:
    dlsrc=dl_dlopen.xs
    dlext=so
    d_dlsymun=undef
    ccdlflags=' '
    cccdlflags='-DPIC -fPIC '
    lddlflags='-shared -fPIC  -L/usr/local/lib -fstack-protector-strong'


Characteristics of this binary (from libperl): 
  Compile-time options:
    HAS_LONG_DOUBLE
    HAS_STRTOLD
    HAS_TIMES
    PERLIO_LAYERS
    PERL_COPY_ON_WRITE
    PERL_DONT_CREATE_GVSV
    PERL_HASH_FUNC_SIPHASH13
    PERL_HASH_USE_SBOX32
    PERL_MALLOC_WRAP
    PERL_OP_PARENT
    PERL_PRESERVE_IVUV
    PERL_USE_DEVEL
    PERL_USE_SAFE_PUTENV
    USE_64_BIT_ALL
    USE_64_BIT_INT
    USE_LARGE_FILES
    USE_LOCALE
    USE_LOCALE_CTYPE
    USE_PERLIO
    USE_PERL_ATOF
  Built under openbsd
  Compiled at Jul  3 2024 23:32:26
  %ENV:
    PERL5LIB=""
    PERL5OPT=""
    PERL5_CPANPLUS_IS_RUNNING="78652"
    PERL5_CPAN_IS_RUNNING="78652"
    PERL_MM_USE_DEFAULT="1"
    PERL_USE_UNSAFE_INC="1"
  @INC:
    /home/cpan/bin/perl/lib/site_perl/5.41.2/OpenBSD.amd64-openbsd
    /home/cpan/bin/perl/lib/site_perl/5.41.2
    /home/cpan/bin/perl/lib/5.41.2/OpenBSD.amd64-openbsd
    /home/cpan/bin/perl/lib/5.41.2
    .