App-Git-Perl v0.1.9 Perl 5 v5.14.3 x86_64-linux
- Status
- Fail
- From
- Chris Williams (BINGOS)
- Dist
-
App-Git-Perl v0.1.9
- Platform
- Perl 5 v5.14.3 x86_64-linux
- Date
- 2022-07-08 23:40:29
- ID
- 597c9c9c-ff17-11ec-8f4e-c962458f5e5b
This distribution has been tested as part of the CPAN Testers
project, supporting the Perl programming language. See
http://wiki.cpantesters.org/ for more information or email
questions to cpan-testers-discuss@perl.org
--
Dear NHRNJICA,
This is a computer-generated error report created automatically by
CPANPLUS, version 0.9914. Testers personal comments may appear
at the end of this report.
Thank you for uploading your work to CPAN. However, it appears that
there were some problems testing your distribution.
TEST RESULTS:
Below is the error stack from stage 'make test':
PERL_DL_NONLAZY=1 "/home/cpan/pit/bare/perl-5.14.3/bin/perl" "-MExtUtils::Command::MM" "-MTest::Harness" "-e" "undef *Test::Harness::Switches; test_harness(0, 'blib/lib', 'blib/arch')" t/*.t
t/0-start.t .............. ok
t/1-external-programs.t .. ok
# Failed test 'git log does not work. I cannot see changes from git log'
# at t/2-script.t line 35.
# Failed test 'Local repository created.'
# at t/2-script.t line 45.
# Failed test 'Able to remove local repository.'
# at t/2-script.t line 48.
# Failed test 'Local repository created.'
# at t/2-script.t line 90.
# Failed test 'Able to remove local repository.'
# at t/2-script.t line 93.
# Failed test 'Able to remove local repository.'
# at t/2-script.t line 112.
# Failed test 'Local repository successfully removed.'
# at t/2-script.t line 115.
# Looks like you failed 7 tests of 38.
t/2-script.t .............
Dubious, test returned 7 (wstat 1792, 0x700)
Failed 7/38 subtests
Test Summary Report
-------------------
t/2-script.t (Wstat: 1792 (exited 7) Tests: 38 Failed: 7)
Failed tests: 4, 6-7, 15-16, 20-21
Non-zero exit status: 7
Files=3, Tests=58, 5 wallclock secs ( 0.02 usr 0.00 sys + 0.79 cusr 0.24 csys = 1.05 CPU)
Result: FAIL
Failed 1/3 test programs. 7/58 subtests failed.
make: *** [Makefile:876: test_dynamic] Error 7
PREREQUISITES:
Here is a list of prerequisites you specified and versions we
managed to load:
Module Name Have Want
ExtUtils::MakeMaker 7.64 0
Perl module toolchain versions installed:
Module Name Have
CPANPLUS 0.9914
CPANPLUS::Dist::Build 0.90
Cwd 3.75
ExtUtils::CBuilder 0.280236
ExtUtils::Command 7.64
ExtUtils::Install 2.20
ExtUtils::MakeMaker 7.64
ExtUtils::Manifest 1.73
ExtUtils::ParseXS 3.44
File::Spec 3.75
Module::Build 0.4231
Pod::Parser 1.37
Pod::Simple 3.16
Test2 1.302190
Test::Harness 3.44
Test::More 1.302190
version 0.9929
******************************** NOTE ********************************
The comments above are created mechanically, possibly without manual
checking by the sender. As there are many people performing automatic
tests on each upload to CPAN, it is likely that you will receive
identical messages about the same problem.
If you believe that the message is mistaken, please reply to the first
one with correction and/or additional informations, and do not take
it personally. We appreciate your patience. :)
**********************************************************************
Additional comments:
This report was machine-generated by CPANPLUS::Dist::YACSmoke 1.08.
Powered by minismokebox version 0.68
CPANPLUS is prefering Build.PL
------------------------------
ENVIRONMENT AND OTHER CONTEXT
------------------------------
Environment variables:
AUTOMATED_TESTING = 1
LANG = en_GB.UTF-8
LANGUAGE = en_GB:en
NONINTERACTIVE_TESTING = 1
PATH = /home/cpan/pit/bare/conf/perl-5.14.3/.cpanplus/5.14.3/build/U5Bbdzdc74/App-Git-Perl-0.1.9/blib/script:/home/cpan/pit/jail/OapQ7dEsEc/bin:/usr/local/sbin:/usr/local/bin:/usr/sbin:/usr/bin:/sbin:/bin:/usr/games:/usr/local/games:/snap/bin
PERL5LIB = /home/cpan/pit/jail/OapQ7dEsEc/lib/perl5:/home/cpan/pit/bare/conf/perl-5.14.3/.cpanplus/5.14.3/build/U5Bbdzdc74/App-Git-Perl-0.1.9/blib/lib:/home/cpan/pit/bare/conf/perl-5.14.3/.cpanplus/5.14.3/build/U5Bbdzdc74/App-Git-Perl-0.1.9/blib/arch
PERL5_CPANPLUS_IS_RUNNING = 3016604
PERL5_CPANPLUS_IS_VERSION = 0.9914
PERL5_MINISMOKEBOX = 0.68
PERL5_YACSMOKE_BASE = /home/cpan/pit/bare/conf/perl-5.14.3
PERL_EXTUTILS_AUTOINSTALL = --defaultdeps
PERL_LOCAL_LIB_ROOT = /home/cpan/pit/jail/OapQ7dEsEc
PERL_MB_OPT = --install_base "/home/cpan/pit/jail/OapQ7dEsEc"
PERL_MM_OPT = INSTALL_BASE=/home/cpan/pit/jail/OapQ7dEsEc
PERL_MM_USE_DEFAULT = 1
SHELL = /bin/bash
TERM = screen
Perl special variables (and OS-specific diagnostics, for MSWin32):
Perl: $^X = /home/cpan/pit/bare/perl-5.14.3/bin/perl
UID: $< = 1001
EUID: $> = 1001
GID: $( = 1001 1001
EGID: $) = 1001 1001
-------------------------------
--
Summary of my perl5 (revision 5 version 14 subversion 3) configuration:
Platform:
osname=linux, osvers=5.4.0-26-generic, archname=x86_64-linux
uname='linux uchder 5.4.0-26-generic #30-ubuntu smp mon apr 20 16:58:30 utc 2020 x86_64 x86_64 x86_64 gnulinux '
config_args='-des -Dprefix=/home/cpan/pit/bare/perl-5.14.3'
hint=recommended, useposix=true, d_sigaction=define
useithreads=undef, usemultiplicity=undef
useperlio=define, d_sfio=undef, uselargefiles=define, usesocks=undef
use64bitint=define, use64bitall=define, uselongdouble=undef
usemymalloc=n, bincompat5005=undef
Compiler:
cc='cc', ccflags ='-fwrapv -fno-strict-aliasing -pipe -fstack-protector -I/usr/local/include -D_LARGEFILE_SOURCE -D_FILE_OFFSET_BITS=64',
optimize='-O2',
cppflags='-fwrapv -fno-strict-aliasing -pipe -fstack-protector -I/usr/local/include'
ccversion='', gccversion='9.3.0', gccosandvers=''
intsize=4, longsize=8, ptrsize=8, doublesize=8, byteorder=12345678
d_longlong=define, longlongsize=8, d_longdbl=define, longdblsize=16
ivtype='long', ivsize=8, nvtype='double', nvsize=8, Off_t='off_t', lseeksize=8
alignbytes=8, prototype=define
Linker and Libraries:
ld='cc', ldflags =' -fstack-protector -L/usr/local/lib'
libpth=/usr/local/lib /lib/x86_64-linux-gnu /lib/../lib /usr/lib/x86_64-linux-gnu /usr/lib/../lib /lib /usr/lib
libs=-lnsl -lgdbm -ldl -lm -lcrypt -lutil -lc
perllibs=-lnsl -ldl -lm -lcrypt -lutil -lc
libc=libc-2.31.so, so=so, useshrplib=false, libperl=libperl.a
gnulibc_version='2.31'
Dynamic Linking:
dlsrc=dl_dlopen.xs, dlext=so, d_dlsymun=undef, ccdlflags='-Wl,-E'
cccdlflags='-fPIC', lddlflags='-shared -O2 -L/usr/local/lib -fstack-protector'
Characteristics of this binary (from libperl):
Compile-time options: PERL_DONT_CREATE_GVSV PERL_MALLOC_WRAP
PERL_PRESERVE_IVUV USE_64_BIT_ALL USE_64_BIT_INT
USE_LARGE_FILES USE_PERLIO USE_PERL_ATOF
Locally applied patches:
Devel::PatchPerl 1.90
Built under linux
Compiled at Apr 26 2020 14:23:47
%ENV:
PERL5LIB="/home/cpan/pit/jail/OapQ7dEsEc/lib/perl5:/home/cpan/pit/bare/conf/perl-5.14.3/.cpanplus/5.14.3/build/U5Bbdzdc74/App-Git-Perl-0.1.9/blib/lib:/home/cpan/pit/bare/conf/perl-5.14.3/.cpanplus/5.14.3/build/U5Bbdzdc74/App-Git-Perl-0.1.9/blib/arch"
PERL5_CPANPLUS_IS_RUNNING="3016604"
PERL5_CPANPLUS_IS_VERSION="0.9914"
PERL5_MINISMOKEBOX="0.68"
PERL5_YACSMOKE_BASE="/home/cpan/pit/bare/conf/perl-5.14.3"
PERL_EXTUTILS_AUTOINSTALL="--defaultdeps"
PERL_LOCAL_LIB_ROOT="/home/cpan/pit/jail/OapQ7dEsEc"
PERL_MB_OPT="--install_base "/home/cpan/pit/jail/OapQ7dEsEc""
PERL_MM_OPT="INSTALL_BASE=/home/cpan/pit/jail/OapQ7dEsEc"
PERL_MM_USE_DEFAULT="1"
@INC:
/home/cpan/pit/jail/OapQ7dEsEc/lib/perl5/5.14.3/x86_64-linux
/home/cpan/pit/jail/OapQ7dEsEc/lib/perl5/5.14.3
/home/cpan/pit/jail/OapQ7dEsEc/lib/perl5/x86_64-linux
/home/cpan/pit/jail/OapQ7dEsEc/lib/perl5
/home/cpan/pit/bare/conf/perl-5.14.3/.cpanplus/5.14.3/build/U5Bbdzdc74/App-Git-Perl-0.1.9/blib/lib
/home/cpan/pit/bare/conf/perl-5.14.3/.cpanplus/5.14.3/build/U5Bbdzdc74/App-Git-Perl-0.1.9/blib/arch
/home/cpan/pit/bare/perl-5.14.3/lib/site_perl/5.14.3/x86_64-linux
/home/cpan/pit/bare/perl-5.14.3/lib/site_perl/5.14.3
/home/cpan/pit/bare/perl-5.14.3/lib/5.14.3/x86_64-linux
/home/cpan/pit/bare/perl-5.14.3/lib/5.14.3
.