Apache2-SSI vv0.2.12 Perl 5 v5.40.1 armv6l-linux
- Status
- Fail
- From
- gregor herrmann
- Dist
-
Apache2-SSI vv0.2.12
- Platform
- Perl 5 v5.40.1 armv6l-linux
- Date
- 2025-03-22 12:15:31
- ID
- 597c593e-0717-11f0-b8ad-fdbe67ffca65
This distribution has been tested as part of the CPAN Testers
project, supporting the Perl programming language. See
http://wiki.cpantesters.org/ for more information or email
questions to cpan-testers-discuss@perl.org
--
Dear Jacques Deguest,
This is a computer-generated report for Apache2-SSI-v0.2.12
on perl 5.40.1, created by CPAN-Reporter-1.2020.
Thank you for uploading your work to CPAN. However, there was a problem
testing your distribution.
If you think this report is invalid, please consult the CPAN Testers Wiki
for suggestions on how to avoid getting FAIL reports for missing library
or binary dependencies, unsupported operating systems, and so on:
http://wiki.cpantesters.org/wiki/CPANAuthorNotes
Sections of this report:
* Tester comments
* Program output
* Prerequisites
* Environment and other context
------------------------------
TESTER COMMENTS
------------------------------
Additional comments from tester:
this report is from an automated smoke testing program
and was not reviewed by a human for accuracy
------------------------------
PROGRAM OUTPUT
------------------------------
Output from '/usr/bin/make test':
PERL_DL_NONLAZY=1 "/srv/smoker/perl5/perlbrew/perls/perl-5.40.1/bin/perl" "-MExtUtils::Command::MM" "-MTest::Harness" "-e" "undef *Test::Harness::Switches; test_harness(0, 'blib/lib', 'blib/arch')" t/*.t
t/00.load.t ........... ok
t/02.pod.t ............ ok
t/20.collapse-dots.t .. ok
t/30.bare.t ........... ok
t/31.file.t ........... ok
t/32.virtual.t ........ ok
t/33.if.t ............. ok
t/34.set_var.t ........ ok
t/35.exec.t ........... ok
t/36.escape.t ......... ok
t/37.flastmod.t ....... ok
t/38.fsize.t .......... ok
# Failed test 'functions test No 5 (ldap)'
# at ./t/functions.pl line 203.
# Failed test 'functions test No 13 (tolower)'
# at ./t/functions.pl line 203.
# Failed test 'functions test No 14 (toupper)'
# at ./t/functions.pl line 203.
# Looks like you failed 3 tests of 18.
t/39.functions.t ......
Dubious, test returned 3 (wstat 768, 0x300)
Failed 3/18 subtests
(less 5 skipped subtests: 10 okay)
t/40.misc.t ........... ok
t/41.ap2perl.t ........ ok
t/42.expression.t ..... ok
t/50.finfo.t .......... ok
t/60.uri.t ............ ok
t/70.file.t ........... ok
t/71.file_type.t ...... ok
t/80.notes.t .......... ok
t/90.coverage.t ....... skipped: These tests are for author or release candidate testing
t/90.manifest.t ....... skipped: Author tests not required for installation
t/91.signature.t ...... skipped: Set the environment variable AUTHOR_TESTING to enable this test.
t/99.kwalitee.t ....... skipped: These tests are for author or release candidate testing
Test Summary Report
-------------------
t/39.functions.t (Wstat: 768 (exited 3) Tests: 18 Failed: 3)
Failed tests: 7, 15-16
Non-zero exit status: 3
Files=25, Tests=290, 1917 wallclock secs ( 1.88 usr 0.53 sys + 964.10 cusr 31.67 csys = 998.18 CPU)
Result: FAIL
Failed 1/25 test programs. 3/290 subtests failed.
make: *** [Makefile:978: test_dynamic] Error 255
------------------------------
PREREQUISITES
------------------------------
Prerequisite modules loaded:
requires:
Module Need Have
-------------------------- -------- ----------
Config 0 5.040001
Cwd 0 3.91
DateTime 0 1.65
DateTime::Format::Strptime 0 1.79
Digest::MD5 0 2.58_01
Digest::SHA 0 6.04
Encode 0 3.21
File::Basename 0 2.86
File::Spec 3.26 3.91
File::Which 0 1.27
HTML::Entities 0 3.83
IO::File 0 1.55
JSON 0 4.10
MIME::Base64 0 3.16_01
Module::Generic v0.40.0 v0.40.0
Net::Subnet 1.03 1.03
parent 0 0.241
perl 5.022001 5.040001
PPI 1.270 1.281
Regexp::Common::Apache2 v0.2.1 v0.2.1
Regexp::Common::net 0 2024080801
Scalar::Util 1.50 1.68
strict 0 1.13
URI 5.05 5.31
URI::Escape::XS 0 0.14
URI::file 5.05 5.31
URL::Encode::XS 0 0.03
vars 0 1.05
version 0 0.9930
warnings 0 1.70
build_requires:
Module Need Have
-------------------------- -------- ----------
Cwd 0 3.91
ExtUtils::MakeMaker 0 7.72
lib 0 0.65
Test::More 1.302162 1.302209
Test::Pod 1.52 1.52
utf8 0 1.25
configure_requires:
Module Need Have
-------------------------- -------- ----------
ExtUtils::MakeMaker 0 7.72
------------------------------
ENVIRONMENT AND OTHER CONTEXT
------------------------------
Environment variables:
AUTOMATED_TESTING = 1
LC_CTYPE = de_AT.utf8
LD_LIBRARY_PATH = /usr/lib/libeatmydata
NONINTERACTIVE_TESTING = 1
PATH = /srv/smoker/bin:/usr/lib/ccache:/srv/smoker/perl5/perlbrew/bin:/srv/smoker/perl5/perlbrew/perls/perl-5.40.1/bin:/usr/local/bin:/usr/bin:/bin:/usr/local/games:/usr/games
PERL5LIB =
PERL5OPT =
PERL5_CPANPLUS_IS_RUNNING = 8315
PERL5_CPAN_IS_RUNNING = 8315
PERL5_CPAN_IS_RUNNING_IN_RECURSION = 24328,8315
PERLBREW_HOME = /srv/smoker/.perlbrew
PERLBREW_MANPATH = /srv/smoker/perl5/perlbrew/perls/perl-5.40.1/man
PERLBREW_PATH = /srv/smoker/perl5/perlbrew/bin:/srv/smoker/perl5/perlbrew/perls/perl-5.40.1/bin
PERLBREW_PERL = perl-5.40.1
PERLBREW_ROOT = /srv/smoker/perl5/perlbrew
PERLBREW_SHELLRC_VERSION = 1.01
PERLBREW_VERSION = 1.01
PERL_CPANM_OPT = --prompt --configure-timeout 300 --build-timeout 18000 --test-timeout 18000 --from https://www.cpan.org
PERL_CR_SMOKER_CURRENT = Apache2-SSI-v0.2.12
PERL_EXTUTILS_AUTOINSTALL = --defaultdeps
PERL_MM_USE_DEFAULT = 1
PERL_TEST_TIME_OUT_FACTOR = 3
PERL_TEST_TIME_OUT_FACTOR = 3
PERL_USE_UNSAFE_INC = 1
SHELL = /bin/bash
TERM = screen-256color
Perl special variables (and OS-specific diagnostics, for MSWin32):
$^X = /srv/smoker/perl5/perlbrew/perls/perl-5.40.1/bin/perl
$UID/$EUID = 1111 / 1111
$GID = 65534 65534
$EGID = 65534 65534
Perl module toolchain versions installed:
Module Have
------------------- --------
CPAN 2.38
CPAN::Meta 2.150010
Cwd 3.91
ExtUtils::CBuilder 0.280240
ExtUtils::Command 7.72
ExtUtils::Install 2.22
ExtUtils::MakeMaker 7.72
ExtUtils::Manifest 1.75
ExtUtils::ParseXS 3.51
File::Spec 3.91
JSON 4.10
JSON::PP 4.16
Module::Build 0.4234
Module::Signature n/a
Parse::CPAN::Meta 2.150010
Test2 1.302209
Test::Harness 3.51_01
Test::More 1.302209
YAML 1.31
YAML::Syck 1.34
version 0.9930
--
Summary of my perl5 (revision 5 version 40 subversion 1) configuration:
Platform:
osname=linux
osvers=5.10.103+
archname=armv6l-linux
uname='linux smoker 5.10.103+ #1529 tue mar 8 12:19:18 gmt 2022 armv6l gnulinux '
config_args='-de -Dprefix=/srv/smoker/perl5/perlbrew/perls/perl-5.40.1 -Aeval:scriptdir=/srv/smoker/perl5/perlbrew/perls/perl-5.40.1/bin'
hint=recommended
useposix=true
d_sigaction=define
useithreads=undef
usemultiplicity=undef
use64bitint=undef
use64bitall=undef
uselongdouble=undef
usemymalloc=n
default_inc_excludes_dot=define
Compiler:
cc='cc'
ccflags ='-fwrapv -fno-strict-aliasing -pipe -fstack-protector-strong -I/usr/local/include -D_LARGEFILE_SOURCE -D_FILE_OFFSET_BITS=64 -D_FORTIFY_SOURCE=2'
optimize='-O2'
cppflags='-fwrapv -fno-strict-aliasing -pipe -fstack-protector-strong -I/usr/local/include'
ccversion=''
gccversion='14.2.0'
gccosandvers=''
intsize=4
longsize=4
ptrsize=4
doublesize=8
byteorder=1234
doublekind=3
d_longlong=define
longlongsize=8
d_longdbl=define
longdblsize=8
longdblkind=0
ivtype='long'
ivsize=4
nvtype='double'
nvsize=8
Off_t='off_t'
lseeksize=8
alignbytes=8
prototype=define
Linker and Libraries:
ld='cc'
ldflags =' -fstack-protector-strong -L/usr/local/lib'
libpth=/usr/local/lib /usr/lib/arm-linux-gnueabihf /usr/lib
libs=-lpthread -ldb -ldl -lm -lcrypt -lutil -lc
perllibs=-lpthread -ldl -lm -lcrypt -lutil -lc
libc=/lib/arm-linux-gnueabihf/libc.so.6
so=so
useshrplib=false
libperl=libperl.a
gnulibc_version='2.40'
Dynamic Linking:
dlsrc=dl_dlopen.xs
dlext=so
d_dlsymun=undef
ccdlflags='-Wl,-E'
cccdlflags='-fPIC'
lddlflags='-shared -O2 -L/usr/local/lib -fstack-protector-strong'
Characteristics of this binary (from libperl):
Compile-time options:
HAS_LONG_DOUBLE
HAS_STRTOLD
HAS_TIMES
PERLIO_LAYERS
PERL_COPY_ON_WRITE
PERL_DONT_CREATE_GVSV
PERL_HASH_FUNC_ZAPHOD32
PERL_HASH_USE_SBOX32
PERL_MALLOC_WRAP
PERL_OP_PARENT
PERL_PRESERVE_IVUV
PERL_USE_SAFE_PUTENV
USE_LARGE_FILES
USE_LOCALE
USE_LOCALE_COLLATE
USE_LOCALE_CTYPE
USE_LOCALE_NUMERIC
USE_LOCALE_TIME
USE_PERLIO
USE_PERL_ATOF
Built under linux
Compiled at Jan 19 2025 17:55:30
%ENV:
PERL5LIB=""
PERL5OPT=""
PERL5_CPANPLUS_IS_RUNNING="8315"
PERL5_CPAN_IS_RUNNING="8315"
PERL5_CPAN_IS_RUNNING_IN_RECURSION="24328,8315"
PERLBREW_HOME="/srv/smoker/.perlbrew"
PERLBREW_MANPATH="/srv/smoker/perl5/perlbrew/perls/perl-5.40.1/man"
PERLBREW_PATH="/srv/smoker/perl5/perlbrew/bin:/srv/smoker/perl5/perlbrew/perls/perl-5.40.1/bin"
PERLBREW_PERL="perl-5.40.1"
PERLBREW_ROOT="/srv/smoker/perl5/perlbrew"
PERLBREW_SHELLRC_VERSION="1.01"
PERLBREW_VERSION="1.01"
PERL_CPANM_OPT="--prompt --configure-timeout 300 --build-timeout 18000 --test-timeout 18000 --from https://www.cpan.org"
PERL_CR_SMOKER_CURRENT="Apache2-SSI-v0.2.12"
PERL_EXTUTILS_AUTOINSTALL="--defaultdeps"
PERL_MM_USE_DEFAULT="1"
PERL_TEST_TIME_OUT_FACTOR="3"
PERL_USE_UNSAFE_INC="1"
@INC:
/srv/smoker/perl5/perlbrew/perls/perl-5.40.1/lib/site_perl/5.40.1/armv6l-linux
/srv/smoker/perl5/perlbrew/perls/perl-5.40.1/lib/site_perl/5.40.1
/srv/smoker/perl5/perlbrew/perls/perl-5.40.1/lib/5.40.1/armv6l-linux
/srv/smoker/perl5/perlbrew/perls/perl-5.40.1/lib/5.40.1
.