Back
From: metabase:user:320bfe00-2aae-11df-837a-5e0a49663a4f
Subject: FAIL Music-Tag-0.4103 v5.8.1 GNU/Linux
Date: 2016-02-15T20:26:09Z
This distribution has been tested as part of the CPAN Testers
project, supporting the Perl programming language. See
http://wiki.cpantesters.org/ for more information or email
questions to cpan-testers-discuss@perl.org
--
Dear Edward J. Allen III,
This is a computer-generated report for Music-Tag-0.4103
on perl 5.8.1, created by CPAN-Reporter-1.2015.
Thank you for uploading your work to CPAN. However, there was a problem
testing your distribution.
If you think this report is invalid, please consult the CPAN Testers Wiki
for suggestions on how to avoid getting FAIL reports for missing library
or binary dependencies, unsupported operating systems, and so on:
http://wiki.cpantesters.org/wiki/CPANAuthorNotes
Sections of this report:
* Tester comments
* Program output
* Prerequisites
* Environment and other context
------------------------------
TESTER COMMENTS
------------------------------
Additional comments from tester:
this report is from an automated smoke testing program
and was not reviewed by a human for accuracy
------------------------------
PROGRAM OUTPUT
------------------------------
Output from '/usr/bin/make test':
PERL_DL_NONLAZY=1 "/tmp/basesmoker-reloperl-G0fp/bin/perl" "-MExtUtils::Command::MM" "-MTest::Harness" "-e" "undef *Test::Harness::Switches; test_harness(0, 'blib/lib', 'blib/arch')" t/*.t
t/1-general.t ........ ok
t/2-options.t ........ ok
Music::Tag::Auto Sorry, I can't find a plugin for /tmp/loop_over_bdir-8540-FMgpiP/Music-Tag-0.4103-0/t/fake.music at /tmp/loop_over_bdir-8540-FMgpiP/Music-Tag-0.4103-0/blib/lib/Music/Tag.pm line 146.
t/3-auto.t ........... ok
t/5-generic.t ........ ok
t/6-unaccent.t ....... ok
# Failed test 'POD test for blib/lib/Music/Tag.pm'
# at /home/sand/src/perl/repoperls/installed-perls/perl/perl-5.8.1/13e0/lib/site_perl/5.8.1/Test/Pod.pm line 187.
# blib/lib/Music/Tag.pm (2085): Non-ASCII character seen before =encoding in '©'. Assuming UTF-8
# Failed test 'POD test for blib/lib/Music/Tag/Auto.pm'
# at /home/sand/src/perl/repoperls/installed-perls/perl/perl-5.8.1/13e0/lib/site_perl/5.8.1/Test/Pod.pm line 187.
# blib/lib/Music/Tag/Auto.pm (175): Non-ASCII character seen before =encoding in '©'. Assuming UTF-8
# Failed test 'POD test for blib/lib/Music/Tag/Option.pm'
# at /home/sand/src/perl/repoperls/installed-perls/perl/perl-5.8.1/13e0/lib/site_perl/5.8.1/Test/Pod.pm line 187.
# blib/lib/Music/Tag/Option.pm (131): Non-ASCII character seen before =encoding in '©'. Assuming UTF-8
# Failed test 'POD test for blib/lib/Music/Tag/Generic.pm'
# at /home/sand/src/perl/repoperls/installed-perls/perl/perl-5.8.1/13e0/lib/site_perl/5.8.1/Test/Pod.pm line 187.
# blib/lib/Music/Tag/Generic.pm (364): Non-ASCII character seen before =encoding in '©'. Assuming UTF-8
# Failed test 'POD test for blib/lib/Music/Tag/Test.pm'
# at /home/sand/src/perl/repoperls/installed-perls/perl/perl-5.8.1/13e0/lib/site_perl/5.8.1/Test/Pod.pm line 187.
# blib/lib/Music/Tag/Test.pm (328): Non-ASCII character seen before =encoding in '©'. Assuming UTF-8
# Looks like you failed 5 tests of 6.
t/97-pod.t ...........
Dubious, test returned 5 (wstat 1280, 0x500)
Failed 5/6 subtests
t/98-pod-coverage.t .. ok
Test Summary Report
-------------------
t/97-pod.t (Wstat: 1280 Tests: 6 Failed: 5)
Failed tests: 2-6
Non-zero exit status: 5
Files=7, Tests=250, 2 wallclock secs ( 0.05 usr 0.05 sys + 2.16 cusr 0.32 csys = 2.58 CPU)
Result: FAIL
Failed 1/7 test programs. 5/250 subtests failed.
Makefile:910: recipe for target 'test_dynamic' failed
make: *** [test_dynamic] Error 255
------------------------------
PREREQUISITES
------------------------------
Prerequisite modules loaded:
requires:
Module Need Have
------------------- ------ --------
Config::Options 0.07 0.08
Data::Dumper 2 2.154
DateTimeX::Easy 0.088 0.089
Digest::SHA1 2.11 2.13
Encode 2.12 2.82
File::Copy 2 2.06
File::Slurp 1 9999.19
File::Spec 3.24 3.62
File::stat 1 1.00
IO::Dir 1 1.07
IO::File 1.13 1.14
Locale::Country 2.07 3.37
Readonly 1 2.00
Scalar::Util 1.21 1.43
Test::More 0.1 1.001014
Time::Local 1.1901 1.2300
build_requires:
Module Need Have
------------------- ------ --------
ExtUtils::MakeMaker 0 7.10
configure_requires:
Module Need Have
------------------- ------ --------
ExtUtils::MakeMaker 0 7.10
------------------------------
ENVIRONMENT AND OTHER CONTEXT
------------------------------
Environment variables:
AUTOMATED_TESTING = 1
LANG = en_US.UTF-8
LANGUAGE = en_US:en
PATH = /usr/lib/ccache:/home/sand/bin:/usr/local/bin:/usr/lib/ccache:/usr/bin:/bin:/usr/games:/usr/local/perl/bin:/usr/X11/bin:/sbin:/usr/sbin
PERL5LIB =
PERL5OPT =
PERL5_CPANPLUS_IS_RUNNING = 5371
PERL5_CPAN_IS_RUNNING = 5371
PERL_MM_USE_DEFAULT = 1
SHELL = /usr/bin/zsh
TERM = screen
Perl special variables (and OS-specific diagnostics, for MSWin32):
$^X = /tmp/basesmoker-reloperl-G0fp/bin/perl
$UID/$EUID = 1005 / 1005
$GID = 1005 1005
$EGID = 1005 1005
Perl module toolchain versions installed:
Module Have
------------------- --------
CPAN 2.12
CPAN::Meta 2.150005
Cwd 3.62
ExtUtils::CBuilder 0.280224
ExtUtils::Command 7.10
ExtUtils::Install 1.54
ExtUtils::MakeMaker 7.10
ExtUtils::Manifest 1.65
ExtUtils::ParseXS 3.30
File::Spec 3.62
JSON 2.90
JSON::PP 2.27300
Module::Build 0.4216
Module::Signature 0.79
Parse::CPAN::Meta 1.4417
Test::Harness 3.36
Test::More 1.001014
YAML 1.15
YAML::Syck 1.29
version 0.9912
--
Summary of my perl5 (revision 5.0 version 8 subversion 1) configuration:
Platform:
osname=linux, osvers=4.3.0-1-amd64, archname=x86_64-linux-thread-multi
uname='linux k83 4.3.0-1-amd64 #1 smp debian 4.3.3-7 (2016-01-19) x86_64 gnulinux '
config_args='-Dprefix=/home/sand/src/perl/repoperls/installed-perls/perl/perl-5.8.1/13e0 -Dmyhostname=k83 -Dinstallusrbinperl=n -Uversiononly -Dusedevel -des -Ui_db -Dlibswanted=cl pthread socket inet nsl gdbm dbm malloc dl ld sun m crypt sec util c cposix posix ucb BSD gdbm_compat -Duseithreads -Uuselongdouble'
hint=recommended, useposix=true, d_sigaction=define
usethreads=define use5005threads=undef useithreads=define usemultiplicity=define
useperlio=define d_sfio=undef uselargefiles=define usesocks=undef
use64bitint=define use64bitall=define uselongdouble=undef
usemymalloc=n, bincompat5005=undef
Compiler:
cc='cc', ccflags ='-D_REENTRANT -D_GNU_SOURCE -fno-strict-aliasing -I/usr/local/include -D_LARGEFILE_SOURCE -D_FILE_OFFSET_BITS=64',
optimize='-O2',
cppflags='-D_REENTRANT -D_GNU_SOURCE -fno-strict-aliasing -I/usr/local/include'
ccversion='', gccversion='5.3.1 20160121', gccosandvers=''
intsize=4, longsize=8, ptrsize=8, doublesize=8, byteorder=12345678
d_longlong=define, longlongsize=8, d_longdbl=define, longdblsize=16
ivtype='long', ivsize=8, nvtype='double', nvsize=8, Off_t='off_t', lseeksize=8
alignbytes=8, prototype=define
Linker and Libraries:
ld='cc', ldflags =' -L/usr/local/lib'
libpth=/usr/local/lib /lib/x86_64-linux-gnu /lib/../lib /usr/lib/x86_64-linux-gnu /usr/lib/../lib /lib /usr/lib
libs=-lpthread -lnsl -lgdbm -ldl -lm -lcrypt -lutil -lc -lgdbm_compat
perllibs=-lpthread -lnsl -ldl -lm -lcrypt -lutil -lc -lgdbm_compat
libc=libc-2.21.so, so=so, useshrplib=false, libperl=libperl.a
gnulibc_version='2.21'
Dynamic Linking:
dlsrc=dl_dlopen.xs, dlext=so, d_dlsymun=undef, ccdlflags='-rdynamic'
cccdlflags='-fpic', lddlflags='-shared -L/usr/local/lib'
Characteristics of this binary (from libperl):
Compile-time options: MULTIPLICITY USE_ITHREADS USE_64_BIT_INT USE_64_BIT_ALL USE_LARGE_FILES PERL_IMPLICIT_CONTEXT
Locally applied patches:
Devel::PatchPerl 1.40
Built under linux
Compiled at Feb 12 2016 08:07:50
%ENV:
PERL5LIB=""
PERL5OPT=""
PERL5_CPANPLUS_IS_RUNNING="5371"
PERL5_CPAN_IS_RUNNING="5371"
PERL_MM_USE_DEFAULT="1"
@INC:
/home/sand/src/perl/repoperls/installed-perls/perl/perl-5.8.1/13e0/lib/5.8.1/x86_64-linux-thread-multi
/home/sand/src/perl/repoperls/installed-perls/perl/perl-5.8.1/13e0/lib/5.8.1
/home/sand/src/perl/repoperls/installed-perls/perl/perl-5.8.1/13e0/lib/site_perl/5.8.1/x86_64-linux-thread-multi
/home/sand/src/perl/repoperls/installed-perls/perl/perl-5.8.1/13e0/lib/site_perl/5.8.1
/home/sand/src/perl/repoperls/installed-perls/perl/perl-5.8.1/13e0/lib/site_perl
.