VANAMBURG-SEMPROG-SimpleGraph v0.010 Perl 5 v5.39.9 x86_64-linux-thread-multi

Status
Fail
From
Andreas J. König (ANDK)
Dist
VANAMBURG-SEMPROG-SimpleGraph v0.010
Platform
Perl 5 v5.39.9 x86_64-linux-thread-multi
Date
2024-04-08 22:57:17
ID
594dfef0-f5fb-11ee-b3b5-cacd18966ea2
This distribution has been tested as part of the CPAN Testers
project, supporting the Perl programming language.  See
http://wiki.cpantesters.org/ for more information or email
questions to cpan-testers-discuss@perl.org


--
Dear Gordon Van Amburg,

This is a computer-generated report for VANAMBURG-SEMPROG-SimpleGraph-0.010
on perl 5.39.9, created by CPAN-Reporter-1.2019.

Thank you for uploading your work to CPAN.  However, there was a problem
testing your distribution.

If you think this report is invalid, please consult the CPAN Testers Wiki
for suggestions on how to avoid getting FAIL reports for missing library
or binary dependencies, unsupported operating systems, and so on:

http://wiki.cpantesters.org/wiki/CPANAuthorNotes

Sections of this report:

    * Tester comments
    * Program output
    * Prerequisites
    * Environment and other context

------------------------------
TESTER COMMENTS
------------------------------

Additional comments from tester:

this report is from an automated smoke testing program
and was not reviewed by a human for accuracy

------------------------------
PROGRAM OUTPUT
------------------------------

Output from '/usr/bin/make test':

PERL_DL_NONLAZY=1 "/tmp/basesmoker-reloperl-Bmzm/bin/perl" "-MExtUtils::Command::MM" "-MTest::Harness" "-e" "undef *Test::Harness::Switches; test_harness(0, 'blib/lib', 'blib/arch')" t/*.t
# >>> t1 is gordon, add, triple1
# >>> gordon
# >>> gordon triples is 2
# >>> triple2 triples is 1
# >>> gordon triples is now 1
# >>> pot_belly_cost is cheap
t/00-load.t ......................... ok
t/pod-coverage.t .................... ok
# 
#    sub=San_Francisco_California
#    pred=mayor  obj=Gavin Newsom
#    pred=longitude  obj=-122.4183
#    pred=population  obj=744042
#    pred=inside  obj=California
#    pred=latitude  obj=37.775
#    pred=name  obj=San Francisco
#    sub=Chula_Vista_California  obj=Cheryl Cox
#    sub=Banning_California  obj=Debbie Franklin
#    sub=Anaheim_California  obj=Curt Pringle
#    sub=Portsmouth_New_Hampshire  obj=Thomas G. Ferrini
#    sub=Fresno_California  obj=Alan Autry
#    sub=Cleveland_Ohio  obj=Dennis Kucinich
#    sub=Detroit_Michigan  obj=Frank Murphy
#    sub=Bakersfield_California  obj=Harvey Hall
#    sub=Hillsdale_Michigan  obj=Michael Sessions
#    sub=Glendale_California  obj=John Drayman
#    sub=Cleveland_Ohio  obj=Newton D. Baker
#    sub=Stuttgart_Germany  obj=Manfred Rommel
#    sub=Athens_Greece  obj=Dora Bakoyannis
#    sub=Fremont_California  obj=Bob Wasserman
#    sub=Portsmouth_New_Hampshire  obj=John Blalock
#    sub=Half_Moon_Bay_California  obj=John Muller
#    sub=Chicago_Illinois  obj=Richard M. Daley
#    sub=New_York_New_York  obj=Michael Bloomberg
#    sub=Fontana_California  obj=Mark Nuaimi
#    sub=San_Francisco_California  obj=Gavin Newsom
#    sub=Fremont_California  obj=Bill Harrison
#    sub=San_Jose_California  obj=Norman Mineta
#    sub=Philadelphia_Pennsylvania  obj=John F. Street
#    sub=Corona_California  obj=Jeff Miller
#    sub=Wasilla_Alaska  obj=Sarah Palin
#    sub=Aliso_Viejo_California  obj=William Phillips
#    sub=Garden_Grove_California  obj=Mark Rosen
#    sub=Alameda_California  obj=Beverly Johnson
#    sub=Adelanto_California  obj=Charley B. Glasper
#    sub=Corona_California  obj=Steve Nolan
#    sub=Alameda_California  obj=Lena Tam
#    sub=Aliso_Viejo_California  obj=Donald Garcia
#    sub=Adelanto_California  obj=Steven R. Baisden
#    sub=Edmonton_Canada  obj=Bill Smith
#    sub=Banning_California  obj=Brenda Salas
#    sub=Cleveland_Ohio  obj=Frank G. Jackson
#    sub=Garden_Grove_California  obj=William Dalton
#    sub=Half_Moon_Bay_California  obj=Bonnie McClung
#    sub=Fontana_California  obj=Acquanetta Warren
#    sub=Cincinnati_Ohio  obj=Jerry Springer
# there are 30 cal cities
# mayor of Fremont_California is Bob Wasserman
# mayor of Fremont_California is Bill Harrison
# mayor of Anaheim_California is Curt Pringle
# mayor of Corona_California is Jeff Miller
# mayor of Corona_California is Steve Nolan
# mayor of Bakersfield_California is Harvey Hall
# mayor of Fontana_California is Acquanetta Warren
# mayor of Fontana_California is Mark Nuaimi
# mayor of Alameda_California is Lena Tam
# mayor of Alameda_California is Beverly Johnson
# mayor of Garden_Grove_California is Mark Rosen
# mayor of Garden_Grove_California is William Dalton
# mayor of Aliso_Viejo_California is William Phillips
# mayor of Aliso_Viejo_California is Donald Garcia
# mayor of Glendale_California is John Drayman
# mayor of Adelanto_California is Steven R. Baisden
# mayor of Adelanto_California is Charley B. Glasper
# mayor of Banning_California is Debbie Franklin
# mayor of Banning_California is Brenda Salas
# mayor of Chula_Vista_California is Cheryl Cox
# mayor of San_Francisco_California is Gavin Newsom
# mayor of Fresno_California is Alan Autry
# mayor of San_Jose_California is Norman Mineta
# mayor of Half_Moon_Bay_California is Bonnie McClung
# mayor of Half_Moon_Bay_California is John Muller
t/semprog_ch02_03_places.t .......... ok
# jt's partners
#     Justin Timberlake + Jenna Dewan
#     Britney Spears + Justin Timberlake
#     Jessica Biel + Justin Timberlake
#     Cameron Diaz + Justin Timberlake
#     Jessica Biel + Justin Timberlake
#     Alyssa Milano + Justin Timberlake
#     Justin Timberlake + Cameron Diaz
#     Justin Timberlake + Britney Spears
#     Alyssa Milano + Justin Timberlake
#     Justin Timberlake + Jenna Dewan
t/semprog_ch02_04_celebs.t .......... ok
# $VAR1 = 'CLMS';
# $VAR2 = 'PNSN';
# $VAR3 = 'LAB';
# $VAR4 = 'MKTX';
# $VAR5 = 'GS';
# $VAR6 = 'BLK';
# $VAR7 = 'OXPS';
# $VAR8 = 'SCHW';
# $VAR9 = 'BSC';
# $VAR10 = 'LM';
# $VAR11 = 'LEH';
# $VAR12 = 'NITE';
# $VAR13 = 'JEF';
# $VAR14 = 'GBL';
# $VAR15 = 'MS';
# $VAR16 = 'WDR';
# $VAR17 = 'ITG';
# $VAR18 = 'DHIL';
# $VAR19 = 'MER';
# $VAR20 = 'TRAD';
# $VAR21 = 'COWN';
# $VAR22 = 'SF';
# $VAR23 = 'TWPG';
t/semprog_ch02_05_business.t ........ ok
t/semprog_ch02_moviegraph.t ......... ok
# $VAR1 = {
#           'company' => 'BSC',
#           'cont' => 'contrib285',
#           'dollars' => '30700.0'
#         };
t/semprog_ch03_01_queries.t ......... ok
# triples before:
# $VAR1 = [
#           'White House',
#           'address',
#           '1600 Pennsylvania Avenue, Washington DC'
#         ];
Use of uninitialized value $geo_result in split at /tmp/loop_over_bdir-2793-lmliEZ/VANAMBURG-SEMPROG-SimpleGraph-0.010-0/blib/lib/VANAMBURG/SEMPROG/GeocodeRule.pm line 24.
# triples after:
# $VAR1 = [
#           'White House',
#           'address',
#           '1600 Pennsylvania Avenue, Washington DC'
#         ];

#   Failed test 'there are three triples after inference'
#   at t/semprog_ch03_02_inference.t line 30.
# Looks like you failed 1 test of 2.
t/semprog_ch03_02_inference.t ....... 
Dubious, test returned 1 (wstat 256, 0x100)
Failed 1/2 subtests 
# getting geo code data from internet -- could take a while...
Use of uninitialized value $geo_result in split at /tmp/loop_over_bdir-2793-lmliEZ/VANAMBURG-SEMPROG-SimpleGraph-0.010-0/blib/lib/VANAMBURG/SEMPROG/GeocodeRule.pm line 24.
Use of uninitialized value $geo_result in split at /tmp/loop_over_bdir-2793-lmliEZ/VANAMBURG-SEMPROG-SimpleGraph-0.010-0/blib/lib/VANAMBURG/SEMPROG/GeocodeRule.pm line 24.
Use of uninitialized value $geo_result in split at /tmp/loop_over_bdir-2793-lmliEZ/VANAMBURG-SEMPROG-SimpleGraph-0.010-0/blib/lib/VANAMBURG/SEMPROG/GeocodeRule.pm line 24.
Use of uninitialized value $geo_result in split at /tmp/loop_over_bdir-2793-lmliEZ/VANAMBURG-SEMPROG-SimpleGraph-0.010-0/blib/lib/VANAMBURG/SEMPROG/GeocodeRule.pm line 24.
Use of uninitialized value $geo_result in split at /tmp/loop_over_bdir-2793-lmliEZ/VANAMBURG-SEMPROG-SimpleGraph-0.010-0/blib/lib/VANAMBURG/SEMPROG/GeocodeRule.pm line 24.

#   Failed test '24 triples after first inference.'
#   at t/semprog_ch03_03_chain_of_rules.t line 22.
Attribute (latitude) does not pass the type constraint because: Validation failed for 'Num' with value "" at accessor VANAMBURG::SEMPROG::CloseToRule::latitude (defined at /tmp/loop_over_bdir-2793-lmliEZ/VANAMBURG-SEMPROG-SimpleGraph-0.010-0/blib/lib/VANAMBURG/SEMPROG/CloseToRule.pm line 54) line 9
	VANAMBURG::SEMPROG::CloseToRule::latitude('VANAMBURG::SEMPROG::CloseToRule=HASH(0x5643de1407d8)', '') called at /tmp/loop_over_bdir-2793-lmliEZ/VANAMBURG-SEMPROG-SimpleGraph-0.010-0/blib/lib/VANAMBURG/SEMPROG/CloseToRule.pm line 40
	VANAMBURG::SEMPROG::CloseToRule::BUILD('VANAMBURG::SEMPROG::CloseToRule=HASH(0x5643de1407d8)', 'HASH(0x5643e0103ba8)') called at constructor VANAMBURG::SEMPROG::CloseToRule::new (defined at /tmp/loop_over_bdir-2793-lmliEZ/VANAMBURG-SEMPROG-SimpleGraph-0.010-0/blib/lib/VANAMBURG/SEMPROG/CloseToRule.pm line 60) line 79
	VANAMBURG::SEMPROG::CloseToRule::new('VANAMBURG::SEMPROG::CloseToRule', 'place', 'White House', 'graph', 'VANAMBURG::SEMPROG::SimpleGraph=HASH(0x5643de0113e0)') called at t/semprog_ch03_03_chain_of_rules.t line 25
# Looks like your test exited with 255 just after 2.
t/semprog_ch03_03_chain_of_rules.t .. 
Dubious, test returned 255 (wstat 65280, 0xff00)
Failed 3/4 subtests 
# loading movie data...
# load done.  finding path
# path=Kevin Bacon, Tremors, Fred Ward, Masked and Anonymous, Val Kilmer
# path=Kevin Bacon, JFK, Wayne Knight, Rat Race, Colleen Camp, Game of Death, Bruce Lee
# path=Kevin Bacon, Mystic River, Laurence Fishburne, Apocalypse Now Redux, Harrison Ford
t/semprog_ch03_04_shortest_path.t ... ok
t/semprog_ch03_05_join_graph.t ...... ok

Test Summary Report
-------------------
t/semprog_ch03_02_inference.t     (Wstat: 256 (exited 1) Tests: 2 Failed: 1)
  Failed test:  2
  Non-zero exit status: 1
t/semprog_ch03_03_chain_of_rules.t (Wstat: 65280 (exited 255) Tests: 2 Failed: 1)
  Failed test:  2
  Non-zero exit status: 255
  Parse errors: Bad plan.  You planned 4 tests but ran 2.
Files=11, Tests=40, 41 wallclock secs ( 0.04 usr  0.02 sys + 24.53 cusr  0.79 csys = 25.38 CPU)
Result: FAIL
Failed 2/11 test programs. 2/40 subtests failed.
make: *** [Makefile:888: test_dynamic] Error 255

------------------------------
PREREQUISITES
------------------------------

Prerequisite modules loaded:

requires:

    Module              Need Have      
    ------------------- ---- ----------
    File::Slurp         0    9999.32   
    JSON                0    4.10      
    List::MoreUtils     0    0.430     
    LWP::Simple         0    6.77      
    Modern::Perl        1.03 1.20240115
    Moose               0.93 2.2207    
    Moose::Role         0    2.2207    
    Set::Scalar         0    1.29      
    Test::More          0    1.302198  
    Text::CSV_XS        0    1.53      
    URI::Escape         0    5.27      

build_requires:

    Module              Need Have      
    ------------------- ---- ----------
    ExtUtils::MakeMaker 0    7.70      

configure_requires:

    Module              Need Have      
    ------------------- ---- ----------
    ExtUtils::MakeMaker 0    7.70      


------------------------------
ENVIRONMENT AND OTHER CONTEXT
------------------------------

Environment variables:

    AUTOMATED_TESTING = 1
    LANG = en_US.UTF-8
    PATH = /home/sand/bin:/usr/local/bin:/usr/local/sbin:/usr/sbin:/usr/bin:/sbin:/bin:/usr/games:/usr/local/games:/snap/bin:/usr/local/perl/bin:/usr/X11/bin
    PERL = /tmp/basesmoker-reloperl-Bmzm/bin/perl
    PERL5LIB = 
    PERL5OPT = 
    PERL5_CPANPLUS_IS_RUNNING = 2803
    PERL5_CPAN_IS_RUNNING = 2803
    PERL_CANARY_STABILITY_NOPROMPT = 1
    PERL_MM_USE_DEFAULT = 1
    PERL_USE_UNSAFE_INC = 1
    SHELL = /usr/bin/zsh
    TERM = screen

Perl special variables (and OS-specific diagnostics, for MSWin32):

    $^X = /tmp/basesmoker-reloperl-Bmzm/bin/perl
    $UID/$EUID = 1005 / 1005
    $GID = 1005 1005
    $EGID = 1005 1005

Perl module toolchain versions installed:

    Module              Have    
    ------------------- --------
    CPAN                2.36    
    CPAN::Meta          2.150010
    Cwd                 3.90    
    ExtUtils::CBuilder  0.280240
    ExtUtils::Command   7.70    
    ExtUtils::Install   2.22    
    ExtUtils::MakeMaker 7.70    
    ExtUtils::Manifest  1.75    
    ExtUtils::ParseXS   3.51    
    File::Spec          3.90    
    JSON                4.10    
    JSON::PP            4.16    
    Module::Build       0.4234  
    Module::Signature   0.88    
    Parse::CPAN::Meta   2.150010
    Test2               1.302198
    Test::Harness       3.48    
    Test::More          1.302198
    YAML                1.31    
    YAML::Syck          1.34    
    version             0.9930  


--

Summary of my perl5 (revision 5 version 39 subversion 9) configuration:
  Commit id: 824a7e0bf8052e62e6913c5fb807a6a8331a2d81
  Platform:
    osname=linux
    osvers=5.4.0-173-generic
    archname=x86_64-linux-thread-multi
    uname='linux k93focal 5.4.0-173-generic #191-ubuntu smp fri feb 2 13:55:07 utc 2024 x86_64 x86_64 x86_64 gnulinux '
    config_args='-Dprefix=/home/sand/src/perl/repoperls/installed-perls/host/k93focal/v5.39.9/d119 -Dmyhostname=k93focal -Dinstallusrbinperl=n -Uversiononly -Dusedevel -des -Ui_db -Dlibswanted=cl pthread socket inet nsl gdbm dbm malloc dl ld sun m crypt sec util c cposix posix ucb BSD gdbm_compat -Duseithreads -Uuselongdouble -DEBUGGING=both'
    hint=recommended
    useposix=true
    d_sigaction=define
    useithreads=define
    usemultiplicity=define
    use64bitint=define
    use64bitall=define
    uselongdouble=undef
    usemymalloc=n
    default_inc_excludes_dot=define
  Compiler:
    cc='cc'
    ccflags ='-D_REENTRANT -D_GNU_SOURCE -fwrapv -DDEBUGGING -fno-strict-aliasing -pipe -fstack-protector-strong -I/usr/local/include -D_LARGEFILE_SOURCE -D_FILE_OFFSET_BITS=64'
    optimize='-O2 -g'
    cppflags='-D_REENTRANT -D_GNU_SOURCE -fwrapv -DDEBUGGING -fno-strict-aliasing -pipe -fstack-protector-strong -I/usr/local/include'
    ccversion=''
    gccversion='9.4.0'
    gccosandvers=''
    intsize=4
    longsize=8
    ptrsize=8
    doublesize=8
    byteorder=12345678
    doublekind=3
    d_longlong=define
    longlongsize=8
    d_longdbl=define
    longdblsize=16
    longdblkind=3
    ivtype='long'
    ivsize=8
    nvtype='double'
    nvsize=8
    Off_t='off_t'
    lseeksize=8
    alignbytes=8
    prototype=define
  Linker and Libraries:
    ld='cc'
    ldflags =' -fstack-protector-strong -L/usr/local/lib'
    libpth=/usr/local/lib /usr/lib/x86_64-linux-gnu /usr/lib /usr/lib64
    libs=-lpthread -lnsl -ldl -lm -lcrypt -lutil -lc
    perllibs=-lpthread -lnsl -ldl -lm -lcrypt -lutil -lc
    libc=libc-2.31.so
    so=so
    useshrplib=false
    libperl=libperl.a
    gnulibc_version='2.31'
  Dynamic Linking:
    dlsrc=dl_dlopen.xs
    dlext=so
    d_dlsymun=undef
    ccdlflags='-Wl,-E'
    cccdlflags='-fPIC'
    lddlflags='-shared -O2 -g -L/usr/local/lib -fstack-protector-strong'


Characteristics of this binary (from libperl): 
  Compile-time options:
    DEBUGGING
    HAS_LONG_DOUBLE
    HAS_STRTOLD
    HAS_TIMES
    MULTIPLICITY
    PERLIO_LAYERS
    PERL_COPY_ON_WRITE
    PERL_DONT_CREATE_GVSV
    PERL_HASH_FUNC_SIPHASH13
    PERL_HASH_USE_SBOX32
    PERL_MALLOC_WRAP
    PERL_OP_PARENT
    PERL_PRESERVE_IVUV
    PERL_TRACK_MEMPOOL
    PERL_USE_DEVEL
    PERL_USE_SAFE_PUTENV
    USE_64_BIT_ALL
    USE_64_BIT_INT
    USE_ITHREADS
    USE_LARGE_FILES
    USE_LOCALE
    USE_LOCALE_COLLATE
    USE_LOCALE_CTYPE
    USE_LOCALE_NUMERIC
    USE_LOCALE_TIME
    USE_PERLIO
    USE_PERL_ATOF
    USE_REENTRANT_API
    USE_THREAD_SAFE_LOCALE
  Built under linux
  Compiled at Mar 23 2024 14:34:44
  %ENV:
    PERL="/tmp/basesmoker-reloperl-Bmzm/bin/perl"
    PERL5LIB=""
    PERL5OPT=""
    PERL5_CPANPLUS_IS_RUNNING="2803"
    PERL5_CPAN_IS_RUNNING="2803"
    PERL_CANARY_STABILITY_NOPROMPT="1"
    PERL_MM_USE_DEFAULT="1"
    PERL_USE_UNSAFE_INC="1"
  @INC:
    /home/sand/src/perl/repoperls/installed-perls/host/k93focal/v5.39.9/d119/lib/site_perl/5.39.9/x86_64-linux-thread-multi
    /home/sand/src/perl/repoperls/installed-perls/host/k93focal/v5.39.9/d119/lib/site_perl/5.39.9
    /home/sand/src/perl/repoperls/installed-perls/host/k93focal/v5.39.9/d119/lib/5.39.9/x86_64-linux-thread-multi
    /home/sand/src/perl/repoperls/installed-perls/host/k93focal/v5.39.9/d119/lib/5.39.9
    .