Report for WebService-weblogUpdates-0.35

Back
From: metabase:user:d2c9f356-b46f-11df-9a90-20a83c0b7757
Subject: FAIL WebService-weblogUpdates-0.35 v5.15.4 SunOS/Solaris
Date: 2011-11-22T12:06:02Z

This distribution has been tested as part of the CPAN Testers
project, supporting the Perl programming language.  See
http://wiki.cpantesters.org/ for more information or email
questions to cpan-testers-discuss@perl.org


--
Dear Aaron Straup Cope,

This is a computer-generated report for WebService-weblogUpdates-0.35
on perl 5.15.4, created by CPAN-Reporter-1.2002.

Thank you for uploading your work to CPAN.  However, there was a problem
testing your distribution.

If you think this report is invalid, please consult the CPAN Testers Wiki
for suggestions on how to avoid getting FAIL reports for missing library
or binary dependencies, unsupported operating systems, and so on:

http://wiki.cpantesters.org/wiki/CPANAuthorNotes

Sections of this report:

    * Tester comments
    * Program output
    * Prerequisites
    * Environment and other context

------------------------------
TESTER COMMENTS
------------------------------

Additional comments from tester:

this report is from an automated smoke testing program
and was not reviewed by a human for accuracy

------------------------------
PROGRAM OUTPUT
------------------------------

Output from '/usr/local/bin/make test':

PERL_DL_NONLAZY=1 /export/home/cpant4/perl5/bin/perl5.15.4 "-MExtUtils::Command::MM" "-e" "test_harness(0, 'blib/lib', 'blib/arch')" t/*.t
# Can't locate Frontier/Client.pm in @INC (@INC contains: /export/home/cpant4/.cpan/build/WebService-weblogUpdates-0.35-3qOVVN/blib/lib /export/home/cpant4/.cpan/build/WebService-weblogUpdates-0.35-3qOVVN/blib/arch /export/home/cpant4/perl5/lib/site_perl/5.15.4/i86pc-solaris-64int /export/home/cpant4/perl5/lib/site_perl/5.15.4 /export/home/cpant4/perl5/lib/5.15.4/i86pc-solaris-64int /export/home/cpant4/perl5/lib/5.15.4 /export/home/cpant4/perl5/lib/site_perl .) at (eval 11) line 2.
# Can't locate SOAP/Lite.pm in @INC (@INC contains: /export/home/cpant4/.cpan/build/WebService-weblogUpdates-0.35-3qOVVN/blib/lib /export/home/cpant4/.cpan/build/WebService-weblogUpdates-0.35-3qOVVN/blib/arch /export/home/cpant4/perl5/lib/site_perl/5.15.4/i86pc-solaris-64int /export/home/cpant4/perl5/lib/site_perl/5.15.4 /export/home/cpant4/perl5/lib/5.15.4/i86pc-solaris-64int /export/home/cpant4/perl5/lib/5.15.4 /export/home/cpant4/perl5/lib/site_perl .) at (eval 12) line 2.
t/000-transports.t .. ok
"my" variable $msg masks earlier declaration in same scope at t/001-xmlrpc.t line 48.
"my" variable $msg masks earlier declaration in same scope at t/001-xmlrpc.t line 56.
You do not have the Frontier::RPC package installed
You will not be able to ping the weblogUpdates service using the XMLRPC protocol.
t/001-xmlrpc.t ...... ok
"my" variable $msg masks earlier declaration in same scope at t/002-soap.t line 45.
You do not have the SOAP::Lite package installed
You will not be able to ping the weblogUpdates service using the SOAP protocol.
t/002-soap.t ........ ok
500 Can't connect to newhome.weblogs.com:80 (Bad hostname) <URL:http://newhome.weblogs.com/pingSiteForm?name=Perlblog&url=http://www.nospum.net/perlblog>

#   Failed test 'ping for http://www.nospum.net/perlblog'
#   at t/003-rest.t line 28.
500 Can't connect to newhome.weblogs.com:80 (Bad hostname) <URL:http://newhome.weblogs.com/pingSiteFormTwoUrls?name=Perlblog&url=http://www.nospum.net/perlblog&changesUrl=http://www.nospum.net/perlblog>

#   Failed test 'pinged with changes for http://www.nospum.net/perlblog'
#   at t/003-rest.t line 33.
# Looks like you failed 2 tests of 6.
t/003-rest.t ........ 
Dubious, test returned 2 (wstat 512, 0x200)
Failed 2/6 subtests 
"my" variable $msg masks earlier declaration in same scope at t/004-transport.t line 47.
You do not have the SOAP::Lite package installed
You will not be able to ping the weblogUpdates service using the SOAP protocol.
t/004-transport.t ... ok

Test Summary Report
-------------------
t/003-rest.t      (Wstat: 512 Tests: 6 Failed: 2)
  Failed tests:  3, 5
  Non-zero exit status: 2
Files=5, Tests=10,  0 wallclock secs ( 0.03 usr  0.01 sys +  0.24 cusr  0.02 csys =  0.30 CPU)
Result: FAIL
Failed 1/5 test programs. 2/10 subtests failed.
make: *** [test_dynamic] Error 255

------------------------------
PREREQUISITES
------------------------------

Prerequisite modules loaded:

requires:

    Module              Need Have
    ------------------- ---- ----
    Carp                0    1.23
    Test::More          0.41 0.98

build_requires:

    Module              Need Have
    ------------------- ---- ----
    ExtUtils::MakeMaker 0    6.62


------------------------------
ENVIRONMENT AND OTHER CONTEXT
------------------------------

Environment variables:

    AUTOMATED_TESTING = 1
    LANG = C
    LD_LIBRARY_PATH = /usr/local/lib:
    PATH = /export/home/cpant4/perl5/bin:/usr/local/bin:/usr/bin
    PERL5LIB = 
    PERL5OPT = 
    PERL5_CPANPLUS_IS_RUNNING = 4889
    PERL5_CPAN_IS_RUNNING = 4889
    PERL5_CPAN_IS_RUNNING_IN_RECURSION = 28098,4889
    PERL_CR_SMOKER_CURRENT = WebService-weblogUpdates-0.35
    PERL_EXTUTILS_AUTOINSTALL = --defaultdeps
    PERL_MM_USE_DEFAULT = 1
    SHELL = /bin/bash
    TERM = xterm

Perl special variables (and OS-specific diagnostics, for MSWin32):

    $^X = /export/home/cpant4/perl5/bin/perl5.15.4
    $UID/$EUID = 104 / 104
    $GID = 1 1
    $EGID = 1 1

Perl module toolchain versions installed:

    Module              Have    
    ------------------- --------
    CPAN                1.9800  
    CPAN::Meta          2.112621
    Cwd                 3.37    
    ExtUtils::CBuilder  0.280204
    ExtUtils::Command   1.17    
    ExtUtils::Install   1.57    
    ExtUtils::MakeMaker 6.62    
    ExtUtils::Manifest  1.60    
    ExtUtils::ParseXS   3.05    
    File::Spec          3.34    
    JSON                2.53    
    JSON::PP            2.27200 
    Module::Build       0.39_01 
    Module::Signature   n/a     
    Parse::CPAN::Meta   1.4401  
    Test::Harness       3.23    
    Test::More          0.98    
    YAML                0.77    
    YAML::Syck          n/a     
    version             0.95    


--

Summary of my perl5 (revision 5 version 15 subversion 4) configuration:
   
  Platform:
    osname=solaris, osvers=2.10, archname=i86pc-solaris-64int
    uname='sunos vmrz0046 5.10 generic_141445-09 i86pc i386 i86pc solaris '
    config_args='-Dcc=gcc -Dprefix=~/perl5 -Duse64bitint -Dusedevel -d'
    hint=recommended, useposix=true, d_sigaction=define
    useithreads=undef, usemultiplicity=undef
    useperlio=define, d_sfio=undef, uselargefiles=define, usesocks=undef
    use64bitint=define, use64bitall=undef, uselongdouble=undef
    usemymalloc=n, bincompat5005=undef
  Compiler:
    cc='gcc', ccflags ='-DPTR_IS_LONG -fno-strict-aliasing -pipe -I/usr/local/include -D_LARGEFILE_SOURCE -D_FILE_OFFSET_BITS=64 -DPERL_USE_SAFE_PUTENV',
    optimize='-O',
    cppflags='-DPTR_IS_LONG -fno-strict-aliasing -pipe -I/usr/local/include'
    ccversion='', gccversion='3.4.6', gccosandvers='solaris2.10'
    intsize=4, longsize=4, ptrsize=4, doublesize=8, byteorder=12345678
    d_longlong=define, longlongsize=8, d_longdbl=define, longdblsize=12
    ivtype='long long', ivsize=8, nvtype='double', nvsize=8, Off_t='off_t', lseeksize=8
    alignbytes=4, prototype=define
  Linker and Libraries:
    ld='gcc', ldflags =' -L/usr/local/lib '
    libpth=/usr/local/lib /usr/lib /usr/ccs/lib
    libs=-lsocket -lnsl -lgdbm -ldl -lm -lc
    perllibs=-lsocket -lnsl -ldl -lm -lc
    libc=/lib/libc.so, so=so, useshrplib=false, libperl=libperl.a
    gnulibc_version=''
  Dynamic Linking:
    dlsrc=dl_dlopen.xs, dlext=so, d_dlsymun=undef, ccdlflags=' '
    cccdlflags='-fPIC', lddlflags='-G -L/usr/local/lib'


Characteristics of this binary (from libperl): 
  Compile-time options: HAS_TIMES PERLIO_LAYERS PERL_DONT_CREATE_GVSV
                        PERL_MALLOC_WRAP PERL_PRESERVE_IVUV PERL_USE_DEVEL
                        PERL_USE_SAFE_PUTENV USE_64_BIT_INT USE_LARGE_FILES
                        USE_LOCALE USE_LOCALE_COLLATE USE_LOCALE_CTYPE
                        USE_LOCALE_NUMERIC USE_PERLIO USE_PERL_ATOF
  Built under solaris
  Compiled at Oct 24 2011 11:26:38
  %ENV:
    PERL5LIB=""
    PERL5OPT=""
    PERL5_CPANPLUS_IS_RUNNING="4889"
    PERL5_CPAN_IS_RUNNING="4889"
    PERL5_CPAN_IS_RUNNING_IN_RECURSION="28098,4889"
    PERL_CR_SMOKER_CURRENT="WebService-weblogUpdates-0.35"
    PERL_EXTUTILS_AUTOINSTALL="--defaultdeps"
    PERL_MM_USE_DEFAULT="1"
  @INC:
    /export/home/cpant4/perl5/lib/site_perl/5.15.4/i86pc-solaris-64int
    /export/home/cpant4/perl5/lib/site_perl/5.15.4
    /export/home/cpant4/perl5/lib/5.15.4/i86pc-solaris-64int
    /export/home/cpant4/perl5/lib/5.15.4
    /export/home/cpant4/perl5/lib/site_perl
    .