Report for GOBO-0.03

Back
From: metabase:user:314402c4-2aae-11df-837a-5e0a49663a4f
Subject: FAIL GOBO-0.03 v5.16.3 GNU/Linux
Date: 2016-04-07T17:37:06Z

This distribution has been tested as part of the CPAN Testers
project, supporting the Perl programming language.  See
http://wiki.cpantesters.org/ for more information or email
questions to cpan-testers-discuss@perl.org


--
Dear Chris Mungall,

This is a computer-generated report for GOBO-0.03
on perl 5.16.3, created by CPAN-Reporter-1.2016.

Thank you for uploading your work to CPAN.  However, there was a problem
testing your distribution.

If you think this report is invalid, please consult the CPAN Testers Wiki
for suggestions on how to avoid getting FAIL reports for missing library
or binary dependencies, unsupported operating systems, and so on:

http://wiki.cpantesters.org/wiki/CPANAuthorNotes

Sections of this report:

    * Tester comments
    * Program output
    * Prerequisites
    * Environment and other context

------------------------------
TESTER COMMENTS
------------------------------

Additional comments from tester:

none provided

------------------------------
PROGRAM OUTPUT
------------------------------

Output from '/usr/bin/make test':

PERL_DL_NONLAZY=1 "/bbbike/perl-5.16.3/bin/perl" "-MExtUtils::Command::MM" "-MTest::Harness" "-e" "undef *Test::Harness::Switches; test_harness(0, 'blib/lib', 'blib/arch')" t/*.t
You cannot coerce an attribute (source) unless its type (GOBO::Node) has a coercion at /opt/perl-5.16.3/lib/site_perl/5.16.3/x86_64-linux/Moose/Exporter.pm line 419
	Moose::with('GOBO::Attributed') called at /tmpfs/.cpan-build-cpansand/2016040715/GOBO-0.03-NtciCd/blib/lib/GOBO/Synonym.pm line 17
	require GOBO/Synonym.pm at /tmpfs/.cpan-build-cpansand/2016040715/GOBO-0.03-NtciCd/blib/lib/GOBO/Labeled.pm line 23
	GOBO::Labeled::BEGIN at /tmpfs/.cpan-build-cpansand/2016040715/GOBO-0.03-NtciCd/blib/lib/GOBO/Synonym.pm line 0
	eval {...} at /tmpfs/.cpan-build-cpansand/2016040715/GOBO-0.03-NtciCd/blib/lib/GOBO/Synonym.pm line 0
	require GOBO/Labeled.pm at /opt/perl-5.16.3/lib/site_perl/5.16.3/Module/Runtime.pm line 317
	Module::Runtime::require_module('GOBO::Labeled') called at /opt/perl-5.16.3/lib/site_perl/5.16.3/Module/Runtime.pm line 348
	Module::Runtime::use_module('GOBO::Labeled') called at /opt/perl-5.16.3/lib/site_perl/5.16.3/x86_64-linux/Moose/Util.pm line 147
	Moose::Util::_apply_all_roles('Moose::Meta::Class=HASH(0x276f098)', undef, 'GOBO::Labeled') called at /opt/perl-5.16.3/lib/site_perl/5.16.3/x86_64-linux/Moose/Util.pm line 114
	Moose::Util::apply_all_roles('Moose::Meta::Class=HASH(0x276f098)', 'GOBO::Labeled') called at /opt/perl-5.16.3/lib/site_perl/5.16.3/x86_64-linux/Moose.pm line 59
	Moose::with('Moose::Meta::Class=HASH(0x276f098)', 'GOBO::Labeled') called at /opt/perl-5.16.3/lib/site_perl/5.16.3/x86_64-linux/Moose/Exporter.pm line 419
	Moose::with('GOBO::Labeled') called at /tmpfs/.cpan-build-cpansand/2016040715/GOBO-0.03-NtciCd/blib/lib/GOBO/Node.pm line 6
	require GOBO/Node.pm at /opt/perl-5.16.3/lib/site_perl/5.16.3/Module/Runtime.pm line 317
	Module::Runtime::require_module('GOBO::Node') called at /opt/perl-5.16.3/lib/site_perl/5.16.3/Module/Runtime.pm line 381
	eval {...} at /opt/perl-5.16.3/lib/site_perl/5.16.3/Module/Runtime.pm line 381
	Module::Runtime::use_package_optimistically('GOBO::Node') called at /opt/perl-5.16.3/lib/site_perl/5.16.3/x86_64-linux/Moose/Util.pm line 349
	Moose::Util::_load_user_class('GOBO::Node', undef) called at /opt/perl-5.16.3/lib/site_perl/5.16.3/x86_64-linux/Moose/Meta/Class.pm line 557
	Moose::Meta::Class::superclasses(undef, 'GOBO::Node') called at /opt/perl-5.16.3/lib/site_perl/5.16.3/x86_64-linux/Moose.pm line 55
	Moose::extends('Moose::Meta::Class=HASH(0x2628c78)', 'GOBO::Node') called at /opt/perl-5.16.3/lib/site_perl/5.16.3/x86_64-linux/Moose/Exporter.pm line 419
	Moose::extends('GOBO::Node') called at /tmpfs/.cpan-build-cpansand/2016040715/GOBO-0.03-NtciCd/blib/lib/GOBO/Evidence.pm line 4
	require GOBO/Evidence.pm at /tmpfs/.cpan-build-cpansand/2016040715/GOBO-0.03-NtciCd/blib/lib/GOBO/Annotation.pm line 5
	GOBO::Annotation::BEGIN at /tmpfs/.cpan-build-cpansand/2016040715/GOBO-0.03-NtciCd/blib/lib/GOBO/Synonym.pm line 0
	eval {...} at /tmpfs/.cpan-build-cpansand/2016040715/GOBO-0.03-NtciCd/blib/lib/GOBO/Synonym.pm line 0
	require GOBO/Annotation.pm at /tmpfs/.cpan-build-cpansand/2016040715/GOBO-0.03-NtciCd/blib/lib/GOBO/Graph.pm line 55
	GOBO::Graph::BEGIN at /tmpfs/.cpan-build-cpansand/2016040715/GOBO-0.03-NtciCd/blib/lib/GOBO/Synonym.pm line 0
	eval {...} at /tmpfs/.cpan-build-cpansand/2016040715/GOBO-0.03-NtciCd/blib/lib/GOBO/Synonym.pm line 0
	require GOBO/Graph.pm at t/analysis_test.t line 4
	main::BEGIN at /tmpfs/.cpan-build-cpansand/2016040715/GOBO-0.03-NtciCd/blib/lib/GOBO/Synonym.pm line 0
	eval {...} at /tmpfs/.cpan-build-cpansand/2016040715/GOBO-0.03-NtciCd/blib/lib/GOBO/Synonym.pm line 0
Compilation failed in require at /tmpfs/.cpan-build-cpansand/2016040715/GOBO-0.03-NtciCd/blib/lib/GOBO/Labeled.pm line 23.
BEGIN failed--compilation aborted at /tmpfs/.cpan-build-cpansand/2016040715/GOBO-0.03-NtciCd/blib/lib/GOBO/Labeled.pm line 23.
Compilation failed in require at /opt/perl-5.16.3/lib/site_perl/5.16.3/Module/Runtime.pm line 317.
Compilation failed in require at /opt/perl-5.16.3/lib/site_perl/5.16.3/Module/Runtime.pm line 317.
Compilation failed in require at /tmpfs/.cpan-build-cpansand/2016040715/GOBO-0.03-NtciCd/blib/lib/GOBO/Annotation.pm line 5.
BEGIN failed--compilation aborted at /tmpfs/.cpan-build-cpansand/2016040715/GOBO-0.03-NtciCd/blib/lib/GOBO/Annotation.pm line 5.
Compilation failed in require at /tmpfs/.cpan-build-cpansand/2016040715/GOBO-0.03-NtciCd/blib/lib/GOBO/Graph.pm line 55.
BEGIN failed--compilation aborted at /tmpfs/.cpan-build-cpansand/2016040715/GOBO-0.03-NtciCd/blib/lib/GOBO/Graph.pm line 55.
Compilation failed in require at t/analysis_test.t line 4.
BEGIN failed--compilation aborted at t/analysis_test.t line 4.
t/analysis_test.t ............ 
Dubious, test returned 255 (wstat 65280, 0xff00)
No subtests run 
You cannot coerce an attribute (source) unless its type (GOBO::Node) has a coercion at /opt/perl-5.16.3/lib/site_perl/5.16.3/x86_64-linux/Moose/Exporter.pm line 419
	Moose::with('GOBO::Attributed') called at /tmpfs/.cpan-build-cpansand/2016040715/GOBO-0.03-NtciCd/blib/lib/GOBO/Synonym.pm line 17
	require GOBO/Synonym.pm at /tmpfs/.cpan-build-cpansand/2016040715/GOBO-0.03-NtciCd/blib/lib/GOBO/Labeled.pm line 23
	GOBO::Labeled::BEGIN at /tmpfs/.cpan-build-cpansand/2016040715/GOBO-0.03-NtciCd/blib/lib/GOBO/Synonym.pm line 0
	eval {...} at /tmpfs/.cpan-build-cpansand/2016040715/GOBO-0.03-NtciCd/blib/lib/GOBO/Synonym.pm line 0
	require GOBO/Labeled.pm at /opt/perl-5.16.3/lib/site_perl/5.16.3/Module/Runtime.pm line 317
	Module::Runtime::require_module('GOBO::Labeled') called at /opt/perl-5.16.3/lib/site_perl/5.16.3/Module/Runtime.pm line 348
	Module::Runtime::use_module('GOBO::Labeled') called at /opt/perl-5.16.3/lib/site_perl/5.16.3/x86_64-linux/Moose/Util.pm line 147
	Moose::Util::_apply_all_roles('Moose::Meta::Class=HASH(0x2b70078)', undef, 'GOBO::Labeled') called at /opt/perl-5.16.3/lib/site_perl/5.16.3/x86_64-linux/Moose/Util.pm line 114
	Moose::Util::apply_all_roles('Moose::Meta::Class=HASH(0x2b70078)', 'GOBO::Labeled') called at /opt/perl-5.16.3/lib/site_perl/5.16.3/x86_64-linux/Moose.pm line 59
	Moose::with('Moose::Meta::Class=HASH(0x2b70078)', 'GOBO::Labeled') called at /opt/perl-5.16.3/lib/site_perl/5.16.3/x86_64-linux/Moose/Exporter.pm line 419
	Moose::with('GOBO::Labeled') called at /tmpfs/.cpan-build-cpansand/2016040715/GOBO-0.03-NtciCd/blib/lib/GOBO/Node.pm line 6
	require GOBO/Node.pm at /tmpfs/.cpan-build-cpansand/2016040715/GOBO-0.03-NtciCd/blib/lib/GOBO/Statement.pm line 7
	GOBO::Statement::BEGIN at /tmpfs/.cpan-build-cpansand/2016040715/GOBO-0.03-NtciCd/blib/lib/GOBO/Synonym.pm line 0
	eval {...} at /tmpfs/.cpan-build-cpansand/2016040715/GOBO-0.03-NtciCd/blib/lib/GOBO/Synonym.pm line 0
	require GOBO/Statement.pm at /tmpfs/.cpan-build-cpansand/2016040715/GOBO-0.03-NtciCd/blib/lib/GOBO/ClassExpression/RelationalExpression.pm line 5
	GOBO::ClassExpression::RelationalExpression::BEGIN at /tmpfs/.cpan-build-cpansand/2016040715/GOBO-0.03-NtciCd/blib/lib/GOBO/Synonym.pm line 0
	eval {...} at /tmpfs/.cpan-build-cpansand/2016040715/GOBO-0.03-NtciCd/blib/lib/GOBO/Synonym.pm line 0
	require GOBO/ClassExpression/RelationalExpression.pm at /tmpfs/.cpan-build-cpansand/2016040715/GOBO-0.03-NtciCd/blib/lib/GOBO/ClassExpression.pm line 80
	GOBO::ClassExpression::BEGIN at /tmpfs/.cpan-build-cpansand/2016040715/GOBO-0.03-NtciCd/blib/lib/GOBO/Synonym.pm line 0
	eval {...} at /tmpfs/.cpan-build-cpansand/2016040715/GOBO-0.03-NtciCd/blib/lib/GOBO/Synonym.pm line 0
	require GOBO/ClassExpression.pm at t/classexpr.t line 3
	main::BEGIN at /tmpfs/.cpan-build-cpansand/2016040715/GOBO-0.03-NtciCd/blib/lib/GOBO/Synonym.pm line 0
	eval {...} at /tmpfs/.cpan-build-cpansand/2016040715/GOBO-0.03-NtciCd/blib/lib/GOBO/Synonym.pm line 0
Compilation failed in require at /tmpfs/.cpan-build-cpansand/2016040715/GOBO-0.03-NtciCd/blib/lib/GOBO/Labeled.pm line 23.
BEGIN failed--compilation aborted at /tmpfs/.cpan-build-cpansand/2016040715/GOBO-0.03-NtciCd/blib/lib/GOBO/Labeled.pm line 23.
Compilation failed in require at /opt/perl-5.16.3/lib/site_perl/5.16.3/Module/Runtime.pm line 317.
Compilation failed in require at /tmpfs/.cpan-build-cpansand/2016040715/GOBO-0.03-NtciCd/blib/lib/GOBO/Statement.pm line 7.
BEGIN failed--compilation aborted at /tmpfs/.cpan-build-cpansand/2016040715/GOBO-0.03-NtciCd/blib/lib/GOBO/Statement.pm line 7.
Compilation failed in require at /tmpfs/.cpan-build-cpansand/2016040715/GOBO-0.03-NtciCd/blib/lib/GOBO/ClassExpression/RelationalExpression.pm line 5.
BEGIN failed--compilation aborted at /tmpfs/.cpan-build-cpansand/2016040715/GOBO-0.03-NtciCd/blib/lib/GOBO/ClassExpression/RelationalExpression.pm line 5.
Compilation failed in require at /tmpfs/.cpan-build-cpansand/2016040715/GOBO-0.03-NtciCd/blib/lib/GOBO/ClassExpression.pm line 80.
BEGIN failed--compilation aborted at /tmpfs/.cpan-build-cpansand/2016040715/GOBO-0.03-NtciCd/blib/lib/GOBO/ClassExpression.pm line 80.
Compilation failed in require at t/classexpr.t line 3.
BEGIN failed--compilation aborted at t/classexpr.t line 3.
t/classexpr.t ................ 
Dubious, test returned 255 (wstat 65280, 0xff00)
No subtests run 
You cannot coerce an attribute (source) unless its type (GOBO::Node) has a coercion at /opt/perl-5.16.3/lib/site_perl/5.16.3/x86_64-linux/Moose/Exporter.pm line 419
	Moose::with('GOBO::Attributed') called at /tmpfs/.cpan-build-cpansand/2016040715/GOBO-0.03-NtciCd/blib/lib/GOBO/Synonym.pm line 17
	require GOBO/Synonym.pm at /tmpfs/.cpan-build-cpansand/2016040715/GOBO-0.03-NtciCd/blib/lib/GOBO/Labeled.pm line 23
	GOBO::Labeled::BEGIN at /tmpfs/.cpan-build-cpansand/2016040715/GOBO-0.03-NtciCd/blib/lib/GOBO/Synonym.pm line 0
	eval {...} at /tmpfs/.cpan-build-cpansand/2016040715/GOBO-0.03-NtciCd/blib/lib/GOBO/Synonym.pm line 0
	require GOBO/Labeled.pm at /opt/perl-5.16.3/lib/site_perl/5.16.3/Module/Runtime.pm line 317
	Module::Runtime::require_module('GOBO::Labeled') called at /opt/perl-5.16.3/lib/site_perl/5.16.3/Module/Runtime.pm line 348
	Module::Runtime::use_module('GOBO::Labeled') called at /opt/perl-5.16.3/lib/site_perl/5.16.3/x86_64-linux/Moose/Util.pm line 147
	Moose::Util::_apply_all_roles('Moose::Meta::Class=HASH(0x3034008)', undef, 'GOBO::Labeled') called at /opt/perl-5.16.3/lib/site_perl/5.16.3/x86_64-linux/Moose/Util.pm line 114
	Moose::Util::apply_all_roles('Moose::Meta::Class=HASH(0x3034008)', 'GOBO::Labeled') called at /opt/perl-5.16.3/lib/site_perl/5.16.3/x86_64-linux/Moose.pm line 59
	Moose::with('Moose::Meta::Class=HASH(0x3034008)', 'GOBO::Labeled') called at /opt/perl-5.16.3/lib/site_perl/5.16.3/x86_64-linux/Moose/Exporter.pm line 419
	Moose::with('GOBO::Labeled') called at /tmpfs/.cpan-build-cpansand/2016040715/GOBO-0.03-NtciCd/blib/lib/GOBO/Node.pm line 6
	require GOBO/Node.pm at /opt/perl-5.16.3/lib/site_perl/5.16.3/Module/Runtime.pm line 317
	Module::Runtime::require_module('GOBO::Node') called at /opt/perl-5.16.3/lib/site_perl/5.16.3/Module/Runtime.pm line 381
	eval {...} at /opt/perl-5.16.3/lib/site_perl/5.16.3/Module/Runtime.pm line 381
	Module::Runtime::use_package_optimistically('GOBO::Node') called at /opt/perl-5.16.3/lib/site_perl/5.16.3/x86_64-linux/Moose/Util.pm line 349
	Moose::Util::_load_user_class('GOBO::Node', undef) called at /opt/perl-5.16.3/lib/site_perl/5.16.3/x86_64-linux/Moose/Meta/Class.pm line 557
	Moose::Meta::Class::superclasses(undef, 'GOBO::Node') called at /opt/perl-5.16.3/lib/site_perl/5.16.3/x86_64-linux/Moose.pm line 55
	Moose::extends('Moose::Meta::Class=HASH(0x2eedb88)', 'GOBO::Node') called at /opt/perl-5.16.3/lib/site_perl/5.16.3/x86_64-linux/Moose/Exporter.pm line 419
	Moose::extends('GOBO::Node') called at /tmpfs/.cpan-build-cpansand/2016040715/GOBO-0.03-NtciCd/blib/lib/GOBO/Evidence.pm line 4
	require GOBO/Evidence.pm at /tmpfs/.cpan-build-cpansand/2016040715/GOBO-0.03-NtciCd/blib/lib/GOBO/Annotation.pm line 5
	GOBO::Annotation::BEGIN at /tmpfs/.cpan-build-cpansand/2016040715/GOBO-0.03-NtciCd/blib/lib/GOBO/Synonym.pm line 0
	eval {...} at /tmpfs/.cpan-build-cpansand/2016040715/GOBO-0.03-NtciCd/blib/lib/GOBO/Synonym.pm line 0
	require GOBO/Annotation.pm at /tmpfs/.cpan-build-cpansand/2016040715/GOBO-0.03-NtciCd/blib/lib/GOBO/Graph.pm line 55
	GOBO::Graph::BEGIN at /tmpfs/.cpan-build-cpansand/2016040715/GOBO-0.03-NtciCd/blib/lib/GOBO/Synonym.pm line 0
	eval {...} at /tmpfs/.cpan-build-cpansand/2016040715/GOBO-0.03-NtciCd/blib/lib/GOBO/Synonym.pm line 0
	require GOBO/Graph.pm at t/dbconnect.t line 4
	main::BEGIN at /tmpfs/.cpan-build-cpansand/2016040715/GOBO-0.03-NtciCd/blib/lib/GOBO/Synonym.pm line 0
	eval {...} at /tmpfs/.cpan-build-cpansand/2016040715/GOBO-0.03-NtciCd/blib/lib/GOBO/Synonym.pm line 0
Compilation failed in require at /tmpfs/.cpan-build-cpansand/2016040715/GOBO-0.03-NtciCd/blib/lib/GOBO/Labeled.pm line 23.
BEGIN failed--compilation aborted at /tmpfs/.cpan-build-cpansand/2016040715/GOBO-0.03-NtciCd/blib/lib/GOBO/Labeled.pm line 23.
Compilation failed in require at /opt/perl-5.16.3/lib/site_perl/5.16.3/Module/Runtime.pm line 317.
Compilation failed in require at /opt/perl-5.16.3/lib/site_perl/5.16.3/Module/Runtime.pm line 317.
Compilation failed in require at /tmpfs/.cpan-build-cpansand/2016040715/GOBO-0.03-NtciCd/blib/lib/GOBO/Annotation.pm line 5.
BEGIN failed--compilation aborted at /tmpfs/.cpan-build-cpansand/2016040715/GOBO-0.03-NtciCd/blib/lib/GOBO/Annotation.pm line 5.
Compilation failed in require at /tmpfs/.cpan-build-cpansand/2016040715/GOBO-0.03-NtciCd/blib/lib/GOBO/Graph.pm line 55.
BEGIN failed--compilation aborted at /tmpfs/.cpan-build-cpansand/2016040715/GOBO-0.03-NtciCd/blib/lib/GOBO/Graph.pm line 55.
Compilation failed in require at t/dbconnect.t line 4.
BEGIN failed--compilation aborted at t/dbconnect.t line 4.
t/dbconnect.t ................ 
Dubious, test returned 255 (wstat 65280, 0xff00)
No subtests run 
You cannot coerce an attribute (source) unless its type (GOBO::Node) has a coercion at /opt/perl-5.16.3/lib/site_perl/5.16.3/x86_64-linux/Moose/Exporter.pm line 419
	Moose::with('GOBO::Attributed') called at /tmpfs/.cpan-build-cpansand/2016040715/GOBO-0.03-NtciCd/blib/lib/GOBO/Synonym.pm line 17
	require GOBO/Synonym.pm at /tmpfs/.cpan-build-cpansand/2016040715/GOBO-0.03-NtciCd/blib/lib/GOBO/Labeled.pm line 23
	GOBO::Labeled::BEGIN at /tmpfs/.cpan-build-cpansand/2016040715/GOBO-0.03-NtciCd/blib/lib/GOBO/Synonym.pm line 0
	eval {...} at /tmpfs/.cpan-build-cpansand/2016040715/GOBO-0.03-NtciCd/blib/lib/GOBO/Synonym.pm line 0
	require GOBO/Labeled.pm at /opt/perl-5.16.3/lib/site_perl/5.16.3/Module/Runtime.pm line 317
	Module::Runtime::require_module('GOBO::Labeled') called at /opt/perl-5.16.3/lib/site_perl/5.16.3/Module/Runtime.pm line 348
	Module::Runtime::use_module('GOBO::Labeled') called at /opt/perl-5.16.3/lib/site_perl/5.16.3/x86_64-linux/Moose/Util.pm line 147
	Moose::Util::_apply_all_roles('Moose::Meta::Class=HASH(0x2cae5f8)', undef, 'GOBO::Labeled') called at /opt/perl-5.16.3/lib/site_perl/5.16.3/x86_64-linux/Moose/Util.pm line 114
	Moose::Util::apply_all_roles('Moose::Meta::Class=HASH(0x2cae5f8)', 'GOBO::Labeled') called at /opt/perl-5.16.3/lib/site_perl/5.16.3/x86_64-linux/Moose.pm line 59
	Moose::with('Moose::Meta::Class=HASH(0x2cae5f8)', 'GOBO::Labeled') called at /opt/perl-5.16.3/lib/site_perl/5.16.3/x86_64-linux/Moose/Exporter.pm line 419
	Moose::with('GOBO::Labeled') called at /tmpfs/.cpan-build-cpansand/2016040715/GOBO-0.03-NtciCd/blib/lib/GOBO/Node.pm line 6
	require GOBO/Node.pm at /opt/perl-5.16.3/lib/site_perl/5.16.3/Module/Runtime.pm line 317
	Module::Runtime::require_module('GOBO::Node') called at /opt/perl-5.16.3/lib/site_perl/5.16.3/Module/Runtime.pm line 381
	eval {...} at /opt/perl-5.16.3/lib/site_perl/5.16.3/Module/Runtime.pm line 381
	Module::Runtime::use_package_optimistically('GOBO::Node') called at /opt/perl-5.16.3/lib/site_perl/5.16.3/x86_64-linux/Moose/Util.pm line 349
	Moose::Util::_load_user_class('GOBO::Node', undef) called at /opt/perl-5.16.3/lib/site_perl/5.16.3/x86_64-linux/Moose/Meta/Class.pm line 557
	Moose::Meta::Class::superclasses(undef, 'GOBO::Node') called at /opt/perl-5.16.3/lib/site_perl/5.16.3/x86_64-linux/Moose.pm line 55
	Moose::extends('Moose::Meta::Class=HASH(0x2b681f8)', 'GOBO::Node') called at /opt/perl-5.16.3/lib/site_perl/5.16.3/x86_64-linux/Moose/Exporter.pm line 419
	Moose::extends('GOBO::Node') called at /tmpfs/.cpan-build-cpansand/2016040715/GOBO-0.03-NtciCd/blib/lib/GOBO/Evidence.pm line 4
	require GOBO/Evidence.pm at /tmpfs/.cpan-build-cpansand/2016040715/GOBO-0.03-NtciCd/blib/lib/GOBO/Annotation.pm line 5
	GOBO::Annotation::BEGIN at /tmpfs/.cpan-build-cpansand/2016040715/GOBO-0.03-NtciCd/blib/lib/GOBO/Synonym.pm line 0
	eval {...} at /tmpfs/.cpan-build-cpansand/2016040715/GOBO-0.03-NtciCd/blib/lib/GOBO/Synonym.pm line 0
	require GOBO/Annotation.pm at /tmpfs/.cpan-build-cpansand/2016040715/GOBO-0.03-NtciCd/blib/lib/GOBO/Graph.pm line 55
	GOBO::Graph::BEGIN at /tmpfs/.cpan-build-cpansand/2016040715/GOBO-0.03-NtciCd/blib/lib/GOBO/Synonym.pm line 0
	eval {...} at /tmpfs/.cpan-build-cpansand/2016040715/GOBO-0.03-NtciCd/blib/lib/GOBO/Synonym.pm line 0
	require GOBO/Graph.pm at t/gaf_inference_test.t line 4
	main::BEGIN at /tmpfs/.cpan-build-cpansand/2016040715/GOBO-0.03-NtciCd/blib/lib/GOBO/Synonym.pm line 0
	eval {...} at /tmpfs/.cpan-build-cpansand/2016040715/GOBO-0.03-NtciCd/blib/lib/GOBO/Synonym.pm line 0
Compilation failed in require at /tmpfs/.cpan-build-cpansand/2016040715/GOBO-0.03-NtciCd/blib/lib/GOBO/Labeled.pm line 23.
BEGIN failed--compilation aborted at /tmpfs/.cpan-build-cpansand/2016040715/GOBO-0.03-NtciCd/blib/lib/GOBO/Labeled.pm line 23.
Compilation failed in require at /opt/perl-5.16.3/lib/site_perl/5.16.3/Module/Runtime.pm line 317.
Compilation failed in require at /opt/perl-5.16.3/lib/site_perl/5.16.3/Module/Runtime.pm line 317.
Compilation failed in require at /tmpfs/.cpan-build-cpansand/2016040715/GOBO-0.03-NtciCd/blib/lib/GOBO/Annotation.pm line 5.
BEGIN failed--compilation aborted at /tmpfs/.cpan-build-cpansand/2016040715/GOBO-0.03-NtciCd/blib/lib/GOBO/Annotation.pm line 5.
Compilation failed in require at /tmpfs/.cpan-build-cpansand/2016040715/GOBO-0.03-NtciCd/blib/lib/GOBO/Graph.pm line 55.
BEGIN failed--compilation aborted at /tmpfs/.cpan-build-cpansand/2016040715/GOBO-0.03-NtciCd/blib/lib/GOBO/Graph.pm line 55.
Compilation failed in require at t/gaf_inference_test.t line 4.
BEGIN failed--compilation aborted at t/gaf_inference_test.t line 4.
t/gaf_inference_test.t ....... 
Dubious, test returned 255 (wstat 65280, 0xff00)
No subtests run 
You cannot coerce an attribute (source) unless its type (GOBO::Node) has a coercion at /opt/perl-5.16.3/lib/site_perl/5.16.3/x86_64-linux/Moose/Exporter.pm line 419
	Moose::with('GOBO::Attributed') called at /tmpfs/.cpan-build-cpansand/2016040715/GOBO-0.03-NtciCd/blib/lib/GOBO/Synonym.pm line 17
	require GOBO/Synonym.pm at /tmpfs/.cpan-build-cpansand/2016040715/GOBO-0.03-NtciCd/blib/lib/GOBO/Labeled.pm line 23
	GOBO::Labeled::BEGIN at /tmpfs/.cpan-build-cpansand/2016040715/GOBO-0.03-NtciCd/blib/lib/GOBO/Synonym.pm line 0
	eval {...} at /tmpfs/.cpan-build-cpansand/2016040715/GOBO-0.03-NtciCd/blib/lib/GOBO/Synonym.pm line 0
	require GOBO/Labeled.pm at /opt/perl-5.16.3/lib/site_perl/5.16.3/Module/Runtime.pm line 317
	Module::Runtime::require_module('GOBO::Labeled') called at /opt/perl-5.16.3/lib/site_perl/5.16.3/Module/Runtime.pm line 348
	Module::Runtime::use_module('GOBO::Labeled') called at /opt/perl-5.16.3/lib/site_perl/5.16.3/x86_64-linux/Moose/Util.pm line 147
	Moose::Util::_apply_all_roles('Moose::Meta::Class=HASH(0x236ae08)', undef, 'GOBO::Labeled') called at /opt/perl-5.16.3/lib/site_perl/5.16.3/x86_64-linux/Moose/Util.pm line 114
	Moose::Util::apply_all_roles('Moose::Meta::Class=HASH(0x236ae08)', 'GOBO::Labeled') called at /opt/perl-5.16.3/lib/site_perl/5.16.3/x86_64-linux/Moose.pm line 59
	Moose::with('Moose::Meta::Class=HASH(0x236ae08)', 'GOBO::Labeled') called at /opt/perl-5.16.3/lib/site_perl/5.16.3/x86_64-linux/Moose/Exporter.pm line 419
	Moose::with('GOBO::Labeled') called at /tmpfs/.cpan-build-cpansand/2016040715/GOBO-0.03-NtciCd/blib/lib/GOBO/Node.pm line 6
	require GOBO/Node.pm at /opt/perl-5.16.3/lib/site_perl/5.16.3/Module/Runtime.pm line 317
	Module::Runtime::require_module('GOBO::Node') called at /opt/perl-5.16.3/lib/site_perl/5.16.3/Module/Runtime.pm line 381
	eval {...} at /opt/perl-5.16.3/lib/site_perl/5.16.3/Module/Runtime.pm line 381
	Module::Runtime::use_package_optimistically('GOBO::Node') called at /opt/perl-5.16.3/lib/site_perl/5.16.3/x86_64-linux/Moose/Util.pm line 349
	Moose::Util::_load_user_class('GOBO::Node', undef) called at /opt/perl-5.16.3/lib/site_perl/5.16.3/x86_64-linux/Moose/Meta/Class.pm line 557
	Moose::Meta::Class::superclasses(undef, 'GOBO::Node') called at /opt/perl-5.16.3/lib/site_perl/5.16.3/x86_64-linux/Moose.pm line 55
	Moose::extends('Moose::Meta::Class=HASH(0x2224aa8)', 'GOBO::Node') called at /opt/perl-5.16.3/lib/site_perl/5.16.3/x86_64-linux/Moose/Exporter.pm line 419
	Moose::extends('GOBO::Node') called at /tmpfs/.cpan-build-cpansand/2016040715/GOBO-0.03-NtciCd/blib/lib/GOBO/Evidence.pm line 4
	require GOBO/Evidence.pm at /tmpfs/.cpan-build-cpansand/2016040715/GOBO-0.03-NtciCd/blib/lib/GOBO/Annotation.pm line 5
	GOBO::Annotation::BEGIN at /tmpfs/.cpan-build-cpansand/2016040715/GOBO-0.03-NtciCd/blib/lib/GOBO/Synonym.pm line 0
	eval {...} at /tmpfs/.cpan-build-cpansand/2016040715/GOBO-0.03-NtciCd/blib/lib/GOBO/Synonym.pm line 0
	require GOBO/Annotation.pm at /tmpfs/.cpan-build-cpansand/2016040715/GOBO-0.03-NtciCd/blib/lib/GOBO/Graph.pm line 55
	GOBO::Graph::BEGIN at /tmpfs/.cpan-build-cpansand/2016040715/GOBO-0.03-NtciCd/blib/lib/GOBO/Synonym.pm line 0
	eval {...} at /tmpfs/.cpan-build-cpansand/2016040715/GOBO-0.03-NtciCd/blib/lib/GOBO/Synonym.pm line 0
	require GOBO/Graph.pm at t/gaftest.t line 3
	main::BEGIN at /tmpfs/.cpan-build-cpansand/2016040715/GOBO-0.03-NtciCd/blib/lib/GOBO/Synonym.pm line 0
	eval {...} at /tmpfs/.cpan-build-cpansand/2016040715/GOBO-0.03-NtciCd/blib/lib/GOBO/Synonym.pm line 0
Compilation failed in require at /tmpfs/.cpan-build-cpansand/2016040715/GOBO-0.03-NtciCd/blib/lib/GOBO/Labeled.pm line 23.
BEGIN failed--compilation aborted at /tmpfs/.cpan-build-cpansand/2016040715/GOBO-0.03-NtciCd/blib/lib/GOBO/Labeled.pm line 23.
Compilation failed in require at /opt/perl-5.16.3/lib/site_perl/5.16.3/Module/Runtime.pm line 317.
Compilation failed in require at /opt/perl-5.16.3/lib/site_perl/5.16.3/Module/Runtime.pm line 317.
Compilation failed in require at /tmpfs/.cpan-build-cpansand/2016040715/GOBO-0.03-NtciCd/blib/lib/GOBO/Annotation.pm line 5.
BEGIN failed--compilation aborted at /tmpfs/.cpan-build-cpansand/2016040715/GOBO-0.03-NtciCd/blib/lib/GOBO/Annotation.pm line 5.
Compilation failed in require at /tmpfs/.cpan-build-cpansand/2016040715/GOBO-0.03-NtciCd/blib/lib/GOBO/Graph.pm line 55.
BEGIN failed--compilation aborted at /tmpfs/.cpan-build-cpansand/2016040715/GOBO-0.03-NtciCd/blib/lib/GOBO/Graph.pm line 55.
Compilation failed in require at t/gaftest.t line 3.
BEGIN failed--compilation aborted at t/gaftest.t line 3.
t/gaftest.t .................. 
Dubious, test returned 255 (wstat 65280, 0xff00)
No subtests run 
You cannot coerce an attribute (source) unless its type (GOBO::Node) has a coercion at /opt/perl-5.16.3/lib/site_perl/5.16.3/x86_64-linux/Moose/Exporter.pm line 419
	Moose::with('GOBO::Attributed') called at /tmpfs/.cpan-build-cpansand/2016040715/GOBO-0.03-NtciCd/blib/lib/GOBO/Synonym.pm line 17
	require GOBO/Synonym.pm at /tmpfs/.cpan-build-cpansand/2016040715/GOBO-0.03-NtciCd/blib/lib/GOBO/Labeled.pm line 23
	GOBO::Labeled::BEGIN at /tmpfs/.cpan-build-cpansand/2016040715/GOBO-0.03-NtciCd/blib/lib/GOBO/Synonym.pm line 0
	eval {...} at /tmpfs/.cpan-build-cpansand/2016040715/GOBO-0.03-NtciCd/blib/lib/GOBO/Synonym.pm line 0
	require GOBO/Labeled.pm at /opt/perl-5.16.3/lib/site_perl/5.16.3/Module/Runtime.pm line 317
	Module::Runtime::require_module('GOBO::Labeled') called at /opt/perl-5.16.3/lib/site_perl/5.16.3/Module/Runtime.pm line 348
	Module::Runtime::use_module('GOBO::Labeled') called at /opt/perl-5.16.3/lib/site_perl/5.16.3/x86_64-linux/Moose/Util.pm line 147
	Moose::Util::_apply_all_roles('Moose::Meta::Class=HASH(0x1f58e98)', undef, 'GOBO::Labeled') called at /opt/perl-5.16.3/lib/site_perl/5.16.3/x86_64-linux/Moose/Util.pm line 114
	Moose::Util::apply_all_roles('Moose::Meta::Class=HASH(0x1f58e98)', 'GOBO::Labeled') called at /opt/perl-5.16.3/lib/site_perl/5.16.3/x86_64-linux/Moose.pm line 59
	Moose::with('Moose::Meta::Class=HASH(0x1f58e98)', 'GOBO::Labeled') called at /opt/perl-5.16.3/lib/site_perl/5.16.3/x86_64-linux/Moose/Exporter.pm line 419
	Moose::with('GOBO::Labeled') called at /tmpfs/.cpan-build-cpansand/2016040715/GOBO-0.03-NtciCd/blib/lib/GOBO/Node.pm line 6
	require GOBO/Node.pm at /opt/perl-5.16.3/lib/site_perl/5.16.3/Module/Runtime.pm line 317
	Module::Runtime::require_module('GOBO::Node') called at /opt/perl-5.16.3/lib/site_perl/5.16.3/Module/Runtime.pm line 381
	eval {...} at /opt/perl-5.16.3/lib/site_perl/5.16.3/Module/Runtime.pm line 381
	Module::Runtime::use_package_optimistically('GOBO::Node') called at /opt/perl-5.16.3/lib/site_perl/5.16.3/x86_64-linux/Moose/Util.pm line 349
	Moose::Util::_load_user_class('GOBO::Node', undef) called at /opt/perl-5.16.3/lib/site_perl/5.16.3/x86_64-linux/Moose/Meta/Class.pm line 557
	Moose::Meta::Class::superclasses(undef, 'GOBO::Node') called at /opt/perl-5.16.3/lib/site_perl/5.16.3/x86_64-linux/Moose.pm line 55
	Moose::extends('Moose::Meta::Class=HASH(0x1e12af8)', 'GOBO::Node') called at /opt/perl-5.16.3/lib/site_perl/5.16.3/x86_64-linux/Moose/Exporter.pm line 419
	Moose::extends('GOBO::Node') called at /tmpfs/.cpan-build-cpansand/2016040715/GOBO-0.03-NtciCd/blib/lib/GOBO/Evidence.pm line 4
	require GOBO/Evidence.pm at /tmpfs/.cpan-build-cpansand/2016040715/GOBO-0.03-NtciCd/blib/lib/GOBO/Annotation.pm line 5
	GOBO::Annotation::BEGIN at /tmpfs/.cpan-build-cpansand/2016040715/GOBO-0.03-NtciCd/blib/lib/GOBO/Synonym.pm line 0
	eval {...} at /tmpfs/.cpan-build-cpansand/2016040715/GOBO-0.03-NtciCd/blib/lib/GOBO/Synonym.pm line 0
	require GOBO/Annotation.pm at /tmpfs/.cpan-build-cpansand/2016040715/GOBO-0.03-NtciCd/blib/lib/GOBO/Graph.pm line 55
	GOBO::Graph::BEGIN at /tmpfs/.cpan-build-cpansand/2016040715/GOBO-0.03-NtciCd/blib/lib/GOBO/Synonym.pm line 0
	eval {...} at /tmpfs/.cpan-build-cpansand/2016040715/GOBO-0.03-NtciCd/blib/lib/GOBO/Synonym.pm line 0
	require GOBO/Graph.pm at t/gaftest_chunked.t line 3
	main::BEGIN at /tmpfs/.cpan-build-cpansand/2016040715/GOBO-0.03-NtciCd/blib/lib/GOBO/Synonym.pm line 0
	eval {...} at /tmpfs/.cpan-build-cpansand/2016040715/GOBO-0.03-NtciCd/blib/lib/GOBO/Synonym.pm line 0
Compilation failed in require at /tmpfs/.cpan-build-cpansand/2016040715/GOBO-0.03-NtciCd/blib/lib/GOBO/Labeled.pm line 23.
BEGIN failed--compilation aborted at /tmpfs/.cpan-build-cpansand/2016040715/GOBO-0.03-NtciCd/blib/lib/GOBO/Labeled.pm line 23.
Compilation failed in require at /opt/perl-5.16.3/lib/site_perl/5.16.3/Module/Runtime.pm line 317.
Compilation failed in require at /opt/perl-5.16.3/lib/site_perl/5.16.3/Module/Runtime.pm line 317.
Compilation failed in require at /tmpfs/.cpan-build-cpansand/2016040715/GOBO-0.03-NtciCd/blib/lib/GOBO/Annotation.pm line 5.
BEGIN failed--compilation aborted at /tmpfs/.cpan-build-cpansand/2016040715/GOBO-0.03-NtciCd/blib/lib/GOBO/Annotation.pm line 5.
Compilation failed in require at /tmpfs/.cpan-build-cpansand/2016040715/GOBO-0.03-NtciCd/blib/lib/GOBO/Graph.pm line 55.
BEGIN failed--compilation aborted at /tmpfs/.cpan-build-cpansand/2016040715/GOBO-0.03-NtciCd/blib/lib/GOBO/Graph.pm line 55.
Compilation failed in require at t/gaftest_chunked.t line 3.
BEGIN failed--compilation aborted at t/gaftest_chunked.t line 3.
t/gaftest_chunked.t .......... 
Dubious, test returned 255 (wstat 65280, 0xff00)
No subtests run 
You cannot coerce an attribute (source) unless its type (GOBO::Node) has a coercion at /opt/perl-5.16.3/lib/site_perl/5.16.3/x86_64-linux/Moose/Exporter.pm line 419
	Moose::with('GOBO::Attributed') called at /tmpfs/.cpan-build-cpansand/2016040715/GOBO-0.03-NtciCd/blib/lib/GOBO/Synonym.pm line 17
	require GOBO/Synonym.pm at /tmpfs/.cpan-build-cpansand/2016040715/GOBO-0.03-NtciCd/blib/lib/GOBO/Labeled.pm line 23
	GOBO::Labeled::BEGIN at /tmpfs/.cpan-build-cpansand/2016040715/GOBO-0.03-NtciCd/blib/lib/GOBO/Synonym.pm line 0
	eval {...} at /tmpfs/.cpan-build-cpansand/2016040715/GOBO-0.03-NtciCd/blib/lib/GOBO/Synonym.pm line 0
	require GOBO/Labeled.pm at /opt/perl-5.16.3/lib/site_perl/5.16.3/Module/Runtime.pm line 317
	Module::Runtime::require_module('GOBO::Labeled') called at /opt/perl-5.16.3/lib/site_perl/5.16.3/Module/Runtime.pm line 348
	Module::Runtime::use_module('GOBO::Labeled') called at /opt/perl-5.16.3/lib/site_perl/5.16.3/x86_64-linux/Moose/Util.pm line 147
	Moose::Util::_apply_all_roles('Moose::Meta::Class=HASH(0x1c26fe8)', undef, 'GOBO::Labeled') called at /opt/perl-5.16.3/lib/site_perl/5.16.3/x86_64-linux/Moose/Util.pm line 114
	Moose::Util::apply_all_roles('Moose::Meta::Class=HASH(0x1c26fe8)', 'GOBO::Labeled') called at /opt/perl-5.16.3/lib/site_perl/5.16.3/x86_64-linux/Moose.pm line 59
	Moose::with('Moose::Meta::Class=HASH(0x1c26fe8)', 'GOBO::Labeled') called at /opt/perl-5.16.3/lib/site_perl/5.16.3/x86_64-linux/Moose/Exporter.pm line 419
	Moose::with('GOBO::Labeled') called at /tmpfs/.cpan-build-cpansand/2016040715/GOBO-0.03-NtciCd/blib/lib/GOBO/Node.pm line 6
	require GOBO/Node.pm at /opt/perl-5.16.3/lib/site_perl/5.16.3/Module/Runtime.pm line 317
	Module::Runtime::require_module('GOBO::Node') called at /opt/perl-5.16.3/lib/site_perl/5.16.3/Module/Runtime.pm line 381
	eval {...} at /opt/perl-5.16.3/lib/site_perl/5.16.3/Module/Runtime.pm line 381
	Module::Runtime::use_package_optimistically('GOBO::Node') called at /opt/perl-5.16.3/lib/site_perl/5.16.3/x86_64-linux/Moose/Util.pm line 349
	Moose::Util::_load_user_class('GOBO::Node', undef) called at /opt/perl-5.16.3/lib/site_perl/5.16.3/x86_64-linux/Moose/Meta/Class.pm line 557
	Moose::Meta::Class::superclasses(undef, 'GOBO::Node') called at /opt/perl-5.16.3/lib/site_perl/5.16.3/x86_64-linux/Moose.pm line 55
	Moose::extends('Moose::Meta::Class=HASH(0x1ae0b48)', 'GOBO::Node') called at /opt/perl-5.16.3/lib/site_perl/5.16.3/x86_64-linux/Moose/Exporter.pm line 419
	Moose::extends('GOBO::Node') called at /tmpfs/.cpan-build-cpansand/2016040715/GOBO-0.03-NtciCd/blib/lib/GOBO/Evidence.pm line 4
	require GOBO/Evidence.pm at /tmpfs/.cpan-build-cpansand/2016040715/GOBO-0.03-NtciCd/blib/lib/GOBO/Annotation.pm line 5
	GOBO::Annotation::BEGIN at /tmpfs/.cpan-build-cpansand/2016040715/GOBO-0.03-NtciCd/blib/lib/GOBO/Synonym.pm line 0
	eval {...} at /tmpfs/.cpan-build-cpansand/2016040715/GOBO-0.03-NtciCd/blib/lib/GOBO/Synonym.pm line 0
	require GOBO/Annotation.pm at /tmpfs/.cpan-build-cpansand/2016040715/GOBO-0.03-NtciCd/blib/lib/GOBO/Graph.pm line 55
	GOBO::Graph::BEGIN at /tmpfs/.cpan-build-cpansand/2016040715/GOBO-0.03-NtciCd/blib/lib/GOBO/Synonym.pm line 0
	eval {...} at /tmpfs/.cpan-build-cpansand/2016040715/GOBO-0.03-NtciCd/blib/lib/GOBO/Synonym.pm line 0
	require GOBO/Graph.pm at t/gaftest_chunked_gzipped.t line 3
	main::BEGIN at /tmpfs/.cpan-build-cpansand/2016040715/GOBO-0.03-NtciCd/blib/lib/GOBO/Synonym.pm line 0
	eval {...} at /tmpfs/.cpan-build-cpansand/2016040715/GOBO-0.03-NtciCd/blib/lib/GOBO/Synonym.pm line 0
Compilation failed in require at /tmpfs/.cpan-build-cpansand/2016040715/GOBO-0.03-NtciCd/blib/lib/GOBO/Labeled.pm line 23.
BEGIN failed--compilation aborted at /tmpfs/.cpan-build-cpansand/2016040715/GOBO-0.03-NtciCd/blib/lib/GOBO/Labeled.pm line 23.
Compilation failed in require at /opt/perl-5.16.3/lib/site_perl/5.16.3/Module/Runtime.pm line 317.
Compilation failed in require at /opt/perl-5.16.3/lib/site_perl/5.16.3/Module/Runtime.pm line 317.
Compilation failed in require at /tmpfs/.cpan-build-cpansand/2016040715/GOBO-0.03-NtciCd/blib/lib/GOBO/Annotation.pm line 5.
BEGIN failed--compilation aborted at /tmpfs/.cpan-build-cpansand/2016040715/GOBO-0.03-NtciCd/blib/lib/GOBO/Annotation.pm line 5.
Compilation failed in require at /tmpfs/.cpan-build-cpansand/2016040715/GOBO-0.03-NtciCd/blib/lib/GOBO/Graph.pm line 55.
BEGIN failed--compilation aborted at /tmpfs/.cpan-build-cpansand/2016040715/GOBO-0.03-NtciCd/blib/lib/GOBO/Graph.pm line 55.
Compilation failed in require at t/gaftest_chunked_gzipped.t line 3.
BEGIN failed--compilation aborted at t/gaftest_chunked_gzipped.t line 3.
t/gaftest_chunked_gzipped.t .. 
Dubious, test returned 255 (wstat 65280, 0xff00)
No subtests run 
You cannot coerce an attribute (source) unless its type (GOBO::Node) has a coercion at /opt/perl-5.16.3/lib/site_perl/5.16.3/x86_64-linux/Moose/Exporter.pm line 419
	Moose::with('GOBO::Attributed') called at /tmpfs/.cpan-build-cpansand/2016040715/GOBO-0.03-NtciCd/blib/lib/GOBO/Synonym.pm line 17
	require GOBO/Synonym.pm at /tmpfs/.cpan-build-cpansand/2016040715/GOBO-0.03-NtciCd/blib/lib/GOBO/Labeled.pm line 23
	GOBO::Labeled::BEGIN at /tmpfs/.cpan-build-cpansand/2016040715/GOBO-0.03-NtciCd/blib/lib/GOBO/Synonym.pm line 0
	eval {...} at /tmpfs/.cpan-build-cpansand/2016040715/GOBO-0.03-NtciCd/blib/lib/GOBO/Synonym.pm line 0
	require GOBO/Labeled.pm at /opt/perl-5.16.3/lib/site_perl/5.16.3/Module/Runtime.pm line 317
	Module::Runtime::require_module('GOBO::Labeled') called at /opt/perl-5.16.3/lib/site_perl/5.16.3/Module/Runtime.pm line 348
	Module::Runtime::use_module('GOBO::Labeled') called at /opt/perl-5.16.3/lib/site_perl/5.16.3/x86_64-linux/Moose/Util.pm line 147
	Moose::Util::_apply_all_roles('Moose::Meta::Class=HASH(0x33dc250)', undef, 'GOBO::Labeled') called at /opt/perl-5.16.3/lib/site_perl/5.16.3/x86_64-linux/Moose/Util.pm line 114
	Moose::Util::apply_all_roles('Moose::Meta::Class=HASH(0x33dc250)', 'GOBO::Labeled') called at /opt/perl-5.16.3/lib/site_perl/5.16.3/x86_64-linux/Moose.pm line 59
	Moose::with('Moose::Meta::Class=HASH(0x33dc250)', 'GOBO::Labeled') called at /opt/perl-5.16.3/lib/site_perl/5.16.3/x86_64-linux/Moose/Exporter.pm line 419
	Moose::with('GOBO::Labeled') called at /tmpfs/.cpan-build-cpansand/2016040715/GOBO-0.03-NtciCd/blib/lib/GOBO/Node.pm line 6
	require GOBO/Node.pm at /opt/perl-5.16.3/lib/site_perl/5.16.3/Module/Runtime.pm line 317
	Module::Runtime::require_module('GOBO::Node') called at /opt/perl-5.16.3/lib/site_perl/5.16.3/Module/Runtime.pm line 381
	eval {...} at /opt/perl-5.16.3/lib/site_perl/5.16.3/Module/Runtime.pm line 381
	Module::Runtime::use_package_optimistically('GOBO::Node') called at /opt/perl-5.16.3/lib/site_perl/5.16.3/x86_64-linux/Moose/Util.pm line 349
	Moose::Util::_load_user_class('GOBO::Node', undef) called at /opt/perl-5.16.3/lib/site_perl/5.16.3/x86_64-linux/Moose/Meta/Class.pm line 557
	Moose::Meta::Class::superclasses(undef, 'GOBO::Node') called at /opt/perl-5.16.3/lib/site_perl/5.16.3/x86_64-linux/Moose.pm line 55
	Moose::extends('Moose::Meta::Class=HASH(0x33c0f68)', 'GOBO::Node') called at /opt/perl-5.16.3/lib/site_perl/5.16.3/x86_64-linux/Moose/Exporter.pm line 419
	Moose::extends('GOBO::Node') called at /tmpfs/.cpan-build-cpansand/2016040715/GOBO-0.03-NtciCd/blib/lib/GOBO/Evidence.pm line 4
	require GOBO/Evidence.pm at /tmpfs/.cpan-build-cpansand/2016040715/GOBO-0.03-NtciCd/blib/lib/GOBO/Annotation.pm line 5
	GOBO::Annotation::BEGIN at /tmpfs/.cpan-build-cpansand/2016040715/GOBO-0.03-NtciCd/blib/lib/GOBO/Synonym.pm line 0
	eval {...} at /tmpfs/.cpan-build-cpansand/2016040715/GOBO-0.03-NtciCd/blib/lib/GOBO/Synonym.pm line 0
	require GOBO/Annotation.pm at /tmpfs/.cpan-build-cpansand/2016040715/GOBO-0.03-NtciCd/blib/lib/GOBO/Graph.pm line 55
	GOBO::Graph::BEGIN at /tmpfs/.cpan-build-cpansand/2016040715/GOBO-0.03-NtciCd/blib/lib/GOBO/Synonym.pm line 0
	eval {...} at /tmpfs/.cpan-build-cpansand/2016040715/GOBO-0.03-NtciCd/blib/lib/GOBO/Synonym.pm line 0
	require GOBO/Graph.pm at t/graph_creation.t line 11
	main::BEGIN at /tmpfs/.cpan-build-cpansand/2016040715/GOBO-0.03-NtciCd/blib/lib/GOBO/Synonym.pm line 0
	eval {...} at /tmpfs/.cpan-build-cpansand/2016040715/GOBO-0.03-NtciCd/blib/lib/GOBO/Synonym.pm line 0
Compilation failed in require at /tmpfs/.cpan-build-cpansand/2016040715/GOBO-0.03-NtciCd/blib/lib/GOBO/Labeled.pm line 23.
BEGIN failed--compilation aborted at /tmpfs/.cpan-build-cpansand/2016040715/GOBO-0.03-NtciCd/blib/lib/GOBO/Labeled.pm line 23.
Compilation failed in require at /opt/perl-5.16.3/lib/site_perl/5.16.3/Module/Runtime.pm line 317.
Compilation failed in require at /opt/perl-5.16.3/lib/site_perl/5.16.3/Module/Runtime.pm line 317.
Compilation failed in require at /tmpfs/.cpan-build-cpansand/2016040715/GOBO-0.03-NtciCd/blib/lib/GOBO/Annotation.pm line 5.
BEGIN failed--compilation aborted at /tmpfs/.cpan-build-cpansand/2016040715/GOBO-0.03-NtciCd/blib/lib/GOBO/Annotation.pm line 5.
Compilation failed in require at /tmpfs/.cpan-build-cpansand/2016040715/GOBO-0.03-NtciCd/blib/lib/GOBO/Graph.pm line 55.
BEGIN failed--compilation aborted at /tmpfs/.cpan-build-cpansand/2016040715/GOBO-0.03-NtciCd/blib/lib/GOBO/Graph.pm line 55.
Compilation failed in require at t/graph_creation.t line 11.
BEGIN failed--compilation aborted at t/graph_creation.t line 11.
t/graph_creation.t ........... 
Dubious, test returned 255 (wstat 65280, 0xff00)
No subtests run 
You cannot coerce an attribute (source) unless its type (GOBO::Node) has a coercion at /opt/perl-5.16.3/lib/site_perl/5.16.3/x86_64-linux/Moose/Exporter.pm line 419
	Moose::with('GOBO::Attributed') called at /tmpfs/.cpan-build-cpansand/2016040715/GOBO-0.03-NtciCd/blib/lib/GOBO/Synonym.pm line 17
	require GOBO/Synonym.pm at /tmpfs/.cpan-build-cpansand/2016040715/GOBO-0.03-NtciCd/blib/lib/GOBO/Labeled.pm line 23
	GOBO::Labeled::BEGIN at /tmpfs/.cpan-build-cpansand/2016040715/GOBO-0.03-NtciCd/blib/lib/GOBO/Synonym.pm line 0
	eval {...} at /tmpfs/.cpan-build-cpansand/2016040715/GOBO-0.03-NtciCd/blib/lib/GOBO/Synonym.pm line 0
	require GOBO/Labeled.pm at /opt/perl-5.16.3/lib/site_perl/5.16.3/Module/Runtime.pm line 317
	Module::Runtime::require_module('GOBO::Labeled') called at /opt/perl-5.16.3/lib/site_perl/5.16.3/Module/Runtime.pm line 348
	Module::Runtime::use_module('GOBO::Labeled') called at /opt/perl-5.16.3/lib/site_perl/5.16.3/x86_64-linux/Moose/Util.pm line 147
	Moose::Util::_apply_all_roles('Moose::Meta::Class=HASH(0x16d4428)', undef, 'GOBO::Labeled') called at /opt/perl-5.16.3/lib/site_perl/5.16.3/x86_64-linux/Moose/Util.pm line 114
	Moose::Util::apply_all_roles('Moose::Meta::Class=HASH(0x16d4428)', 'GOBO::Labeled') called at /opt/perl-5.16.3/lib/site_perl/5.16.3/x86_64-linux/Moose.pm line 59
	Moose::with('Moose::Meta::Class=HASH(0x16d4428)', 'GOBO::Labeled') called at /opt/perl-5.16.3/lib/site_perl/5.16.3/x86_64-linux/Moose/Exporter.pm line 419
	Moose::with('GOBO::Labeled') called at /tmpfs/.cpan-build-cpansand/2016040715/GOBO-0.03-NtciCd/blib/lib/GOBO/Node.pm line 6
	require GOBO/Node.pm at /opt/perl-5.16.3/lib/site_perl/5.16.3/Module/Runtime.pm line 317
	Module::Runtime::require_module('GOBO::Node') called at /opt/perl-5.16.3/lib/site_perl/5.16.3/Module/Runtime.pm line 381
	eval {...} at /opt/perl-5.16.3/lib/site_perl/5.16.3/Module/Runtime.pm line 381
	Module::Runtime::use_package_optimistically('GOBO::Node') called at /opt/perl-5.16.3/lib/site_perl/5.16.3/x86_64-linux/Moose/Util.pm line 349
	Moose::Util::_load_user_class('GOBO::Node', undef) called at /opt/perl-5.16.3/lib/site_perl/5.16.3/x86_64-linux/Moose/Meta/Class.pm line 557
	Moose::Meta::Class::superclasses(undef, 'GOBO::Node') called at /opt/perl-5.16.3/lib/site_perl/5.16.3/x86_64-linux/Moose.pm line 55
	Moose::extends('Moose::Meta::Class=HASH(0x158e088)', 'GOBO::Node') called at /opt/perl-5.16.3/lib/site_perl/5.16.3/x86_64-linux/Moose/Exporter.pm line 419
	Moose::extends('GOBO::Node') called at /tmpfs/.cpan-build-cpansand/2016040715/GOBO-0.03-NtciCd/blib/lib/GOBO/Evidence.pm line 4
	require GOBO/Evidence.pm at /tmpfs/.cpan-build-cpansand/2016040715/GOBO-0.03-NtciCd/blib/lib/GOBO/Annotation.pm line 5
	GOBO::Annotation::BEGIN at /tmpfs/.cpan-build-cpansand/2016040715/GOBO-0.03-NtciCd/blib/lib/GOBO/Synonym.pm line 0
	eval {...} at /tmpfs/.cpan-build-cpansand/2016040715/GOBO-0.03-NtciCd/blib/lib/GOBO/Synonym.pm line 0
	require GOBO/Annotation.pm at /tmpfs/.cpan-build-cpansand/2016040715/GOBO-0.03-NtciCd/blib/lib/GOBO/Graph.pm line 55
	GOBO::Graph::BEGIN at /tmpfs/.cpan-build-cpansand/2016040715/GOBO-0.03-NtciCd/blib/lib/GOBO/Synonym.pm line 0
	eval {...} at /tmpfs/.cpan-build-cpansand/2016040715/GOBO-0.03-NtciCd/blib/lib/GOBO/Synonym.pm line 0
	require GOBO/Graph.pm at t/inference_engine_test.t line 4
	main::BEGIN at /tmpfs/.cpan-build-cpansand/2016040715/GOBO-0.03-NtciCd/blib/lib/GOBO/Synonym.pm line 0
	eval {...} at /tmpfs/.cpan-build-cpansand/2016040715/GOBO-0.03-NtciCd/blib/lib/GOBO/Synonym.pm line 0
Compilation failed in require at /tmpfs/.cpan-build-cpansand/2016040715/GOBO-0.03-NtciCd/blib/lib/GOBO/Labeled.pm line 23.
BEGIN failed--compilation aborted at /tmpfs/.cpan-build-cpansand/2016040715/GOBO-0.03-NtciCd/blib/lib/GOBO/Labeled.pm line 23.
Compilation failed in require at /opt/perl-5.16.3/lib/site_perl/5.16.3/Module/Runtime.pm line 317.
Compilation failed in require at /opt/perl-5.16.3/lib/site_perl/5.16.3/Module/Runtime.pm line 317.
Compilation failed in require at /tmpfs/.cpan-build-cpansand/2016040715/GOBO-0.03-NtciCd/blib/lib/GOBO/Annotation.pm line 5.
BEGIN failed--compilation aborted at /tmpfs/.cpan-build-cpansand/2016040715/GOBO-0.03-NtciCd/blib/lib/GOBO/Annotation.pm line 5.
Compilation failed in require at /tmpfs/.cpan-build-cpansand/2016040715/GOBO-0.03-NtciCd/blib/lib/GOBO/Graph.pm line 55.
BEGIN failed--compilation aborted at /tmpfs/.cpan-build-cpansand/2016040715/GOBO-0.03-NtciCd/blib/lib/GOBO/Graph.pm line 55.
Compilation failed in require at t/inference_engine_test.t line 4.
BEGIN failed--compilation aborted at t/inference_engine_test.t line 4.
t/inference_engine_test.t .... 
Dubious, test returned 255 (wstat 65280, 0xff00)
No subtests run 
You cannot coerce an attribute (source) unless its type (GOBO::Node) has a coercion at /opt/perl-5.16.3/lib/site_perl/5.16.3/x86_64-linux/Moose/Exporter.pm line 419
	Moose::with('GOBO::Attributed') called at /tmpfs/.cpan-build-cpansand/2016040715/GOBO-0.03-NtciCd/blib/lib/GOBO/Synonym.pm line 17
	require GOBO/Synonym.pm at /tmpfs/.cpan-build-cpansand/2016040715/GOBO-0.03-NtciCd/blib/lib/GOBO/Labeled.pm line 23
	GOBO::Labeled::BEGIN at /tmpfs/.cpan-build-cpansand/2016040715/GOBO-0.03-NtciCd/blib/lib/GOBO/Synonym.pm line 0
	eval {...} at /tmpfs/.cpan-build-cpansand/2016040715/GOBO-0.03-NtciCd/blib/lib/GOBO/Synonym.pm line 0
	require GOBO/Labeled.pm at /opt/perl-5.16.3/lib/site_perl/5.16.3/Module/Runtime.pm line 317
	Module::Runtime::require_module('GOBO::Labeled') called at /opt/perl-5.16.3/lib/site_perl/5.16.3/Module/Runtime.pm line 348
	Module::Runtime::use_module('GOBO::Labeled') called at /opt/perl-5.16.3/lib/site_perl/5.16.3/x86_64-linux/Moose/Util.pm line 147
	Moose::Util::_apply_all_roles('Moose::Meta::Class=HASH(0x287f168)', undef, 'GOBO::Labeled') called at /opt/perl-5.16.3/lib/site_perl/5.16.3/x86_64-linux/Moose/Util.pm line 114
	Moose::Util::apply_all_roles('Moose::Meta::Class=HASH(0x287f168)', 'GOBO::Labeled') called at /opt/perl-5.16.3/lib/site_perl/5.16.3/x86_64-linux/Moose.pm line 59
	Moose::with('Moose::Meta::Class=HASH(0x287f168)', 'GOBO::Labeled') called at /opt/perl-5.16.3/lib/site_perl/5.16.3/x86_64-linux/Moose/Exporter.pm line 419
	Moose::with('GOBO::Labeled') called at /tmpfs/.cpan-build-cpansand/2016040715/GOBO-0.03-NtciCd/blib/lib/GOBO/Node.pm line 6
	require GOBO/Node.pm at /opt/perl-5.16.3/lib/site_perl/5.16.3/Module/Runtime.pm line 317
	Module::Runtime::require_module('GOBO::Node') called at /opt/perl-5.16.3/lib/site_perl/5.16.3/Module/Runtime.pm line 381
	eval {...} at /opt/perl-5.16.3/lib/site_perl/5.16.3/Module/Runtime.pm line 381
	Module::Runtime::use_package_optimistically('GOBO::Node') called at /opt/perl-5.16.3/lib/site_perl/5.16.3/x86_64-linux/Moose/Util.pm line 349
	Moose::Util::_load_user_class('GOBO::Node', undef) called at /opt/perl-5.16.3/lib/site_perl/5.16.3/x86_64-linux/Moose/Meta/Class.pm line 557
	Moose::Meta::Class::superclasses(undef, 'GOBO::Node') called at /opt/perl-5.16.3/lib/site_perl/5.16.3/x86_64-linux/Moose.pm line 55
	Moose::extends('Moose::Meta::Class=HASH(0x2738db8)', 'GOBO::Node') called at /opt/perl-5.16.3/lib/site_perl/5.16.3/x86_64-linux/Moose/Exporter.pm line 419
	Moose::extends('GOBO::Node') called at /tmpfs/.cpan-build-cpansand/2016040715/GOBO-0.03-NtciCd/blib/lib/GOBO/Evidence.pm line 4
	require GOBO/Evidence.pm at /tmpfs/.cpan-build-cpansand/2016040715/GOBO-0.03-NtciCd/blib/lib/GOBO/Annotation.pm line 5
	GOBO::Annotation::BEGIN at /tmpfs/.cpan-build-cpansand/2016040715/GOBO-0.03-NtciCd/blib/lib/GOBO/Synonym.pm line 0
	eval {...} at /tmpfs/.cpan-build-cpansand/2016040715/GOBO-0.03-NtciCd/blib/lib/GOBO/Synonym.pm line 0
	require GOBO/Annotation.pm at /tmpfs/.cpan-build-cpansand/2016040715/GOBO-0.03-NtciCd/blib/lib/GOBO/Graph.pm line 55
	GOBO::Graph::BEGIN at /tmpfs/.cpan-build-cpansand/2016040715/GOBO-0.03-NtciCd/blib/lib/GOBO/Synonym.pm line 0
	eval {...} at /tmpfs/.cpan-build-cpansand/2016040715/GOBO-0.03-NtciCd/blib/lib/GOBO/Synonym.pm line 0
	require GOBO/Graph.pm at t/logical_definition_test.t line 4
	main::BEGIN at /tmpfs/.cpan-build-cpansand/2016040715/GOBO-0.03-NtciCd/blib/lib/GOBO/Synonym.pm line 0
	eval {...} at /tmpfs/.cpan-build-cpansand/2016040715/GOBO-0.03-NtciCd/blib/lib/GOBO/Synonym.pm line 0
Compilation failed in require at /tmpfs/.cpan-build-cpansand/2016040715/GOBO-0.03-NtciCd/blib/lib/GOBO/Labeled.pm line 23.
BEGIN failed--compilation aborted at /tmpfs/.cpan-build-cpansand/2016040715/GOBO-0.03-NtciCd/blib/lib/GOBO/Labeled.pm line 23.
Compilation failed in require at /opt/perl-5.16.3/lib/site_perl/5.16.3/Module/Runtime.pm line 317.
Compilation failed in require at /opt/perl-5.16.3/lib/site_perl/5.16.3/Module/Runtime.pm line 317.
Compilation failed in require at /tmpfs/.cpan-build-cpansand/2016040715/GOBO-0.03-NtciCd/blib/lib/GOBO/Annotation.pm line 5.
BEGIN failed--compilation aborted at /tmpfs/.cpan-build-cpansand/2016040715/GOBO-0.03-NtciCd/blib/lib/GOBO/Annotation.pm line 5.
Compilation failed in require at /tmpfs/.cpan-build-cpansand/2016040715/GOBO-0.03-NtciCd/blib/lib/GOBO/Graph.pm line 55.
BEGIN failed--compilation aborted at /tmpfs/.cpan-build-cpansand/2016040715/GOBO-0.03-NtciCd/blib/lib/GOBO/Graph.pm line 55.
Compilation failed in require at t/logical_definition_test.t line 4.
BEGIN failed--compilation aborted at t/logical_definition_test.t line 4.
t/logical_definition_test.t .. 
Dubious, test returned 255 (wstat 65280, 0xff00)
No subtests run 
You cannot coerce an attribute (source) unless its type (GOBO::Node) has a coercion at /opt/perl-5.16.3/lib/site_perl/5.16.3/x86_64-linux/Moose/Exporter.pm line 419
	Moose::with('GOBO::Attributed') called at /tmpfs/.cpan-build-cpansand/2016040715/GOBO-0.03-NtciCd/blib/lib/GOBO/Synonym.pm line 17
	require GOBO/Synonym.pm at /tmpfs/.cpan-build-cpansand/2016040715/GOBO-0.03-NtciCd/blib/lib/GOBO/Labeled.pm line 23
	GOBO::Labeled::BEGIN at /tmpfs/.cpan-build-cpansand/2016040715/GOBO-0.03-NtciCd/blib/lib/GOBO/Synonym.pm line 0
	eval {...} at /tmpfs/.cpan-build-cpansand/2016040715/GOBO-0.03-NtciCd/blib/lib/GOBO/Synonym.pm line 0
	require GOBO/Labeled.pm at /opt/perl-5.16.3/lib/site_perl/5.16.3/Module/Runtime.pm line 317
	Module::Runtime::require_module('GOBO::Labeled') called at /opt/perl-5.16.3/lib/site_perl/5.16.3/Module/Runtime.pm line 348
	Module::Runtime::use_module('GOBO::Labeled') called at /opt/perl-5.16.3/lib/site_perl/5.16.3/x86_64-linux/Moose/Util.pm line 147
	Moose::Util::_apply_all_roles('Moose::Meta::Class=HASH(0x324d960)', undef, 'GOBO::Labeled') called at /opt/perl-5.16.3/lib/site_perl/5.16.3/x86_64-linux/Moose/Util.pm line 114
	Moose::Util::apply_all_roles('Moose::Meta::Class=HASH(0x324d960)', 'GOBO::Labeled') called at /opt/perl-5.16.3/lib/site_perl/5.16.3/x86_64-linux/Moose.pm line 59
	Moose::with('Moose::Meta::Class=HASH(0x324d960)', 'GOBO::Labeled') called at /opt/perl-5.16.3/lib/site_perl/5.16.3/x86_64-linux/Moose/Exporter.pm line 419
	Moose::with('GOBO::Labeled') called at /tmpfs/.cpan-build-cpansand/2016040715/GOBO-0.03-NtciCd/blib/lib/GOBO/Node.pm line 6
	require GOBO/Node.pm at /opt/perl-5.16.3/lib/site_perl/5.16.3/Module/Runtime.pm line 317
	Module::Runtime::require_module('GOBO::Node') called at /opt/perl-5.16.3/lib/site_perl/5.16.3/Module/Runtime.pm line 381
	eval {...} at /opt/perl-5.16.3/lib/site_perl/5.16.3/Module/Runtime.pm line 381
	Module::Runtime::use_package_optimistically('GOBO::Node') called at /opt/perl-5.16.3/lib/site_perl/5.16.3/x86_64-linux/Moose/Util.pm line 349
	Moose::Util::_load_user_class('GOBO::Node', undef) called at /opt/perl-5.16.3/lib/site_perl/5.16.3/x86_64-linux/Moose/Meta/Class.pm line 557
	Moose::Meta::Class::superclasses(undef, 'GOBO::Node') called at /opt/perl-5.16.3/lib/site_perl/5.16.3/x86_64-linux/Moose.pm line 55
	Moose::extends('Moose::Meta::Class=HASH(0x3234eb0)', 'GOBO::Node') called at /opt/perl-5.16.3/lib/site_perl/5.16.3/x86_64-linux/Moose/Exporter.pm line 419
	Moose::extends('GOBO::Node') called at /tmpfs/.cpan-build-cpansand/2016040715/GOBO-0.03-NtciCd/blib/lib/GOBO/Evidence.pm line 4
	require GOBO/Evidence.pm at /tmpfs/.cpan-build-cpansand/2016040715/GOBO-0.03-NtciCd/blib/lib/GOBO/Annotation.pm line 5
	GOBO::Annotation::BEGIN at /tmpfs/.cpan-build-cpansand/2016040715/GOBO-0.03-NtciCd/blib/lib/GOBO/Synonym.pm line 0
	eval {...} at /tmpfs/.cpan-build-cpansand/2016040715/GOBO-0.03-NtciCd/blib/lib/GOBO/Synonym.pm line 0
	require GOBO/Annotation.pm at /tmpfs/.cpan-build-cpansand/2016040715/GOBO-0.03-NtciCd/blib/lib/GOBO/Graph.pm line 55
	GOBO::Graph::BEGIN at /tmpfs/.cpan-build-cpansand/2016040715/GOBO-0.03-NtciCd/blib/lib/GOBO/Synonym.pm line 0
	eval {...} at /tmpfs/.cpan-build-cpansand/2016040715/GOBO-0.03-NtciCd/blib/lib/GOBO/Synonym.pm line 0
	require GOBO/Graph.pm at t/node_removal.t line 8
	main::BEGIN at /tmpfs/.cpan-build-cpansand/2016040715/GOBO-0.03-NtciCd/blib/lib/GOBO/Synonym.pm line 0
	eval {...} at /tmpfs/.cpan-build-cpansand/2016040715/GOBO-0.03-NtciCd/blib/lib/GOBO/Synonym.pm line 0
Compilation failed in require at /tmpfs/.cpan-build-cpansand/2016040715/GOBO-0.03-NtciCd/blib/lib/GOBO/Labeled.pm line 23.
BEGIN failed--compilation aborted at /tmpfs/.cpan-build-cpansand/2016040715/GOBO-0.03-NtciCd/blib/lib/GOBO/Labeled.pm line 23.
Compilation failed in require at /opt/perl-5.16.3/lib/site_perl/5.16.3/Module/Runtime.pm line 317.
Compilation failed in require at /opt/perl-5.16.3/lib/site_perl/5.16.3/Module/Runtime.pm line 317.
Compilation failed in require at /tmpfs/.cpan-build-cpansand/2016040715/GOBO-0.03-NtciCd/blib/lib/GOBO/Annotation.pm line 5.
BEGIN failed--compilation aborted at /tmpfs/.cpan-build-cpansand/2016040715/GOBO-0.03-NtciCd/blib/lib/GOBO/Annotation.pm line 5.
Compilation failed in require at /tmpfs/.cpan-build-cpansand/2016040715/GOBO-0.03-NtciCd/blib/lib/GOBO/Graph.pm line 55.
BEGIN failed--compilation aborted at /tmpfs/.cpan-build-cpansand/2016040715/GOBO-0.03-NtciCd/blib/lib/GOBO/Graph.pm line 55.
Compilation failed in require at t/node_removal.t line 8.
BEGIN failed--compilation aborted at t/node_removal.t line 8.
t/node_removal.t ............. 
Dubious, test returned 255 (wstat 65280, 0xff00)
No subtests run 
You cannot coerce an attribute (source) unless its type (GOBO::Node) has a coercion at /opt/perl-5.16.3/lib/site_perl/5.16.3/x86_64-linux/Moose/Exporter.pm line 419
	Moose::with('GOBO::Attributed') called at /tmpfs/.cpan-build-cpansand/2016040715/GOBO-0.03-NtciCd/blib/lib/GOBO/Synonym.pm line 17
	require GOBO/Synonym.pm at /tmpfs/.cpan-build-cpansand/2016040715/GOBO-0.03-NtciCd/blib/lib/GOBO/Labeled.pm line 23
	GOBO::Labeled::BEGIN at /tmpfs/.cpan-build-cpansand/2016040715/GOBO-0.03-NtciCd/blib/lib/GOBO/Synonym.pm line 0
	eval {...} at /tmpfs/.cpan-build-cpansand/2016040715/GOBO-0.03-NtciCd/blib/lib/GOBO/Synonym.pm line 0
	require GOBO/Labeled.pm at /opt/perl-5.16.3/lib/site_perl/5.16.3/Module/Runtime.pm line 317
	Module::Runtime::require_module('GOBO::Labeled') called at /opt/perl-5.16.3/lib/site_perl/5.16.3/Module/Runtime.pm line 348
	Module::Runtime::use_module('GOBO::Labeled') called at /opt/perl-5.16.3/lib/site_perl/5.16.3/x86_64-linux/Moose/Util.pm line 147
	Moose::Util::_apply_all_roles('Moose::Meta::Class=HASH(0x329d108)', undef, 'GOBO::Labeled') called at /opt/perl-5.16.3/lib/site_perl/5.16.3/x86_64-linux/Moose/Util.pm line 114
	Moose::Util::apply_all_roles('Moose::Meta::Class=HASH(0x329d108)', 'GOBO::Labeled') called at /opt/perl-5.16.3/lib/site_perl/5.16.3/x86_64-linux/Moose.pm line 59
	Moose::with('Moose::Meta::Class=HASH(0x329d108)', 'GOBO::Labeled') called at /opt/perl-5.16.3/lib/site_perl/5.16.3/x86_64-linux/Moose/Exporter.pm line 419
	Moose::with('GOBO::Labeled') called at /tmpfs/.cpan-build-cpansand/2016040715/GOBO-0.03-NtciCd/blib/lib/GOBO/Node.pm line 6
	require GOBO/Node.pm at /opt/perl-5.16.3/lib/site_perl/5.16.3/Module/Runtime.pm line 317
	Module::Runtime::require_module('GOBO::Node') called at /opt/perl-5.16.3/lib/site_perl/5.16.3/Module/Runtime.pm line 381
	eval {...} at /opt/perl-5.16.3/lib/site_perl/5.16.3/Module/Runtime.pm line 381
	Module::Runtime::use_package_optimistically('GOBO::Node') called at /opt/perl-5.16.3/lib/site_perl/5.16.3/x86_64-linux/Moose/Util.pm line 349
	Moose::Util::_load_user_class('GOBO::Node', undef) called at /opt/perl-5.16.3/lib/site_perl/5.16.3/x86_64-linux/Moose/Meta/Class.pm line 557
	Moose::Meta::Class::superclasses(undef, 'GOBO::Node') called at /opt/perl-5.16.3/lib/site_perl/5.16.3/x86_64-linux/Moose.pm line 55
	Moose::extends('Moose::Meta::Class=HASH(0x3156d38)', 'GOBO::Node') called at /opt/perl-5.16.3/lib/site_perl/5.16.3/x86_64-linux/Moose/Exporter.pm line 419
	Moose::extends('GOBO::Node') called at /tmpfs/.cpan-build-cpansand/2016040715/GOBO-0.03-NtciCd/blib/lib/GOBO/Evidence.pm line 4
	require GOBO/Evidence.pm at /tmpfs/.cpan-build-cpansand/2016040715/GOBO-0.03-NtciCd/blib/lib/GOBO/Annotation.pm line 5
	GOBO::Annotation::BEGIN at /tmpfs/.cpan-build-cpansand/2016040715/GOBO-0.03-NtciCd/blib/lib/GOBO/Synonym.pm line 0
	eval {...} at /tmpfs/.cpan-build-cpansand/2016040715/GOBO-0.03-NtciCd/blib/lib/GOBO/Synonym.pm line 0
	require GOBO/Annotation.pm at /tmpfs/.cpan-build-cpansand/2016040715/GOBO-0.03-NtciCd/blib/lib/GOBO/Graph.pm line 55
	GOBO::Graph::BEGIN at /tmpfs/.cpan-build-cpansand/2016040715/GOBO-0.03-NtciCd/blib/lib/GOBO/Synonym.pm line 0
	eval {...} at /tmpfs/.cpan-build-cpansand/2016040715/GOBO-0.03-NtciCd/blib/lib/GOBO/Synonym.pm line 0
	require GOBO/Graph.pm at t/oboparsertest.t line 6
	main::BEGIN at /tmpfs/.cpan-build-cpansand/2016040715/GOBO-0.03-NtciCd/blib/lib/GOBO/Synonym.pm line 0
	eval {...} at /tmpfs/.cpan-build-cpansand/2016040715/GOBO-0.03-NtciCd/blib/lib/GOBO/Synonym.pm line 0
Compilation failed in require at /tmpfs/.cpan-build-cpansand/2016040715/GOBO-0.03-NtciCd/blib/lib/GOBO/Labeled.pm line 23.
BEGIN failed--compilation aborted at /tmpfs/.cpan-build-cpansand/2016040715/GOBO-0.03-NtciCd/blib/lib/GOBO/Labeled.pm line 23.
Compilation failed in require at /opt/perl-5.16.3/lib/site_perl/5.16.3/Module/Runtime.pm line 317.
Compilation failed in require at /opt/perl-5.16.3/lib/site_perl/5.16.3/Module/Runtime.pm line 317.
Compilation failed in require at /tmpfs/.cpan-build-cpansand/2016040715/GOBO-0.03-NtciCd/blib/lib/GOBO/Annotation.pm line 5.
BEGIN failed--compilation aborted at /tmpfs/.cpan-build-cpansand/2016040715/GOBO-0.03-NtciCd/blib/lib/GOBO/Annotation.pm line 5.
Compilation failed in require at /tmpfs/.cpan-build-cpansand/2016040715/GOBO-0.03-NtciCd/blib/lib/GOBO/Graph.pm line 55.
BEGIN failed--compilation aborted at /tmpfs/.cpan-build-cpansand/2016040715/GOBO-0.03-NtciCd/blib/lib/GOBO/Graph.pm line 55.
Compilation failed in require at t/oboparsertest.t line 6.
BEGIN failed--compilation aborted at t/oboparsertest.t line 6.
t/oboparsertest.t ............ 
Dubious, test returned 255 (wstat 65280, 0xff00)
No subtests run 
Subroutine main::ok redefined at t/parsetest.t line 6.
Prototype mismatch: sub main::ok ($;$$) vs ($;$) at t/parsetest.t line 6.
Subroutine main::skip redefined at t/parsetest.t line 6.
Prototype mismatch: sub main::skip ($;$$$) vs none at t/parsetest.t line 6.
Subroutine main::plan redefined at t/parsetest.t line 6.
You cannot coerce an attribute (source) unless its type (GOBO::Node) has a coercion at /opt/perl-5.16.3/lib/site_perl/5.16.3/x86_64-linux/Moose/Exporter.pm line 419
	Moose::with('GOBO::Attributed') called at /tmpfs/.cpan-build-cpansand/2016040715/GOBO-0.03-NtciCd/blib/lib/GOBO/Synonym.pm line 17
	require GOBO/Synonym.pm at /tmpfs/.cpan-build-cpansand/2016040715/GOBO-0.03-NtciCd/blib/lib/GOBO/Labeled.pm line 23
	GOBO::Labeled::BEGIN at /tmpfs/.cpan-build-cpansand/2016040715/GOBO-0.03-NtciCd/blib/lib/GOBO/Synonym.pm line 0
	eval {...} at /tmpfs/.cpan-build-cpansand/2016040715/GOBO-0.03-NtciCd/blib/lib/GOBO/Synonym.pm line 0
	require GOBO/Labeled.pm at /opt/perl-5.16.3/lib/site_perl/5.16.3/Module/Runtime.pm line 317
	Module::Runtime::require_module('GOBO::Labeled') called at /opt/perl-5.16.3/lib/site_perl/5.16.3/Module/Runtime.pm line 348
	Module::Runtime::use_module('GOBO::Labeled') called at /opt/perl-5.16.3/lib/site_perl/5.16.3/x86_64-linux/Moose/Util.pm line 147
	Moose::Util::_apply_all_roles('Moose::Meta::Class=HASH(0x1fefc88)', undef, 'GOBO::Labeled') called at /opt/perl-5.16.3/lib/site_perl/5.16.3/x86_64-linux/Moose/Util.pm line 114
	Moose::Util::apply_all_roles('Moose::Meta::Class=HASH(0x1fefc88)', 'GOBO::Labeled') called at /opt/perl-5.16.3/lib/site_perl/5.16.3/x86_64-linux/Moose.pm line 59
	Moose::with('Moose::Meta::Class=HASH(0x1fefc88)', 'GOBO::Labeled') called at /opt/perl-5.16.3/lib/site_perl/5.16.3/x86_64-linux/Moose/Exporter.pm line 419
	Moose::with('GOBO::Labeled') called at /tmpfs/.cpan-build-cpansand/2016040715/GOBO-0.03-NtciCd/blib/lib/GOBO/Node.pm line 6
	require GOBO/Node.pm at /tmpfs/.cpan-build-cpansand/2016040715/GOBO-0.03-NtciCd/blib/lib/GOBO/Parsers/GAFParser.pm line 7
	GOBO::Parsers::GAFParser::BEGIN at /tmpfs/.cpan-build-cpansand/2016040715/GOBO-0.03-NtciCd/blib/lib/GOBO/Synonym.pm line 0
	eval {...} at /tmpfs/.cpan-build-cpansand/2016040715/GOBO-0.03-NtciCd/blib/lib/GOBO/Synonym.pm line 0
	require GOBO/Parsers/GAFParser.pm at t/parsetest.t line 10
	main::BEGIN at /tmpfs/.cpan-build-cpansand/2016040715/GOBO-0.03-NtciCd/blib/lib/GOBO/Synonym.pm line 0
	eval {...} at /tmpfs/.cpan-build-cpansand/2016040715/GOBO-0.03-NtciCd/blib/lib/GOBO/Synonym.pm line 0
Compilation failed in require at /tmpfs/.cpan-build-cpansand/2016040715/GOBO-0.03-NtciCd/blib/lib/GOBO/Labeled.pm line 23.
BEGIN failed--compilation aborted at /tmpfs/.cpan-build-cpansand/2016040715/GOBO-0.03-NtciCd/blib/lib/GOBO/Labeled.pm line 23.
Compilation failed in require at /opt/perl-5.16.3/lib/site_perl/5.16.3/Module/Runtime.pm line 317.
Compilation failed in require at /tmpfs/.cpan-build-cpansand/2016040715/GOBO-0.03-NtciCd/blib/lib/GOBO/Parsers/GAFParser.pm line 7.
BEGIN failed--compilation aborted at /tmpfs/.cpan-build-cpansand/2016040715/GOBO-0.03-NtciCd/blib/lib/GOBO/Parsers/GAFParser.pm line 7.
Compilation failed in require at t/parsetest.t line 10.
BEGIN failed--compilation aborted at t/parsetest.t line 10.
# Looks like your test exited with 255 before it could output anything.
t/parsetest.t ................ 
Dubious, test returned 255 (wstat 65280, 0xff00)
No subtests run 
You cannot coerce an attribute (source) unless its type (GOBO::Node) has a coercion at /opt/perl-5.16.3/lib/site_perl/5.16.3/x86_64-linux/Moose/Exporter.pm line 419
	Moose::with('GOBO::Attributed') called at /tmpfs/.cpan-build-cpansand/2016040715/GOBO-0.03-NtciCd/blib/lib/GOBO/Synonym.pm line 17
	require GOBO/Synonym.pm at /tmpfs/.cpan-build-cpansand/2016040715/GOBO-0.03-NtciCd/blib/lib/GOBO/Labeled.pm line 23
	GOBO::Labeled::BEGIN at /tmpfs/.cpan-build-cpansand/2016040715/GOBO-0.03-NtciCd/blib/lib/GOBO/Synonym.pm line 0
	eval {...} at /tmpfs/.cpan-build-cpansand/2016040715/GOBO-0.03-NtciCd/blib/lib/GOBO/Synonym.pm line 0
	require GOBO/Labeled.pm at /opt/perl-5.16.3/lib/site_perl/5.16.3/Module/Runtime.pm line 317
	Module::Runtime::require_module('GOBO::Labeled') called at /opt/perl-5.16.3/lib/site_perl/5.16.3/Module/Runtime.pm line 348
	Module::Runtime::use_module('GOBO::Labeled') called at /opt/perl-5.16.3/lib/site_perl/5.16.3/x86_64-linux/Moose/Util.pm line 147
	Moose::Util::_apply_all_roles('Moose::Meta::Class=HASH(0x22e79c8)', undef, 'GOBO::Labeled') called at /opt/perl-5.16.3/lib/site_perl/5.16.3/x86_64-linux/Moose/Util.pm line 114
	Moose::Util::apply_all_roles('Moose::Meta::Class=HASH(0x22e79c8)', 'GOBO::Labeled') called at /opt/perl-5.16.3/lib/site_perl/5.16.3/x86_64-linux/Moose.pm line 59
	Moose::with('Moose::Meta::Class=HASH(0x22e79c8)', 'GOBO::Labeled') called at /opt/perl-5.16.3/lib/site_perl/5.16.3/x86_64-linux/Moose/Exporter.pm line 419
	Moose::with('GOBO::Labeled') called at /tmpfs/.cpan-build-cpansand/2016040715/GOBO-0.03-NtciCd/blib/lib/GOBO/Node.pm line 6
	require GOBO/Node.pm at /opt/perl-5.16.3/lib/site_perl/5.16.3/Module/Runtime.pm line 317
	Module::Runtime::require_module('GOBO::Node') called at /opt/perl-5.16.3/lib/site_perl/5.16.3/Module/Runtime.pm line 381
	eval {...} at /opt/perl-5.16.3/lib/site_perl/5.16.3/Module/Runtime.pm line 381
	Module::Runtime::use_package_optimistically('GOBO::Node') called at /opt/perl-5.16.3/lib/site_perl/5.16.3/x86_64-linux/Moose/Util.pm line 349
	Moose::Util::_load_user_class('GOBO::Node', undef) called at /opt/perl-5.16.3/lib/site_perl/5.16.3/x86_64-linux/Moose/Meta/Class.pm line 557
	Moose::Meta::Class::superclasses(undef, 'GOBO::Node') called at /opt/perl-5.16.3/lib/site_perl/5.16.3/x86_64-linux/Moose.pm line 55
	Moose::extends('Moose::Meta::Class=HASH(0x22cf9c0)', 'GOBO::Node') called at /opt/perl-5.16.3/lib/site_perl/5.16.3/x86_64-linux/Moose/Exporter.pm line 419
	Moose::extends('GOBO::Node') called at /tmpfs/.cpan-build-cpansand/2016040715/GOBO-0.03-NtciCd/blib/lib/GOBO/Evidence.pm line 4
	require GOBO/Evidence.pm at /tmpfs/.cpan-build-cpansand/2016040715/GOBO-0.03-NtciCd/blib/lib/GOBO/Annotation.pm line 5
	GOBO::Annotation::BEGIN at /tmpfs/.cpan-build-cpansand/2016040715/GOBO-0.03-NtciCd/blib/lib/GOBO/Synonym.pm line 0
	eval {...} at /tmpfs/.cpan-build-cpansand/2016040715/GOBO-0.03-NtciCd/blib/lib/GOBO/Synonym.pm line 0
	require GOBO/Annotation.pm at /tmpfs/.cpan-build-cpansand/2016040715/GOBO-0.03-NtciCd/blib/lib/GOBO/Graph.pm line 55
	GOBO::Graph::BEGIN at /tmpfs/.cpan-build-cpansand/2016040715/GOBO-0.03-NtciCd/blib/lib/GOBO/Synonym.pm line 0
	eval {...} at /tmpfs/.cpan-build-cpansand/2016040715/GOBO-0.03-NtciCd/blib/lib/GOBO/Synonym.pm line 0
	require GOBO/Graph.pm at t/relation_test.t line 3
	main::BEGIN at /tmpfs/.cpan-build-cpansand/2016040715/GOBO-0.03-NtciCd/blib/lib/GOBO/Synonym.pm line 0
	eval {...} at /tmpfs/.cpan-build-cpansand/2016040715/GOBO-0.03-NtciCd/blib/lib/GOBO/Synonym.pm line 0
Compilation failed in require at /tmpfs/.cpan-build-cpansand/2016040715/GOBO-0.03-NtciCd/blib/lib/GOBO/Labeled.pm line 23.
BEGIN failed--compilation aborted at /tmpfs/.cpan-build-cpansand/2016040715/GOBO-0.03-NtciCd/blib/lib/GOBO/Labeled.pm line 23.
Compilation failed in require at /opt/perl-5.16.3/lib/site_perl/5.16.3/Module/Runtime.pm line 317.
Compilation failed in require at /opt/perl-5.16.3/lib/site_perl/5.16.3/Module/Runtime.pm line 317.
Compilation failed in require at /tmpfs/.cpan-build-cpansand/2016040715/GOBO-0.03-NtciCd/blib/lib/GOBO/Annotation.pm line 5.
BEGIN failed--compilation aborted at /tmpfs/.cpan-build-cpansand/2016040715/GOBO-0.03-NtciCd/blib/lib/GOBO/Annotation.pm line 5.
Compilation failed in require at /tmpfs/.cpan-build-cpansand/2016040715/GOBO-0.03-NtciCd/blib/lib/GOBO/Graph.pm line 55.
BEGIN failed--compilation aborted at /tmpfs/.cpan-build-cpansand/2016040715/GOBO-0.03-NtciCd/blib/lib/GOBO/Graph.pm line 55.
Compilation failed in require at t/relation_test.t line 3.
BEGIN failed--compilation aborted at t/relation_test.t line 3.
# Looks like your test exited with 255 before it could output anything.
t/relation_test.t ............ 
Dubious, test returned 255 (wstat 65280, 0xff00)
Failed 29/29 subtests 
You cannot coerce an attribute (source) unless its type (GOBO::Node) has a coercion at /opt/perl-5.16.3/lib/site_perl/5.16.3/x86_64-linux/Moose/Exporter.pm line 419
	Moose::with('GOBO::Attributed') called at /tmpfs/.cpan-build-cpansand/2016040715/GOBO-0.03-NtciCd/blib/lib/GOBO/Synonym.pm line 17
	require GOBO/Synonym.pm at /tmpfs/.cpan-build-cpansand/2016040715/GOBO-0.03-NtciCd/blib/lib/GOBO/Labeled.pm line 23
	GOBO::Labeled::BEGIN at /tmpfs/.cpan-build-cpansand/2016040715/GOBO-0.03-NtciCd/blib/lib/GOBO/Synonym.pm line 0
	eval {...} at /tmpfs/.cpan-build-cpansand/2016040715/GOBO-0.03-NtciCd/blib/lib/GOBO/Synonym.pm line 0
	require GOBO/Labeled.pm at /opt/perl-5.16.3/lib/site_perl/5.16.3/Module/Runtime.pm line 317
	Module::Runtime::require_module('GOBO::Labeled') called at /opt/perl-5.16.3/lib/site_perl/5.16.3/Module/Runtime.pm line 348
	Module::Runtime::use_module('GOBO::Labeled') called at /opt/perl-5.16.3/lib/site_perl/5.16.3/x86_64-linux/Moose/Util.pm line 147
	Moose::Util::_apply_all_roles('Moose::Meta::Class=HASH(0x1e42fe8)', undef, 'GOBO::Labeled') called at /opt/perl-5.16.3/lib/site_perl/5.16.3/x86_64-linux/Moose/Util.pm line 114
	Moose::Util::apply_all_roles('Moose::Meta::Class=HASH(0x1e42fe8)', 'GOBO::Labeled') called at /opt/perl-5.16.3/lib/site_perl/5.16.3/x86_64-linux/Moose.pm line 59
	Moose::with('Moose::Meta::Class=HASH(0x1e42fe8)', 'GOBO::Labeled') called at /opt/perl-5.16.3/lib/site_perl/5.16.3/x86_64-linux/Moose/Exporter.pm line 419
	Moose::with('GOBO::Labeled') called at /tmpfs/.cpan-build-cpansand/2016040715/GOBO-0.03-NtciCd/blib/lib/GOBO/Node.pm line 6
	require GOBO/Node.pm at /opt/perl-5.16.3/lib/site_perl/5.16.3/Module/Runtime.pm line 317
	Module::Runtime::require_module('GOBO::Node') called at /opt/perl-5.16.3/lib/site_perl/5.16.3/Module/Runtime.pm line 381
	eval {...} at /opt/perl-5.16.3/lib/site_perl/5.16.3/Module/Runtime.pm line 381
	Module::Runtime::use_package_optimistically('GOBO::Node') called at /opt/perl-5.16.3/lib/site_perl/5.16.3/x86_64-linux/Moose/Util.pm line 349
	Moose::Util::_load_user_class('GOBO::Node', undef) called at /opt/perl-5.16.3/lib/site_perl/5.16.3/x86_64-linux/Moose/Meta/Class.pm line 557
	Moose::Meta::Class::superclasses(undef, 'GOBO::Node') called at /opt/perl-5.16.3/lib/site_perl/5.16.3/x86_64-linux/Moose.pm line 55
	Moose::extends('Moose::Meta::Class=HASH(0x1cfcb48)', 'GOBO::Node') called at /opt/perl-5.16.3/lib/site_perl/5.16.3/x86_64-linux/Moose/Exporter.pm line 419
	Moose::extends('GOBO::Node') called at /tmpfs/.cpan-build-cpansand/2016040715/GOBO-0.03-NtciCd/blib/lib/GOBO/Evidence.pm line 4
	require GOBO/Evidence.pm at /tmpfs/.cpan-build-cpansand/2016040715/GOBO-0.03-NtciCd/blib/lib/GOBO/Annotation.pm line 5
	GOBO::Annotation::BEGIN at /tmpfs/.cpan-build-cpansand/2016040715/GOBO-0.03-NtciCd/blib/lib/GOBO/Synonym.pm line 0
	eval {...} at /tmpfs/.cpan-build-cpansand/2016040715/GOBO-0.03-NtciCd/blib/lib/GOBO/Synonym.pm line 0
	require GOBO/Annotation.pm at /tmpfs/.cpan-build-cpansand/2016040715/GOBO-0.03-NtciCd/blib/lib/GOBO/Graph.pm line 55
	GOBO::Graph::BEGIN at /tmpfs/.cpan-build-cpansand/2016040715/GOBO-0.03-NtciCd/blib/lib/GOBO/Synonym.pm line 0
	eval {...} at /tmpfs/.cpan-build-cpansand/2016040715/GOBO-0.03-NtciCd/blib/lib/GOBO/Synonym.pm line 0
	require GOBO/Graph.pm at t/roundtrip.t line 6
	main::BEGIN at /tmpfs/.cpan-build-cpansand/2016040715/GOBO-0.03-NtciCd/blib/lib/GOBO/Synonym.pm line 0
	eval {...} at /tmpfs/.cpan-build-cpansand/2016040715/GOBO-0.03-NtciCd/blib/lib/GOBO/Synonym.pm line 0
Compilation failed in require at /tmpfs/.cpan-build-cpansand/2016040715/GOBO-0.03-NtciCd/blib/lib/GOBO/Labeled.pm line 23.
BEGIN failed--compilation aborted at /tmpfs/.cpan-build-cpansand/2016040715/GOBO-0.03-NtciCd/blib/lib/GOBO/Labeled.pm line 23.
Compilation failed in require at /opt/perl-5.16.3/lib/site_perl/5.16.3/Module/Runtime.pm line 317.
Compilation failed in require at /opt/perl-5.16.3/lib/site_perl/5.16.3/Module/Runtime.pm line 317.
Compilation failed in require at /tmpfs/.cpan-build-cpansand/2016040715/GOBO-0.03-NtciCd/blib/lib/GOBO/Annotation.pm line 5.
BEGIN failed--compilation aborted at /tmpfs/.cpan-build-cpansand/2016040715/GOBO-0.03-NtciCd/blib/lib/GOBO/Annotation.pm line 5.
Compilation failed in require at /tmpfs/.cpan-build-cpansand/2016040715/GOBO-0.03-NtciCd/blib/lib/GOBO/Graph.pm line 55.
BEGIN failed--compilation aborted at /tmpfs/.cpan-build-cpansand/2016040715/GOBO-0.03-NtciCd/blib/lib/GOBO/Graph.pm line 55.
Compilation failed in require at t/roundtrip.t line 6.
BEGIN failed--compilation aborted at t/roundtrip.t line 6.
t/roundtrip.t ................ 
Dubious, test returned 255 (wstat 65280, 0xff00)
No subtests run 
You cannot coerce an attribute (source) unless its type (GOBO::Node) has a coercion at /opt/perl-5.16.3/lib/site_perl/5.16.3/x86_64-linux/Moose/Exporter.pm line 419
	Moose::with('GOBO::Attributed') called at /tmpfs/.cpan-build-cpansand/2016040715/GOBO-0.03-NtciCd/blib/lib/GOBO/Synonym.pm line 17
	require GOBO/Synonym.pm at /tmpfs/.cpan-build-cpansand/2016040715/GOBO-0.03-NtciCd/blib/lib/GOBO/Labeled.pm line 23
	GOBO::Labeled::BEGIN at /tmpfs/.cpan-build-cpansand/2016040715/GOBO-0.03-NtciCd/blib/lib/GOBO/Synonym.pm line 0
	eval {...} at /tmpfs/.cpan-build-cpansand/2016040715/GOBO-0.03-NtciCd/blib/lib/GOBO/Synonym.pm line 0
	require GOBO/Labeled.pm at /opt/perl-5.16.3/lib/site_perl/5.16.3/Module/Runtime.pm line 317
	Module::Runtime::require_module('GOBO::Labeled') called at /opt/perl-5.16.3/lib/site_perl/5.16.3/Module/Runtime.pm line 348
	Module::Runtime::use_module('GOBO::Labeled') called at /opt/perl-5.16.3/lib/site_perl/5.16.3/x86_64-linux/Moose/Util.pm line 147
	Moose::Util::_apply_all_roles('Moose::Meta::Class=HASH(0x2232ae8)', undef, 'GOBO::Labeled') called at /opt/perl-5.16.3/lib/site_perl/5.16.3/x86_64-linux/Moose/Util.pm line 114
	Moose::Util::apply_all_roles('Moose::Meta::Class=HASH(0x2232ae8)', 'GOBO::Labeled') called at /opt/perl-5.16.3/lib/site_perl/5.16.3/x86_64-linux/Moose.pm line 59
	Moose::with('Moose::Meta::Class=HASH(0x2232ae8)', 'GOBO::Labeled') called at /opt/perl-5.16.3/lib/site_perl/5.16.3/x86_64-linux/Moose/Exporter.pm line 419
	Moose::with('GOBO::Labeled') called at /tmpfs/.cpan-build-cpansand/2016040715/GOBO-0.03-NtciCd/blib/lib/GOBO/Node.pm line 6
	require GOBO/Node.pm at /opt/perl-5.16.3/lib/site_perl/5.16.3/Module/Runtime.pm line 317
	Module::Runtime::require_module('GOBO::Node') called at /opt/perl-5.16.3/lib/site_perl/5.16.3/Module/Runtime.pm line 381
	eval {...} at /opt/perl-5.16.3/lib/site_perl/5.16.3/Module/Runtime.pm line 381
	Module::Runtime::use_package_optimistically('GOBO::Node') called at /opt/perl-5.16.3/lib/site_perl/5.16.3/x86_64-linux/Moose/Util.pm line 349
	Moose::Util::_load_user_class('GOBO::Node', undef) called at /opt/perl-5.16.3/lib/site_perl/5.16.3/x86_64-linux/Moose/Meta/Class.pm line 557
	Moose::Meta::Class::superclasses(undef, 'GOBO::Node') called at /opt/perl-5.16.3/lib/site_perl/5.16.3/x86_64-linux/Moose.pm line 55
	Moose::extends('Moose::Meta::Class=HASH(0x2208970)', 'GOBO::Node') called at /opt/perl-5.16.3/lib/site_perl/5.16.3/x86_64-linux/Moose/Exporter.pm line 419
	Moose::extends('GOBO::Node') called at /tmpfs/.cpan-build-cpansand/2016040715/GOBO-0.03-NtciCd/blib/lib/GOBO/Evidence.pm line 4
	require GOBO/Evidence.pm at /tmpfs/.cpan-build-cpansand/2016040715/GOBO-0.03-NtciCd/blib/lib/GOBO/Annotation.pm line 5
	GOBO::Annotation::BEGIN at /tmpfs/.cpan-build-cpansand/2016040715/GOBO-0.03-NtciCd/blib/lib/GOBO/Synonym.pm line 0
	eval {...} at /tmpfs/.cpan-build-cpansand/2016040715/GOBO-0.03-NtciCd/blib/lib/GOBO/Synonym.pm line 0
	require GOBO/Annotation.pm at /tmpfs/.cpan-build-cpansand/2016040715/GOBO-0.03-NtciCd/blib/lib/GOBO/Graph.pm line 55
	GOBO::Graph::BEGIN at /tmpfs/.cpan-build-cpansand/2016040715/GOBO-0.03-NtciCd/blib/lib/GOBO/Synonym.pm line 0
	eval {...} at /tmpfs/.cpan-build-cpansand/2016040715/GOBO-0.03-NtciCd/blib/lib/GOBO/Synonym.pm line 0
	require GOBO/Graph.pm at /tmpfs/.cpan-build-cpansand/2016040715/GOBO-0.03-NtciCd/blib/lib/GOBO/Parsers/OBOParser.pm line 7
	GOBO::Parsers::OBOParser::BEGIN at /tmpfs/.cpan-build-cpansand/2016040715/GOBO-0.03-NtciCd/blib/lib/GOBO/Synonym.pm line 0
	eval {...} at /tmpfs/.cpan-build-cpansand/2016040715/GOBO-0.03-NtciCd/blib/lib/GOBO/Synonym.pm line 0
	require GOBO/Parsers/OBOParser.pm at t/slimmer_test.t line 9
	main::BEGIN at /tmpfs/.cpan-build-cpansand/2016040715/GOBO-0.03-NtciCd/blib/lib/GOBO/Synonym.pm line 0
	eval {...} at /tmpfs/.cpan-build-cpansand/2016040715/GOBO-0.03-NtciCd/blib/lib/GOBO/Synonym.pm line 0
Compilation failed in require at /tmpfs/.cpan-build-cpansand/2016040715/GOBO-0.03-NtciCd/blib/lib/GOBO/Labeled.pm line 23.
BEGIN failed--compilation aborted at /tmpfs/.cpan-build-cpansand/2016040715/GOBO-0.03-NtciCd/blib/lib/GOBO/Labeled.pm line 23.
Compilation failed in require at /opt/perl-5.16.3/lib/site_perl/5.16.3/Module/Runtime.pm line 317.
Compilation failed in require at /opt/perl-5.16.3/lib/site_perl/5.16.3/Module/Runtime.pm line 317.
Compilation failed in require at /tmpfs/.cpan-build-cpansand/2016040715/GOBO-0.03-NtciCd/blib/lib/GOBO/Annotation.pm line 5.
BEGIN failed--compilation aborted at /tmpfs/.cpan-build-cpansand/2016040715/GOBO-0.03-NtciCd/blib/lib/GOBO/Annotation.pm line 5.
Compilation failed in require at /tmpfs/.cpan-build-cpansand/2016040715/GOBO-0.03-NtciCd/blib/lib/GOBO/Graph.pm line 55.
BEGIN failed--compilation aborted at /tmpfs/.cpan-build-cpansand/2016040715/GOBO-0.03-NtciCd/blib/lib/GOBO/Graph.pm line 55.
Compilation failed in require at /tmpfs/.cpan-build-cpansand/2016040715/GOBO-0.03-NtciCd/blib/lib/GOBO/Parsers/OBOParser.pm line 7.
BEGIN failed--compilation aborted at /tmpfs/.cpan-build-cpansand/2016040715/GOBO-0.03-NtciCd/blib/lib/GOBO/Parsers/OBOParser.pm line 7.
Compilation failed in require at t/slimmer_test.t line 9.
BEGIN failed--compilation aborted at t/slimmer_test.t line 9.
t/slimmer_test.t ............. 
Dubious, test returned 255 (wstat 65280, 0xff00)
No subtests run 
You cannot coerce an attribute (source) unless its type (GOBO::Node) has a coercion at /opt/perl-5.16.3/lib/site_perl/5.16.3/x86_64-linux/Moose/Exporter.pm line 419
	Moose::with('GOBO::Attributed') called at /tmpfs/.cpan-build-cpansand/2016040715/GOBO-0.03-NtciCd/blib/lib/GOBO/Synonym.pm line 17
	require GOBO/Synonym.pm at /tmpfs/.cpan-build-cpansand/2016040715/GOBO-0.03-NtciCd/blib/lib/GOBO/Labeled.pm line 23
	GOBO::Labeled::BEGIN at /tmpfs/.cpan-build-cpansand/2016040715/GOBO-0.03-NtciCd/blib/lib/GOBO/Synonym.pm line 0
	eval {...} at /tmpfs/.cpan-build-cpansand/2016040715/GOBO-0.03-NtciCd/blib/lib/GOBO/Synonym.pm line 0
	require GOBO/Labeled.pm at /opt/perl-5.16.3/lib/site_perl/5.16.3/Module/Runtime.pm line 317
	Module::Runtime::require_module('GOBO::Labeled') called at /opt/perl-5.16.3/lib/site_perl/5.16.3/Module/Runtime.pm line 348
	Module::Runtime::use_module('GOBO::Labeled') called at /opt/perl-5.16.3/lib/site_perl/5.16.3/x86_64-linux/Moose/Util.pm line 147
	Moose::Util::_apply_all_roles('Moose::Meta::Class=HASH(0x16fa108)', undef, 'GOBO::Labeled') called at /opt/perl-5.16.3/lib/site_perl/5.16.3/x86_64-linux/Moose/Util.pm line 114
	Moose::Util::apply_all_roles('Moose::Meta::Class=HASH(0x16fa108)', 'GOBO::Labeled') called at /opt/perl-5.16.3/lib/site_perl/5.16.3/x86_64-linux/Moose.pm line 59
	Moose::with('Moose::Meta::Class=HASH(0x16fa108)', 'GOBO::Labeled') called at /opt/perl-5.16.3/lib/site_perl/5.16.3/x86_64-linux/Moose/Exporter.pm line 419
	Moose::with('GOBO::Labeled') called at /tmpfs/.cpan-build-cpansand/2016040715/GOBO-0.03-NtciCd/blib/lib/GOBO/Node.pm line 6
	require GOBO/Node.pm at /opt/perl-5.16.3/lib/site_perl/5.16.3/Module/Runtime.pm line 317
	Module::Runtime::require_module('GOBO::Node') called at /opt/perl-5.16.3/lib/site_perl/5.16.3/Module/Runtime.pm line 381
	eval {...} at /opt/perl-5.16.3/lib/site_perl/5.16.3/Module/Runtime.pm line 381
	Module::Runtime::use_package_optimistically('GOBO::Node') called at /opt/perl-5.16.3/lib/site_perl/5.16.3/x86_64-linux/Moose/Util.pm line 349
	Moose::Util::_load_user_class('GOBO::Node', undef) called at /opt/perl-5.16.3/lib/site_perl/5.16.3/x86_64-linux/Moose/Meta/Class.pm line 557
	Moose::Meta::Class::superclasses(undef, 'GOBO::Node') called at /opt/perl-5.16.3/lib/site_perl/5.16.3/x86_64-linux/Moose.pm line 55
	Moose::extends('Moose::Meta::Class=HASH(0x15b3d38)', 'GOBO::Node') called at /opt/perl-5.16.3/lib/site_perl/5.16.3/x86_64-linux/Moose/Exporter.pm line 419
	Moose::extends('GOBO::Node') called at /tmpfs/.cpan-build-cpansand/2016040715/GOBO-0.03-NtciCd/blib/lib/GOBO/Evidence.pm line 4
	require GOBO/Evidence.pm at /tmpfs/.cpan-build-cpansand/2016040715/GOBO-0.03-NtciCd/blib/lib/GOBO/Annotation.pm line 5
	GOBO::Annotation::BEGIN at /tmpfs/.cpan-build-cpansand/2016040715/GOBO-0.03-NtciCd/blib/lib/GOBO/Synonym.pm line 0
	eval {...} at /tmpfs/.cpan-build-cpansand/2016040715/GOBO-0.03-NtciCd/blib/lib/GOBO/Synonym.pm line 0
	require GOBO/Annotation.pm at /tmpfs/.cpan-build-cpansand/2016040715/GOBO-0.03-NtciCd/blib/lib/GOBO/Graph.pm line 55
	GOBO::Graph::BEGIN at /tmpfs/.cpan-build-cpansand/2016040715/GOBO-0.03-NtciCd/blib/lib/GOBO/Synonym.pm line 0
	eval {...} at /tmpfs/.cpan-build-cpansand/2016040715/GOBO-0.03-NtciCd/blib/lib/GOBO/Synonym.pm line 0
	require GOBO/Graph.pm at t/union_inference_test.t line 4
	main::BEGIN at /tmpfs/.cpan-build-cpansand/2016040715/GOBO-0.03-NtciCd/blib/lib/GOBO/Synonym.pm line 0
	eval {...} at /tmpfs/.cpan-build-cpansand/2016040715/GOBO-0.03-NtciCd/blib/lib/GOBO/Synonym.pm line 0
Compilation failed in require at /tmpfs/.cpan-build-cpansand/2016040715/GOBO-0.03-NtciCd/blib/lib/GOBO/Labeled.pm line 23.
BEGIN failed--compilation aborted at /tmpfs/.cpan-build-cpansand/2016040715/GOBO-0.03-NtciCd/blib/lib/GOBO/Labeled.pm line 23.
Compilation failed in require at /opt/perl-5.16.3/lib/site_perl/5.16.3/Module/Runtime.pm line 317.
Compilation failed in require at /opt/perl-5.16.3/lib/site_perl/5.16.3/Module/Runtime.pm line 317.
Compilation failed in require at /tmpfs/.cpan-build-cpansand/2016040715/GOBO-0.03-NtciCd/blib/lib/GOBO/Annotation.pm line 5.
BEGIN failed--compilation aborted at /tmpfs/.cpan-build-cpansand/2016040715/GOBO-0.03-NtciCd/blib/lib/GOBO/Annotation.pm line 5.
Compilation failed in require at /tmpfs/.cpan-build-cpansand/2016040715/GOBO-0.03-NtciCd/blib/lib/GOBO/Graph.pm line 55.
BEGIN failed--compilation aborted at /tmpfs/.cpan-build-cpansand/2016040715/GOBO-0.03-NtciCd/blib/lib/GOBO/Graph.pm line 55.
Compilation failed in require at t/union_inference_test.t line 4.
BEGIN failed--compilation aborted at t/union_inference_test.t line 4.
t/union_inference_test.t ..... 
Dubious, test returned 255 (wstat 65280, 0xff00)
No subtests run 

Test Summary Report
-------------------
t/analysis_test.t          (Wstat: 65280 Tests: 0 Failed: 0)
  Non-zero exit status: 255
  Parse errors: No plan found in TAP output
t/classexpr.t              (Wstat: 65280 Tests: 0 Failed: 0)
  Non-zero exit status: 255
  Parse errors: No plan found in TAP output
t/dbconnect.t              (Wstat: 65280 Tests: 0 Failed: 0)
  Non-zero exit status: 255
  Parse errors: No plan found in TAP output
t/gaf_inference_test.t     (Wstat: 65280 Tests: 0 Failed: 0)
  Non-zero exit status: 255
  Parse errors: No plan found in TAP output
t/gaftest.t                (Wstat: 65280 Tests: 0 Failed: 0)
  Non-zero exit status: 255
  Parse errors: No plan found in TAP output
t/gaftest_chunked.t        (Wstat: 65280 Tests: 0 Failed: 0)
  Non-zero exit status: 255
  Parse errors: No plan found in TAP output
t/gaftest_chunked_gzipped.t (Wstat: 65280 Tests: 0 Failed: 0)
  Non-zero exit status: 255
  Parse errors: No plan found in TAP output
t/graph_creation.t         (Wstat: 65280 Tests: 0 Failed: 0)
  Non-zero exit status: 255
  Parse errors: No plan found in TAP output
t/inference_engine_test.t  (Wstat: 65280 Tests: 0 Failed: 0)
  Non-zero exit status: 255
  Parse errors: No plan found in TAP output
t/logical_definition_test.t (Wstat: 65280 Tests: 0 Failed: 0)
  Non-zero exit status: 255
  Parse errors: No plan found in TAP output
t/node_removal.t           (Wstat: 65280 Tests: 0 Failed: 0)
  Non-zero exit status: 255
  Parse errors: No plan found in TAP output
t/oboparsertest.t          (Wstat: 65280 Tests: 0 Failed: 0)
  Non-zero exit status: 255
  Parse errors: No plan found in TAP output
t/parsetest.t              (Wstat: 65280 Tests: 0 Failed: 0)
  Non-zero exit status: 255
  Parse errors: No plan found in TAP output
t/relation_test.t          (Wstat: 65280 Tests: 0 Failed: 0)
  Non-zero exit status: 255
  Parse errors: Bad plan.  You planned 29 tests but ran 0.
t/roundtrip.t              (Wstat: 65280 Tests: 0 Failed: 0)
  Non-zero exit status: 255
  Parse errors: No plan found in TAP output
t/slimmer_test.t           (Wstat: 65280 Tests: 0 Failed: 0)
  Non-zero exit status: 255
  Parse errors: No plan found in TAP output
t/union_inference_test.t   (Wstat: 65280 Tests: 0 Failed: 0)
  Non-zero exit status: 255
  Parse errors: No plan found in TAP output
Files=17, Tests=0, 14 wallclock secs ( 0.04 usr  0.08 sys +  5.74 cusr  0.84 csys =  6.70 CPU)
Result: FAIL
Failed 17/17 test programs. 0/0 subtests failed.
make: *** [test_dynamic] Error 255

------------------------------
PREREQUISITES
------------------------------

Prerequisite modules loaded:

requires:

    Module                    Need Have  
    ------------------------- ---- ------
    DateTime::Format::ISO8601 0    0.08  
    List::MoreUtils           0    0.413 
    Moose                     0.81 2.1604
    Test::Deep                0    0.117 

build_requires:

    Module                    Need Have  
    ------------------------- ---- ------
    ExtUtils::MakeMaker       0    7.10  

configure_requires:

    Module                    Need Have  
    ------------------------- ---- ------
    ExtUtils::MakeMaker       0    7.10  


------------------------------
ENVIRONMENT AND OTHER CONTEXT
------------------------------

Environment variables:

    LANG = C
    PATH = /usr/local/bin:/usr/bin:/bin:/usr/local/sbin:/usr/sbin:/sbin:/home/cpansand/bin/linux-gnu:/home/cpansand/bin/sh:/home/cpansand/bin:/usr/games:/home/cpansand/devel:/home/eserte/src/srezic-misc/scripts
    PERL5LIB = /home/cpansand/.cpan/build/2016040715/MooseX-Method-0.44-DrKGI3/blib/arch:/home/cpansand/.cpan/build/2016040715/MooseX-Method-0.44-DrKGI3/blib/lib
    PERL5OPT = 
    PERL5_CPANPLUS_IS_RUNNING = 6184
    PERL5_CPAN_IS_RUNNING = 6184
    PERL5_CPAN_IS_RUNNING_IN_RECURSION = 16219,6184
    PERLDOC = -MPod::Perldoc::ToTextOverstrike
    PERL_BATCH = yes
    PERL_CANARY_STABILITY_NOPROMPT = 1
    PERL_CPAN_REPORTER_CONFIG = /var/tmp/cpansmoker-1023/2016040715/cpanreporter_005_config.ini
    PERL_EXTUTILS_AUTOINSTALL = --defaultdeps
    SHELL = /bin/zsh
    TERM = screen
    TMPDIR = /var/tmp/cpansmoker-1023/2016040715

Perl special variables (and OS-specific diagnostics, for MSWin32):

    $^X = /bbbike/perl-5.16.3/bin/perl
    $UID/$EUID = 1023 / 1023
    $GID = 1023 1023
    $EGID = 1023 1023

Perl module toolchain versions installed:

    Module              Have    
    ------------------- --------
    CPAN                1.9800  
    CPAN::Meta          2.150005
    Cwd                 3.60    
    ExtUtils::CBuilder  0.280223
    ExtUtils::Command   7.10    
    ExtUtils::Install   2.04    
    ExtUtils::MakeMaker 7.10    
    ExtUtils::Manifest  1.68    
    ExtUtils::ParseXS   3.24    
    File::Spec          3.60    
    JSON                2.90    
    JSON::PP            2.27300 
    Module::Build       0.4214  
    Module::Signature   0.78    
    Parse::CPAN::Meta   1.4414  
    Test::Harness       3.36    
    Test::More          1.001014
    YAML                1.15    
    YAML::Syck          1.29    
    version             0.9916  


--

Summary of my perl5 (revision 5 version 16 subversion 3) configuration:
   
  Platform:
    osname=linux, osvers=3.2.0-4-amd64, archname=x86_64-linux
    uname='linux eserte 3.2.0-4-amd64 #1 smp debian 3.2.57-3 x86_64 gnulinux '
    config_args='-ds -e -Dprefix=/opt/perl-5.16.3'
    hint=recommended, useposix=true, d_sigaction=define
    useithreads=undef, usemultiplicity=undef
    useperlio=define, d_sfio=undef, uselargefiles=define, usesocks=undef
    use64bitint=define, use64bitall=define, uselongdouble=undef
    usemymalloc=n, bincompat5005=undef
  Compiler:
    cc='cc', ccflags ='-fno-strict-aliasing -pipe -fstack-protector -I/usr/local/include -D_LARGEFILE_SOURCE -D_FILE_OFFSET_BITS=64',
    optimize='-O2',
    cppflags='-fno-strict-aliasing -pipe -fstack-protector -I/usr/local/include'
    ccversion='', gccversion='4.7.2', gccosandvers=''
    intsize=4, longsize=8, ptrsize=8, doublesize=8, byteorder=12345678
    d_longlong=define, longlongsize=8, d_longdbl=define, longdblsize=16
    ivtype='long', ivsize=8, nvtype='double', nvsize=8, Off_t='off_t', lseeksize=8
    alignbytes=8, prototype=define
  Linker and Libraries:
    ld='cc', ldflags =' -fstack-protector -L/usr/local/lib'
    libpth=/usr/local/lib /lib/x86_64-linux-gnu /lib/../lib /usr/lib/x86_64-linux-gnu /usr/lib/../lib /lib /usr/lib
    libs=-lnsl -ldb -ldl -lm -lcrypt -lutil -lc
    perllibs=-lnsl -ldl -lm -lcrypt -lutil -lc
    libc=, so=so, useshrplib=false, libperl=libperl.a
    gnulibc_version='2.13'
  Dynamic Linking:
    dlsrc=dl_dlopen.xs, dlext=so, d_dlsymun=undef, ccdlflags='-Wl,-E'
    cccdlflags='-fPIC', lddlflags='-shared -O2 -L/usr/local/lib -fstack-protector'


Characteristics of this binary (from libperl): 
  Compile-time options: HAS_TIMES PERLIO_LAYERS PERL_DONT_CREATE_GVSV
                        PERL_MALLOC_WRAP PERL_PRESERVE_IVUV USE_64_BIT_ALL
                        USE_64_BIT_INT USE_LARGE_FILES USE_LOCALE
                        USE_LOCALE_COLLATE USE_LOCALE_CTYPE
                        USE_LOCALE_NUMERIC USE_PERLIO USE_PERL_ATOF
  Built under linux
  Compiled at May 15 2014 11:12:25
  %ENV:
    PERL5LIB="/home/cpansand/.cpan/build/2016040715/MooseX-Method-0.44-DrKGI3/blib/arch:/home/cpansand/.cpan/build/2016040715/MooseX-Method-0.44-DrKGI3/blib/lib"
    PERL5OPT=""
    PERL5_CPANPLUS_IS_RUNNING="6184"
    PERL5_CPAN_IS_RUNNING="6184"
    PERL5_CPAN_IS_RUNNING_IN_RECURSION="16219,6184"
    PERLDOC="-MPod::Perldoc::ToTextOverstrike"
    PERL_BATCH="yes"
    PERL_CANARY_STABILITY_NOPROMPT="1"
    PERL_CPAN_REPORTER_CONFIG="/var/tmp/cpansmoker-1023/2016040715/cpanreporter_005_config.ini"
    PERL_EXTUTILS_AUTOINSTALL="--defaultdeps"
  @INC:
    /home/cpansand/.cpan/build/2016040715/MooseX-Method-0.44-DrKGI3/blib/arch
    /home/cpansand/.cpan/build/2016040715/MooseX-Method-0.44-DrKGI3/blib/lib
    /opt/perl-5.16.3/lib/site_perl/5.16.3/x86_64-linux
    /opt/perl-5.16.3/lib/site_perl/5.16.3
    /opt/perl-5.16.3/lib/5.16.3/x86_64-linux
    /opt/perl-5.16.3/lib/5.16.3
    .