Back
From: metabase:user:322078bc-2aae-11df-837a-5e0a49663a4f
Subject: FAIL Shatterproof-0.14 v5.18.3 OpenBSD
Date: 2015-06-27T12:09:22Z
This distribution has been tested as part of the CPAN Testers
project, supporting the Perl programming language. See
http://wiki.cpantesters.org/ for more information or email
questions to cpan-testers-discuss@perl.org
--
Dear BOUTROSLB,
This is a computer-generated error report created automatically by
CPANPLUS, version 0.9152. Testers personal comments may appear
at the end of this report.
Thank you for uploading your work to CPAN. However, it appears that
there were some problems testing your distribution.
TEST RESULTS:
Below is the error stack from stage 'make test':
PERL_DL_NONLAZY=1 "/home/cpan/pit/thr/perl-5.18.3/bin/perl" "-MExtUtils::Command::MM" "-MTest::Harness" "-e" "undef *Test::Harness::Switches; test_harness(0, 'blib/lib', 'blib/arch')" t/*.t
given is experimental at /home/cpan/pit/thr/conf/perl-5.18.3/.cpanplus/5.18.3/build/Shatterproof-0.14/blib/lib/Shatterproof.pm line 429.
when is experimental at /home/cpan/pit/thr/conf/perl-5.18.3/.cpanplus/5.18.3/build/Shatterproof-0.14/blib/lib/Shatterproof.pm line 430.
when is experimental at /home/cpan/pit/thr/conf/perl-5.18.3/.cpanplus/5.18.3/build/Shatterproof-0.14/blib/lib/Shatterproof.pm line 432.
given is experimental at /home/cpan/pit/thr/conf/perl-5.18.3/.cpanplus/5.18.3/build/Shatterproof-0.14/blib/lib/Shatterproof.pm line 3897.
when is experimental at /home/cpan/pit/thr/conf/perl-5.18.3/.cpanplus/5.18.3/build/Shatterproof-0.14/blib/lib/Shatterproof.pm line 3898.
when is experimental at /home/cpan/pit/thr/conf/perl-5.18.3/.cpanplus/5.18.3/build/Shatterproof-0.14/blib/lib/Shatterproof.pm line 3899.
when is experimental at /home/cpan/pit/thr/conf/perl-5.18.3/.cpanplus/5.18.3/build/Shatterproof-0.14/blib/lib/Shatterproof.pm line 3900.
when is experimental at /home/cpan/pit/thr/conf/perl-5.18.3/.cpanplus/5.18.3/build/Shatterproof-0.14/blib/lib/Shatterproof.pm line 3901.
when is experimental at /home/cpan/pit/thr/conf/perl-5.18.3/.cpanplus/5.18.3/build/Shatterproof-0.14/blib/lib/Shatterproof.pm line 3902.
when is experimental at /home/cpan/pit/thr/conf/perl-5.18.3/.cpanplus/5.18.3/build/Shatterproof-0.14/blib/lib/Shatterproof.pm line 3903.
when is experimental at /home/cpan/pit/thr/conf/perl-5.18.3/.cpanplus/5.18.3/build/Shatterproof-0.14/blib/lib/Shatterproof.pm line 3904.
when is experimental at /home/cpan/pit/thr/conf/perl-5.18.3/.cpanplus/5.18.3/build/Shatterproof-0.14/blib/lib/Shatterproof.pm line 3905.
when is experimental at /home/cpan/pit/thr/conf/perl-5.18.3/.cpanplus/5.18.3/build/Shatterproof-0.14/blib/lib/Shatterproof.pm line 3906.
when is experimental at /home/cpan/pit/thr/conf/perl-5.18.3/.cpanplus/5.18.3/build/Shatterproof-0.14/blib/lib/Shatterproof.pm line 3907.
when is experimental at /home/cpan/pit/thr/conf/perl-5.18.3/.cpanplus/5.18.3/build/Shatterproof-0.14/blib/lib/Shatterproof.pm line 3908.
when is experimental at /home/cpan/pit/thr/conf/perl-5.18.3/.cpanplus/5.18.3/build/Shatterproof-0.14/blib/lib/Shatterproof.pm line 3909.
when is experimental at /home/cpan/pit/thr/conf/perl-5.18.3/.cpanplus/5.18.3/build/Shatterproof-0.14/blib/lib/Shatterproof.pm line 3910.
when is experimental at /home/cpan/pit/thr/conf/perl-5.18.3/.cpanplus/5.18.3/build/Shatterproof-0.14/blib/lib/Shatterproof.pm line 3911.
when is experimental at /home/cpan/pit/thr/conf/perl-5.18.3/.cpanplus/5.18.3/build/Shatterproof-0.14/blib/lib/Shatterproof.pm line 3912.
when is experimental at /home/cpan/pit/thr/conf/perl-5.18.3/.cpanplus/5.18.3/build/Shatterproof-0.14/blib/lib/Shatterproof.pm line 3913.
when is experimental at /home/cpan/pit/thr/conf/perl-5.18.3/.cpanplus/5.18.3/build/Shatterproof-0.14/blib/lib/Shatterproof.pm line 3914.
when is experimental at /home/cpan/pit/thr/conf/perl-5.18.3/.cpanplus/5.18.3/build/Shatterproof-0.14/blib/lib/Shatterproof.pm line 3915.
when is experimental at /home/cpan/pit/thr/conf/perl-5.18.3/.cpanplus/5.18.3/build/Shatterproof-0.14/blib/lib/Shatterproof.pm line 3916.
t/analyze_cnv_data.t ............................... ok
given is experimental at /home/cpan/pit/thr/conf/perl-5.18.3/.cpanplus/5.18.3/build/Shatterproof-0.14/blib/lib/Shatterproof.pm line 429.
when is experimental at /home/cpan/pit/thr/conf/perl-5.18.3/.cpanplus/5.18.3/build/Shatterproof-0.14/blib/lib/Shatterproof.pm line 430.
when is experimental at /home/cpan/pit/thr/conf/perl-5.18.3/.cpanplus/5.18.3/build/Shatterproof-0.14/blib/lib/Shatterproof.pm line 432.
given is experimental at /home/cpan/pit/thr/conf/perl-5.18.3/.cpanplus/5.18.3/build/Shatterproof-0.14/blib/lib/Shatterproof.pm line 3897.
when is experimental at /home/cpan/pit/thr/conf/perl-5.18.3/.cpanplus/5.18.3/build/Shatterproof-0.14/blib/lib/Shatterproof.pm line 3898.
when is experimental at /home/cpan/pit/thr/conf/perl-5.18.3/.cpanplus/5.18.3/build/Shatterproof-0.14/blib/lib/Shatterproof.pm line 3899.
when is experimental at /home/cpan/pit/thr/conf/perl-5.18.3/.cpanplus/5.18.3/build/Shatterproof-0.14/blib/lib/Shatterproof.pm line 3900.
when is experimental at /home/cpan/pit/thr/conf/perl-5.18.3/.cpanplus/5.18.3/build/Shatterproof-0.14/blib/lib/Shatterproof.pm line 3901.
when is experimental at /home/cpan/pit/thr/conf/perl-5.18.3/.cpanplus/5.18.3/build/Shatterproof-0.14/blib/lib/Shatterproof.pm line 3902.
when is experimental at /home/cpan/pit/thr/conf/perl-5.18.3/.cpanplus/5.18.3/build/Shatterproof-0.14/blib/lib/Shatterproof.pm line 3903.
when is experimental at /home/cpan/pit/thr/conf/perl-5.18.3/.cpanplus/5.18.3/build/Shatterproof-0.14/blib/lib/Shatterproof.pm line 3904.
when is experimental at /home/cpan/pit/thr/conf/perl-5.18.3/.cpanplus/5.18.3/build/Shatterproof-0.14/blib/lib/Shatterproof.pm line 3905.
when is experimental at /home/cpan/pit/thr/conf/perl-5.18.3/.cpanplus/5.18.3/build/Shatterproof-0.14/blib/lib/Shatterproof.pm line 3906.
when is experimental at /home/cpan/pit/thr/conf/perl-5.18.3/.cpanplus/5.18.3/build/Shatterproof-0.14/blib/lib/Shatterproof.pm line 3907.
when is experimental at /home/cpan/pit/thr/conf/perl-5.18.3/.cpanplus/5.18.3/build/Shatterproof-0.14/blib/lib/Shatterproof.pm line 3908.
when is experimental at /home/cpan/pit/thr/conf/perl-5.18.3/.cpanplus/5.18.3/build/Shatterproof-0.14/blib/lib/Shatterproof.pm line 3909.
when is experimental at /home/cpan/pit/thr/conf/perl-5.18.3/.cpanplus/5.18.3/build/Shatterproof-0.14/blib/lib/Shatterproof.pm line 3910.
when is experimental at /home/cpan/pit/thr/conf/perl-5.18.3/.cpanplus/5.18.3/build/Shatterproof-0.14/blib/lib/Shatterproof.pm line 3911.
when is experimental at /home/cpan/pit/thr/conf/perl-5.18.3/.cpanplus/5.18.3/build/Shatterproof-0.14/blib/lib/Shatterproof.pm line 3912.
when is experimental at /home/cpan/pit/thr/conf/perl-5.18.3/.cpanplus/5.18.3/build/Shatterproof-0.14/blib/lib/Shatterproof.pm line 3913.
when is experimental at /home/cpan/pit/thr/conf/perl-5.18.3/.cpanplus/5.18.3/build/Shatterproof-0.14/blib/lib/Shatterproof.pm line 3914.
when is experimental at /home/cpan/pit/thr/conf/perl-5.18.3/.cpanplus/5.18.3/build/Shatterproof-0.14/blib/lib/Shatterproof.pm line 3915.
when is experimental at /home/cpan/pit/thr/conf/perl-5.18.3/.cpanplus/5.18.3/build/Shatterproof-0.14/blib/lib/Shatterproof.pm line 3916.
t/analyze_likely_regions.t ......................... ok
given is experimental at /home/cpan/pit/thr/conf/perl-5.18.3/.cpanplus/5.18.3/build/Shatterproof-0.14/blib/lib/Shatterproof.pm line 429.
when is experimental at /home/cpan/pit/thr/conf/perl-5.18.3/.cpanplus/5.18.3/build/Shatterproof-0.14/blib/lib/Shatterproof.pm line 430.
when is experimental at /home/cpan/pit/thr/conf/perl-5.18.3/.cpanplus/5.18.3/build/Shatterproof-0.14/blib/lib/Shatterproof.pm line 432.
given is experimental at /home/cpan/pit/thr/conf/perl-5.18.3/.cpanplus/5.18.3/build/Shatterproof-0.14/blib/lib/Shatterproof.pm line 3897.
when is experimental at /home/cpan/pit/thr/conf/perl-5.18.3/.cpanplus/5.18.3/build/Shatterproof-0.14/blib/lib/Shatterproof.pm line 3898.
when is experimental at /home/cpan/pit/thr/conf/perl-5.18.3/.cpanplus/5.18.3/build/Shatterproof-0.14/blib/lib/Shatterproof.pm line 3899.
when is experimental at /home/cpan/pit/thr/conf/perl-5.18.3/.cpanplus/5.18.3/build/Shatterproof-0.14/blib/lib/Shatterproof.pm line 3900.
when is experimental at /home/cpan/pit/thr/conf/perl-5.18.3/.cpanplus/5.18.3/build/Shatterproof-0.14/blib/lib/Shatterproof.pm line 3901.
when is experimental at /home/cpan/pit/thr/conf/perl-5.18.3/.cpanplus/5.18.3/build/Shatterproof-0.14/blib/lib/Shatterproof.pm line 3902.
when is experimental at /home/cpan/pit/thr/conf/perl-5.18.3/.cpanplus/5.18.3/build/Shatterproof-0.14/blib/lib/Shatterproof.pm line 3903.
when is experimental at /home/cpan/pit/thr/conf/perl-5.18.3/.cpanplus/5.18.3/build/Shatterproof-0.14/blib/lib/Shatterproof.pm line 3904.
when is experimental at /home/cpan/pit/thr/conf/perl-5.18.3/.cpanplus/5.18.3/build/Shatterproof-0.14/blib/lib/Shatterproof.pm line 3905.
when is experimental at /home/cpan/pit/thr/conf/perl-5.18.3/.cpanplus/5.18.3/build/Shatterproof-0.14/blib/lib/Shatterproof.pm line 3906.
when is experimental at /home/cpan/pit/thr/conf/perl-5.18.3/.cpanplus/5.18.3/build/Shatterproof-0.14/blib/lib/Shatterproof.pm line 3907.
when is experimental at /home/cpan/pit/thr/conf/perl-5.18.3/.cpanplus/5.18.3/build/Shatterproof-0.14/blib/lib/Shatterproof.pm line 3908.
when is experimental at /home/cpan/pit/thr/conf/perl-5.18.3/.cpanplus/5.18.3/build/Shatterproof-0.14/blib/lib/Shatterproof.pm line 3909.
when is experimental at /home/cpan/pit/thr/conf/perl-5.18.3/.cpanplus/5.18.3/build/Shatterproof-0.14/blib/lib/Shatterproof.pm line 3910.
when is experimental at /home/cpan/pit/thr/conf/perl-5.18.3/.cpanplus/5.18.3/build/Shatterproof-0.14/blib/lib/Shatterproof.pm line 3911.
when is experimental at /home/cpan/pit/thr/conf/perl-5.18.3/.cpanplus/5.18.3/build/Shatterproof-0.14/blib/lib/Shatterproof.pm line 3912.
when is experimental at /home/cpan/pit/thr/conf/perl-5.18.3/.cpanplus/5.18.3/build/Shatterproof-0.14/blib/lib/Shatterproof.pm line 3913.
when is experimental at /home/cpan/pit/thr/conf/perl-5.18.3/.cpanplus/5.18.3/build/Shatterproof-0.14/blib/lib/Shatterproof.pm line 3914.
when is experimental at /home/cpan/pit/thr/conf/perl-5.18.3/.cpanplus/5.18.3/build/Shatterproof-0.14/blib/lib/Shatterproof.pm line 3915.
when is experimental at /home/cpan/pit/thr/conf/perl-5.18.3/.cpanplus/5.18.3/build/Shatterproof-0.14/blib/lib/Shatterproof.pm line 3916.
t/analyze_trans_data.t ............................. ok
given is experimental at /home/cpan/pit/thr/conf/perl-5.18.3/.cpanplus/5.18.3/build/Shatterproof-0.14/blib/lib/Shatterproof.pm line 429.
when is experimental at /home/cpan/pit/thr/conf/perl-5.18.3/.cpanplus/5.18.3/build/Shatterproof-0.14/blib/lib/Shatterproof.pm line 430.
when is experimental at /home/cpan/pit/thr/conf/perl-5.18.3/.cpanplus/5.18.3/build/Shatterproof-0.14/blib/lib/Shatterproof.pm line 432.
given is experimental at /home/cpan/pit/thr/conf/perl-5.18.3/.cpanplus/5.18.3/build/Shatterproof-0.14/blib/lib/Shatterproof.pm line 3897.
when is experimental at /home/cpan/pit/thr/conf/perl-5.18.3/.cpanplus/5.18.3/build/Shatterproof-0.14/blib/lib/Shatterproof.pm line 3898.
when is experimental at /home/cpan/pit/thr/conf/perl-5.18.3/.cpanplus/5.18.3/build/Shatterproof-0.14/blib/lib/Shatterproof.pm line 3899.
when is experimental at /home/cpan/pit/thr/conf/perl-5.18.3/.cpanplus/5.18.3/build/Shatterproof-0.14/blib/lib/Shatterproof.pm line 3900.
when is experimental at /home/cpan/pit/thr/conf/perl-5.18.3/.cpanplus/5.18.3/build/Shatterproof-0.14/blib/lib/Shatterproof.pm line 3901.
when is experimental at /home/cpan/pit/thr/conf/perl-5.18.3/.cpanplus/5.18.3/build/Shatterproof-0.14/blib/lib/Shatterproof.pm line 3902.
when is experimental at /home/cpan/pit/thr/conf/perl-5.18.3/.cpanplus/5.18.3/build/Shatterproof-0.14/blib/lib/Shatterproof.pm line 3903.
when is experimental at /home/cpan/pit/thr/conf/perl-5.18.3/.cpanplus/5.18.3/build/Shatterproof-0.14/blib/lib/Shatterproof.pm line 3904.
when is experimental at /home/cpan/pit/thr/conf/perl-5.18.3/.cpanplus/5.18.3/build/Shatterproof-0.14/blib/lib/Shatterproof.pm line 3905.
when is experimental at /home/cpan/pit/thr/conf/perl-5.18.3/.cpanplus/5.18.3/build/Shatterproof-0.14/blib/lib/Shatterproof.pm line 3906.
when is experimental at /home/cpan/pit/thr/conf/perl-5.18.3/.cpanplus/5.18.3/build/Shatterproof-0.14/blib/lib/Shatterproof.pm line 3907.
when is experimental at /home/cpan/pit/thr/conf/perl-5.18.3/.cpanplus/5.18.3/build/Shatterproof-0.14/blib/lib/Shatterproof.pm line 3908.
when is experimental at /home/cpan/pit/thr/conf/perl-5.18.3/.cpanplus/5.18.3/build/Shatterproof-0.14/blib/lib/Shatterproof.pm line 3909.
when is experimental at /home/cpan/pit/thr/conf/perl-5.18.3/.cpanplus/5.18.3/build/Shatterproof-0.14/blib/lib/Shatterproof.pm line 3910.
when is experimental at /home/cpan/pit/thr/conf/perl-5.18.3/.cpanplus/5.18.3/build/Shatterproof-0.14/blib/lib/Shatterproof.pm line 3911.
when is experimental at /home/cpan/pit/thr/conf/perl-5.18.3/.cpanplus/5.18.3/build/Shatterproof-0.14/blib/lib/Shatterproof.pm line 3912.
when is experimental at /home/cpan/pit/thr/conf/perl-5.18.3/.cpanplus/5.18.3/build/Shatterproof-0.14/blib/lib/Shatterproof.pm line 3913.
when is experimental at /home/cpan/pit/thr/conf/perl-5.18.3/.cpanplus/5.18.3/build/Shatterproof-0.14/blib/lib/Shatterproof.pm line 3914.
when is experimental at /home/cpan/pit/thr/conf/perl-5.18.3/.cpanplus/5.18.3/build/Shatterproof-0.14/blib/lib/Shatterproof.pm line 3915.
when is experimental at /home/cpan/pit/thr/conf/perl-5.18.3/.cpanplus/5.18.3/build/Shatterproof-0.14/blib/lib/Shatterproof.pm line 3916.
Out of memory!
# Looks like you planned 15 tests but ran 3.
# Looks like your test exited with 1 just after 3.
t/calculate_chromosome_localization.t ..............
Dubious, test returned 1 (wstat 256, 0x100)
Failed 12/15 subtests
given is experimental at /home/cpan/pit/thr/conf/perl-5.18.3/.cpanplus/5.18.3/build/Shatterproof-0.14/blib/lib/Shatterproof.pm line 429.
when is experimental at /home/cpan/pit/thr/conf/perl-5.18.3/.cpanplus/5.18.3/build/Shatterproof-0.14/blib/lib/Shatterproof.pm line 430.
when is experimental at /home/cpan/pit/thr/conf/perl-5.18.3/.cpanplus/5.18.3/build/Shatterproof-0.14/blib/lib/Shatterproof.pm line 432.
given is experimental at /home/cpan/pit/thr/conf/perl-5.18.3/.cpanplus/5.18.3/build/Shatterproof-0.14/blib/lib/Shatterproof.pm line 3897.
when is experimental at /home/cpan/pit/thr/conf/perl-5.18.3/.cpanplus/5.18.3/build/Shatterproof-0.14/blib/lib/Shatterproof.pm line 3898.
when is experimental at /home/cpan/pit/thr/conf/perl-5.18.3/.cpanplus/5.18.3/build/Shatterproof-0.14/blib/lib/Shatterproof.pm line 3899.
when is experimental at /home/cpan/pit/thr/conf/perl-5.18.3/.cpanplus/5.18.3/build/Shatterproof-0.14/blib/lib/Shatterproof.pm line 3900.
when is experimental at /home/cpan/pit/thr/conf/perl-5.18.3/.cpanplus/5.18.3/build/Shatterproof-0.14/blib/lib/Shatterproof.pm line 3901.
when is experimental at /home/cpan/pit/thr/conf/perl-5.18.3/.cpanplus/5.18.3/build/Shatterproof-0.14/blib/lib/Shatterproof.pm line 3902.
when is experimental at /home/cpan/pit/thr/conf/perl-5.18.3/.cpanplus/5.18.3/build/Shatterproof-0.14/blib/lib/Shatterproof.pm line 3903.
when is experimental at /home/cpan/pit/thr/conf/perl-5.18.3/.cpanplus/5.18.3/build/Shatterproof-0.14/blib/lib/Shatterproof.pm line 3904.
when is experimental at /home/cpan/pit/thr/conf/perl-5.18.3/.cpanplus/5.18.3/build/Shatterproof-0.14/blib/lib/Shatterproof.pm line 3905.
when is experimental at /home/cpan/pit/thr/conf/perl-5.18.3/.cpanplus/5.18.3/build/Shatterproof-0.14/blib/lib/Shatterproof.pm line 3906.
when is experimental at /home/cpan/pit/thr/conf/perl-5.18.3/.cpanplus/5.18.3/build/Shatterproof-0.14/blib/lib/Shatterproof.pm line 3907.
when is experimental at /home/cpan/pit/thr/conf/perl-5.18.3/.cpanplus/5.18.3/build/Shatterproof-0.14/blib/lib/Shatterproof.pm line 3908.
when is experimental at /home/cpan/pit/thr/conf/perl-5.18.3/.cpanplus/5.18.3/build/Shatterproof-0.14/blib/lib/Shatterproof.pm line 3909.
when is experimental at /home/cpan/pit/thr/conf/perl-5.18.3/.cpanplus/5.18.3/build/Shatterproof-0.14/blib/lib/Shatterproof.pm line 3910.
when is experimental at /home/cpan/pit/thr/conf/perl-5.18.3/.cpanplus/5.18.3/build/Shatterproof-0.14/blib/lib/Shatterproof.pm line 3911.
when is experimental at /home/cpan/pit/thr/conf/perl-5.18.3/.cpanplus/5.18.3/build/Shatterproof-0.14/blib/lib/Shatterproof.pm line 3912.
when is experimental at /home/cpan/pit/thr/conf/perl-5.18.3/.cpanplus/5.18.3/build/Shatterproof-0.14/blib/lib/Shatterproof.pm line 3913.
when is experimental at /home/cpan/pit/thr/conf/perl-5.18.3/.cpanplus/5.18.3/build/Shatterproof-0.14/blib/lib/Shatterproof.pm line 3914.
when is experimental at /home/cpan/pit/thr/conf/perl-5.18.3/.cpanplus/5.18.3/build/Shatterproof-0.14/blib/lib/Shatterproof.pm line 3915.
when is experimental at /home/cpan/pit/thr/conf/perl-5.18.3/.cpanplus/5.18.3/build/Shatterproof-0.14/blib/lib/Shatterproof.pm line 3916.
t/calculate_genome_localization.t .................. ok
given is experimental at /home/cpan/pit/thr/conf/perl-5.18.3/.cpanplus/5.18.3/build/Shatterproof-0.14/blib/lib/Shatterproof.pm line 429.
when is experimental at /home/cpan/pit/thr/conf/perl-5.18.3/.cpanplus/5.18.3/build/Shatterproof-0.14/blib/lib/Shatterproof.pm line 430.
when is experimental at /home/cpan/pit/thr/conf/perl-5.18.3/.cpanplus/5.18.3/build/Shatterproof-0.14/blib/lib/Shatterproof.pm line 432.
given is experimental at /home/cpan/pit/thr/conf/perl-5.18.3/.cpanplus/5.18.3/build/Shatterproof-0.14/blib/lib/Shatterproof.pm line 3897.
when is experimental at /home/cpan/pit/thr/conf/perl-5.18.3/.cpanplus/5.18.3/build/Shatterproof-0.14/blib/lib/Shatterproof.pm line 3898.
when is experimental at /home/cpan/pit/thr/conf/perl-5.18.3/.cpanplus/5.18.3/build/Shatterproof-0.14/blib/lib/Shatterproof.pm line 3899.
when is experimental at /home/cpan/pit/thr/conf/perl-5.18.3/.cpanplus/5.18.3/build/Shatterproof-0.14/blib/lib/Shatterproof.pm line 3900.
when is experimental at /home/cpan/pit/thr/conf/perl-5.18.3/.cpanplus/5.18.3/build/Shatterproof-0.14/blib/lib/Shatterproof.pm line 3901.
when is experimental at /home/cpan/pit/thr/conf/perl-5.18.3/.cpanplus/5.18.3/build/Shatterproof-0.14/blib/lib/Shatterproof.pm line 3902.
when is experimental at /home/cpan/pit/thr/conf/perl-5.18.3/.cpanplus/5.18.3/build/Shatterproof-0.14/blib/lib/Shatterproof.pm line 3903.
when is experimental at /home/cpan/pit/thr/conf/perl-5.18.3/.cpanplus/5.18.3/build/Shatterproof-0.14/blib/lib/Shatterproof.pm line 3904.
when is experimental at /home/cpan/pit/thr/conf/perl-5.18.3/.cpanplus/5.18.3/build/Shatterproof-0.14/blib/lib/Shatterproof.pm line 3905.
when is experimental at /home/cpan/pit/thr/conf/perl-5.18.3/.cpanplus/5.18.3/build/Shatterproof-0.14/blib/lib/Shatterproof.pm line 3906.
when is experimental at /home/cpan/pit/thr/conf/perl-5.18.3/.cpanplus/5.18.3/build/Shatterproof-0.14/blib/lib/Shatterproof.pm line 3907.
when is experimental at /home/cpan/pit/thr/conf/perl-5.18.3/.cpanplus/5.18.3/build/Shatterproof-0.14/blib/lib/Shatterproof.pm line 3908.
when is experimental at /home/cpan/pit/thr/conf/perl-5.18.3/.cpanplus/5.18.3/build/Shatterproof-0.14/blib/lib/Shatterproof.pm line 3909.
when is experimental at /home/cpan/pit/thr/conf/perl-5.18.3/.cpanplus/5.18.3/build/Shatterproof-0.14/blib/lib/Shatterproof.pm line 3910.
when is experimental at /home/cpan/pit/thr/conf/perl-5.18.3/.cpanplus/5.18.3/build/Shatterproof-0.14/blib/lib/Shatterproof.pm line 3911.
when is experimental at /home/cpan/pit/thr/conf/perl-5.18.3/.cpanplus/5.18.3/build/Shatterproof-0.14/blib/lib/Shatterproof.pm line 3912.
when is experimental at /home/cpan/pit/thr/conf/perl-5.18.3/.cpanplus/5.18.3/build/Shatterproof-0.14/blib/lib/Shatterproof.pm line 3913.
when is experimental at /home/cpan/pit/thr/conf/perl-5.18.3/.cpanplus/5.18.3/build/Shatterproof-0.14/blib/lib/Shatterproof.pm line 3914.
when is experimental at /home/cpan/pit/thr/conf/perl-5.18.3/.cpanplus/5.18.3/build/Shatterproof-0.14/blib/lib/Shatterproof.pm line 3915.
when is experimental at /home/cpan/pit/thr/conf/perl-5.18.3/.cpanplus/5.18.3/build/Shatterproof-0.14/blib/lib/Shatterproof.pm line 3916.
t/calculate_interchromosomal_translocation_rate.t .. ok
given is experimental at /home/cpan/pit/thr/conf/perl-5.18.3/.cpanplus/5.18.3/build/Shatterproof-0.14/blib/lib/Shatterproof.pm line 429.
when is experimental at /home/cpan/pit/thr/conf/perl-5.18.3/.cpanplus/5.18.3/build/Shatterproof-0.14/blib/lib/Shatterproof.pm line 430.
when is experimental at /home/cpan/pit/thr/conf/perl-5.18.3/.cpanplus/5.18.3/build/Shatterproof-0.14/blib/lib/Shatterproof.pm line 432.
given is experimental at /home/cpan/pit/thr/conf/perl-5.18.3/.cpanplus/5.18.3/build/Shatterproof-0.14/blib/lib/Shatterproof.pm line 3897.
when is experimental at /home/cpan/pit/thr/conf/perl-5.18.3/.cpanplus/5.18.3/build/Shatterproof-0.14/blib/lib/Shatterproof.pm line 3898.
when is experimental at /home/cpan/pit/thr/conf/perl-5.18.3/.cpanplus/5.18.3/build/Shatterproof-0.14/blib/lib/Shatterproof.pm line 3899.
when is experimental at /home/cpan/pit/thr/conf/perl-5.18.3/.cpanplus/5.18.3/build/Shatterproof-0.14/blib/lib/Shatterproof.pm line 3900.
when is experimental at /home/cpan/pit/thr/conf/perl-5.18.3/.cpanplus/5.18.3/build/Shatterproof-0.14/blib/lib/Shatterproof.pm line 3901.
when is experimental at /home/cpan/pit/thr/conf/perl-5.18.3/.cpanplus/5.18.3/build/Shatterproof-0.14/blib/lib/Shatterproof.pm line 3902.
when is experimental at /home/cpan/pit/thr/conf/perl-5.18.3/.cpanplus/5.18.3/build/Shatterproof-0.14/blib/lib/Shatterproof.pm line 3903.
when is experimental at /home/cpan/pit/thr/conf/perl-5.18.3/.cpanplus/5.18.3/build/Shatterproof-0.14/blib/lib/Shatterproof.pm line 3904.
when is experimental at /home/cpan/pit/thr/conf/perl-5.18.3/.cpanplus/5.18.3/build/Shatterproof-0.14/blib/lib/Shatterproof.pm line 3905.
when is experimental at /home/cpan/pit/thr/conf/perl-5.18.3/.cpanplus/5.18.3/build/Shatterproof-0.14/blib/lib/Shatterproof.pm line 3906.
when is experimental at /home/cpan/pit/thr/conf/perl-5.18.3/.cpanplus/5.18.3/build/Shatterproof-0.14/blib/lib/Shatterproof.pm line 3907.
when is experimental at /home/cpan/pit/thr/conf/perl-5.18.3/.cpanplus/5.18.3/build/Shatterproof-0.14/blib/lib/Shatterproof.pm line 3908.
when is experimental at /home/cpan/pit/thr/conf/perl-5.18.3/.cpanplus/5.18.3/build/Shatterproof-0.14/blib/lib/Shatterproof.pm line 3909.
when is experimental at /home/cpan/pit/thr/conf/perl-5.18.3/.cpanplus/5.18.3/build/Shatterproof-0.14/blib/lib/Shatterproof.pm line 3910.
when is experimental at /home/cpan/pit/thr/conf/perl-5.18.3/.cpanplus/5.18.3/build/Shatterproof-0.14/blib/lib/Shatterproof.pm line 3911.
when is experimental at /home/cpan/pit/thr/conf/perl-5.18.3/.cpanplus/5.18.3/build/Shatterproof-0.14/blib/lib/Shatterproof.pm line 3912.
when is experimental at /home/cpan/pit/thr/conf/perl-5.18.3/.cpanplus/5.18.3/build/Shatterproof-0.14/blib/lib/Shatterproof.pm line 3913.
when is experimental at /home/cpan/pit/thr/conf/perl-5.18.3/.cpanplus/5.18.3/build/Shatterproof-0.14/blib/lib/Shatterproof.pm line 3914.
when is experimental at /home/cpan/pit/thr/conf/perl-5.18.3/.cpanplus/5.18.3/build/Shatterproof-0.14/blib/lib/Shatterproof.pm line 3915.
when is experimental at /home/cpan/pit/thr/conf/perl-5.18.3/.cpanplus/5.18.3/build/Shatterproof-0.14/blib/lib/Shatterproof.pm line 3916.
t/check_copy_number_count.t ........................ ok
given is experimental at /home/cpan/pit/thr/conf/perl-5.18.3/.cpanplus/5.18.3/build/Shatterproof-0.14/blib/lib/Shatterproof.pm line 429.
when is experimental at /home/cpan/pit/thr/conf/perl-5.18.3/.cpanplus/5.18.3/build/Shatterproof-0.14/blib/lib/Shatterproof.pm line 430.
when is experimental at /home/cpan/pit/thr/conf/perl-5.18.3/.cpanplus/5.18.3/build/Shatterproof-0.14/blib/lib/Shatterproof.pm line 432.
given is experimental at /home/cpan/pit/thr/conf/perl-5.18.3/.cpanplus/5.18.3/build/Shatterproof-0.14/blib/lib/Shatterproof.pm line 3897.
when is experimental at /home/cpan/pit/thr/conf/perl-5.18.3/.cpanplus/5.18.3/build/Shatterproof-0.14/blib/lib/Shatterproof.pm line 3898.
when is experimental at /home/cpan/pit/thr/conf/perl-5.18.3/.cpanplus/5.18.3/build/Shatterproof-0.14/blib/lib/Shatterproof.pm line 3899.
when is experimental at /home/cpan/pit/thr/conf/perl-5.18.3/.cpanplus/5.18.3/build/Shatterproof-0.14/blib/lib/Shatterproof.pm line 3900.
when is experimental at /home/cpan/pit/thr/conf/perl-5.18.3/.cpanplus/5.18.3/build/Shatterproof-0.14/blib/lib/Shatterproof.pm line 3901.
when is experimental at /home/cpan/pit/thr/conf/perl-5.18.3/.cpanplus/5.18.3/build/Shatterproof-0.14/blib/lib/Shatterproof.pm line 3902.
when is experimental at /home/cpan/pit/thr/conf/perl-5.18.3/.cpanplus/5.18.3/build/Shatterproof-0.14/blib/lib/Shatterproof.pm line 3903.
when is experimental at /home/cpan/pit/thr/conf/perl-5.18.3/.cpanplus/5.18.3/build/Shatterproof-0.14/blib/lib/Shatterproof.pm line 3904.
when is experimental at /home/cpan/pit/thr/conf/perl-5.18.3/.cpanplus/5.18.3/build/Shatterproof-0.14/blib/lib/Shatterproof.pm line 3905.
when is experimental at /home/cpan/pit/thr/conf/perl-5.18.3/.cpanplus/5.18.3/build/Shatterproof-0.14/blib/lib/Shatterproof.pm line 3906.
when is experimental at /home/cpan/pit/thr/conf/perl-5.18.3/.cpanplus/5.18.3/build/Shatterproof-0.14/blib/lib/Shatterproof.pm line 3907.
when is experimental at /home/cpan/pit/thr/conf/perl-5.18.3/.cpanplus/5.18.3/build/Shatterproof-0.14/blib/lib/Shatterproof.pm line 3908.
when is experimental at /home/cpan/pit/thr/conf/perl-5.18.3/.cpanplus/5.18.3/build/Shatterproof-0.14/blib/lib/Shatterproof.pm line 3909.
when is experimental at /home/cpan/pit/thr/conf/perl-5.18.3/.cpanplus/5.18.3/build/Shatterproof-0.14/blib/lib/Shatterproof.pm line 3910.
when is experimental at /home/cpan/pit/thr/conf/perl-5.18.3/.cpanplus/5.18.3/build/Shatterproof-0.14/blib/lib/Shatterproof.pm line 3911.
when is experimental at /home/cpan/pit/thr/conf/perl-5.18.3/.cpanplus/5.18.3/build/Shatterproof-0.14/blib/lib/Shatterproof.pm line 3912.
when is experimental at /home/cpan/pit/thr/conf/perl-5.18.3/.cpanplus/5.18.3/build/Shatterproof-0.14/blib/lib/Shatterproof.pm line 3913.
when is experimental at /home/cpan/pit/thr/conf/perl-5.18.3/.cpanplus/5.18.3/build/Shatterproof-0.14/blib/lib/Shatterproof.pm line 3914.
when is experimental at /home/cpan/pit/thr/conf/perl-5.18.3/.cpanplus/5.18.3/build/Shatterproof-0.14/blib/lib/Shatterproof.pm line 3915.
when is experimental at /home/cpan/pit/thr/conf/perl-5.18.3/.cpanplus/5.18.3/build/Shatterproof-0.14/blib/lib/Shatterproof.pm line 3916.
t/check_copy_number_switches.t ..................... ok
given is experimental at /home/cpan/pit/thr/conf/perl-5.18.3/.cpanplus/5.18.3/build/Shatterproof-0.14/blib/lib/Shatterproof.pm line 429.
when is experimental at /home/cpan/pit/thr/conf/perl-5.18.3/.cpanplus/5.18.3/build/Shatterproof-0.14/blib/lib/Shatterproof.pm line 430.
when is experimental at /home/cpan/pit/thr/conf/perl-5.18.3/.cpanplus/5.18.3/build/Shatterproof-0.14/blib/lib/Shatterproof.pm line 432.
given is experimental at /home/cpan/pit/thr/conf/perl-5.18.3/.cpanplus/5.18.3/build/Shatterproof-0.14/blib/lib/Shatterproof.pm line 3897.
when is experimental at /home/cpan/pit/thr/conf/perl-5.18.3/.cpanplus/5.18.3/build/Shatterproof-0.14/blib/lib/Shatterproof.pm line 3898.
when is experimental at /home/cpan/pit/thr/conf/perl-5.18.3/.cpanplus/5.18.3/build/Shatterproof-0.14/blib/lib/Shatterproof.pm line 3899.
when is experimental at /home/cpan/pit/thr/conf/perl-5.18.3/.cpanplus/5.18.3/build/Shatterproof-0.14/blib/lib/Shatterproof.pm line 3900.
when is experimental at /home/cpan/pit/thr/conf/perl-5.18.3/.cpanplus/5.18.3/build/Shatterproof-0.14/blib/lib/Shatterproof.pm line 3901.
when is experimental at /home/cpan/pit/thr/conf/perl-5.18.3/.cpanplus/5.18.3/build/Shatterproof-0.14/blib/lib/Shatterproof.pm line 3902.
when is experimental at /home/cpan/pit/thr/conf/perl-5.18.3/.cpanplus/5.18.3/build/Shatterproof-0.14/blib/lib/Shatterproof.pm line 3903.
when is experimental at /home/cpan/pit/thr/conf/perl-5.18.3/.cpanplus/5.18.3/build/Shatterproof-0.14/blib/lib/Shatterproof.pm line 3904.
when is experimental at /home/cpan/pit/thr/conf/perl-5.18.3/.cpanplus/5.18.3/build/Shatterproof-0.14/blib/lib/Shatterproof.pm line 3905.
when is experimental at /home/cpan/pit/thr/conf/perl-5.18.3/.cpanplus/5.18.3/build/Shatterproof-0.14/blib/lib/Shatterproof.pm line 3906.
when is experimental at /home/cpan/pit/thr/conf/perl-5.18.3/.cpanplus/5.18.3/build/Shatterproof-0.14/blib/lib/Shatterproof.pm line 3907.
when is experimental at /home/cpan/pit/thr/conf/perl-5.18.3/.cpanplus/5.18.3/build/Shatterproof-0.14/blib/lib/Shatterproof.pm line 3908.
when is experimental at /home/cpan/pit/thr/conf/perl-5.18.3/.cpanplus/5.18.3/build/Shatterproof-0.14/blib/lib/Shatterproof.pm line 3909.
when is experimental at /home/cpan/pit/thr/conf/perl-5.18.3/.cpanplus/5.18.3/build/Shatterproof-0.14/blib/lib/Shatterproof.pm line 3910.
when is experimental at /home/cpan/pit/thr/conf/perl-5.18.3/.cpanplus/5.18.3/build/Shatterproof-0.14/blib/lib/Shatterproof.pm line 3911.
when is experimental at /home/cpan/pit/thr/conf/perl-5.18.3/.cpanplus/5.18.3/build/Shatterproof-0.14/blib/lib/Shatterproof.pm line 3912.
when is experimental at /home/cpan/pit/thr/conf/perl-5.18.3/.cpanplus/5.18.3/build/Shatterproof-0.14/blib/lib/Shatterproof.pm line 3913.
when is experimental at /home/cpan/pit/thr/conf/perl-5.18.3/.cpanplus/5.18.3/build/Shatterproof-0.14/blib/lib/Shatterproof.pm line 3914.
when is experimental at /home/cpan/pit/thr/conf/perl-5.18.3/.cpanplus/5.18.3/build/Shatterproof-0.14/blib/lib/Shatterproof.pm line 3915.
when is experimental at /home/cpan/pit/thr/conf/perl-5.18.3/.cpanplus/5.18.3/build/Shatterproof-0.14/blib/lib/Shatterproof.pm line 3916.
t/standard_deviation_and_mean.t .................... ok
Test Summary Report
-------------------
t/calculate_chromosome_localization.t (Wstat: 256 Tests: 3 Failed: 0)
Non-zero exit status: 1
Parse errors: Bad plan. You planned 15 tests but ran 3.
Files=9, Tests=52, 79 wallclock secs ( 0.05 usr 0.11 sys + 65.04 cusr 6.36 csys = 71.56 CPU)
Result: FAIL
Failed 1/9 test programs. 0/52 subtests failed.
*** Error 255 in /home/cpan/pit/thr/conf/perl-5.18.3/.cpanplus/5.18.3/build/Shatterproof-0.14 (Makefile:848 'test_dynamic')
PREREQUISITES:
Here is a list of prerequisites you specified and versions we
managed to load:
Module Name Have Want
ExtUtils::MakeMaker 7.04 0
File::Basename 2.84 2
JSON::XS 3.01 2.3
List::Util 1.27 1
POSIX 1.32 1
Statistics::Distributions 1.02 1.02
Test::Deep 0.117 0
Test::Exception 0.40 0
Test::More 1.001014 0
Perl module toolchain versions installed:
Module Name Have
CPANPLUS 0.9152
CPANPLUS::Dist::Build 0.78
Cwd 3.47
ExtUtils::CBuilder 0.280223
ExtUtils::Command 1.17
ExtUtils::Install 2.04
ExtUtils::MakeMaker 7.04
ExtUtils::Manifest 1.70
ExtUtils::ParseXS 3.24
File::Spec 3.47
Module::Build 0.4214
Pod::Parser 1.60
Pod::Simple 3.28
Test::Harness 3.35
Test::More 1.001014
version 0.9912
******************************** NOTE ********************************
The comments above are created mechanically, possibly without manual
checking by the sender. As there are many people performing automatic
tests on each upload to CPAN, it is likely that you will receive
identical messages about the same problem.
If you believe that the message is mistaken, please reply to the first
one with correction and/or additional informations, and do not take
it personally. We appreciate your patience. :)
**********************************************************************
Additional comments:
This report was machine-generated by CPANPLUS::Dist::YACSmoke 0.94.
Powered by minismokebox version 0.58
------------------------------
ENVIRONMENT AND OTHER CONTEXT
------------------------------
Environment variables:
AUTOMATED_TESTING = 1
NONINTERACTIVE_TESTING = 1
PATH = /home/cpan/pit/thr/conf/perl-5.18.3/.cpanplus/5.18.3/build/JSON-XS-3.01/blib/script:/home/cpan/bin:/bin:/sbin:/usr/bin:/usr/sbin:/usr/X11R6/bin:/usr/local/bin:/usr/local/sbin:/usr/games:.
PERL5LIB = :/home/cpan/pit/thr/conf/perl-5.18.3/.cpanplus/5.18.3/build/common-sense-3.73/blib/lib:/home/cpan/pit/thr/conf/perl-5.18.3/.cpanplus/5.18.3/build/common-sense-3.73/blib/arch:/home/cpan/pit/thr/conf/perl-5.18.3/.cpanplus/5.18.3/build/Types-Serialiser-1.0/blib/lib:/home/cpan/pit/thr/conf/perl-5.18.3/.cpanplus/5.18.3/build/Types-Serialiser-1.0/blib/arch:/home/cpan/pit/thr/conf/perl-5.18.3/.cpanplus/5.18.3/build/JSON-XS-3.01/blib/lib:/home/cpan/pit/thr/conf/perl-5.18.3/.cpanplus/5.18.3/build/JSON-XS-3.01/blib/arch:/home/cpan/pit/thr/conf/perl-5.18.3/.cpanplus/5.18.3/build/Statistics-Distributions-1.02/blib/lib:/home/cpan/pit/thr/conf/perl-5.18.3/.cpanplus/5.18.3/build/Statistics-Distributions-1.02/blib/arch:/home/cpan/pit/thr/conf/perl-5.18.3/.cpanplus/5.18.3/build/Test-NoWarnings-1.04/blib/lib:/home/cpan/pit/thr/conf/perl-5.18.3/.cpanplus/5.18.3/build/Test-NoWarnings-1.04/blib/arch:/home/cpan/pit/thr/conf/perl-5.18.3/.cpanplus/5.18.3/build/Test-Deep-0.117/blib/lib:/home/cpan/pit/thr/conf/perl-5.18.3/.cpanplus/5.18.3/build/Test-Deep-0.117/blib/arch:/home/cpan/pit/thr/conf/perl-5.18.3/.cpanplus/5.18.3/build/Sub-Uplevel-0.25/blib/lib:/home/cpan/pit/thr/conf/perl-5.18.3/.cpanplus/5.18.3/build/Sub-Uplevel-0.25/blib/arch:/home/cpan/pit/thr/conf/perl-5.18.3/.cpanplus/5.18.3/build/Test-Exception-0.40/blib/lib:/home/cpan/pit/thr/conf/perl-5.18.3/.cpanplus/5.18.3/build/Test-Exception-0.40/blib/arch:/home/cpan/pit/thr/conf/perl-5.18.3/.cpanplus/5.18.3/build/Shatterproof-0.14/blib/lib:/home/cpan/pit/thr/conf/perl-5.18.3/.cpanplus/5.18.3/build/Shatterproof-0.14/blib/arch
PERL5_CPANPLUS_IS_RUNNING = 15814
PERL5_CPANPLUS_IS_VERSION = 0.9152
PERL5_MINISMOKEBOX = 0.58
PERL5_YACSMOKE_BASE = /home/cpan/pit/thr/conf/perl-5.18.3
PERL_EXTUTILS_AUTOINSTALL = --defaultdeps
PERL_MM_USE_DEFAULT = 1
SHELL = /usr/local/bin/bash
TERM = screen
Perl special variables (and OS-specific diagnostics, for MSWin32):
Perl: $^X = /home/cpan/pit/thr/perl-5.18.3/bin/perl
UID: $< = 1001
EUID: $> = 1001
GID: $( = 1001 1001
EGID: $) = 1001 1001
-------------------------------
--
Summary of my perl5 (revision 5 version 18 subversion 3) configuration:
Platform:
osname=openbsd, osvers=5.5, archname=OpenBSD.amd64-openbsd-thread-multi
uname='openbsd oedolyn.bingosnet.co.uk 5.5 generic#271 amd64 '
config_args='-des -Dprefix=/home/cpan/pit/thr/perl-5.18.3 -Dusethreads'
hint=recommended, useposix=true, d_sigaction=define
useithreads=define, usemultiplicity=define
useperlio=define, d_sfio=undef, uselargefiles=define, usesocks=undef
use64bitint=define, use64bitall=define, uselongdouble=undef
usemymalloc=n, bincompat5005=undef
Compiler:
cc='cc', ccflags ='-pthread -fno-strict-aliasing -pipe -fstack-protector -I/usr/local/include',
optimize='-O2',
cppflags='-pthread -fno-strict-aliasing -pipe -fstack-protector -I/usr/local/include'
ccversion='', gccversion='4.2.1 20070719 ', gccosandvers='openbsd5.5'
intsize=4, longsize=8, ptrsize=8, doublesize=8, byteorder=12345678
d_longlong=define, longlongsize=8, d_longdbl=define, longdblsize=16
ivtype='long', ivsize=8, nvtype='double', nvsize=8, Off_t='off_t', lseeksize=8
alignbytes=8, prototype=define
Linker and Libraries:
ld='cc', ldflags ='-pthread -Wl,-E -fstack-protector -L/usr/local/lib'
libpth=/usr/local/lib /usr/lib
libs=-lgdbm -lm -lutil -lc
perllibs=-lm -lutil -lc
libc=/usr/lib/libc.so.73.1, so=so, useshrplib=false, libperl=libperl.a
gnulibc_version=''
Dynamic Linking:
dlsrc=dl_dlopen.xs, dlext=so, d_dlsymun=undef, ccdlflags=' '
cccdlflags='-DPIC -fPIC ', lddlflags='-shared -fPIC -L/usr/local/lib -fstack-protector'
Characteristics of this binary (from libperl):
Compile-time options: HAS_TIMES MULTIPLICITY PERLIO_LAYERS
PERL_DONT_CREATE_GVSV
PERL_HASH_FUNC_ONE_AT_A_TIME_HARD
PERL_IMPLICIT_CONTEXT PERL_MALLOC_WRAP
PERL_PRESERVE_IVUV PERL_SAWAMPERSAND USE_64_BIT_ALL
USE_64_BIT_INT USE_ITHREADS USE_LARGE_FILES
USE_LOCALE USE_LOCALE_COLLATE USE_LOCALE_CTYPE
USE_LOCALE_NUMERIC USE_PERLIO USE_PERL_ATOF
USE_REENTRANT_API
Built under openbsd
Compiled at Dec 9 2014 01:02:28
%ENV:
PERL5LIB=":/home/cpan/pit/thr/conf/perl-5.18.3/.cpanplus/5.18.3/build/common-sense-3.73/blib/lib:/home/cpan/pit/thr/conf/perl-5.18.3/.cpanplus/5.18.3/build/common-sense-3.73/blib/arch:/home/cpan/pit/thr/conf/perl-5.18.3/.cpanplus/5.18.3/build/Types-Serialiser-1.0/blib/lib:/home/cpan/pit/thr/conf/perl-5.18.3/.cpanplus/5.18.3/build/Types-Serialiser-1.0/blib/arch:/home/cpan/pit/thr/conf/perl-5.18.3/.cpanplus/5.18.3/build/JSON-XS-3.01/blib/lib:/home/cpan/pit/thr/conf/perl-5.18.3/.cpanplus/5.18.3/build/JSON-XS-3.01/blib/arch:/home/cpan/pit/thr/conf/perl-5.18.3/.cpanplus/5.18.3/build/Statistics-Distributions-1.02/blib/lib:/home/cpan/pit/thr/conf/perl-5.18.3/.cpanplus/5.18.3/build/Statistics-Distributions-1.02/blib/arch:/home/cpan/pit/thr/conf/perl-5.18.3/.cpanplus/5.18.3/build/Test-NoWarnings-1.04/blib/lib:/home/cpan/pit/thr/conf/perl-5.18.3/.cpanplus/5.18.3/build/Test-NoWarnings-1.04/blib/arch:/home/cpan/pit/thr/conf/perl-5.18.3/.cpanplus/5.18.3/build/Test-Deep-0.117/blib/lib:/home/cpan/pit/thr/conf/perl-5.18.3/.cpanplus/5.18.3/build/Test-Deep-0.117/blib/arch:/home/cpan/pit/thr/conf/perl-5.18.3/.cpanplus/5.18.3/build/Sub-Uplevel-0.25/blib/lib:/home/cpan/pit/thr/conf/perl-5.18.3/.cpanplus/5.18.3/build/Sub-Uplevel-0.25/blib/arch:/home/cpan/pit/thr/conf/perl-5.18.3/.cpanplus/5.18.3/build/Test-Exception-0.40/blib/lib:/home/cpan/pit/thr/conf/perl-5.18.3/.cpanplus/5.18.3/build/Test-Exception-0.40/blib/arch:/home/cpan/pit/thr/conf/perl-5.18.3/.cpanplus/5.18.3/build/Shatterproof-0.14/blib/lib:/home/cpan/pit/thr/conf/perl-5.18.3/.cpanplus/5.18.3/build/Shatterproof-0.14/blib/arch"
PERL5_CPANPLUS_IS_RUNNING="15814"
PERL5_CPANPLUS_IS_VERSION="0.9152"
PERL5_MINISMOKEBOX="0.58"
PERL5_YACSMOKE_BASE="/home/cpan/pit/thr/conf/perl-5.18.3"
PERL_EXTUTILS_AUTOINSTALL="--defaultdeps"
PERL_MM_USE_DEFAULT="1"
@INC:
/home/cpan/pit/thr/conf/perl-5.18.3/.cpanplus/5.18.3/build/common-sense-3.73/blib/lib
/home/cpan/pit/thr/conf/perl-5.18.3/.cpanplus/5.18.3/build/common-sense-3.73/blib/arch
/home/cpan/pit/thr/conf/perl-5.18.3/.cpanplus/5.18.3/build/Types-Serialiser-1.0/blib/lib
/home/cpan/pit/thr/conf/perl-5.18.3/.cpanplus/5.18.3/build/Types-Serialiser-1.0/blib/arch
/home/cpan/pit/thr/conf/perl-5.18.3/.cpanplus/5.18.3/build/JSON-XS-3.01/blib/lib
/home/cpan/pit/thr/conf/perl-5.18.3/.cpanplus/5.18.3/build/JSON-XS-3.01/blib/arch
/home/cpan/pit/thr/conf/perl-5.18.3/.cpanplus/5.18.3/build/Statistics-Distributions-1.02/blib/lib
/home/cpan/pit/thr/conf/perl-5.18.3/.cpanplus/5.18.3/build/Statistics-Distributions-1.02/blib/arch
/home/cpan/pit/thr/conf/perl-5.18.3/.cpanplus/5.18.3/build/Test-NoWarnings-1.04/blib/lib
/home/cpan/pit/thr/conf/perl-5.18.3/.cpanplus/5.18.3/build/Test-NoWarnings-1.04/blib/arch
/home/cpan/pit/thr/conf/perl-5.18.3/.cpanplus/5.18.3/build/Test-Deep-0.117/blib/lib
/home/cpan/pit/thr/conf/perl-5.18.3/.cpanplus/5.18.3/build/Test-Deep-0.117/blib/arch
/home/cpan/pit/thr/conf/perl-5.18.3/.cpanplus/5.18.3/build/Sub-Uplevel-0.25/blib/lib
/home/cpan/pit/thr/conf/perl-5.18.3/.cpanplus/5.18.3/build/Sub-Uplevel-0.25/blib/arch
/home/cpan/pit/thr/conf/perl-5.18.3/.cpanplus/5.18.3/build/Test-Exception-0.40/blib/lib
/home/cpan/pit/thr/conf/perl-5.18.3/.cpanplus/5.18.3/build/Test-Exception-0.40/blib/arch
/home/cpan/pit/thr/conf/perl-5.18.3/.cpanplus/5.18.3/build/Shatterproof-0.14/blib/lib
/home/cpan/pit/thr/conf/perl-5.18.3/.cpanplus/5.18.3/build/Shatterproof-0.14/blib/arch
/home/cpan/pit/thr/perl-5.18.3/lib/site_perl/5.18.3/OpenBSD.amd64-openbsd-thread-multi
/home/cpan/pit/thr/perl-5.18.3/lib/site_perl/5.18.3
/home/cpan/pit/thr/perl-5.18.3/lib/5.18.3/OpenBSD.amd64-openbsd-thread-multi
/home/cpan/pit/thr/perl-5.18.3/lib/5.18.3
.