Report for Emacs-Run-0.15

Back
From: metabase:user:e3434da8-b236-11df-85ca-0247c6d74bde
Subject: FAIL Emacs-Run-0.15 v5.13.5 GNU/Linux
Date: 2010-10-07T11:59:32Z

This distribution has been tested as part of the CPAN Testers
project, supporting the Perl programming language.  See
http://wiki.cpantesters.org/ for more information or email
questions to cpan-testers-discuss@perl.org


--
Dear Joseph Brenner,

This is a computer-generated report for Emacs-Run-0.15
on perl 5.13.5, created by CPAN-Reporter-1.1801.

Thank you for uploading your work to CPAN.  However, there was a problem
testing your distribution.

If you think this report is invalid, please consult the CPAN Testers Wiki
for suggestions on how to avoid getting FAIL reports for missing library
or binary dependencies, unsupported operating systems, and so on:

http://wiki.cpantesters.org/wiki/CPANAuthorNotes

Sections of this report:

    * Tester comments
    * Program output
    * Prerequisites
    * Environment and other context

------------------------------
TESTER COMMENTS
------------------------------

Additional comments from tester:

this report is from an automated smoke testing program
and was not reviewed by a human for accuracy

------------------------------
PROGRAM OUTPUT
------------------------------

Output from './Build test':

# Testing Emacs::Run 0.15, Perl 5.013005, /home/cpt0/cpantesting/perl-5.13.5/bin/perl
t/00-load.t ................................. ok
t/01-instantiation_failure_without_emacs.t .. ok
t/02-parse_emacs_version_strings.t .......... ok
t/03-distinguish_lib_or_file.t .............. ok

#   Failed test 'Testing internal quoting handling on elisp'
#   at t/04-working_with_emacs.t line 310.
#          got: 'Loading 00debian-vars...
# Loading /etc/emacs/site-start.d/20apel.el (source)...
# Loading /etc/emacs/site-start.d/50a2ps.el (source)...
# Loading /etc/emacs23/site-start.d/50auctex.el (source)...
# Loading /usr/share/emacs/23.2/site-lisp/auctex.el (source)...
# Loading /usr/share/emacs/23.2/site-lisp/preview-latex.el (source)...
# Loading /etc/emacs/site-start.d/50autoconf.el (source)...
# Loading /etc/emacs/site-start.d/50bbdb.el (source)...
# Loading /etc/emacs/site-start.d/50cedet-common.el (source)...
# Loading /etc/emacs23/site-start.d/50darcsum.el (source)...
# Loading /etc/emacs/site-start.d/50dictem.el (source)...
# Loading /etc/emacs/site-start.d/50dictionaries-common.el (source)...
# Loading debian-ispell...
# Loading /var/cache/dictionaries-common/emacsen-ispell-default.el (source)...
# Loading /var/cache/dictionaries-common/emacsen-ispell-dicts.el (source)...
# Loading /etc/emacs/site-start.d/50easypg.el (source)...
# Package easypg not available for this emacs flavour. Skipping.
# Loading /etc/emacs/site-start.d/50eieio.el (source)...
# Loading /etc/emacs/site-start.d/50emacs-goodies-el.el (source)...
# Loading /etc/emacs/site-start.d/50emacs-intl-fonts.el (source)...
# Loading /etc/emacs/site-start.d/50emacs-jabber.el (source)...
# Loading /usr/share/emacs/site-lisp/emacs-jabber/jabber-autoloads.el (source)...
# Loading /etc/emacs/site-start.d/50emms.el (source)...
# Loading /etc/emacs/site-start.d/50flim.el (source)...
# Loading /etc/emacs/site-start.d/50git-core.el (source)...
# Loading /etc/emacs/site-start.d/50ledger.el (source)...
# Loading /etc/emacs/site-start.d/50magit.el (source)...
# Loading /etc/emacs/site-start.d/50mh-e.el (source)...
# Loading /etc/emacs/site-start.d/50org-mode.el (source)...
# Loading /etc/emacs/site-start.d/50psvn.el (source)...
# Loading /etc/emacs/site-start.d/50slime.el (source)...
# Loading /usr/share/emacs23/site-lisp/slime/slime-autoloads.elc...
# Loading /etc/emacs/site-start.d/50w3m-el.el (source)...
# Loading /etc/emacs/site-start.d/50yaml-mode.el (source)...
# Loading /etc/emacs/site-start.d/50yasnippet.el (source)...
# Loading /etc/emacs/site-start.d/51ede.el (source)...
# Loading /etc/emacs/site-start.d/51semi.el (source)...
# Loading /etc/emacs/site-start.d/51speedbar.el (source)...
# Loading /etc/emacs/site-start.d/52remember-el.el (source)...
# Loading /usr/share/emacs/site-lisp/remember-el/remember-autoloads.el (source)...
# Loading /etc/emacs/site-start.d/52semantic.el (source)...
# Loading /etc/emacs/site-start.d/53cedet-contrib.el (source)...
# Loading /etc/emacs/site-start.d/53cogre.el (source)...
# Loading /etc/emacs/site-start.d/65wl-beta.el (source)...
# /tmp | /home/cpt0/.cpan/build/Emacs-Run-0.15-oY1ddp/t/dat/usr/lib | /home/cpt0/.cpan/build/Emacs-Run-0.15-oY1ddp/t/dat/usr/lib-alt'
#     expected: '/tmp | /home/cpt0/.cpan/build/Emacs-Run-0.15-oY1ddp/t/dat/usr/lib | /home/cpt0/.cpan/build/Emacs-Run-0.15-oY1ddp/t/dat/usr/lib-alt'

#   Failed test 'Eval simple elisp with current user's actual emacs init files: elisp message'
#   at t/04-working_with_emacs.t line 318.
#          got: 'Loading 00debian-vars...
# Loading /etc/emacs/site-start.d/20apel.el (source)...
# Loading /etc/emacs/site-start.d/50a2ps.el (source)...
# Loading /etc/emacs23/site-start.d/50auctex.el (source)...
# Loading /usr/share/emacs/23.2/site-lisp/auctex.el (source)...
# Loading /usr/share/emacs/23.2/site-lisp/preview-latex.el (source)...
# Loading /etc/emacs/site-start.d/50autoconf.el (source)...
# Loading /etc/emacs/site-start.d/50bbdb.el (source)...
# Loading /etc/emacs/site-start.d/50cedet-common.el (source)...
# Loading /etc/emacs23/site-start.d/50darcsum.el (source)...
# Loading /etc/emacs/site-start.d/50dictem.el (source)...
# Loading /etc/emacs/site-start.d/50dictionaries-common.el (source)...
# Loading debian-ispell...
# Loading /var/cache/dictionaries-common/emacsen-ispell-default.el (source)...
# Loading /var/cache/dictionaries-common/emacsen-ispell-dicts.el (source)...
# Loading /etc/emacs/site-start.d/50easypg.el (source)...
# Package easypg not available for this emacs flavour. Skipping.
# Loading /etc/emacs/site-start.d/50eieio.el (source)...
# Loading /etc/emacs/site-start.d/50emacs-goodies-el.el (source)...
# Loading /etc/emacs/site-start.d/50emacs-intl-fonts.el (source)...
# Loading /etc/emacs/site-start.d/50emacs-jabber.el (source)...
# Loading /usr/share/emacs/site-lisp/emacs-jabber/jabber-autoloads.el (source)...
# Loading /etc/emacs/site-start.d/50emms.el (source)...
# Loading /etc/emacs/site-start.d/50flim.el (source)...
# Loading /etc/emacs/site-start.d/50git-core.el (source)...
# Loading /etc/emacs/site-start.d/50ledger.el (source)...
# Loading /etc/emacs/site-start.d/50magit.el (source)...
# Loading /etc/emacs/site-start.d/50mh-e.el (source)...
# Loading /etc/emacs/site-start.d/50org-mode.el (source)...
# Loading /etc/emacs/site-start.d/50psvn.el (source)...
# Loading /etc/emacs/site-start.d/50slime.el (source)...
# Loading /usr/share/emacs23/site-lisp/slime/slime-autoloads.elc...
# Loading /etc/emacs/site-start.d/50w3m-el.el (source)...
# Loading /etc/emacs/site-start.d/50yaml-mode.el (source)...
# Loading /etc/emacs/site-start.d/50yasnippet.el (source)...
# Loading /etc/emacs/site-start.d/51ede.el (source)...
# Loading /etc/emacs/site-start.d/51semi.el (source)...
# Loading /etc/emacs/site-start.d/51speedbar.el (source)...
# Loading /etc/emacs/site-start.d/52remember-el.el (source)...
# Loading /usr/share/emacs/site-lisp/remember-el/remember-autoloads.el (source)...
# Loading /etc/emacs/site-start.d/52semantic.el (source)...
# Loading /etc/emacs/site-start.d/53cedet-contrib.el (source)...
# Loading /etc/emacs/site-start.d/53cogre.el (source)...
# Loading /etc/emacs/site-start.d/65wl-beta.el (source)...
# yow'
#     expected: 'yow'

#   Failed test 'Eval simple elisp with current user's actual emacs init files: plus'
#   at t/04-working_with_emacs.t line 321.
#          got: 'Loading 00debian-vars...
# Loading /etc/emacs/site-start.d/20apel.el (source)...
# Loading /etc/emacs/site-start.d/50a2ps.el (source)...
# Loading /etc/emacs23/site-start.d/50auctex.el (source)...
# Loading /usr/share/emacs/23.2/site-lisp/auctex.el (source)...
# Loading /usr/share/emacs/23.2/site-lisp/preview-latex.el (source)...
# Loading /etc/emacs/site-start.d/50autoconf.el (source)...
# Loading /etc/emacs/site-start.d/50bbdb.el (source)...
# Loading /etc/emacs/site-start.d/50cedet-common.el (source)...
# Loading /etc/emacs23/site-start.d/50darcsum.el (source)...
# Loading /etc/emacs/site-start.d/50dictem.el (source)...
# Loading /etc/emacs/site-start.d/50dictionaries-common.el (source)...
# Loading debian-ispell...
# Loading /var/cache/dictionaries-common/emacsen-ispell-default.el (source)...
# Loading /var/cache/dictionaries-common/emacsen-ispell-dicts.el (source)...
# Loading /etc/emacs/site-start.d/50easypg.el (source)...
# Package easypg not available for this emacs flavour. Skipping.
# Loading /etc/emacs/site-start.d/50eieio.el (source)...
# Loading /etc/emacs/site-start.d/50emacs-goodies-el.el (source)...
# Loading /etc/emacs/site-start.d/50emacs-intl-fonts.el (source)...
# Loading /etc/emacs/site-start.d/50emacs-jabber.el (source)...
# Loading /usr/share/emacs/site-lisp/emacs-jabber/jabber-autoloads.el (source)...
# Loading /etc/emacs/site-start.d/50emms.el (source)...
# Loading /etc/emacs/site-start.d/50flim.el (source)...
# Loading /etc/emacs/site-start.d/50git-core.el (source)...
# Loading /etc/emacs/site-start.d/50ledger.el (source)...
# Loading /etc/emacs/site-start.d/50magit.el (source)...
# Loading /etc/emacs/site-start.d/50mh-e.el (source)...
# Loading /etc/emacs/site-start.d/50org-mode.el (source)...
# Loading /etc/emacs/site-start.d/50psvn.el (source)...
# Loading /etc/emacs/site-start.d/50slime.el (source)...
# Loading /usr/share/emacs23/site-lisp/slime/slime-autoloads.elc...
# Loading /etc/emacs/site-start.d/50w3m-el.el (source)...
# Loading /etc/emacs/site-start.d/50yaml-mode.el (source)...
# Loading /etc/emacs/site-start.d/50yasnippet.el (source)...
# Loading /etc/emacs/site-start.d/51ede.el (source)...
# Loading /etc/emacs/site-start.d/51semi.el (source)...
# Loading /etc/emacs/site-start.d/51speedbar.el (source)...
# Loading /etc/emacs/site-start.d/52remember-el.el (source)...
# Loading /usr/share/emacs/site-lisp/remember-el/remember-autoloads.el (source)...
# Loading /etc/emacs/site-start.d/52semantic.el (source)...
# Loading /etc/emacs/site-start.d/53cedet-contrib.el (source)...
# Loading /etc/emacs/site-start.d/53cogre.el (source)...
# Loading /etc/emacs/site-start.d/65wl-beta.el (source)...
# 4'
#     expected: '4'
# Looks like you failed 3 tests of 27.
t/04-working_with_emacs.t ................... 
Dubious, test returned 3 (wstat 768, 0x300)
Failed 3/27 subtests 

#   Failed test 'Testing redirector, with eval_elisp: stderr_only set on method'
#   at t/06-setting_redirector.t line 102.
#          got: 'Loading 00debian-vars...
# Loading /etc/emacs/site-start.d/20apel.el (source)...
# Loading /etc/emacs/site-start.d/50a2ps.el (source)...
# Loading /etc/emacs23/site-start.d/50auctex.el (source)...
# Loading /usr/share/emacs/23.2/site-lisp/auctex.el (source)...
# Loading /usr/share/emacs/23.2/site-lisp/preview-latex.el (source)...
# Loading /etc/emacs/site-start.d/50autoconf.el (source)...
# Loading /etc/emacs/site-start.d/50bbdb.el (source)...
# Loading /etc/emacs/site-start.d/50cedet-common.el (source)...
# Loading /etc/emacs23/site-start.d/50darcsum.el (source)...
# Loading /etc/emacs/site-start.d/50dictem.el (source)...
# Loading /etc/emacs/site-start.d/50dictionaries-common.el (source)...
# Loading debian-ispell...
# Loading /var/cache/dictionaries-common/emacsen-ispell-default.el (source)...
# Loading /var/cache/dictionaries-common/emacsen-ispell-dicts.el (source)...
# Loading /etc/emacs/site-start.d/50easypg.el (source)...
# Package easypg not available for this emacs flavour. Skipping.
# Loading /etc/emacs/site-start.d/50eieio.el (source)...
# Loading /etc/emacs/site-start.d/50emacs-goodies-el.el (source)...
# Loading /etc/emacs/site-start.d/50emacs-intl-fonts.el (source)...
# Loading /etc/emacs/site-start.d/50emacs-jabber.el (source)...
# Loading /usr/share/emacs/site-lisp/emacs-jabber/jabber-autoloads.el (source)...
# Loading /etc/emacs/site-start.d/50emms.el (source)...
# Loading /etc/emacs/site-start.d/50flim.el (source)...
# Loading /etc/emacs/site-start.d/50git-core.el (source)...
# Loading /etc/emacs/site-start.d/50ledger.el (source)...
# Loading /etc/emacs/site-start.d/50magit.el (source)...
# Loading /etc/emacs/site-start.d/50mh-e.el (source)...
# Loading /etc/emacs/site-start.d/50org-mode.el (source)...
# Loading /etc/emacs/site-start.d/50psvn.el (source)...
# Loading /etc/emacs/site-start.d/50slime.el (source)...
# Loading /usr/share/emacs23/site-lisp/slime/slime-autoloads.elc...
# Loading /etc/emacs/site-start.d/50w3m-el.el (source)...
# Loading /etc/emacs/site-start.d/50yaml-mode.el (source)...
# Loading /etc/emacs/site-start.d/50yasnippet.el (source)...
# Loading /etc/emacs/site-start.d/51ede.el (source)...
# Loading /etc/emacs/site-start.d/51semi.el (source)...
# Loading /etc/emacs/site-start.d/51speedbar.el (source)...
# Loading /etc/emacs/site-start.d/52remember-el.el (source)...
# Loading /usr/share/emacs/site-lisp/remember-el/remember-autoloads.el (source)...
# Loading /etc/emacs/site-start.d/52semantic.el (source)...
# Loading /etc/emacs/site-start.d/53cedet-contrib.el (source)...
# Loading /etc/emacs/site-start.d/53cogre.el (source)...
# Loading /etc/emacs/site-start.d/65wl-beta.el (source)...
# i am stderr'
#     expected: 'i am stderr'

#   Failed test 'Testing redirector, with eval_elisp: stderr_only set on object'
#   at t/06-setting_redirector.t line 128.
#          got: 'Loading 00debian-vars...
# Loading /etc/emacs/site-start.d/20apel.el (source)...
# Loading /etc/emacs/site-start.d/50a2ps.el (source)...
# Loading /etc/emacs23/site-start.d/50auctex.el (source)...
# Loading /usr/share/emacs/23.2/site-lisp/auctex.el (source)...
# Loading /usr/share/emacs/23.2/site-lisp/preview-latex.el (source)...
# Loading /etc/emacs/site-start.d/50autoconf.el (source)...
# Loading /etc/emacs/site-start.d/50bbdb.el (source)...
# Loading /etc/emacs/site-start.d/50cedet-common.el (source)...
# Loading /etc/emacs23/site-start.d/50darcsum.el (source)...
# Loading /etc/emacs/site-start.d/50dictem.el (source)...
# Loading /etc/emacs/site-start.d/50dictionaries-common.el (source)...
# Loading debian-ispell...
# Loading /var/cache/dictionaries-common/emacsen-ispell-default.el (source)...
# Loading /var/cache/dictionaries-common/emacsen-ispell-dicts.el (source)...
# Loading /etc/emacs/site-start.d/50easypg.el (source)...
# Package easypg not available for this emacs flavour. Skipping.
# Loading /etc/emacs/site-start.d/50eieio.el (source)...
# Loading /etc/emacs/site-start.d/50emacs-goodies-el.el (source)...
# Loading /etc/emacs/site-start.d/50emacs-intl-fonts.el (source)...
# Loading /etc/emacs/site-start.d/50emacs-jabber.el (source)...
# Loading /usr/share/emacs/site-lisp/emacs-jabber/jabber-autoloads.el (source)...
# Loading /etc/emacs/site-start.d/50emms.el (source)...
# Loading /etc/emacs/site-start.d/50flim.el (source)...
# Loading /etc/emacs/site-start.d/50git-core.el (source)...
# Loading /etc/emacs/site-start.d/50ledger.el (source)...
# Loading /etc/emacs/site-start.d/50magit.el (source)...
# Loading /etc/emacs/site-start.d/50mh-e.el (source)...
# Loading /etc/emacs/site-start.d/50org-mode.el (source)...
# Loading /etc/emacs/site-start.d/50psvn.el (source)...
# Loading /etc/emacs/site-start.d/50slime.el (source)...
# Loading /usr/share/emacs23/site-lisp/slime/slime-autoloads.elc...
# Loading /etc/emacs/site-start.d/50w3m-el.el (source)...
# Loading /etc/emacs/site-start.d/50yaml-mode.el (source)...
# Loading /etc/emacs/site-start.d/50yasnippet.el (source)...
# Loading /etc/emacs/site-start.d/51ede.el (source)...
# Loading /etc/emacs/site-start.d/51semi.el (source)...
# Loading /etc/emacs/site-start.d/51speedbar.el (source)...
# Loading /etc/emacs/site-start.d/52remember-el.el (source)...
# Loading /usr/share/emacs/site-lisp/remember-el/remember-autoloads.el (source)...
# Loading /etc/emacs/site-start.d/52semantic.el (source)...
# Loading /etc/emacs/site-start.d/53cedet-contrib.el (source)...
# Loading /etc/emacs/site-start.d/53cogre.el (source)...
# Loading /etc/emacs/site-start.d/65wl-beta.el (source)...
# i am stderr'
#     expected: 'i am stderr'
# Looks like you failed 2 tests of 20.
t/06-setting_redirector.t ................... 
Dubious, test returned 2 (wstat 512, 0x200)
Failed 2/20 subtests 
t/08-setting_shell_output_director.t ........ ok
t/pod-coverage.t ............................ skipped: Test::Pod::Coverage 1.08 required for testing POD coverage
t/pod.t ..................................... skipped: Test::Pod 1.22 required for testing POD

Test Summary Report
-------------------
t/04-working_with_emacs.t                 (Wstat: 768 Tests: 27 Failed: 3)
  Failed tests:  17-19
  Non-zero exit status: 3
t/06-setting_redirector.t                 (Wstat: 512 Tests: 20 Failed: 2)
  Failed tests:  5, 7
  Non-zero exit status: 2
Files=9, Tests=91, 184 wallclock secs ( 0.05 usr  0.02 sys + 158.77 cusr 15.05 csys = 173.89 CPU)
Result: FAIL
Failed 2/9 test programs. 5/91 subtests failed.

------------------------------
PREREQUISITES
------------------------------

Prerequisite modules loaded:

build_requires:

    Module            Need Have   
    ----------------- ---- -------
    base              0    2.15   
    Class::Base       0.03 0.03   
    Data::Dumper      0    2.128  
    File::Basename    0    2.79   
    File::Copy        0    2.20   
    File::Spec        0    3.31_01
    File::Temp        0    0.22   
    Hash::Util        0    0.09   
    lib               0    0.63   
    List::MoreUtils   0    0.22   
    List::Util        0    1.23   
    strict            0    1.04   
    Test::Differences 0    0.500  
    Test::More        0    0.97_01
    warnings          0    1.11   


------------------------------
ENVIRONMENT AND OTHER CONTEXT
------------------------------

Environment variables:

    AUTOMATED_TESTING = 1
    LANG = en_US.utf8
    PATH = /usr/local/bin:/usr/bin:/bin:/usr/local/games:/usr/games
    PERL5LIB = /home/cpt0/.cpan/build/List-MoreUtils-0.22-8NI6Up/blib/arch:/home/cpt0/.cpan/build/List-MoreUtils-0.22-8NI6Up/blib/lib:/home/cpt0/.cpan/build/Test-Differences-0.500-ITR4Us/blib/arch:/home/cpt0/.cpan/build/Test-Differences-0.500-ITR4Us/blib/lib:/home/cpt0/.cpan/build/Text-Diff-1.37-KmkQDk/blib/arch:/home/cpt0/.cpan/build/Text-Diff-1.37-KmkQDk/blib/lib:/home/cpt0/.cpan/build/Algorithm-Diff-1.1902-ltquhQ/blib/arch:/home/cpt0/.cpan/build/Algorithm-Diff-1.1902-ltquhQ/blib/lib:/home/cpt0/.cpan/build/Class-Base-0.03-vGEEFq/blib/arch:/home/cpt0/.cpan/build/Class-Base-0.03-vGEEFq/blib/lib
    PERL5OPT = 
    PERL5_CPANPLUS_IS_RUNNING = 30357
    PERL5_CPAN_IS_RUNNING = 30357
    PERL5_CPAN_IS_RUNNING_IN_RECURSION = 9324,30357
    PERL_CR_SMOKER_CURRENT = Emacs-Run-ExtractDocs-0.03
    PERL_EXTUTILS_AUTOINSTALL = --defaultdeps
    PERL_MM_USE_DEFAULT = 1
    SHELL = /bin/bash
    TERM = screen-bce

Perl special variables (and OS-specific diagnostics, for MSWin32):

    $^X = /home/cpt0/cpantesting/perl-5.13.5/bin/perl
    $UID/$EUID = 1001 / 1001
    $GID = 1001 20 24 25 27 29 30 44 46 100 102 106 112 114 1001
    $EGID = 1001 20 24 25 27 29 30 44 46 100 102 106 112 114 1001

Perl module toolchain versions installed:

    Module              Have   
    ------------------- -------
    CPAN                1.94_57
    Cwd                 3.31   
    ExtUtils::CBuilder  0.2703 
    ExtUtils::Command   1.16   
    ExtUtils::Install   1.55   
    ExtUtils::MakeMaker 6.57_05
    ExtUtils::Manifest  1.58   
    ExtUtils::ParseXS   2.2207 
    File::Spec          3.31_01
    Module::Build       0.3607 
    Module::Signature   n/a    
    Test::Harness       3.22   
    Test::More          0.97_01
    YAML                0.72   
    YAML::Syck          n/a    
    version             0.82   


--

Summary of my perl5 (revision 5 version 13 subversion 5) configuration:
   
  Platform:
    osname=linux, osvers=2.6.34-0.slh.9-sidux-amd64, archname=x86_64-linux-thread-multi
    uname='linux verona 2.6.34-0.slh.9-sidux-amd64 #1 smp preempt sat jun 12 23:27:41 utc 2010 x86_64 gnulinux '
    config_args='-Dusethreads -Dprefix=/home/cpt0/cpantesting/perl-5.13.5'
    hint=recommended, useposix=true, d_sigaction=define
    useithreads=define, usemultiplicity=define
    useperlio=define, d_sfio=undef, uselargefiles=define, usesocks=undef
    use64bitint=define, use64bitall=define, uselongdouble=undef
    usemymalloc=n, bincompat5005=undef
  Compiler:
    cc='cc', ccflags ='-D_REENTRANT -D_GNU_SOURCE -fno-strict-aliasing -pipe -fstack-protector -I/usr/local/include -D_LARGEFILE_SOURCE -D_FILE_OFFSET_BITS=64',
    optimize='-O2',
    cppflags='-D_REENTRANT -D_GNU_SOURCE -fno-strict-aliasing -pipe -fstack-protector -I/usr/local/include'
    ccversion='', gccversion='4.4.5 20100909 (prerelease)', gccosandvers=''
    intsize=4, longsize=8, ptrsize=8, doublesize=8, byteorder=12345678
    d_longlong=define, longlongsize=8, d_longdbl=define, longdblsize=16
    ivtype='long', ivsize=8, nvtype='double', nvsize=8, Off_t='off_t', lseeksize=8
    alignbytes=8, prototype=define
  Linker and Libraries:
    ld='cc', ldflags =' -fstack-protector -L/usr/local/lib'
    libpth=/usr/local/lib /lib /usr/lib /lib64 /usr/lib64
    libs=-lnsl -lgdbm -ldb -ldl -lm -lcrypt -lutil -lpthread -lc -lgdbm_compat
    perllibs=-lnsl -ldl -lm -lcrypt -lutil -lpthread -lc
    libc=/lib/libc-2.11.1.so, so=so, useshrplib=false, libperl=libperl.a
    gnulibc_version='2.11.1'
  Dynamic Linking:
    dlsrc=dl_dlopen.xs, dlext=so, d_dlsymun=undef, ccdlflags='-Wl,-E'
    cccdlflags='-fPIC', lddlflags='-shared -O2 -L/usr/local/lib -fstack-protector'


Characteristics of this binary (from libperl): 
  Compile-time options: MULTIPLICITY PERL_DONT_CREATE_GVSV
                        PERL_IMPLICIT_CONTEXT PERL_MALLOC_WRAP USE_64_BIT_ALL
                        USE_64_BIT_INT USE_ITHREADS USE_LARGE_FILES
                        USE_PERLIO USE_PERL_ATOF USE_REENTRANT_API
  Built under linux
  Compiled at Sep 20 2010 22:36:59
  %ENV:
    PERL5LIB="/home/cpt0/.cpan/build/List-MoreUtils-0.22-8NI6Up/blib/arch:/home/cpt0/.cpan/build/List-MoreUtils-0.22-8NI6Up/blib/lib:/home/cpt0/.cpan/build/Test-Differences-0.500-ITR4Us/blib/arch:/home/cpt0/.cpan/build/Test-Differences-0.500-ITR4Us/blib/lib:/home/cpt0/.cpan/build/Text-Diff-1.37-KmkQDk/blib/arch:/home/cpt0/.cpan/build/Text-Diff-1.37-KmkQDk/blib/lib:/home/cpt0/.cpan/build/Algorithm-Diff-1.1902-ltquhQ/blib/arch:/home/cpt0/.cpan/build/Algorithm-Diff-1.1902-ltquhQ/blib/lib:/home/cpt0/.cpan/build/Class-Base-0.03-vGEEFq/blib/arch:/home/cpt0/.cpan/build/Class-Base-0.03-vGEEFq/blib/lib"
    PERL5OPT=""
    PERL5_CPANPLUS_IS_RUNNING="30357"
    PERL5_CPAN_IS_RUNNING="30357"
    PERL5_CPAN_IS_RUNNING_IN_RECURSION="9324,30357"
    PERL_CR_SMOKER_CURRENT="Emacs-Run-ExtractDocs-0.03"
    PERL_EXTUTILS_AUTOINSTALL="--defaultdeps"
    PERL_MM_USE_DEFAULT="1"
  @INC:
    /home/cpt0/.cpan/build/List-MoreUtils-0.22-8NI6Up/blib/arch
    /home/cpt0/.cpan/build/List-MoreUtils-0.22-8NI6Up/blib/lib
    /home/cpt0/.cpan/build/Test-Differences-0.500-ITR4Us/blib/arch
    /home/cpt0/.cpan/build/Test-Differences-0.500-ITR4Us/blib/lib
    /home/cpt0/.cpan/build/Text-Diff-1.37-KmkQDk/blib/arch
    /home/cpt0/.cpan/build/Text-Diff-1.37-KmkQDk/blib/lib
    /home/cpt0/.cpan/build/Algorithm-Diff-1.1902-ltquhQ/blib/arch
    /home/cpt0/.cpan/build/Algorithm-Diff-1.1902-ltquhQ/blib/lib
    /home/cpt0/.cpan/build/Class-Base-0.03-vGEEFq/blib/arch
    /home/cpt0/.cpan/build/Class-Base-0.03-vGEEFq/blib/lib
    /home/cpt0/cpantesting/perl-5.13.5/lib/site_perl/5.13.5/x86_64-linux-thread-multi
    /home/cpt0/cpantesting/perl-5.13.5/lib/site_perl/5.13.5
    /home/cpt0/cpantesting/perl-5.13.5/lib/5.13.5/x86_64-linux-thread-multi
    /home/cpt0/cpantesting/perl-5.13.5/lib/5.13.5
    .