Report for Params-Validate-Array-0.03

Back
From: metabase:user:cba5269c-6e58-1014-92a6-0387276d408b
Subject: FAIL Params-Validate-Array-0.03 v5.16.3 
Date: 2014-03-17T18:24:15Z

This distribution has been tested as part of the CPAN Testers
project, supporting the Perl programming language.  See
http://wiki.cpantesters.org/ for more information or email
questions to cpan-testers-discuss@perl.org


--
Dear Sam Brain,

This is a computer-generated report for Params-Validate-Array-0.03
on perl 5.16.3, created by CPAN-Reporter-1.2010.

Thank you for uploading your work to CPAN.  However, there was a problem
testing your distribution.

If you think this report is invalid, please consult the CPAN Testers Wiki
for suggestions on how to avoid getting FAIL reports for missing library
or binary dependencies, unsupported operating systems, and so on:

http://wiki.cpantesters.org/wiki/CPANAuthorNotes

Sections of this report:

    * Tester comments
    * Program output
    * Prerequisites
    * Environment and other context

------------------------------
TESTER COMMENTS
------------------------------

Additional comments from tester:

this report is from an automated smoke testing program
and was not reviewed by a human for accuracy

------------------------------
PROGRAM OUTPUT
------------------------------

Output from 'C:\strawberry\perl\bin\perl.exe ./Build test':

t\01-validate-array.t ........ ok
t\01-validate.t .............. ok
t\02-noop-array.t ............ ok
t\02-noop.t .................. ok
t\04-defaults-array.t ........ ok
t\04-defaults.t .............. ok
t\05-noop_default-array.t .... ok
t\05-noop_default.t .......... ok
t\06-options.t ............... ok
t\09-regex-array.t ........... ok
t\09-regex.t ................. ok
t\10-noop_regex-array.t ...... ok
t\10-noop_regex.t ............ ok
t\11-cb.t .................... ok
t\11-cb_array.t .............. ok
t\12-noop_cb-array.t ......... ok
t\12-noop_cb.t ............... ok
t\13-taint.t ................. ok
t\14-no_validate.t ........... ok
t\14-no_validate_array.t ..... ok
t\17-callbacks-array.t ....... ok
t\17-callbacks.t ............. ok
t\18-depends-array.t ......... ok
t\18-depends.t ............... ok
t\19-untaint.t ............... skipped: These tests require Test::Taint 0.02+ to run
t\21-can.t ................... ok
t\22-overload-can-bug.t ...... ok
t\23-readonly.t .............. skipped: Need Readonly::XS and Readonly for this test
t\24-tied.t .................. ok
t\25-undef-regex.t ........... ok
t\26-isa.t ................... ok
t\27-string-as-type.t ........ ok
t\28-readonly-return.t ....... ok
t\29-taint-mode.t ............ skipped: This test is flaky
t\30-hashref-alteration.t .... ok
t\31-incorrect-spelling.t .... skipped: Spec validation is disabled for now
t\32-regex-as-value.t ........ ok
t\33-keep-errsv.t ............ ok
t\34-recursive-validation.t .. ok

#   Failed test '01 no default for first'
#   at t\35-default-xs-bug.t line 19.
#          got: 'must be second one'
#     expected: undef

#   Failed test '01 default for second'
#   at t\35-default-xs-bug.t line 20.
#          got: undef
#     expected: 'must be second one'
# Looks like you failed 2 tests of 2.
t\35-default-xs-bug.t ........ 
Dubious, test returned 2 (wstat 512, 0x200)
Failed 2/2 subtests 

Test Summary Report
-------------------
t\34-recursive-validation.t (Wstat: 0 Tests: 1 Failed: 0)
  TODO passed:   1
t\35-default-xs-bug.t      (Wstat: 512 Tests: 2 Failed: 2)
  Failed tests:  1-2
  Non-zero exit status: 2
Files=40, Tests=636,  3 wallclock secs ( 0.14 usr +  0.09 sys =  0.23 CPU)
Result: FAIL
Failed 1/40 test programs. 2/636 subtests failed.

------------------------------
PREREQUISITES
------------------------------

Prerequisite modules loaded:

requires:

    Module           Need Have  
    ---------------- ---- ------
    Carp             0    1.26  
    Params::Validate 1.07 1.07  
    Test::More       0    0.98  
    version          0    0.9902

configure_requires:

    Module           Need Have  
    ---------------- ---- ------
    Module::Build    0.38 0.4004


------------------------------
ENVIRONMENT AND OTHER CONTEXT
------------------------------

Environment variables:

    AUTOMATED_TESTING = 1
    COMSPEC = C:\Windows\system32\cmd.exe
    NUMBER_OF_PROCESSORS = 2
    PATH = C:\Windows\system32;C:\Windows;C:\Windows\System32\Wbem;C:\Windows\System32\WindowsPowerShell\v1.0\;C:\Program Files\Microsoft SQL Server\110\Tools\Binn\;C:\Program Files\Microsoft\Web Platform Installer\;C:\strawberry\c\bin;C:\strawberry\perl\site\bin;C:\strawberry\perl\bin;C:\usr\bin
    PERL5LIB = 
    PERL5OPT = 
    PERL5_CPANPLUS_IS_RUNNING = 1052
    PERL5_CPAN_IS_RUNNING = 1052
    PERL5_CPAN_IS_RUNNING_IN_RECURSION = 2916,1052
    PERL_CR_SMOKER_CURRENT = Params-Validate-Array-0.03
    PERL_EXTUTILS_AUTOINSTALL = --defaultdeps
    PERL_MM_USE_DEFAULT = 1
    PROCESSOR_IDENTIFIER = Intel64 Family 6 Model 42 Stepping 1, GenuineIntel
    TEMP = C:\Users\wose\AppData\Local\Temp
    TERM = dumb

Perl special variables (and OS-specific diagnostics, for MSWin32):

    $^X = C:\strawberry\perl\bin\perl.exe
    $UID/$EUID = 0 / 0
    $GID = 0
    $EGID = 0
    Win32::GetOSName = Win8
    Win32::GetOSVersion = , 6, 2, 9200, 2, 0, 0, 256, 1
    Win32::FsType = NTFS
    Win32::IsAdminUser = 0

Perl module toolchain versions installed:

    Module              Have    
    ------------------- --------
    CPAN                1.9800  
    CPAN::Meta          2.120921
    Cwd                 3.40    
    ExtUtils::CBuilder  0.280206
    ExtUtils::Command   1.17    
    ExtUtils::Install   1.58    
    ExtUtils::MakeMaker 6.64    
    ExtUtils::Manifest  1.61    
    ExtUtils::ParseXS   3.18    
    File::Spec          3.40    
    JSON                2.53    
    JSON::PP            2.27200 
    Module::Build       0.4004  
    Module::Signature   0.70    
    Parse::CPAN::Meta   1.4404  
    Test::Harness       3.26    
    Test::More          0.98    
    YAML                0.84    
    YAML::Syck          1.25    
    version             0.9902  


--

Summary of my perl5 (revision 5 version 16 subversion 3) configuration:
   
  Platform:
    osname=MSWin32, osvers=4.0, archname=MSWin32-x86-multi-thread
    uname='Win32 strawberry-perl 5.16.3.1 #1 Tue Mar 12 13:55:20 2013 i386'
    config_args='undef'
    hint=recommended, useposix=true, d_sigaction=undef
    useithreads=define, usemultiplicity=define
    useperlio=define, d_sfio=undef, uselargefiles=define, usesocks=undef
    use64bitint=undef, use64bitall=undef, uselongdouble=undef
    usemymalloc=n, bincompat5005=undef
  Compiler:
    cc='gcc', ccflags =' -s -O2 -DWIN32  -DPERL_TEXTMODE_SCRIPTS -DPERL_IMPLICIT_CONTEXT -DPERL_IMPLICIT_SYS -fno-strict-aliasing -mms-bitfields',
    optimize='-s -O2',
    cppflags='-DWIN32'
    ccversion='', gccversion='4.6.3', gccosandvers=''
    intsize=4, longsize=4, ptrsize=4, doublesize=8, byteorder=1234
    d_longlong=undef, longlongsize=8, d_longdbl=define, longdblsize=12
    ivtype='long', ivsize=4, nvtype='double', nvsize=8, Off_t='long long', lseeksize=8
    alignbytes=8, prototype=define
  Linker and Libraries:
    ld='g++', ldflags ='-s -L"C:\strawberry\perl\lib\CORE" -L"C:\strawberry\c\lib"'
    libpth=C:\strawberry\c\lib C:\strawberry\c\i686-w64-mingw32\lib
    libs=-lmoldname -lkernel32 -luser32 -lgdi32 -lwinspool -lcomdlg32 -ladvapi32 -lshell32 -lole32 -loleaut32 -lnetapi32 -luuid -lws2_32 -lmpr -lwinmm -lversion -lodbc32 -lodbccp32 -lcomctl32
    perllibs=-lmoldname -lkernel32 -luser32 -lgdi32 -lwinspool -lcomdlg32 -ladvapi32 -lshell32 -lole32 -loleaut32 -lnetapi32 -luuid -lws2_32 -lmpr -lwinmm -lversion -lodbc32 -lodbccp32 -lcomctl32
    libc=, so=dll, useshrplib=true, libperl=libperl516.a
    gnulibc_version=''
  Dynamic Linking:
    dlsrc=dl_win32.xs, dlext=dll, d_dlsymun=undef, ccdlflags=' '
    cccdlflags=' ', lddlflags='-mdll -s -L"C:\strawberry\perl\lib\CORE" -L"C:\strawberry\c\lib"'


Characteristics of this binary (from libperl): 
  Compile-time options: HAS_TIMES HAVE_INTERP_INTERN MULTIPLICITY
                        PERLIO_LAYERS PERL_DONT_CREATE_GVSV
                        PERL_IMPLICIT_CONTEXT PERL_IMPLICIT_SYS
                        PERL_MALLOC_WRAP PERL_PRESERVE_IVUV PL_OP_SLAB_ALLOC
                        USE_ITHREADS USE_LARGE_FILES USE_LOCALE
                        USE_LOCALE_COLLATE USE_LOCALE_CTYPE
                        USE_LOCALE_NUMERIC USE_PERLIO USE_PERL_ATOF
  Built under MSWin32
  Compiled at Mar 12 2013 14:01:07
  %ENV:
    PERL5_CPANPLUS_IS_RUNNING="1052"
    PERL5_CPAN_IS_RUNNING="1052"
    PERL5_CPAN_IS_RUNNING_IN_RECURSION="2916,1052"
    PERL_CR_SMOKER_CURRENT="Params-Validate-Array-0.03"
    PERL_EXTUTILS_AUTOINSTALL="--defaultdeps"
    PERL_MM_USE_DEFAULT="1"
  @INC:
    C:/strawberry/perl/site/lib
    C:/strawberry/perl/vendor/lib
    C:/strawberry/perl/lib
    .