Report for Perlbal-1.80

Back
From: metabase:user:314402c4-2aae-11df-837a-5e0a49663a4f
Subject: FAIL Perlbal-1.80 v5.18.2 RC4 FreeBSD
Date: 2013-12-31T00:13:16Z

This distribution has been tested as part of the CPAN Testers
project, supporting the Perl programming language.  See
http://wiki.cpantesters.org/ for more information or email
questions to cpan-testers-discuss@perl.org


--
Dear Alan Kasindorf,

This is a computer-generated report for Perlbal-1.80
on perl 5.18.2, created by CPAN-Reporter-1.2010.

Thank you for uploading your work to CPAN.  However, there was a problem
testing your distribution.

If you think this report is invalid, please consult the CPAN Testers Wiki
for suggestions on how to avoid getting FAIL reports for missing library
or binary dependencies, unsupported operating systems, and so on:

http://wiki.cpantesters.org/wiki/CPANAuthorNotes

Sections of this report:

    * Tester comments
    * Program output
    * Prerequisites
    * Environment and other context

------------------------------
TESTER COMMENTS
------------------------------

Additional comments from tester:

none provided

------------------------------
PROGRAM OUTPUT
------------------------------

Output from '/usr/bin/make test':

PERL_DL_NONLAZY=1 /usr/perl5.18.2-RC4/bin/perl "-MExtUtils::Command::MM" "-MTest::Harness" "-e" "undef *Test::Harness::Switches; test_harness(0, 'blib/lib', 'blib/arch')" t/*.t
t/00-use.t ............... ok
t/10-testharness.t ....... ok
t/12-headers.t ........... ok
t/13-server-tokens.t ..... ok
t/15-webserver.t ......... ok
t/17-webserver-concat.t .. ok
Manage command failed: 'SERVER aio_mode = ioaio' 'ERROR: IO::AIO not available
'
Manage command failed: 'SERVER aio_mode = ioaio' 'ERROR: IO::AIO not available
'
Manage command failed: 'SERVER aio_mode = ioaio' 'ERROR: IO::AIO not available
'
t/20-put.t ............... ok
# Writing: 500
# Writing: 5
# Writing: 5
# Writing: 5
# Writing: 100000
# Writing: 60000
# Writing: 1000
# Writing: 338485
t/22-chunked-put.t ....... ok
Didn't get a firstline in HTTP response.
Can't call method "header" on an undefined value at /home/cpansand/.cpan/build/Perlbal-1.80-1ryeLZ/blib/lib/Perlbal/Test/WebClient.pm line 168, <GEN28> line 18.
# Looks like you planned 28 tests but ran 13.
# Looks like your test exited with -1 just after 13.
t/30-reverseproxy.t ...... 
Dubious, test returned 255 (wstat 65280, 0xff00)
Failed 15/28 subtests 
t/31-realworld.t ......... ok
# separator length 2
# separator length 0
500 response!
t/32-pipelining.t ........ ok
t/32-selector.t .......... ok
Manage command failed: 'SERVER aio_mode = ioaio' 'ERROR: IO::AIO not available
'
Didn't get a firstline in HTTP response.
Can't call method "header" on an undefined value at /home/cpansand/.cpan/build/Perlbal-1.80-1ryeLZ/blib/lib/Perlbal/Test/WebClient.pm line 168, <GEN19> line 164.
# Looks like your test exited with -1 just after 74.
t/35-reproxy.t ........... 
Dubious, test returned 255 (wstat 65280, 0xff00)
All 74 subtests passed 
Manage command failed: 'SERVER aio_mode = ioaio' 'ERROR: IO::AIO not available
'
Manage command failed: 'SERVER aio_mode = ioaio' 'ERROR: IO::AIO not available
'
t/40-ranges.t ............ ok

#   Failed test 'buffer_off: good response'
#   at t/45-buffereduploads.t line 239.

#   Failed test 'buffer_on_size: good response'
#   at t/45-buffereduploads.t line 239.

#   Failed test 'buffer_on_size: did buffer for size'
#   at t/45-buffereduploads.t line 213.
#          got: ''
#     expected: 'size'
make: Working in: /home/cpansand/.cpan/build/Perlbal-1.80-1ryeLZ

#   Failed test 'no_buffer_on_size: good response'
#   at t/45-buffereduploads.t line 239.

#   Failed test 'buffer_on_rate: good response'
#   at t/45-buffereduploads.t line 239.

#   Failed test 'buffer_on_rate: did buffer for rate'
#   at t/45-buffereduploads.t line 213.
#          got: ''
#     expected: 'rate'

#   Failed test 'no_buffer_on_rate: good response'
#   at t/45-buffereduploads.t line 239.

#   Failed test 'buffer_on_time: good response'
#   at t/45-buffereduploads.t line 239.

#   Failed test 'buffer_on_time: did buffer for time'
#   at t/45-buffereduploads.t line 213.
#          got: ''
#     expected: 'time'

#   Failed test 'no_buffer_on_time: good response'
#   at t/45-buffereduploads.t line 239.
# Looks like you failed 10 tests of 31.
t/45-buffereduploads.t ... 
Dubious, test returned 10 (wstat 2560, 0xa00)
Failed 10/31 subtests 
t/50-plugins.t ........... ok

#   Failed test 'buffer_off: good response'
#   at t/52-chunked-upload.t line 173.

#   Failed test 'backend got right content-length'
#   at t/52-chunked-upload.t line 61.
#                   ''
#     doesn't match '(?^:length = 500000)'
# Looks like you failed 2 tests of 8.
t/52-chunked-upload.t .... 
Dubious, test returned 2 (wstat 512, 0x200)
Failed 2/8 subtests 
t/60-child-httpd.t ....... skipped: Alpha feature; test skipped without $ENV{PERLBAL_TEST_ALPHA}
t/75-plugin-include.t .... ok
t/76-plugin-redirect.t ... ok
t/77-plugin-throttle.t ... ok

#   Failed test 'Got an X-Forwarded-Port header that seems reasonable'
#   at t/78-plugin-xffextras.t line 47.
#                   ''
#     doesn't match '(?^mi:^X-Forwarded-Port: 60004$)'

#   Failed test 'Got an X-Forwarded-Proto header that seems reasonable'
#   at t/78-plugin-xffextras.t line 48.
#                   ''
#     doesn't match '(?^mi:^X-Forwarded-Proto: (?-i:http)$)'
# Looks like you failed 2 tests of 4.
t/78-plugin-xffextras.t .. 
Dubious, test returned 2 (wstat 512, 0x200)
Failed 2/4 subtests 
t/90-accesscontrol.t ..... skipped: Net::Netmask not installed
t/91-fields.t ............ ok
t/99-benchmark-bool.t .... ok

Test Summary Report
-------------------
t/30-reverseproxy.t    (Wstat: 65280 Tests: 13 Failed: 0)
  Non-zero exit status: 255
  Parse errors: Bad plan.  You planned 28 tests but ran 13.
t/35-reproxy.t         (Wstat: 65280 Tests: 74 Failed: 0)
  Non-zero exit status: 255
t/45-buffereduploads.t (Wstat: 2560 Tests: 31 Failed: 10)
  Failed tests:  4, 8-9, 12, 19-20, 22, 26-27, 30
  Non-zero exit status: 10
t/52-chunked-upload.t  (Wstat: 512 Tests: 8 Failed: 2)
  Failed tests:  5-6
  Non-zero exit status: 2
t/78-plugin-xffextras.t (Wstat: 512 Tests: 4 Failed: 2)
  Failed tests:  3-4
  Non-zero exit status: 2
Files=25, Tests=506, 437 wallclock secs ( 0.16 usr  0.06 sys +  8.70 cusr  1.26 csys = 10.18 CPU)
Result: FAIL
Failed 5/25 test programs. 14/506 subtests failed.
*** Error code 255

Stop.
make: stopped in /home/cpansand/.cpan/build/Perlbal-1.80-1ryeLZ

------------------------------
PREREQUISITES
------------------------------

Prerequisite modules loaded:

requires:

    Module              Need Have    
    ------------------- ---- --------
    base                0    2.18    
    BSD::Resource       0    1.2907  
    Carp                0    1.29    
    constant            0    1.27    
    Danga::Socket       1.44 1.61    
    Errno               0    1.18    
    Exporter            0    5.68    
    Fcntl               0    1.11    
    fields              0    2.16    
    File::Path          0    2.09    
    File::Temp          0    0.2304  
    FindBin             0    1.51    
    Getopt::Long        0    2.39    
    Hash::Util          0    0.16    
    HTTP::Date          0    6.02    
    HTTP::Request       0    6.00    
    HTTP::Response      0    6.04    
    IO::File            0    1.16    
    IO::Handle          0    1.34    
    IO::Select          0    1.21    
    IO::Socket::INET    0    1.33    
    lib                 0    0.63    
    LWP::UserAgent      0    6.05    
    Scalar::Util        0    1.35    
    Socket              0    2.009   
    strict              0    1.07    
    Sys::Syscall        0    0.25    
    Test::More          0.94 1.001002
    Time::HiRes         0    1.9725  
    vars                0    1.03    
    warnings            0    1.18    

build_requires:

    Module              Need Have    
    ------------------- ---- --------
    ExtUtils::MakeMaker 0    6.84    

configure_requires:

    Module              Need Have    
    ------------------- ---- --------
    ExtUtils::MakeMaker 0    6.84    


------------------------------
ENVIRONMENT AND OTHER CONTEXT
------------------------------

Environment variables:

    DBIC_NO_WARN_BAD_PERL = 1
    PATH = /usr/local/bin:/usr/bin:/bin:/usr/local/sbin:/usr/sbin:/sbin:/home/cpansand/bin/freebsd10.0:/home/cpansand/bin/sh:/home/cpansand/bin:/usr/games:/home/cpansand/devel:/home/eserte/src/srezic-misc/scripts
    PERL5LIB = 
    PERL5OPT = 
    PERL5_CPANPLUS_IS_RUNNING = 45653
    PERL5_CPAN_IS_RUNNING = 45653
    PERL5_CPAN_IS_RUNNING_IN_RECURSION = 45632,45653
    PERLDOC = -MPod::Perldoc::ToTextOverstrike
    PERL_BATCH = yes
    PERL_CPAN_REPORTER_CONFIG = /var/tmp/cpansmoker-1023/xIfQLvVy_k_config.ini
    PERL_EXTUTILS_AUTOINSTALL = --defaultdeps
    PERL_HTML_DISPLAY_CLASS = HTML::Display::Mozilla
    SHELL = /usr/local/bin/zsh
    TERM = screen
    TMPDIR = /var/tmp/cpansmoker-1023

Perl special variables (and OS-specific diagnostics, for MSWin32):

    $^X = /usr/perl5.18.2-RC4/bin/perl
    $UID/$EUID = 1023 / 1023
    $GID = 1023 1023
    $EGID = 1023 1023

Perl module toolchain versions installed:

    Module              Have    
    ------------------- --------
    CPAN                2.00    
    CPAN::Meta          2.133380
    Cwd                 3.40    
    ExtUtils::CBuilder  0.280210
    ExtUtils::Command   1.17    
    ExtUtils::Install   1.59    
    ExtUtils::MakeMaker 6.84    
    ExtUtils::Manifest  1.63    
    ExtUtils::ParseXS   3.22    
    File::Spec          3.40    
    JSON                2.90    
    JSON::PP            2.27203 
    Module::Build       0.4203  
    Module::Signature   n/a     
    Parse::CPAN::Meta   1.4405  
    Test::Harness       3.30    
    Test::More          1.001002
    YAML                0.88    
    YAML::Syck          1.27    
    version             0.9904  


--

Summary of my perl5 (revision 5 version 18 subversion 2) configuration:
   
  Platform:
    osname=freebsd, osvers=10.0-rc3, archname=i386-freebsd
    uname='freebsd cvrsnica-freebsd-10.herceg.de 10.0-rc3 freebsd 10.0-rc3 #0 r259778: tue dec 24 04:35:46 utc 2013 root@snap.freebsd.org:usrobjusrsrcsysgeneric i386 '
    config_args='-ds -e -Dprefix=/usr/perl5.18.2-RC4'
    hint=recommended, useposix=true, d_sigaction=define
    useithreads=undef, usemultiplicity=undef
    useperlio=define, d_sfio=undef, uselargefiles=define, usesocks=undef
    use64bitint=undef, use64bitall=undef, uselongdouble=undef
    usemymalloc=n, bincompat5005=undef
  Compiler:
    cc='cc', ccflags ='-DHAS_FPSETMASK -DHAS_FLOATINGPOINT_H -fno-strict-aliasing -pipe -fstack-protector -I/usr/local/include',
    optimize='-O',
    cppflags='-DHAS_FPSETMASK -DHAS_FLOATINGPOINT_H -fno-strict-aliasing -pipe -fstack-protector -I/usr/local/include'
    ccversion='', gccversion='4.2.1 Compatible FreeBSD Clang 3.3 (tags/RELEASE_33/final 183502)', gccosandvers=''
    intsize=4, longsize=4, ptrsize=4, doublesize=8, byteorder=1234
    d_longlong=define, longlongsize=8, d_longdbl=define, longdblsize=12
    ivtype='long', ivsize=4, nvtype='double', nvsize=8, Off_t='off_t', lseeksize=8
    alignbytes=4, prototype=define
  Linker and Libraries:
    ld='cc', ldflags ='-Wl,-E  -fstack-protector -L/usr/local/lib'
    libpth=/usr/lib /usr/local/lib
    libs=-lm -lcrypt -lutil -lc
    perllibs=-lm -lcrypt -lutil -lc
    libc=, so=so, useshrplib=false, libperl=libperl.a
    gnulibc_version=''
  Dynamic Linking:
    dlsrc=dl_dlopen.xs, dlext=so, d_dlsymun=undef, ccdlflags=' '
    cccdlflags='-DPIC -fPIC', lddlflags='-shared  -L/usr/local/lib -fstack-protector'


Characteristics of this binary (from libperl): 
  Compile-time options: HAS_TIMES PERLIO_LAYERS PERL_DONT_CREATE_GVSV
                        PERL_HASH_FUNC_ONE_AT_A_TIME_HARD PERL_MALLOC_WRAP
                        PERL_PRESERVE_IVUV PERL_SAWAMPERSAND USE_LARGE_FILES
                        USE_LOCALE USE_LOCALE_COLLATE USE_LOCALE_CTYPE
                        USE_LOCALE_NUMERIC USE_PERLIO USE_PERL_ATOF
  Locally applied patches:
	RC4
  Built under freebsd
  Compiled at Dec 29 2013 11:55:51
  %ENV:
    PERL5LIB=""
    PERL5OPT=""
    PERL5_CPANPLUS_IS_RUNNING="45653"
    PERL5_CPAN_IS_RUNNING="45653"
    PERL5_CPAN_IS_RUNNING_IN_RECURSION="45632,45653"
    PERLDOC="-MPod::Perldoc::ToTextOverstrike"
    PERL_BATCH="yes"
    PERL_CPAN_REPORTER_CONFIG="/var/tmp/cpansmoker-1023/xIfQLvVy_k_config.ini"
    PERL_EXTUTILS_AUTOINSTALL="--defaultdeps"
    PERL_HTML_DISPLAY_CLASS="HTML::Display::Mozilla"
  @INC:
    /usr/perl5.18.2-RC4/lib/site_perl/5.18.2/i386-freebsd
    /usr/perl5.18.2-RC4/lib/site_perl/5.18.2
    /usr/perl5.18.2-RC4/lib/5.18.2/i386-freebsd
    /usr/perl5.18.2-RC4/lib/5.18.2
    .