Back
From: metabase:user:88ef830e-3cb1-11e3-afcf-3a1e153c5931
Subject: FAIL Lexical-Types-0.12 v5.19.5 GNU/Linux
Date: 2013-10-24T23:16:43Z
This distribution has been tested as part of the CPAN Testers
project, supporting the Perl programming language.  See
http://wiki.cpantesters.org/ for more information or email
questions to cpan-testers-discuss@perl.org
--
Dear VPIT,
This is a computer-generated report for Lexical-Types-0.12
on perl 5.19.5, created by App::cpanminus::reporter 0.10 (1.7001).
Thank you for uploading your work to CPAN.  However, there was a problem
testing your distribution.
If you think this report is invalid, please consult the CPAN Testers Wiki
for suggestions on how to avoid getting FAIL reports for missing library
or binary dependencies, unsupported operating systems, and so on:
http://wiki.cpantesters.org/wiki/CPANAuthorNotes
Sections of this report:
    * Tester comments
    * Program output
    * Prerequisites
    * Environment and other context
------------------------------
TESTER COMMENTS
------------------------------
Additional comments from tester:
none provided
------------------------------
PROGRAM OUTPUT
------------------------------
Output from '':
Building and testing Lexical-Types-0.12
cp lib/Lexical/Types.pm blib/lib/Lexical/Types.pm
/root/perl5/perlbrew/perls/perl-5.19.5/bin/perl5.19.5 /root/perl5/perlbrew/perls/perl-5.19.5/lib/5.19.5/ExtUtils/xsubpp  -typemap /root/perl5/perlbrew/perls/perl-5.19.5/lib/5.19.5/ExtUtils/typemap  Types.xs > Types.xsc && mv Types.xsc Types.c
cc -c   -fno-strict-aliasing -pipe -fstack-protector -I/usr/local/include -D_LARGEFILE_SOURCE -D_FILE_OFFSET_BITS=64 -O2   -DVERSION=\"0.12\" -DXS_VERSION=\"0.12\" -fPIC "-I/root/perl5/perlbrew/perls/perl-5.19.5/lib/5.19.5/x86_64-linux/CORE"   Types.c
rm -f blib/arch/auto/Lexical/Types/Types.so
cc  -shared -O2 -L/usr/local/lib -fstack-protector Types.o  -o blib/arch/auto/Lexical/Types/Types.so 	\
     	\
  
chmod 755 blib/arch/auto/Lexical/Types/Types.so
/root/perl5/perlbrew/perls/perl-5.19.5/bin/perl5.19.5 -MExtUtils::Command::MM -e 'cp_nonempty' -- Types.bs blib/arch/auto/Lexical/Types/Types.bs 644
Manifying blib/man3/Lexical::Types.3
PERL_DL_NONLAZY=1 /root/perl5/perlbrew/perls/perl-5.19.5/bin/perl5.19.5 "-MExtUtils::Command::MM" "-MTest::Harness" "-e" "undef *Test::Harness::Switches; test_harness(0, 'blib/lib', 'blib/arch')" t/*.t
# Testing Lexical::Types 0.12, Perl 5.019005, /root/perl5/perlbrew/perls/perl-5.19.5/bin/perl5.19.5
t/00-load.t ............... ok
#   Failed test 'double (a)'
#   at t/10-base.t line 17.
#          got: undef
#     expected: '16'
#   Failed test 'double (b)'
#   at t/10-base.t line 18.
#          got: undef
#     expected: '16'
# Looks like you failed 2 tests of 4.
t/10-base.t ............... 
Dubious, test returned 2 (wstat 512, 0x200)
Failed 2/4 subtests 
t/11-args.t ............... ok
t/12-integrate.t .......... ok
t/13-padsv.t .............. ok
t/14-ro.t ................. ok
#   Failed test 'my constant_type ($y,'
#   at t/15-constants.t line 25.
#          got: undef
#     expected: 'int:MyTypes::Int'
#   Failed test 'my constant_type  $z)'
#   at t/15-constants.t line 26.
#          got: undef
#     expected: 'int:MyTypes::Int'
# Looks like you failed 2 tests of 6.
t/15-constants.t .......... 
Dubious, test returned 2 (wstat 512, 0x200)
Failed 2/6 subtests 
t/16-scope.t .............. ok
t/17-peep.t ............... ok
t/18-hints.t .............. ok
t/20-object.t ............. ok
t/21-tie.t ................ ok
# Using Variable::Magic 0.53
t/22-magic.t .............. ok
# Using Variable::Magic 0.53
t/23-magic-uvar.t ......... ok
t/30-threads.t ............ skipped: This perl wasn't built to support threads
t/31-threads-teardown.t ... skipped: This perl wasn't built to support threads
t/40-stress.t ............. ok
t/91-pod.t ................ ok
t/92-pod-coverage.t ....... ok
t/95-portability-files.t .. ok
These tests should not be running unless AUTHOR_TESTING=1 and/or RELEASE_TESTING=1!
t/99-kwalitee.t ........... ok
Test Summary Report
-------------------
t/10-base.t             (Wstat: 512 Tests: 4 Failed: 2)
  Failed tests:  2-3
  Non-zero exit status: 2
t/15-constants.t        (Wstat: 512 Tests: 6 Failed: 2)
  Failed tests:  2-3
  Non-zero exit status: 2
Files=21, Tests=1172,  5 wallclock secs ( 0.24 usr  0.13 sys +  1.50 cusr  0.32 csys =  2.19 CPU)
Result: FAIL
------------------------------
PREREQUISITES
------------------------------
Prerequisite modules loaded:
runtime:
    Module              Need     Have    
    ------------------- -------- --------
    Carp                0        1.32    
    perl                5.008003 5.019005
    XSLoader            0        0.16    
build:
    Module              Need     Have    
    ------------------- -------- --------
    Carp                0        1.32    
    constant            0        1.28    
    ExtUtils::MakeMaker 0        6.80    
    Test::More          0        0.99    
    XSLoader            0        0.16    
configure:
    Module              Need     Have    
    ------------------- -------- --------
    ExtUtils::MakeMaker 0        6.80    
------------------------------
ENVIRONMENT AND OTHER CONTEXT
------------------------------
Environment variables:
    LANG = de_DE.UTF-8
    PATH = /root/perl5/perlbrew/bin:/root/perl5/perlbrew/perls/perl-5.19.5/bin:/sbin:/usr/sbin:/usr/local/sbin:/root/bin:/usr/local/bin:/usr/bin:/bin:/usr/X11R6/bin:/usr/games
    PERLBREW_MANPATH = /root/perl5/perlbrew/perls/perl-5.19.5/man
    PERLBREW_PATH = /root/perl5/perlbrew/bin:/root/perl5/perlbrew/perls/perl-5.19.5/bin
    PERLBREW_PERL = perl-5.19.5
    PERLBREW_ROOT = /root/perl5/perlbrew
    PERLBREW_SKIP_INIT = 1
    PERLBREW_VERSION = 0.42
    SHELL = /bin/bash
    TERM = xterm
Perl special variables (and OS-specific diagnostics, for MSWin32):
    EGID = 0 0
    EUID = 0
    EXECUTABLE_NAME = /root/perl5/perlbrew/perls/perl-5.19.5/bin/perl5.19.5
    GID = 0 0
    UID = 0
Perl module toolchain versions installed:
    Module              Have    
    ------------------- --------
    CPAN                2.03    
    CPAN::Meta          2.132830
    Cwd                 3.45    
    ExtUtils::CBuilder  0.280212
    ExtUtils::Command   1.18    
    ExtUtils::Install   1.61    
    ExtUtils::MakeMaker 6.80    
    ExtUtils::Manifest  1.63    
    ExtUtils::ParseXS   3.23    
    File::Spec          3.45    
    JSON                2.61    
    JSON::PP            2.27203 
    Module::Build       0.4007  
    Module::Signature   0.73    
    Parse::CPAN::Meta   1.4409  
    Test::Harness       3.29    
    Test::More          0.99    
    YAML                0.84    
    YAML::Syck          1.27    
    version             0.9904  
--
Summary of my perl5 (revision 5 version 19 subversion 5) configuration:
   
  Platform:
    osname=linux, osvers=3.10.13-x86_64-jb1, archname=x86_64-linux
    uname='linux j67734 3.10.13-x86_64-jb1 #3 smp fri oct 4 11:46:29 cest 2013 x86_64 x86_64 x86_64 gnulinux '
    config_args='-de -Dprefix=/root/perl5/perlbrew/perls/perl-5.19.5 -Dusedevel'
    hint=recommended, useposix=true, d_sigaction=define
    useithreads=undef, usemultiplicity=undef
    useperlio=define, d_sfio=undef, uselargefiles=define, usesocks=undef
    use64bitint=define, use64bitall=define, uselongdouble=undef
    usemymalloc=n, bincompat5005=undef
  Compiler:
    cc='cc', ccflags ='-fno-strict-aliasing -pipe -fstack-protector -I/usr/local/include -D_LARGEFILE_SOURCE -D_FILE_OFFSET_BITS=64',
    optimize='-O2',
    cppflags='-fno-strict-aliasing -pipe -fstack-protector -I/usr/local/include'
    ccversion='', gccversion='4.7.2 20130108 [gcc-4_7-branch revision 195012]', gccosandvers=''
    intsize=4, longsize=8, ptrsize=8, doublesize=8, byteorder=12345678
    d_longlong=define, longlongsize=8, d_longdbl=define, longdblsize=16
    ivtype='long', ivsize=8, nvtype='double', nvsize=8, Off_t='off_t', lseeksize=8
    alignbytes=8, prototype=define
  Linker and Libraries:
    ld='cc', ldflags =' -fstack-protector -L/usr/local/lib'
    libpth=/usr/local/lib /lib/../lib64 /usr/lib/../lib64 /lib /usr/lib /lib64 /usr/lib64 /usr/local/lib64
    libs=-lnsl -ldl -lm -lcrypt -lutil -lc
    perllibs=-lnsl -ldl -lm -lcrypt -lutil -lc
    libc=/lib/libc-2.17.so, so=so, useshrplib=false, libperl=libperl.a
    gnulibc_version='2.17'
  Dynamic Linking:
    dlsrc=dl_dlopen.xs, dlext=so, d_dlsymun=undef, ccdlflags='-Wl,-E'
    cccdlflags='-fPIC', lddlflags='-shared -O2 -L/usr/local/lib -fstack-protector'
Characteristics of this binary (from libperl): 
  Compile-time options: HAS_TIMES PERLIO_LAYERS PERL_DONT_CREATE_GVSV
                        PERL_HASH_FUNC_ONE_AT_A_TIME_HARD PERL_MALLOC_WRAP
                        PERL_NEW_COPY_ON_WRITE PERL_PRESERVE_IVUV
                        PERL_USE_DEVEL USE_64_BIT_ALL USE_64_BIT_INT
                        USE_LARGE_FILES USE_LOCALE USE_LOCALE_COLLATE
                        USE_LOCALE_CTYPE USE_LOCALE_NUMERIC USE_PERLIO
                        USE_PERL_ATOF
  Built under linux
  Compiled at Oct 24 2013 13:16:23
  %ENV:
    PERLBREW_MANPATH="/root/perl5/perlbrew/perls/perl-5.19.5/man"
    PERLBREW_PATH="/root/perl5/perlbrew/bin:/root/perl5/perlbrew/perls/perl-5.19.5/bin"
    PERLBREW_PERL="perl-5.19.5"
    PERLBREW_ROOT="/root/perl5/perlbrew"
    PERLBREW_SKIP_INIT="1"
    PERLBREW_VERSION="0.42"
  @INC:
    /root/perl5/perlbrew/perls/perl-5.19.5/lib/site_perl/5.19.5/x86_64-linux
    /root/perl5/perlbrew/perls/perl-5.19.5/lib/site_perl/5.19.5
    /root/perl5/perlbrew/perls/perl-5.19.5/lib/5.19.5/x86_64-linux
    /root/perl5/perlbrew/perls/perl-5.19.5/lib/5.19.5
    .