Report for NgxQueue-0.02

Back
From: metabase:user:320bfe00-2aae-11df-837a-5e0a49663a4f
Subject: FAIL NgxQueue-0.02 v5.24.0 RC0 GNU/Linux
Date: 2016-04-14T01:08:05Z

This distribution has been tested as part of the CPAN Testers
project, supporting the Perl programming language.  See
http://wiki.cpantesters.org/ for more information or email
questions to cpan-testers-discuss@perl.org


--
Dear Daisuke Murase,

This is a computer-generated report for NgxQueue-0.02
on perl 5.24.0, created by CPAN-Reporter-1.2017.

Thank you for uploading your work to CPAN.  However, there was a problem
testing your distribution.

If you think this report is invalid, please consult the CPAN Testers Wiki
for suggestions on how to avoid getting FAIL reports for missing library
or binary dependencies, unsupported operating systems, and so on:

http://wiki.cpantesters.org/wiki/CPANAuthorNotes

Sections of this report:

    * Tester comments
    * Program output
    * Prerequisites
    * Environment and other context

------------------------------
TESTER COMMENTS
------------------------------

Additional comments from tester:

this report is from an automated smoke testing program
and was not reviewed by a human for accuracy

------------------------------
PROGRAM OUTPUT
------------------------------

Output from '/usr/bin/make test':

Running Mkbootstrap for NgxQueue ()
chmod 644 "NgxQueue.bs"
PERL_DL_NONLAZY=1 "/tmp/basesmoker-reloperl-OFug/bin/perl" "-MExtUtils::Command::MM" "-MTest::Harness" "-e" "undef *Test::Harness::Switches; test_harness(0, 'inc', 'blib/lib', 'blib/arch'); " t/*.t
# Test for: XS

#   Failed test at t/basic.t line 17.
#          got: undef
#     expected: 'foo'

#   Failed test at t/basic.t line 18.
#          got: undef
#     expected: 'foo'
t/basic.t .... 
Failed 2/4 subtests 
t/pp.t ....... ok
*** Error in `/tmp/basesmoker-reloperl-OFug/bin/perl': malloc(): memory corruption (fast): 0x0000000001720770 ***
======= Backtrace: =========
/lib/x86_64-linux-gnu/libc.so.6(+0x71ff5)[0x7f102ef4bff5]
/lib/x86_64-linux-gnu/libc.so.6(+0x77946)[0x7f102ef51946]
/lib/x86_64-linux-gnu/libc.so.6(+0x79ef4)[0x7f102ef53ef4]
/lib/x86_64-linux-gnu/libc.so.6(__libc_malloc+0x54)[0x7f102ef55374]
/tmp/basesmoker-reloperl-OFug/bin/perl(Perl_safesysmalloc+0x15)[0x4932e5]
/tmp/loop_over_bdir-28345-YcMb78/NgxQueue-0.02-0/blib/arch/auto/NgxQueue/NgxQueue.so(+0x2516)[0x7f102ead4516]
/tmp/basesmoker-reloperl-OFug/bin/perl(Perl_pp_entersub+0x478)[0x4b57c8]
/home/sand/src/perl/repoperls/installed-perls/host/k93x64sid/v5.23.9-90-g000aab2/3bd2/lib/site_perl/5.24.0/x86_64-linux-ld/auto/Test/LeakTrace/LeakTrace.so(+0x2dc6)[0x7f102ecd8dc6]
/tmp/basesmoker-reloperl-OFug/bin/perl(perl_run+0x2b6)[0x441f06]
/tmp/basesmoker-reloperl-OFug/bin/perl(main+0x105)[0x41f9a5]
/lib/x86_64-linux-gnu/libc.so.6(__libc_start_main+0xf0)[0x7f102eefa610]
/tmp/basesmoker-reloperl-OFug/bin/perl(_start+0x29)[0x41f9e9]
======= Memory map: ========
00400000-005bd000 r-xp 00000000 00:22 10692894                           /tmp/basesmoker-reloperl-OFug/bin/perl
007bc000-007bf000 rw-p 001bc000 00:22 10692894                           /tmp/basesmoker-reloperl-OFug/bin/perl
007bf000-007c0000 rw-p 00000000 00:00 0 
01519000-01771000 rw-p 00000000 00:00 0                                  [heap]
7f1028000000-7f1028021000 rw-p 00000000 00:00 0 
7f1028021000-7f102c000000 ---p 00000000 00:00 0 
7f102e8bc000-7f102e8d2000 r-xp 00000000 ca:01 133157                     /lib/x86_64-linux-gnu/libgcc_s.so.1
7f102e8d2000-7f102ead1000 ---p 00016000 ca:01 133157                     /lib/x86_64-linux-gnu/libgcc_s.so.1
7f102ead1000-7f102ead2000 rw-p 00015000 ca:01 133157                     /lib/x86_64-linux-gnu/libgcc_s.so.1
7f102ead2000-7f102ead6000 r-xp 00000000 00:22 10857133                   /tmp/loop_over_bdir-28345-YcMb78/NgxQueue-0.02-0/blib/arch/auto/NgxQueue/NgxQueue.so
7f102ead6000-7f102ecd5000 ---p 00004000 00:22 10857133                   /tmp/loop_over_bdir-28345-YcMb78/NgxQueue-0.02-0/blib/arch/auto/NgxQueue/NgxQueue.so
7f102ecd5000-7f102ecd6000 rw-p 00003000 00:22 10857133                   /tmp/loop_over_bdir-28345-YcMb78/NgxQueue-0.02-0/blib/arch/auto/NgxQueue/NgxQueue.so
7f102ecd6000-7f102ecda000 r-xp 00000000 00:22 10846216                   /tmp/basesmoker-reloperl-OFug/lib/site_perl/5.24.0/x86_64-linux-ld/auto/Test/LeakTrace/LeakTrace.so
7f102ecda000-7f102eed9000 ---p 00004000 00:22 10846216                   /tmp/basesmoker-reloperl-OFug/lib/site_perl/5.24.0/x86_64-linux-ld/auto/Test/LeakTrace/LeakTrace.so
7f102eed9000-7f102eeda000 rw-p 00003000 00:22 10846216                   /tmp/basesmoker-reloperl-OFug/lib/site_perl/5.24.0/x86_64-linux-ld/auto/Test/LeakTrace/LeakTrace.so
7f102eeda000-7f102f074000 r-xp 00000000 ca:01 145419                     /lib/x86_64-linux-gnu/libc-2.22.so
7f102f074000-7f102f274000 ---p 0019a000 ca:01 145419                     /lib/x86_64-linux-gnu/libc-2.22.so
7f102f274000-7f102f278000 r--p 0019a000 ca:01 145419                     /lib/x86_64-linux-gnu/libc-2.22.so
7f102f278000-7f102f27a000 rw-p 0019e000 ca:01 145419                     /lib/x86_64-linux-gnu/libc-2.22.so
7f102f27a000-7f102f27e000 rw-p 00000000 00:00 0 
7f102f27e000-7f102f280000 r-xp 00000000 ca:01 145438                     /lib/x86_64-linux-gnu/libutil-2.22.so
7f102f280000-7f102f47f000 ---p 00002000 ca:01 145438                     /lib/x86_64-linux-gnu/libutil-2.22.so
7f102f47f000-7f102f480000 r--p 00001000 ca:01 145438                     /lib/x86_64-linux-gnu/libutil-2.22.so
7f102f480000-7f102f481000 rw-p 00002000 ca:01 145438                     /lib/x86_64-linux-gnu/libutil-2.22.so
7f102f481000-7f102f489000 r-xp 00000000 ca:01 145421                     /lib/x86_64-linux-gnu/libcrypt-2.22.so
7f102f489000-7f102f688000 ---p 00008000 ca:01 145421                     /lib/x86_64-linux-gnu/libcrypt-2.22.so
7f102f688000-7f102f689000 r--p 00007000 ca:01 145421                     /lib/x86_64-linux-gnu/libcrypt-2.22.so
7f102f689000-7f102f68a000 rw-p 00008000 ca:01 145421                     /lib/x86_64-linux-gnu/libcrypt-2.22.so
7f102f68a000-7f102f6b8000 rw-p 00000000 00:00 0 
7f102f6b8000-7f102f7b5000 r-xp 00000000 ca:01 145423                     /lib/x86_64-linux-gnu/libm-2.22.so
7f102f7b5000-7f102f9b4000 ---p 000fd000 ca:01 145423                     /lib/x86_64-linux-gnu/libm-2.22.so
7f102f9b4000-7f102f9b5000 r--p 000fc000 ca:01 145423                     /lib/x86_64-linux-gnu/libm-2.22.so
7f102f9b5000-7f102f9b6000 rw-p 000fd000 ca:01 145423                     /lib/x86_64-linux-gnu/libm-2.22.so
7f102f9b6000-7f102f9b8000 r-xp 00000000 ca:01 145422                     /lib/x86_64-linux-gnu/libdl-2.22.so
7f102f9b8000-7f102fbb8000 ---p 00002000 ca:01 145422                     /lib/x86_64-linux-gnu/libdl-2.22.so
7f102fbb8000-7f102fbb9000 r--p 00002000 ca:01 145422                     /lib/x86_64-linux-gnu/libdl-2.22.so
7f102fbb9000-7f102fbba000 rw-p 00003000 ca:01 145422                     /lib/x86_64-linux-gnu/libdl-2.22.so
7f102fbba000-7f102fbcf000 r-xp 00000000 ca:01 145426                     /lib/x86_64-linux-gnu/libnsl-2.22.so
7f102fbcf000-7f102fdce000 ---p 00015000 ca:01 145426                     /lib/x86_64-linux-gnu/libnsl-2.22.so
7f102fdce000-7f102fdcf000 r--p 00014000 ca:01 145426                     /lib/x86_64-linux-gnu/libnsl-2.22.so
7f102fdcf000-7f102fdd0000 rw-p 00015000 ca:01 145426                     /lib/x86_64-linux-gnu/libnsl-2.22.so
7f102fdd0000-7f102fdd2000 rw-p 00000000 00:00 0 
7f102fdd2000-7f102fdea000 r-xp 00000000 ca:01 145415                     /lib/x86_64-linux-gnu/libpthread-2.22.so
7f102fdea000-7f102ffe9000 ---p 00018000 ca:01 145415                     /lib/x86_64-linux-gnu/libpthread-2.22.so
7f102ffe9000-7f102ffea000 r--p 00017000 ca:01 145415                     /lib/x86_64-linux-gnu/libpthread-2.22.so
7f102ffea000-7f102ffeb000 rw-p 00018000 ca:01 145415                     /lib/x86_64-linux-gnu/libpthread-2.22.so
7f102ffeb000-7f102ffef000 rw-p 00000000 00:00 0 
7f102ffef000-7f1030011000 r-xp 00000000 ca:01 145416                     /lib/x86_64-linux-gnu/ld-2.22.so
7f10301fd000-7f1030202000 rw-p 00000000 00:00 0 
7f103020d000-7f1030210000 rw-p 00000000 00:00 0 
7f1030210000-7f1030211000 r--p 00021000 ca:01 145416                     /lib/x86_64-linux-gnu/ld-2.22.so
7f1030211000-7f1030212000 rw-p 00022000 ca:01 145416                     /lib/x86_64-linux-gnu/ld-2.22.so
7f1030212000-7f1030213000 rw-p 00000000 00:00 0 
7ffd4d1e8000-7ffd4d209000 rw-p 00000000 00:00 0                          [stack]
7ffd4d2e9000-7ffd4d2eb000 r--p 00000000 00:00 0                          [vvar]
7ffd4d2eb000-7ffd4d2ed000 r-xp 00000000 00:00 0                          [vdso]
ffffffffff600000-ffffffffff601000 r-xp 00000000 00:00 0                  [vsyscall]
t/sv_leak.t .. 
No subtests run 

Test Summary Report
-------------------
t/basic.t  (Wstat: 139 Tests: 4 Failed: 2)
  Failed tests:  3-4
  Non-zero wait status: 139
  Parse errors: No plan found in TAP output
t/sv_leak.t (Wstat: 134 Tests: 0 Failed: 0)
  Non-zero wait status: 134
  Parse errors: No plan found in TAP output
Files=3, Tests=6,  0 wallclock secs ( 0.01 usr  0.02 sys +  0.03 cusr  0.01 csys =  0.07 CPU)
Result: FAIL
Failed 2/3 test programs. 2/6 subtests failed.
Makefile:960: recipe for target 'test_dynamic' failed
make: *** [test_dynamic] Error 255

------------------------------
PREREQUISITES
------------------------------

Prerequisite modules loaded:

requires:

    Module              Need     Have    
    ------------------- -------- --------
    perl                5.008001 5.024000
    XSLoader            0.02     0.21    

build_requires:

    Module              Need     Have    
    ------------------- -------- --------
    CPAN::Meta          0        2.150005
    Devel::PPPort       3.2      3.32    
    ExtUtils::MakeMaker 6.36     7.10_01 
    ExtUtils::ParseXS   2.21     3.31    
    Test::LeakTrace     0.14     0.15    
    Test::More          0.88     1.001014

configure_requires:

    Module              Need     Have    
    ------------------- -------- --------
    CPAN::Meta          0        2.150005
    Devel::PPPort       3.2      3.32    
    ExtUtils::MakeMaker 6.36     7.10_01 
    ExtUtils::ParseXS   2.21     3.31    


------------------------------
ENVIRONMENT AND OTHER CONTEXT
------------------------------

Environment variables:

    AUTOMATED_TESTING = 1
    LANG = C
    PATH = /usr/lib/ccache:/home/sand/bin:/usr/local/bin:/usr/lib/ccache:/usr/bin:/bin:/usr/games:/usr/local/perl/bin:/usr/X11/bin:/sbin:/usr/sbin
    PERL5LIB = 
    PERL5OPT = 
    PERL5_CPANPLUS_IS_RUNNING = 28348
    PERL5_CPAN_IS_RUNNING = 28348
    PERL_CANARY_STABILITY_NOPROMPT = 1
    PERL_MM_USE_DEFAULT = 1
    SHELL = /usr/bin/zsh
    TERM = screen

Perl special variables (and OS-specific diagnostics, for MSWin32):

    $^X = /tmp/basesmoker-reloperl-OFug/bin/perl
    $UID/$EUID = 1005 / 1005
    $GID = 1005 1005
    $EGID = 1005 1005

Perl module toolchain versions installed:

    Module              Have    
    ------------------- --------
    CPAN                2.12    
    CPAN::Meta          2.150005
    Cwd                 3.63    
    ExtUtils::CBuilder  0.280225
    ExtUtils::Command   7.10    
    ExtUtils::Install   2.04    
    ExtUtils::MakeMaker 7.10_01 
    ExtUtils::Manifest  1.70    
    ExtUtils::ParseXS   3.31    
    File::Spec          3.63    
    JSON                2.90    
    JSON::PP            2.27300 
    Module::Build       0.4216  
    Module::Signature   0.79    
    Parse::CPAN::Meta   1.4417  
    Test::Harness       3.36    
    Test::More          1.001014
    YAML                1.15    
    YAML::Syck          1.29    
    version             0.9916  


--

Summary of my perl5 (revision 5 version 24 subversion 0) configuration:
  Commit id: 000aab206ed911bf00a5ce23de4e642f401b9871
  Platform:
    osname=linux, osvers=4.4.0-1-amd64, archname=x86_64-linux-ld
    uname='linux k93x64sid 4.4.0-1-amd64 #1 smp debian 4.4.6-1 (2016-03-17) x86_64 gnulinux '
    config_args='-Dprefix=/home/sand/src/perl/repoperls/installed-perls/host/k93x64sid/v5.23.9-90-g000aab2/3bd2 -Dmyhostname=k93x64sid -Dinstallusrbinperl=n -Uversiononly -Dusedevel -des -Ui_db -Dlibswanted=cl pthread socket inet nsl gdbm dbm malloc dl ld sun m crypt sec util c cposix posix ucb BSD gdbm_compat -Uuseithreads -Duselongdouble -DDEBUGGING=-g'
    hint=recommended, useposix=true, d_sigaction=define
    useithreads=undef, usemultiplicity=undef
    use64bitint=define, use64bitall=define, uselongdouble=define
    usemymalloc=n, bincompat5005=undef
  Compiler:
    cc='cc', ccflags ='-fwrapv -fno-strict-aliasing -pipe -fstack-protector-strong -I/usr/local/include -D_LARGEFILE_SOURCE -D_FILE_OFFSET_BITS=64 -D_FORTIFY_SOURCE=2',
    optimize='-O2 -g',
    cppflags='-fwrapv -fno-strict-aliasing -pipe -fstack-protector-strong -I/usr/local/include'
    ccversion='', gccversion='5.3.1 20160409', gccosandvers=''
    intsize=4, longsize=8, ptrsize=8, doublesize=8, byteorder=12345678, doublekind=3
    d_longlong=define, longlongsize=8, d_longdbl=define, longdblsize=16, longdblkind=3
    ivtype='long', ivsize=8, nvtype='long double', nvsize=16, Off_t='off_t', lseeksize=8
    alignbytes=16, prototype=define
  Linker and Libraries:
    ld='cc', ldflags =' -fstack-protector-strong -L/usr/local/lib'
    libpth=/usr/local/lib /usr/lib/gcc/x86_64-linux-gnu/5/include-fixed /usr/include/x86_64-linux-gnu /usr/lib /lib/x86_64-linux-gnu /lib/../lib /usr/lib/x86_64-linux-gnu /usr/lib/../lib /lib
    libs=-lpthread -lnsl -ldl -lm -lcrypt -lutil -lc
    perllibs=-lpthread -lnsl -ldl -lm -lcrypt -lutil -lc
    libc=libc-2.22.so, so=so, useshrplib=false, libperl=libperl.a
    gnulibc_version='2.22'
  Dynamic Linking:
    dlsrc=dl_dlopen.xs, dlext=so, d_dlsymun=undef, ccdlflags='-Wl,-E'
    cccdlflags='-fPIC', lddlflags='-shared -O2 -g -L/usr/local/lib -fstack-protector-strong'


Characteristics of this binary (from libperl): 
  Compile-time options: HAS_TIMES PERLIO_LAYERS PERL_COPY_ON_WRITE
                        PERL_DONT_CREATE_GVSV
                        PERL_HASH_FUNC_ONE_AT_A_TIME_HARD PERL_MALLOC_WRAP
                        PERL_PRESERVE_IVUV PERL_USE_DEVEL USE_64_BIT_ALL
                        USE_64_BIT_INT USE_LARGE_FILES USE_LOCALE
                        USE_LOCALE_COLLATE USE_LOCALE_CTYPE
                        USE_LOCALE_NUMERIC USE_LOCALE_TIME USE_LONG_DOUBLE
                        USE_PERLIO USE_PERL_ATOF
  Locally applied patches:
	RC0
  Built under linux
  Compiled at Apr 13 2016 21:25:50
  %ENV:
    PERL5LIB=""
    PERL5OPT=""
    PERL5_CPANPLUS_IS_RUNNING="28348"
    PERL5_CPAN_IS_RUNNING="28348"
    PERL_CANARY_STABILITY_NOPROMPT="1"
    PERL_MM_USE_DEFAULT="1"
  @INC:
    /home/sand/src/perl/repoperls/installed-perls/host/k93x64sid/v5.23.9-90-g000aab2/3bd2/lib/site_perl/5.24.0/x86_64-linux-ld
    /home/sand/src/perl/repoperls/installed-perls/host/k93x64sid/v5.23.9-90-g000aab2/3bd2/lib/site_perl/5.24.0
    /home/sand/src/perl/repoperls/installed-perls/host/k93x64sid/v5.23.9-90-g000aab2/3bd2/lib/5.24.0/x86_64-linux-ld
    /home/sand/src/perl/repoperls/installed-perls/host/k93x64sid/v5.23.9-90-g000aab2/3bd2/lib/5.24.0
    .