JS-jQuery-Loader v0.02 Perl 5 v5.18.4 x86_64-linux-ld
- Status
- Fail
- From
- Andreas J. König (ANDK)
- Dist
-
JS-jQuery-Loader v0.02
- Platform
- Perl 5 v5.18.4 x86_64-linux-ld
- Date
- 2017-11-28 16:22:33
- ID
- 56dba274-d458-11e7-bc65-ad5b5e10d0c6
This distribution has been tested as part of the CPAN Testers
project, supporting the Perl programming language. See
http://wiki.cpantesters.org/ for more information or email
questions to cpan-testers-discuss@perl.org
--
Dear Robert Krimen,
This is a computer-generated report for JS-jQuery-Loader-0.02
on perl 5.18.4, created by CPAN-Reporter-1.2018.
Thank you for uploading your work to CPAN. However, there was a problem
testing your distribution.
If you think this report is invalid, please consult the CPAN Testers Wiki
for suggestions on how to avoid getting FAIL reports for missing library
or binary dependencies, unsupported operating systems, and so on:
http://wiki.cpantesters.org/wiki/CPANAuthorNotes
Sections of this report:
* Tester comments
* Program output
* Prerequisites
* Environment and other context
------------------------------
TESTER COMMENTS
------------------------------
Additional comments from tester:
this report is from an automated smoke testing program
and was not reviewed by a human for accuracy
------------------------------
PROGRAM OUTPUT
------------------------------
Output from '/usr/bin/make test':
"/home/sand/src/perl/repoperls/installed-perls/host/k93msid/v5.18.4/2d7c/bin/perl" "-Iinc" Makefile.PL --config= --installdeps=Directory::Scratch,0,Carp::Clan::Share,0,HTML::Declare,0,Path::Abstract,0
Cannot determine perl version info from lib/JS/jQuery/Loader.pm
LEGAL WARNING: 'All rights reserved' may invalidate Open Source licenses. Consider removing it. at inc/Module/Install/Metadata.pm line 358.
PERL_DL_NONLAZY=1 "/home/sand/src/perl/repoperls/installed-perls/host/k93msid/v5.18.4/2d7c/bin/perl" "-MExtUtils::Command::MM" "-MTest::Harness" "-e" "undef *Test::Harness::Switches; test_harness(0, 'inc', 'blib/lib', 'blib/arch')" t/00-load.t t/01-template.t t/02-location.t t/03-source.t t/04-cache.t t/05-loader.t t/06-html.t
# Testing JS::jQuery::Loader 0.02, Perl 5.018004, /home/sand/src/perl/repoperls/installed-perls/host/k93msid/v5.18.4/2d7c/bin/perl
t/00-load.t ...... ok
t/01-template.t .. ok
"my" variable $attribute masks earlier declaration in same statement at /tmp/loop_over_bdir-1921-OZ086R/JS-jQuery-Loader-0.02-0/blib/lib/JS/jQuery/Loader/Location.pm line 71.
syntax error at /tmp/loop_over_bdir-1921-OZ086R/JS-jQuery-Loader-0.02-0/blib/lib/JS/jQuery/Loader/Location.pm line 67, near "$attribute qw/location file uri/"
Global symbol "$attribute_pattern" requires explicit package name at /tmp/loop_over_bdir-1921-OZ086R/JS-jQuery-Loader-0.02-0/blib/lib/JS/jQuery/Loader/Location.pm line 76.
Global symbol "$attribute" requires explicit package name at /tmp/loop_over_bdir-1921-OZ086R/JS-jQuery-Loader-0.02-0/blib/lib/JS/jQuery/Loader/Location.pm line 77.
syntax error at /tmp/loop_over_bdir-1921-OZ086R/JS-jQuery-Loader-0.02-0/blib/lib/JS/jQuery/Loader/Location.pm line 80, near "}"
Compilation failed in require at t/02-location.t line 8.
BEGIN failed--compilation aborted at t/02-location.t line 8.
t/02-location.t ..
Dubious, test returned 255 (wstat 65280, 0xff00)
No subtests run
"my" variable $attribute masks earlier declaration in same statement at /tmp/loop_over_bdir-1921-OZ086R/JS-jQuery-Loader-0.02-0/blib/lib/JS/jQuery/Loader/Location.pm line 71.
syntax error at /tmp/loop_over_bdir-1921-OZ086R/JS-jQuery-Loader-0.02-0/blib/lib/JS/jQuery/Loader/Location.pm line 67, near "$attribute qw/location file uri/"
Global symbol "$attribute_pattern" requires explicit package name at /tmp/loop_over_bdir-1921-OZ086R/JS-jQuery-Loader-0.02-0/blib/lib/JS/jQuery/Loader/Location.pm line 76.
Global symbol "$attribute" requires explicit package name at /tmp/loop_over_bdir-1921-OZ086R/JS-jQuery-Loader-0.02-0/blib/lib/JS/jQuery/Loader/Location.pm line 77.
syntax error at /tmp/loop_over_bdir-1921-OZ086R/JS-jQuery-Loader-0.02-0/blib/lib/JS/jQuery/Loader/Location.pm line 80, near "}"
Compilation failed in require at /tmp/loop_over_bdir-1921-OZ086R/JS-jQuery-Loader-0.02-0/blib/lib/JS/jQuery/Loader/Source/URI.pm line 7.
BEGIN failed--compilation aborted at /tmp/loop_over_bdir-1921-OZ086R/JS-jQuery-Loader-0.02-0/blib/lib/JS/jQuery/Loader/Source/URI.pm line 7.
Compilation failed in require at t/03-source.t line 9.
BEGIN failed--compilation aborted at t/03-source.t line 9.
t/03-source.t ....
Dubious, test returned 255 (wstat 65280, 0xff00)
No subtests run
"my" variable $attribute masks earlier declaration in same statement at /tmp/loop_over_bdir-1921-OZ086R/JS-jQuery-Loader-0.02-0/blib/lib/JS/jQuery/Loader/Location.pm line 71.
syntax error at /tmp/loop_over_bdir-1921-OZ086R/JS-jQuery-Loader-0.02-0/blib/lib/JS/jQuery/Loader/Location.pm line 67, near "$attribute qw/location file uri/"
Global symbol "$attribute_pattern" requires explicit package name at /tmp/loop_over_bdir-1921-OZ086R/JS-jQuery-Loader-0.02-0/blib/lib/JS/jQuery/Loader/Location.pm line 76.
Global symbol "$attribute" requires explicit package name at /tmp/loop_over_bdir-1921-OZ086R/JS-jQuery-Loader-0.02-0/blib/lib/JS/jQuery/Loader/Location.pm line 77.
syntax error at /tmp/loop_over_bdir-1921-OZ086R/JS-jQuery-Loader-0.02-0/blib/lib/JS/jQuery/Loader/Location.pm line 80, near "}"
Compilation failed in require at /tmp/loop_over_bdir-1921-OZ086R/JS-jQuery-Loader-0.02-0/blib/lib/JS/jQuery/Loader/Source/URI.pm line 7.
BEGIN failed--compilation aborted at /tmp/loop_over_bdir-1921-OZ086R/JS-jQuery-Loader-0.02-0/blib/lib/JS/jQuery/Loader/Source/URI.pm line 7.
Compilation failed in require at t/04-cache.t line 12.
BEGIN failed--compilation aborted at t/04-cache.t line 12.
t/04-cache.t .....
Dubious, test returned 255 (wstat 65280, 0xff00)
No subtests run
"my" variable $attribute masks earlier declaration in same statement at /tmp/loop_over_bdir-1921-OZ086R/JS-jQuery-Loader-0.02-0/blib/lib/JS/jQuery/Loader/Location.pm line 71.
syntax error at /tmp/loop_over_bdir-1921-OZ086R/JS-jQuery-Loader-0.02-0/blib/lib/JS/jQuery/Loader/Location.pm line 67, near "$attribute qw/location file uri/"
Global symbol "$attribute_pattern" requires explicit package name at /tmp/loop_over_bdir-1921-OZ086R/JS-jQuery-Loader-0.02-0/blib/lib/JS/jQuery/Loader/Location.pm line 76.
Global symbol "$attribute" requires explicit package name at /tmp/loop_over_bdir-1921-OZ086R/JS-jQuery-Loader-0.02-0/blib/lib/JS/jQuery/Loader/Location.pm line 77.
syntax error at /tmp/loop_over_bdir-1921-OZ086R/JS-jQuery-Loader-0.02-0/blib/lib/JS/jQuery/Loader/Location.pm line 80, near "}"
Compilation failed in require at /tmp/loop_over_bdir-1921-OZ086R/JS-jQuery-Loader-0.02-0/blib/lib/JS/jQuery/Loader/Source/URI.pm line 7.
BEGIN failed--compilation aborted at /tmp/loop_over_bdir-1921-OZ086R/JS-jQuery-Loader-0.02-0/blib/lib/JS/jQuery/Loader/Source/URI.pm line 7.
Compilation failed in require at /tmp/loop_over_bdir-1921-OZ086R/JS-jQuery-Loader-0.02-0/blib/lib/JS/jQuery/Loader/Source/Internet.pm line 4.
BEGIN failed--compilation aborted at /tmp/loop_over_bdir-1921-OZ086R/JS-jQuery-Loader-0.02-0/blib/lib/JS/jQuery/Loader/Source/Internet.pm line 4.
Compilation failed in require at /tmp/loop_over_bdir-1921-OZ086R/JS-jQuery-Loader-0.02-0/blib/lib/JS/jQuery/Loader.pm line 111.
t/05-loader.t .... skipped: (no reason given)
"my" variable $attribute masks earlier declaration in same statement at /tmp/loop_over_bdir-1921-OZ086R/JS-jQuery-Loader-0.02-0/blib/lib/JS/jQuery/Loader/Location.pm line 71.
syntax error at /tmp/loop_over_bdir-1921-OZ086R/JS-jQuery-Loader-0.02-0/blib/lib/JS/jQuery/Loader/Location.pm line 67, near "$attribute qw/location file uri/"
Global symbol "$attribute_pattern" requires explicit package name at /tmp/loop_over_bdir-1921-OZ086R/JS-jQuery-Loader-0.02-0/blib/lib/JS/jQuery/Loader/Location.pm line 76.
Global symbol "$attribute" requires explicit package name at /tmp/loop_over_bdir-1921-OZ086R/JS-jQuery-Loader-0.02-0/blib/lib/JS/jQuery/Loader/Location.pm line 77.
syntax error at /tmp/loop_over_bdir-1921-OZ086R/JS-jQuery-Loader-0.02-0/blib/lib/JS/jQuery/Loader/Location.pm line 80, near "}"
Compilation failed in require at /tmp/loop_over_bdir-1921-OZ086R/JS-jQuery-Loader-0.02-0/blib/lib/JS/jQuery/Loader/Source/URI.pm line 7.
BEGIN failed--compilation aborted at /tmp/loop_over_bdir-1921-OZ086R/JS-jQuery-Loader-0.02-0/blib/lib/JS/jQuery/Loader/Source/URI.pm line 7.
Compilation failed in require at /tmp/loop_over_bdir-1921-OZ086R/JS-jQuery-Loader-0.02-0/blib/lib/JS/jQuery/Loader/Source/Internet.pm line 4.
BEGIN failed--compilation aborted at /tmp/loop_over_bdir-1921-OZ086R/JS-jQuery-Loader-0.02-0/blib/lib/JS/jQuery/Loader/Source/Internet.pm line 4.
Compilation failed in require at /tmp/loop_over_bdir-1921-OZ086R/JS-jQuery-Loader-0.02-0/blib/lib/JS/jQuery/Loader.pm line 111.
t/06-html.t ...... skipped: (no reason given)
Test Summary Report
-------------------
t/02-location.t (Wstat: 65280 Tests: 0 Failed: 0)
Non-zero exit status: 255
Parse errors: No plan found in TAP output
t/03-source.t (Wstat: 65280 Tests: 0 Failed: 0)
Non-zero exit status: 255
Parse errors: No plan found in TAP output
t/04-cache.t (Wstat: 65280 Tests: 0 Failed: 0)
Non-zero exit status: 255
Parse errors: No plan found in TAP output
t/05-loader.t (Wstat: 65280 Tests: 0 Failed: 0)
Non-zero exit status: 255
t/06-html.t (Wstat: 65280 Tests: 0 Failed: 0)
Non-zero exit status: 255
Files=7, Tests=10, 6 wallclock secs ( 0.02 usr 0.05 sys + 1.93 cusr 0.38 csys = 2.38 CPU)
Result: FAIL
Failed 5/7 test programs. 0/10 subtests failed.
Makefile:788: recipe for target 'test_dynamic' failed
make: *** [test_dynamic] Error 255
------------------------------
PREREQUISITES
------------------------------
Prerequisite modules loaded:
requires:
Module Need Have
------------------- ---- --------
Carp::Clan::Share 0 0.013
Directory::Scratch 0 0.18
ExtUtils::MakeMaker 7.3 7.30
File::Copy 0 2.26
HTML::Declare 0 2.6
LWP::UserAgent 0 6.27
Moose 0 2.2006
Path::Abstract 0 0.096
Path::Class 0 0.37
Test::More 0 1.302116
URI 0 1.72
build_requires:
Module Need Have
------------------- ---- --------
ExtUtils::MakeMaker 0 7.30
------------------------------
ENVIRONMENT AND OTHER CONTEXT
------------------------------
Environment variables:
AUTOMATED_TESTING = 1
LANG = en_US.UTF-8
PATH = /home/sand/bin:/usr/local/bin:/usr/bin:/bin:/usr/games:/usr/local/perl/bin:/usr/X11/bin:/sbin:/usr/sbin
PERL5LIB = /tmp/loop_over_bdir-1921-OZ086R/Path-Abstract-0.096-0/blib/arch:/tmp/loop_over_bdir-1921-OZ086R/Path-Abstract-0.096-0/blib/lib:/tmp/loop_over_bdir-1921-OZ086R/Test-Lazy-0.061-0/blib/arch:/tmp/loop_over_bdir-1921-OZ086R/Test-Lazy-0.061-0/blib/lib:/tmp/loop_over_bdir-1921-OZ086R/HTML-Declare-2.6-0/blib/arch:/tmp/loop_over_bdir-1921-OZ086R/HTML-Declare-2.6-0/blib/lib:/tmp/loop_over_bdir-1921-OZ086R/Directory-Scratch-0.18-0/blib/arch:/tmp/loop_over_bdir-1921-OZ086R/Directory-Scratch-0.18-0/blib/lib:/tmp/loop_over_bdir-1921-OZ086R/Carp-Clan-Share-0.013-0/blib/arch:/tmp/loop_over_bdir-1921-OZ086R/Carp-Clan-Share-0.013-0/blib/lib
PERL5OPT =
PERL5_CPANPLUS_IS_RUNNING = 1926
PERL5_CPAN_IS_RUNNING = 1926
PERL5_CPAN_IS_RUNNING_IN_RECURSION = 17456,1926
PERL_CANARY_STABILITY_NOPROMPT = 1
PERL_MM_USE_DEFAULT = 1
PERL_USE_UNSAFE_INC = 1
SHELL = /usr/bin/zsh
TERM = screen
Perl special variables (and OS-specific diagnostics, for MSWin32):
$^X = /home/sand/src/perl/repoperls/installed-perls/host/k93msid/v5.18.4/2d7c/bin/perl
$UID/$EUID = 1005 / 1005
$GID = 1005 1005
$EGID = 1005 1005
Perl module toolchain versions installed:
Module Have
------------------- --------
CPAN 2.20
CPAN::Meta 2.150010
Cwd 3.62
ExtUtils::CBuilder 0.280230
ExtUtils::Command 7.30
ExtUtils::Install 2.06
ExtUtils::MakeMaker 7.30
ExtUtils::Manifest 1.70
ExtUtils::ParseXS 3.35
File::Spec 3.62
JSON 2.95
JSON::PP 2.96
Module::Build 0.4224
Module::Signature 0.81
Parse::CPAN::Meta 2.150010
Test::Harness 3.39
Test::More 1.302116
YAML 1.24
YAML::Syck 1.30
version 0.9918
--
Summary of my perl5 (revision 5 version 18 subversion 4) configuration:
Derived from: 51202371ba68f3f52f13124a3ea1bc3c171e0ee2
Platform:
osname=linux, osvers=4.12.0-2-amd64, archname=x86_64-linux-ld
uname='linux k93msid 4.12.0-2-amd64 #1 smp debian 4.12.13-1 (2017-09-19) x86_64 gnulinux '
config_args='-Dprefix=/home/sand/src/perl/repoperls/installed-perls/host/k93msid/v5.18.4/2d7c -Dmyhostname=k93msid -Dinstallusrbinperl=n -Uversiononly -Dusedevel -des -Ui_db -Dlibswanted=cl pthread socket inet nsl gdbm dbm malloc dl ld sun m crypt sec util c cposix posix ucb BSD gdbm_compat -Uuseithreads -Duselongdouble -DDEBUGGING=-g'
hint=recommended, useposix=true, d_sigaction=define
useithreads=undef, usemultiplicity=undef
useperlio=define, d_sfio=undef, uselargefiles=define, usesocks=undef
use64bitint=define, use64bitall=define, uselongdouble=define
usemymalloc=n, bincompat5005=undef
Compiler:
cc='cc', ccflags ='-fno-strict-aliasing -pipe -fstack-protector -I/usr/local/include -D_LARGEFILE_SOURCE -D_FILE_OFFSET_BITS=64',
optimize='-O2 -g',
cppflags='-fno-strict-aliasing -pipe -fstack-protector -I/usr/local/include'
ccversion='', gccversion='7.2.0', gccosandvers=''
intsize=4, longsize=8, ptrsize=8, doublesize=8, byteorder=12345678
d_longlong=define, longlongsize=8, d_longdbl=define, longdblsize=16
ivtype='long', ivsize=8, nvtype='long double', nvsize=16, Off_t='off_t', lseeksize=8
alignbytes=16, prototype=define
Linker and Libraries:
ld='cc', ldflags =' -fstack-protector -L/usr/local/lib'
libpth=/usr/local/lib /lib/x86_64-linux-gnu /lib/../lib /usr/lib/x86_64-linux-gnu /usr/lib/../lib /lib /usr/lib
libs=-lpthread -lnsl -ldl -lm -lcrypt -lutil -lc
perllibs=-lpthread -lnsl -ldl -lm -lcrypt -lutil -lc
libc=libc-2.24.so, so=so, useshrplib=false, libperl=libperl.a
gnulibc_version='2.24'
Dynamic Linking:
dlsrc=dl_dlopen.xs, dlext=so, d_dlsymun=undef, ccdlflags='-Wl,-E'
cccdlflags='-fPIC', lddlflags='-shared -O2 -g -L/usr/local/lib -fstack-protector'
Characteristics of this binary (from libperl):
Compile-time options: HAS_TIMES PERLIO_LAYERS PERL_DONT_CREATE_GVSV
PERL_HASH_FUNC_ONE_AT_A_TIME_HARD PERL_MALLOC_WRAP
PERL_PRESERVE_IVUV PERL_SAWAMPERSAND PERL_USE_DEVEL
USE_64_BIT_ALL USE_64_BIT_INT USE_LARGE_FILES
USE_LOCALE USE_LOCALE_COLLATE USE_LOCALE_CTYPE
USE_LOCALE_NUMERIC USE_LONG_DOUBLE USE_PERLIO
USE_PERL_ATOF
Locally applied patches:
uncommitted-changes
Built under linux
Compiled at Oct 3 2017 19:53:19
%ENV:
PERL5LIB="/tmp/loop_over_bdir-1921-OZ086R/Path-Abstract-0.096-0/blib/arch:/tmp/loop_over_bdir-1921-OZ086R/Path-Abstract-0.096-0/blib/lib:/tmp/loop_over_bdir-1921-OZ086R/Test-Lazy-0.061-0/blib/arch:/tmp/loop_over_bdir-1921-OZ086R/Test-Lazy-0.061-0/blib/lib:/tmp/loop_over_bdir-1921-OZ086R/HTML-Declare-2.6-0/blib/arch:/tmp/loop_over_bdir-1921-OZ086R/HTML-Declare-2.6-0/blib/lib:/tmp/loop_over_bdir-1921-OZ086R/Directory-Scratch-0.18-0/blib/arch:/tmp/loop_over_bdir-1921-OZ086R/Directory-Scratch-0.18-0/blib/lib:/tmp/loop_over_bdir-1921-OZ086R/Carp-Clan-Share-0.013-0/blib/arch:/tmp/loop_over_bdir-1921-OZ086R/Carp-Clan-Share-0.013-0/blib/lib"
PERL5OPT=""
PERL5_CPANPLUS_IS_RUNNING="1926"
PERL5_CPAN_IS_RUNNING="1926"
PERL5_CPAN_IS_RUNNING_IN_RECURSION="17456,1926"
PERL_CANARY_STABILITY_NOPROMPT="1"
PERL_MM_USE_DEFAULT="1"
PERL_USE_UNSAFE_INC="1"
@INC:
/tmp/loop_over_bdir-1921-OZ086R/Path-Abstract-0.096-0/blib/arch
/tmp/loop_over_bdir-1921-OZ086R/Path-Abstract-0.096-0/blib/lib
/tmp/loop_over_bdir-1921-OZ086R/Test-Lazy-0.061-0/blib/arch
/tmp/loop_over_bdir-1921-OZ086R/Test-Lazy-0.061-0/blib/lib
/tmp/loop_over_bdir-1921-OZ086R/HTML-Declare-2.6-0/blib/arch
/tmp/loop_over_bdir-1921-OZ086R/HTML-Declare-2.6-0/blib/lib
/tmp/loop_over_bdir-1921-OZ086R/Directory-Scratch-0.18-0/blib/arch
/tmp/loop_over_bdir-1921-OZ086R/Directory-Scratch-0.18-0/blib/lib
/tmp/loop_over_bdir-1921-OZ086R/Carp-Clan-Share-0.013-0/blib/arch
/tmp/loop_over_bdir-1921-OZ086R/Carp-Clan-Share-0.013-0/blib/lib
/home/sand/src/perl/repoperls/installed-perls/host/k93msid/v5.18.4/2d7c/lib/site_perl/5.18.4/x86_64-linux-ld
/home/sand/src/perl/repoperls/installed-perls/host/k93msid/v5.18.4/2d7c/lib/site_perl/5.18.4
/home/sand/src/perl/repoperls/installed-perls/host/k93msid/v5.18.4/2d7c/lib/5.18.4/x86_64-linux-ld
/home/sand/src/perl/repoperls/installed-perls/host/k93msid/v5.18.4/2d7c/lib/5.18.4
.