Back
From: metabase:user:314402c4-2aae-11df-837a-5e0a49663a4f
Subject: FAIL Catalyst-ActionRole-BuildDBICResult-0.04 v5.22.3 RC4 GNU/Linux
Date: 2016-10-30T22:43:55Z
This distribution has been tested as part of the CPAN Testers
project, supporting the Perl programming language. See
http://wiki.cpantesters.org/ for more information or email
questions to cpan-testers-discuss@perl.org
--
Dear John Napiorkowski,
This is a computer-generated report for Catalyst-ActionRole-BuildDBICResult-0.04
on perl 5.22.3, created by CPAN-Reporter-1.2018.
Thank you for uploading your work to CPAN. However, there was a problem
testing your distribution.
If you think this report is invalid, please consult the CPAN Testers Wiki
for suggestions on how to avoid getting FAIL reports for missing library
or binary dependencies, unsupported operating systems, and so on:
http://wiki.cpantesters.org/wiki/CPANAuthorNotes
Sections of this report:
* Tester comments
* Program output
* Prerequisites
* Environment and other context
------------------------------
TESTER COMMENTS
------------------------------
Additional comments from tester:
none provided
------------------------------
PROGRAM OUTPUT
------------------------------
Output from '/usr/bin/make test':
PERL_DL_NONLAZY=1 "/bbbike/perl-5.22.3-RC4/bin/perl" "-MExtUtils::Command::MM" "-MTest::Harness" "-e" "undef *Test::Harness::Switches; test_harness(0, 'inc', 'blib/lib', 'blib/arch')" t/app.t t/app_attrs.t t/attributes.t t/basic.t t/dbic.t
DBIx::Class::Storage::DBI::SQLite::_dbi_attrs_for_bind(): Non-integer value supplied for column 'me.user_id' despite the integer datatype at /tmpfs/.cpan-build-cpansand/2016103021/Catalyst-ActionRole-BuildDBICResult-0.04-0/t/lib/TestApp/DBIC/ResultSet/User.pm line 11
datatype mismatch: bind param (0) john@shutterstock.com as integer at /opt/perl-5.22.3-RC4/lib/site_perl/5.22.3/DBIx/Class/Storage/DBI.pm line 1836.
# Failed test 'got expected values for user email (john@shutterstock.com)'
# at t/app.t line 62.
# got: 'user_default,john@shutterstock.com'
# expected: 'user_default,error,john@shutterstock.com'
datatype mismatch: bind param (0) 99999.com as integer at /opt/perl-5.22.3-RC4/lib/site_perl/5.22.3/DBIx/Class/Storage/DBI.pm line 1836.
# Failed test 'got expected values for user not found'
# at t/app.t line 69.
# got: 'user_default,notfound'
# expected: 'user_default,error,notfound'
datatype mismatch: bind param (0) error@error.com as integer at /opt/perl-5.22.3-RC4/lib/site_perl/5.22.3/DBIx/Class/Storage/DBI.pm line 1836.
# Failed test 'got expected values for user not found'
# at t/app.t line 75.
# got: 'user_default,error,BOO,notfound'
# expected: 'user_default,error,error,BOO,notfound'
datatype mismatch: bind param (0) john@shutterstock.com as integer at /opt/perl-5.22.3-RC4/lib/site_perl/5.22.3/DBIx/Class/Storage/DBI.pm line 1836.
# Failed test 'got expected values for user email (john@shutterstock.com)'
# at t/app.t line 139.
# got: 'user_default,john@shutterstock.com'
# expected: 'user_default,error,john@shutterstock.com'
datatype mismatch: bind param (0) 99999.com as integer at /opt/perl-5.22.3-RC4/lib/site_perl/5.22.3/DBIx/Class/Storage/DBI.pm line 1836.
# Failed test 'got expected values for user not found'
# at t/app.t line 145.
# got: 'user_default,notfound'
# expected: 'user_default,error,notfound'
datatype mismatch: bind param (0) error@error.com as integer at /opt/perl-5.22.3-RC4/lib/site_perl/5.22.3/DBIx/Class/Storage/DBI.pm line 1836.
# Failed test 'got expected values for user not found'
# at t/app.t line 151.
# got: 'user_default,error,BOO,notfound'
# expected: 'user_default,error,error,BOO,notfound'
[error] the number of args ($#args) does not equal the constraint fields ($#columns)
# Looks like you failed 6 tests of 65.
t/app.t .........
Dubious, test returned 6 (wstat 1536, 0x600)
Failed 6/65 subtests
(less 2 skipped subtests: 57 okay)
Useless use of a constant ("model") in void context at (eval 700) line 1.
t/app_attrs.t ... ok
t/attributes.t .. ok
t/basic.t ....... ok
t/dbic.t ........ ok
Test Summary Report
-------------------
t/app.t (Wstat: 1536 Tests: 65 Failed: 6)
Failed tests: 19, 21, 23, 42, 44, 46
Non-zero exit status: 6
Files=5, Tests=119, 5 wallclock secs ( 0.03 usr 0.02 sys + 2.90 cusr 0.36 csys = 3.31 CPU)
Result: FAIL
Failed 1/5 test programs. 6/119 subtests failed.
Makefile:783: recipe for target 'test_dynamic' failed
make: *** [test_dynamic] Error 255
------------------------------
PREREQUISITES
------------------------------
Prerequisite modules loaded:
requires:
Module Need Have
-------------------------------- ------- --------
Catalyst::Controller::ActionRole 0.15 0.17
Catalyst::Model::DBIC::Schema 0.43 0.65
Catalyst::Runtime 5.80025 5.90112
DBD::SQLite 1.35 1.50
DBIx::Class 0.08123 0.082840
Moose 1.10 2.1806
MooseX::Types 0.23 0.46
Perl6::Junction 1.40000 1.60000
Test::More 0.94 1.302062
Try::Tiny 0.06 0.27
build_requires:
Module Need Have
-------------------------------- ------- --------
Catalyst::Model::DBIC::Schema 0.43 0.65
Catalyst::Runtime 5.80025 5.90112
DBD::SQLite 1.35 1.50
DBIx::Class 0.08123 0.082840
ExtUtils::MakeMaker 6.36 7.24
Test::More 0.94 1.302062
configure_requires:
Module Need Have
-------------------------------- ------- --------
ExtUtils::MakeMaker 6.36 7.24
------------------------------
ENVIRONMENT AND OTHER CONTEXT
------------------------------
Environment variables:
LANG = C
LC_ALL = de_DE.UTF-8
PATH = /usr/local/bin:/usr/bin:/bin:/usr/local/sbin:/usr/sbin:/sbin:/home/cpansand/bin/linux-gnu:/home/cpansand/bin/sh:/home/cpansand/bin:/usr/games:/home/cpansand/devel:/home/eserte/src/srezic-misc/scripts
PERL5LIB =
PERL5OPT =
PERL5_CPANPLUS_IS_RUNNING = 24154
PERL5_CPAN_IS_RUNNING = 24154
PERL5_CPAN_IS_RUNNING_IN_RECURSION = 13441,24154
PERLDOC = -MPod::Perldoc::ToTextOverstrike
PERL_BATCH = yes
PERL_CANARY_STABILITY_NOPROMPT = 1
PERL_CPAN_REPORTER_CONFIG = /run/user/1023/cpansmoker/2016103018/cpanreporter_001_config.ini
PERL_EXTUTILS_AUTOINSTALL = --defaultdeps
PERL_PARALLEL_SMOKER = yes
PERL_USE_UNSAFE_INC = 1
SHELL = /bin/zsh
TERM = screen
TMPDIR = /run/user/1023/cpansmoker/2016103018
Perl special variables (and OS-specific diagnostics, for MSWin32):
$^X = /bbbike/perl-5.22.3-RC4/bin/perl
$UID/$EUID = 1023 / 1023
$GID = 1023 1023
$EGID = 1023 1023
Perl module toolchain versions installed:
Module Have
------------------- --------
CPAN 2.14
CPAN::Meta 2.150010
Cwd 3.62
ExtUtils::CBuilder 0.280224
ExtUtils::Command 7.24
ExtUtils::Install 2.04
ExtUtils::MakeMaker 7.24
ExtUtils::Manifest 1.70
ExtUtils::ParseXS 3.30
File::Spec 3.62
JSON 2.90
JSON::PP 2.27400
Module::Build 0.4220
Module::Signature 0.81
Parse::CPAN::Meta 2.150010
Test::Harness 3.36
Test::More 1.302062
YAML 1.18
YAML::Syck 1.29
version 0.9917
--
Summary of my perl5 (revision 5 version 22 subversion 3) configuration:
Platform:
osname=linux, osvers=3.16.0-4-amd64, archname=x86_64-linux
uname='linux eserte 3.16.0-4-amd64 #1 smp debian 3.16.36-1+deb8u1 (2016-09-03) x86_64 gnulinux '
config_args='-ds -e -Dprefix=/opt/perl-5.22.3-RC4 -Dcf_email=srezic@cpan.org'
hint=recommended, useposix=true, d_sigaction=define
useithreads=undef, usemultiplicity=undef
use64bitint=define, use64bitall=define, uselongdouble=undef
usemymalloc=n, bincompat5005=undef
Compiler:
cc='cc', ccflags ='-fwrapv -fno-strict-aliasing -pipe -fstack-protector-strong -I/usr/local/include -D_LARGEFILE_SOURCE -D_FILE_OFFSET_BITS=64 -D_FORTIFY_SOURCE=2',
optimize='-O2',
cppflags='-fwrapv -fno-strict-aliasing -pipe -fstack-protector-strong -I/usr/local/include'
ccversion='', gccversion='4.9.2', gccosandvers=''
intsize=4, longsize=8, ptrsize=8, doublesize=8, byteorder=12345678, doublekind=3
d_longlong=define, longlongsize=8, d_longdbl=define, longdblsize=16, longdblkind=3
ivtype='long', ivsize=8, nvtype='double', nvsize=8, Off_t='off_t', lseeksize=8
alignbytes=8, prototype=define
Linker and Libraries:
ld='cc', ldflags =' -fstack-protector-strong -L/usr/local/lib'
libpth=/usr/local/lib /usr/lib/gcc/x86_64-linux-gnu/4.9/include-fixed /usr/include/x86_64-linux-gnu /usr/lib /lib/x86_64-linux-gnu /lib/../lib /usr/lib/x86_64-linux-gnu /usr/lib/../lib /lib
libs=-lpthread -lnsl -lgdbm -ldb -ldl -lm -lcrypt -lutil -lc -lgdbm_compat
perllibs=-lpthread -lnsl -ldl -lm -lcrypt -lutil -lc
libc=libc-2.19.so, so=so, useshrplib=false, libperl=libperl.a
gnulibc_version='2.19'
Dynamic Linking:
dlsrc=dl_dlopen.xs, dlext=so, d_dlsymun=undef, ccdlflags='-Wl,-E'
cccdlflags='-fPIC', lddlflags='-shared -O2 -L/usr/local/lib -fstack-protector-strong'
Characteristics of this binary (from libperl):
Compile-time options: HAS_TIMES PERLIO_LAYERS PERL_DONT_CREATE_GVSV
PERL_HASH_FUNC_ONE_AT_A_TIME_HARD PERL_MALLOC_WRAP
PERL_NEW_COPY_ON_WRITE PERL_PRESERVE_IVUV
USE_64_BIT_ALL USE_64_BIT_INT USE_LARGE_FILES
USE_LOCALE USE_LOCALE_COLLATE USE_LOCALE_CTYPE
USE_LOCALE_NUMERIC USE_LOCALE_TIME USE_PERLIO
USE_PERL_ATOF
Locally applied patches:
RC4
Built under linux
Compiled at Oct 13 2016 07:24:55
%ENV:
PERL5LIB=""
PERL5OPT=""
PERL5_CPANPLUS_IS_RUNNING="24154"
PERL5_CPAN_IS_RUNNING="24154"
PERL5_CPAN_IS_RUNNING_IN_RECURSION="13441,24154"
PERLDOC="-MPod::Perldoc::ToTextOverstrike"
PERL_BATCH="yes"
PERL_CANARY_STABILITY_NOPROMPT="1"
PERL_CPAN_REPORTER_CONFIG="/run/user/1023/cpansmoker/2016103018/cpanreporter_001_config.ini"
PERL_EXTUTILS_AUTOINSTALL="--defaultdeps"
PERL_PARALLEL_SMOKER="yes"
PERL_USE_UNSAFE_INC="1"
@INC:
/opt/perl-5.22.3-RC4/lib/site_perl/5.22.3/x86_64-linux
/opt/perl-5.22.3-RC4/lib/site_perl/5.22.3
/opt/perl-5.22.3-RC4/lib/5.22.3/x86_64-linux
/opt/perl-5.22.3-RC4/lib/5.22.3
.