Back
From: metabase:user:9820532a-708b-1014-9a05-b18a96298da1
Subject: FAIL CGI-FormMagick-0.89 v5.10.1 FreeBSD
Date: 2011-11-22T19:01:09Z
This distribution has been tested as part of the CPAN Testers
project, supporting the Perl programming language. See
http://wiki.cpantesters.org/ for more information or email
questions to cpan-testers-discuss@perl.org
--
Dear Gordon Rowell,
This is a computer-generated report for CGI-FormMagick-0.89
on perl 5.10.1, created by CPAN-Reporter-1.2002.
Thank you for uploading your work to CPAN. However, there was a problem
testing your distribution.
If you think this report is invalid, please consult the CPAN Testers Wiki
for suggestions on how to avoid getting FAIL reports for missing library
or binary dependencies, unsupported operating systems, and so on:
http://wiki.cpantesters.org/wiki/CPANAuthorNotes
Sections of this report:
* Tester comments
* Program output
* Prerequisites
* Environment and other context
------------------------------
TESTER COMMENTS
------------------------------
Additional comments from tester:
this report is from an automated smoke testing program
and was not reviewed by a human for accuracy
------------------------------
PROGRAM OUTPUT
------------------------------
Output from '/usr/bin/make test':
PERL_DL_NONLAZY=1 /home/test/perl5/perlbrew/perls/perl-5.10.1-th/bin/perl "-MExtUtils::Command::MM" "-e" "test_harness(0, 'blib/lib', 'blib/arch')" t/*.t
t/embedded-CGI-FormMagick-Events.t ............... ok
t/embedded-CGI-FormMagick-HTML.t ................. ok
t/embedded-CGI-FormMagick-L10N.t ................. ok
t/embedded-CGI-FormMagick-Setup.t ................ ok
t/embedded-CGI-FormMagick-Sub.t .................. ok
t/embedded-CGI-FormMagick-TagMaker.t ............. ok
t/embedded-CGI-FormMagick-Utils.t ................ ok
t/embedded-CGI-FormMagick-Validator-Basic.t ...... ok
t/embedded-CGI-FormMagick-Validator-Business.t ... ok
t/embedded-CGI-FormMagick-Validator-Geography.t .. ok
t/embedded-CGI-FormMagick-Validator-Length.t ..... ok
# Failed test 'a@b is not a valid email address'
# at lib/CGI/FormMagick/Validator/Network.pm line 80.
# got: 'OK'
# expected: anything else
# Looks like you failed 1 test of 49.
t/embedded-CGI-FormMagick-Validator-Network.t ....
Dubious, test returned 1 (wstat 256, 0x100)
Failed 1/49 subtests
t/embedded-CGI-FormMagick-Validator.t ............ ok
t/embedded-CGI-FormMagick.t ...................... ok
Test Summary Report
-------------------
t/embedded-CGI-FormMagick-Validator-Network.t (Wstat: 256 Tests: 49 Failed: 1)
Failed test: 15
Non-zero exit status: 1
Files=14, Tests=337, 3 wallclock secs ( 0.23 usr 0.38 sys + 1.32 cusr 0.52 csys = 2.45 CPU)
Result: FAIL
Failed 1/14 test programs. 1/337 subtests failed.
*** Error code 255
Stop in /usr/home/test/.cpan/build/CGI-FormMagick-0.89-4ni4jL.
------------------------------
PREREQUISITES
------------------------------
Prerequisite modules loaded:
requires:
Module Need Have
--------------------------- ------ ---------
CGI::Persistent 0.21 1.11
Class::ParamParser 1.0401 1.041
I18N::LangTags 0.13 0.35
Persistence::Object::Simple 0.47 0.92
Test::Inline 0.15 2.212
Test::More 0.42 0.98
Text::Iconv 1.2 1.7
Text::Template 1.4 1.45
Time::ParseDate 100.01 2011.0517
XML::Parser 2.3 2.41
build_requires:
Module Need Have
--------------------------- ------ ---------
ExtUtils::MakeMaker 0 6.63_02
------------------------------
ENVIRONMENT AND OTHER CONTEXT
------------------------------
Environment variables:
AUTOMATED_TESTING = 1
LANG = C
LC_ALL = C
PATH = /home/test/perl5/perlbrew/bin:/home/test/perl5/perlbrew/perls/perl-5.10.1-th/bin:~/bin:/sbin:/bin:/usr/sbin:/usr/bin:/usr/games:/usr/local/sbin:/usr/local/bin:/home/test/bin
PATH_WITHOUT_PERLBREW = ~/bin:/sbin:/bin:/usr/sbin:/usr/bin:/usr/games:/usr/local/sbin:/usr/local/bin:/home/test/bin
PERL5LIB =
PERL5OPT =
PERL5_CPANPLUS_IS_RUNNING = 89471
PERL5_CPAN_IS_RUNNING = 89471
PERL5_CPAN_IS_RUNNING_IN_RECURSION = 1030,89471
PERLBREW_BASHRC_VERSION = 0.33
PERLBREW_HOME = /home/test/.perlbrew
PERLBREW_PATH = /home/test/perl5/perlbrew/bin:/home/test/perl5/perlbrew/perls/perl-5.10.1-th/bin
PERLBREW_PERL = perl-5.10.1-th
PERLBREW_ROOT = /home/test/perl5/perlbrew
PERLBREW_VERSION = 0.33
PERL_CPANM_OPT = --prompt --mirror http://172.16.1.3/cpan/
PERL_CR_SMOKER_CURRENT = CGI-FormMagick-0.89
PERL_EXTUTILS_AUTOINSTALL = --defaultdeps
PERL_MM_USE_DEFAULT = 1
SHELL = /usr/local/bin/bash
TERM = linux
Perl special variables (and OS-specific diagnostics, for MSWin32):
$^X = /home/test/perl5/perlbrew/perls/perl-5.10.1-th/bin/perl
$UID/$EUID = 1002 / 1002
$GID = 1002 1002
$EGID = 1002 1002
Perl module toolchain versions installed:
Module Have
------------------- --------
CPAN 1.9800
CPAN::Meta 2.112621
Cwd 3.33
ExtUtils::CBuilder 0.280202
ExtUtils::Command 1.17
ExtUtils::Install 1.52
ExtUtils::MakeMaker 6.63_02
ExtUtils::Manifest 1.60
ExtUtils::ParseXS 3.05
File::Spec 3.33
JSON 2.53
JSON::PP 2.27008
Module::Build 0.3800
Module::Signature n/a
Parse::CPAN::Meta 1.4401
Test::Harness 3.23
Test::More 0.98
YAML 0.73
YAML::Syck 1.19
version 0.95
--
Summary of my perl5 (revision 5 version 10 subversion 1) configuration:
Platform:
osname=freebsd, osvers=8.1-release, archname=amd64-freebsd-thread-multi
uname='freebsd fbsd.local 8.1-release freebsd 8.1-release #0: mon jul 19 02:36:49 utc 2010 root@mason.cse.buffalo.edu:usrobjusrsrcsysgeneric amd64 '
config_args='-de -Dprefix=/home/test/perl5/perlbrew/perls/perl-5.10.1-th -Dusethreads'
hint=recommended, useposix=true, d_sigaction=define
useithreads=define, usemultiplicity=define
useperlio=define, d_sfio=undef, uselargefiles=define, usesocks=undef
use64bitint=define, use64bitall=define, uselongdouble=undef
usemymalloc=n, bincompat5005=undef
Compiler:
cc='cc', ccflags ='-DHAS_FPSETMASK -DHAS_FLOATINGPOINT_H -fno-strict-aliasing -pipe -fstack-protector -I/usr/local/include',
optimize='-O',
cppflags='-DHAS_FPSETMASK -DHAS_FLOATINGPOINT_H -fno-strict-aliasing -pipe -fstack-protector -I/usr/local/include'
ccversion='', gccversion='4.2.1 20070719 [FreeBSD]', gccosandvers=''
intsize=4, longsize=8, ptrsize=8, doublesize=8, byteorder=12345678
d_longlong=define, longlongsize=8, d_longdbl=define, longdblsize=16
ivtype='long', ivsize=8, nvtype='double', nvsize=8, Off_t='off_t', lseeksize=8
alignbytes=8, prototype=define
Linker and Libraries:
ld='cc', ldflags ='-pthread -Wl,-E -fstack-protector -L/usr/local/lib'
libpth=/usr/lib /usr/local/lib
libs=-lm -lcrypt
perllibs=-lm -lcrypt
libc=, so=so, useshrplib=false, libperl=libperl.a
gnulibc_version=''
Dynamic Linking:
dlsrc=dl_dlopen.xs, dlext=so, d_dlsymun=undef, ccdlflags=' '
cccdlflags='-DPIC -fPIC', lddlflags='-shared -L/usr/local/lib -fstack-protector'
Characteristics of this binary (from libperl):
Compile-time options: MULTIPLICITY PERL_DONT_CREATE_GVSV
PERL_IMPLICIT_CONTEXT PERL_MALLOC_WRAP USE_64_BIT_ALL
USE_64_BIT_INT USE_ITHREADS USE_LARGE_FILES
USE_PERLIO USE_REENTRANT_API
Built under freebsd
Compiled at Nov 13 2011 19:12:44
%ENV:
PERL5LIB=""
PERL5OPT=""
PERL5_CPANPLUS_IS_RUNNING="89471"
PERL5_CPAN_IS_RUNNING="89471"
PERL5_CPAN_IS_RUNNING_IN_RECURSION="1030,89471"
PERLBREW_BASHRC_VERSION="0.33"
PERLBREW_HOME="/home/test/.perlbrew"
PERLBREW_PATH="/home/test/perl5/perlbrew/bin:/home/test/perl5/perlbrew/perls/perl-5.10.1-th/bin"
PERLBREW_PERL="perl-5.10.1-th"
PERLBREW_ROOT="/home/test/perl5/perlbrew"
PERLBREW_VERSION="0.33"
PERL_CPANM_OPT="--prompt --mirror http://172.16.1.3/cpan/"
PERL_CR_SMOKER_CURRENT="CGI-FormMagick-0.89"
PERL_EXTUTILS_AUTOINSTALL="--defaultdeps"
PERL_MM_USE_DEFAULT="1"
@INC:
/home/test/perl5/perlbrew/perls/perl-5.10.1-th/lib/5.10.1/amd64-freebsd-thread-multi
/home/test/perl5/perlbrew/perls/perl-5.10.1-th/lib/5.10.1
/home/test/perl5/perlbrew/perls/perl-5.10.1-th/lib/site_perl/5.10.1/amd64-freebsd-thread-multi
/home/test/perl5/perlbrew/perls/perl-5.10.1-th/lib/site_perl/5.10.1
.