Mojolicious-Plugin-Prove v0.1 Perl 5 v5.20.3 x86_64-linux
- Status
- Fail
- From
- Slaven Rezić
- Dist
-
Mojolicious-Plugin-Prove v0.1
- Platform
- Perl 5 v5.20.3 x86_64-linux
- Date
- 2021-03-07 19:35:55
- ID
- 55bbd30a-7f7c-11eb-82ee-db2b1f24ea8f
This distribution has been tested as part of the CPAN Testers
project, supporting the Perl programming language. See
http://wiki.cpantesters.org/ for more information or email
questions to cpan-testers-discuss@perl.org
--
Dear Renee Baecker,
This is a computer-generated report for Mojolicious-Plugin-Prove-0.1
on perl 5.20.3, created by CPAN-Reporter-1.2018.
Thank you for uploading your work to CPAN. However, there was a problem
testing your distribution.
If you think this report is invalid, please consult the CPAN Testers Wiki
for suggestions on how to avoid getting FAIL reports for missing library
or binary dependencies, unsupported operating systems, and so on:
http://wiki.cpantesters.org/wiki/CPANAuthorNotes
Sections of this report:
* Tester comments
* Program output
* Prerequisites
* Environment and other context
------------------------------
TESTER COMMENTS
------------------------------
Additional comments from tester:
none provided
------------------------------
PROGRAM OUTPUT
------------------------------
Output from '/usr/bin/make test':
PERL_DL_NONLAZY=1 "/opt/perl-5.20.3/bin/perl" "-MExtUtils::Command::MM" "-MTest::Harness" "-e" "undef *Test::Harness::Switches; test_harness(0, 'blib/lib', 'blib/arch')" t/*.t
t/author-pod-coverage.t .. skipped: these tests are for testing by the author
t/author-pod-syntax.t .... skipped: these tests are for testing by the author
# 9.02
Can't locate object method "route" via package "Mojolicious::Routes" at lib/Mojolicious/Plugin/Prove.pm line 41.
t/basic.t ................
Dubious, test returned 255 (wstat 65280, 0xff00)
No subtests run
Can't locate object method "route" via package "Mojolicious::Routes" at lib/Mojolicious/Plugin/Prove.pm line 41.
t/file.t .................
Dubious, test returned 255 (wstat 65280, 0xff00)
No subtests run
Can't locate object method "route" via package "Mojolicious::Routes" at lib/Mojolicious/Plugin/Prove.pm line 41.
t/html_report.t ..........
Dubious, test returned 255 (wstat 65280, 0xff00)
No subtests run
Can't locate object method "route" via package "Mojolicious::Routes" at lib/Mojolicious/Plugin/Prove.pm line 41.
t/list.t .................
Dubious, test returned 255 (wstat 65280, 0xff00)
No subtests run
Can't locate object method "route" via package "Mojolicious::Routes" at lib/Mojolicious/Plugin/Prove.pm line 41.
t/no_test.t ..............
Dubious, test returned 255 (wstat 65280, 0xff00)
No subtests run
Can't locate object method "route" via package "Mojolicious::Routes" at lib/Mojolicious/Plugin/Prove.pm line 41.
t/register.t .............
Dubious, test returned 255 (wstat 65280, 0xff00)
No subtests run
Can't locate object method "route" via package "Mojolicious::Routes" at lib/Mojolicious/Plugin/Prove.pm line 41.
t/run.t ..................
Dubious, test returned 255 (wstat 65280, 0xff00)
No subtests run
Can't locate object method "route" via package "Mojolicious::Routes" at lib/Mojolicious/Plugin/Prove.pm line 41.
t/run_all.t ..............
Dubious, test returned 255 (wstat 65280, 0xff00)
No subtests run
Test Summary Report
-------------------
t/basic.t (Wstat: 65280 Tests: 0 Failed: 0)
Non-zero exit status: 255
Parse errors: No plan found in TAP output
t/file.t (Wstat: 65280 Tests: 0 Failed: 0)
Non-zero exit status: 255
Parse errors: No plan found in TAP output
t/html_report.t (Wstat: 65280 Tests: 0 Failed: 0)
Non-zero exit status: 255
Parse errors: No plan found in TAP output
t/list.t (Wstat: 65280 Tests: 0 Failed: 0)
Non-zero exit status: 255
Parse errors: No plan found in TAP output
t/no_test.t (Wstat: 65280 Tests: 0 Failed: 0)
Non-zero exit status: 255
Parse errors: No plan found in TAP output
t/register.t (Wstat: 65280 Tests: 0 Failed: 0)
Non-zero exit status: 255
Parse errors: No plan found in TAP output
t/run.t (Wstat: 65280 Tests: 0 Failed: 0)
Non-zero exit status: 255
Parse errors: No plan found in TAP output
t/run_all.t (Wstat: 65280 Tests: 0 Failed: 0)
Non-zero exit status: 255
Parse errors: No plan found in TAP output
Files=10, Tests=0, 3 wallclock secs ( 0.03 usr 0.06 sys + 2.26 cusr 0.58 csys = 2.93 CPU)
Result: FAIL
Failed 8/10 test programs. 0/0 subtests failed.
Makefile:883: recipe for target 'test_dynamic' failed
make: *** [test_dynamic] Error 255
------------------------------
PREREQUISITES
------------------------------
Prerequisite modules loaded:
requires:
Module Need Have
------------------------ ----- --------
App::Prove 0 3.42
Capture::Tiny 0 0.48
Cwd 0 3.75
File::Basename 0 2.85
File::Find::Rule 0 0.34
Mojolicious 8 9.02
Mojolicious::Plugin::PPI 0 0.07
perl 5.010 5.020003
TAP::Formatter::HTML 0 0.11
build_requires:
Module Need Have
------------------------ ----- --------
ExtUtils::MakeMaker 0 7.60
File::Spec 0 3.75
Test::LongString 0 0.17
Test::More 0 1.302183
configure_requires:
Module Need Have
------------------------ ----- --------
ExtUtils::MakeMaker 0 7.60
------------------------------
ENVIRONMENT AND OTHER CONTEXT
------------------------------
Environment variables:
LANG = en_US.UTF-8
PATH = /usr/local/bin:/usr/bin:/bin:/usr/local/sbin:/usr/sbin:/sbin:/home/cpansand/bin/linux-gnu:/home/cpansand/bin/sh:/home/cpansand/bin:/usr/games:/home/cpansand/devel:/home/eserte/src/srezic-misc/scripts
PERL5LIB = /home/cpansand/.local/share/.cpan/build/2021030717/Mojolicious-Plugin-PPI-0.07-7/blib/arch:/home/cpansand/.local/share/.cpan/build/2021030717/Mojolicious-Plugin-PPI-0.07-7/blib/lib
PERL5OPT =
PERL5_CPANPLUS_IS_RUNNING = 21682
PERL5_CPAN_IS_RUNNING = 21682
PERL5_CPAN_IS_RUNNING_IN_RECURSION = 6531,21682
PERLDOC = -MPod::Perldoc::ToTextOverstrike
PERL_BATCH = yes
PERL_CANARY_STABILITY_NOPROMPT = 1
PERL_CPAN_REPORTER_CONFIG = /var/tmp/cpansmoker-1023/2021030717/cpanreporter_000_config.ini
PERL_EXTUTILS_AUTOINSTALL = --defaultdeps
PERL_USE_UNSAFE_INC = 1
SHELL = /usr/bin/zsh
TERM = screen
TMPDIR = /var/tmp/cpansmoker-1023/2021030717
Perl special variables (and OS-specific diagnostics, for MSWin32):
$^X = /opt/perl-5.20.3/bin/perl
$UID/$EUID = 1023 / 1023
$GID = 1023 1023
$EGID = 1023 1023
Perl module toolchain versions installed:
Module Have
------------------- --------
CPAN 2.28
CPAN::Meta 2.150010
Cwd 3.75
ExtUtils::CBuilder 0.280236
ExtUtils::Command 7.60
ExtUtils::Install 2.20
ExtUtils::MakeMaker 7.60
ExtUtils::Manifest 1.73
ExtUtils::ParseXS 3.35
File::Spec 3.75
JSON 4.03
JSON::PP 4.06
Module::Build 0.4231
Module::Signature 0.87
Parse::CPAN::Meta 2.150010
Test::Harness 3.42
Test::More 1.302183
YAML 1.30
YAML::Syck 1.34
version 0.9928
--
Summary of my perl5 (revision 5 version 20 subversion 3) configuration:
Platform:
osname=linux, osvers=4.15.0-55-generic, archname=x86_64-linux
uname='linux ubuntu18 4.15.0-55-generic #60-ubuntu smp tue jul 2 18:22:20 utc 2019 x86_64 x86_64 x86_64 gnulinux '
config_args='-ds -e -Dprefix=/opt/perl-5.20.3 -Dcf_email=srezic@cpan.org'
hint=recommended, useposix=true, d_sigaction=define
useithreads=undef, usemultiplicity=undef
use64bitint=define, use64bitall=define, uselongdouble=undef
usemymalloc=n, bincompat5005=undef
Compiler:
cc='cc', ccflags ='-fwrapv -fno-strict-aliasing -pipe -fstack-protector -I/usr/local/include -D_LARGEFILE_SOURCE -D_FILE_OFFSET_BITS=64',
optimize='-O2',
cppflags='-fwrapv -fno-strict-aliasing -pipe -fstack-protector -I/usr/local/include'
ccversion='', gccversion='7.4.0', gccosandvers=''
intsize=4, longsize=8, ptrsize=8, doublesize=8, byteorder=12345678
d_longlong=define, longlongsize=8, d_longdbl=define, longdblsize=16
ivtype='long', ivsize=8, nvtype='double', nvsize=8, Off_t='off_t', lseeksize=8
alignbytes=8, prototype=define
Linker and Libraries:
ld='cc', ldflags =' -fstack-protector -L/usr/local/lib'
libpth=/usr/local/lib /usr/lib/gcc/x86_64-linux-gnu/7/include-fixed /usr/include/x86_64-linux-gnu /usr/lib /lib/x86_64-linux-gnu /lib/../lib /usr/lib/x86_64-linux-gnu /usr/lib/../lib /lib
libs=-lpthread -lnsl -lgdbm -ldb -ldl -lm -lcrypt -lutil -lc
perllibs=-lpthread -lnsl -ldl -lm -lcrypt -lutil -lc
libc=libc-2.27.so, so=so, useshrplib=false, libperl=libperl.a
gnulibc_version='2.27'
Dynamic Linking:
dlsrc=dl_dlopen.xs, dlext=so, d_dlsymun=undef, ccdlflags='-Wl,-E'
cccdlflags='-fPIC', lddlflags='-shared -O2 -L/usr/local/lib -fstack-protector'
Characteristics of this binary (from libperl):
Compile-time options: HAS_TIMES PERLIO_LAYERS PERL_DONT_CREATE_GVSV
PERL_HASH_FUNC_ONE_AT_A_TIME_HARD PERL_MALLOC_WRAP
PERL_NEW_COPY_ON_WRITE PERL_PRESERVE_IVUV
USE_64_BIT_ALL USE_64_BIT_INT USE_LARGE_FILES
USE_LOCALE USE_LOCALE_COLLATE USE_LOCALE_CTYPE
USE_LOCALE_NUMERIC USE_PERLIO USE_PERL_ATOF
Built under linux
Compiled at Aug 6 2019 20:48:38
%ENV:
PERL5LIB="/home/cpansand/.local/share/.cpan/build/2021030717/Mojolicious-Plugin-PPI-0.07-7/blib/arch:/home/cpansand/.local/share/.cpan/build/2021030717/Mojolicious-Plugin-PPI-0.07-7/blib/lib"
PERL5OPT=""
PERL5_CPANPLUS_IS_RUNNING="21682"
PERL5_CPAN_IS_RUNNING="21682"
PERL5_CPAN_IS_RUNNING_IN_RECURSION="6531,21682"
PERLDOC="-MPod::Perldoc::ToTextOverstrike"
PERL_BATCH="yes"
PERL_CANARY_STABILITY_NOPROMPT="1"
PERL_CPAN_REPORTER_CONFIG="/var/tmp/cpansmoker-1023/2021030717/cpanreporter_000_config.ini"
PERL_EXTUTILS_AUTOINSTALL="--defaultdeps"
PERL_USE_UNSAFE_INC="1"
@INC:
/home/cpansand/.local/share/.cpan/build/2021030717/Mojolicious-Plugin-PPI-0.07-7/blib/arch
/home/cpansand/.local/share/.cpan/build/2021030717/Mojolicious-Plugin-PPI-0.07-7/blib/lib
/opt/perl-5.20.3/lib/site_perl/5.20.3/x86_64-linux
/opt/perl-5.20.3/lib/site_perl/5.20.3
/opt/perl-5.20.3/lib/5.20.3/x86_64-linux
/opt/perl-5.20.3/lib/5.20.3
.