Report for Clustericious-1.22

Back
From: metabase:user:9c36dc84-a30f-11e0-a9fc-0a18abbd4f2f
Subject: FAIL Clustericious-1.22 v5.20.3 OpenBSD
Date: 2016-11-29T18:12:05Z

This distribution has been tested as part of the CPAN Testers
project, supporting the Perl programming language.  See
http://wiki.cpantesters.org/ for more information or email
questions to cpan-testers-discuss@perl.org


--
Dear Graham Ollis,

This is a computer-generated report for Clustericious-1.22
on perl 5.20.3, created by CPAN-Reporter-1.2018.

Thank you for uploading your work to CPAN.  However, there was a problem
testing your distribution.

If you think this report is invalid, please consult the CPAN Testers Wiki
for suggestions on how to avoid getting FAIL reports for missing library
or binary dependencies, unsupported operating systems, and so on:

http://wiki.cpantesters.org/wiki/CPANAuthorNotes

Sections of this report:

    * Tester comments
    * Program output
    * Prerequisites
    * Environment and other context

------------------------------
TESTER COMMENTS
------------------------------

Additional comments from tester:

this report is from an automated smoke testing program
and was not reviewed by a human for accuracy

------------------------------
PROGRAM OUTPUT
------------------------------

Output from '/usr/bin/make test':

Skip blib/lib/auto/share/dist/Clustericious/tmpl/1.08/app/t/02_compile.t (unchanged)
Skip blib/lib/auto/share/dist/Clustericious/tmpl/1.08/app/t/basic.t (unchanged)
Skip blib/lib/auto/share/dist/Clustericious/tmpl/1.08/app/t/01_use.t (unchanged)
Skip blib/lib/auto/share/dist/Clustericious/tmpl/1.08/app/lib/APPCLASS/Routes.pm (unchanged)
Skip blib/lib/auto/share/dist/Clustericious/tmpl/1.08/client/lib/APPCLASS/Client.pm (unchanged)
Skip blib/lib/auto/share/dist/Clustericious/tmpl/1.08/client/t/02_compile.t (unchanged)
Skip blib/lib/auto/share/dist/Clustericious/tmpl/1.08/client/t/01_use.t (unchanged)
Skip blib/lib/auto/share/dist/Clustericious/tmpl/1.08/app/bin/APPNAME (unchanged)
Skip blib/lib/auto/share/dist/Clustericious/tmpl/1.08/client/bin/APPNAMEclient (unchanged)
Skip blib/lib/auto/share/dist/Clustericious/tmpl/1.08/app/Build.PL (unchanged)
Skip blib/lib/auto/share/dist/Clustericious/tmpl/1.08/app/eg/APPCLASS.conf (unchanged)
Skip blib/lib/auto/share/dist/Clustericious/tmpl/1.08/app/lib/APPCLASS.pm (unchanged)
Skip blib/lib/auto/share/dist/Clustericious/README.txt (unchanged)
Skip blib/lib/auto/share/dist/Clustericious/www/1.08/favicon.ico (unchanged)
Skip blib/lib/auto/share/dist/Clustericious/tmpl/1.08/client/Build.PL (unchanged)
"/home/bar/perl5/perlbrew/perls/perl-5.20.3/bin/perl" run_test.pl
# 
# 
# 
# HARNESS_ACTIVE=1
# HARNESS_VERSION=3.36
# PERL5LIB=/cpan_build/bar/Clustericious-1.22-0/blib/lib:/cpan_build/bar/Clustericious-1.22-0/blib/arch:/cpan_build/bar/Clustericious-1.22-0/lib:
# PERL5OPT=
# PERL5_CPANPLUS_IS_RUNNING=12144
# PERL5_CPAN_IS_RUNNING=12144
# PERL5_CPAN_IS_RUNNING_IN_RECURSION=2365,12144
# PERLBREW_BASHRC_VERSION=0.76
# PERLBREW_HOME=/home/bar/.perlbrew
# PERLBREW_MANPATH=/home/bar/perl5/perlbrew/perls/perl-5.20.3/man
# PERLBREW_PATH=/home/bar/perl5/perlbrew/bin:/home/bar/perl5/perlbrew/perls/perl-5.20.3/bin
# PERLBREW_PERL=perl-5.20.3
# PERLBREW_ROOT=/home/bar/perl5/perlbrew
# PERLBREW_VERSION=0.76
# PERL_CR_SMOKER_CURRENT=Clustericious-1.22
# PERL_EXTUTILS_AUTOINSTALL=--defaultdeps
# PERL_MM_USE_DEFAULT=1
# SHELL=/usr/local/bin/bash
# 
# 
# 
# PERL5LIB path
# /cpan_build/bar/Clustericious-1.22-0/blib/lib
# /cpan_build/bar/Clustericious-1.22-0/blib/arch
# /cpan_build/bar/Clustericious-1.22-0/lib
# 
# 
# 
# perl                         5.020003
# Capture::Tiny                0.44
# Cpanel::JSON::XS             3.0223
# Data::Rmap                   0.64
# DateTime::Format::DateParse  0.05
# DateTime::Format::ISO8601    0.08
# EV                           4.22
# ExtUtils::MakeMaker          7.24
# File::HomeDir                1.00
# File::ReadBackwards          1.05
# File::ShareDir               1.102
# File::ShareDir::Install      0.11
# File::Which                  1.21
# File::chdir                  0.1011
# Hash::Merge                  0.200
# JSON::MaybeXS                1.003008
Subroutine JSON::PP::Boolean::(0+ redefined at /home/bar/perl5/perlbrew/perls/perl-5.20.3/lib/5.20.3/overload.pm line 50, <DATA> line 1.
Subroutine JSON::PP::Boolean::(++ redefined at /home/bar/perl5/perlbrew/perls/perl-5.20.3/lib/5.20.3/overload.pm line 50, <DATA> line 1.
Subroutine JSON::PP::Boolean::(-- redefined at /home/bar/perl5/perlbrew/perls/perl-5.20.3/lib/5.20.3/overload.pm line 50, <DATA> line 1.
# JSON::PP                     2.27400
# JSON::XS                     3.03
# List::MoreUtils              0.416
# Log::Log4perl                1.48
# Log::Log4perl::Appender::TAP 0.03
# MojoX::Log::Log4perl         0.11
# Mojolicious                  7.10
# Path::Class                  0.37
# PerlX::Maybe                 1.001
# PerlX::Maybe::XS             1.001
# PlugAuth::Lite               0.33
# Sub::Exporter                0.987
# Sub::Identify                0.12
# Term::Prompt                 1.04
# Test::Clustericious::Cluster 0.33
# Test::More                   1.302062
# Test::Script                 1.12
# Test::Warn                   0.30
# YAML::XS                     0.63
# autodie                      2.26
# 
# 
# 
t/00_diag.t ........................... ok
Subroutine JSON::PP::Boolean::(0+ redefined at /home/bar/perl5/perlbrew/perls/perl-5.20.3/lib/5.20.3/overload.pm line 50.
Subroutine JSON::PP::Boolean::(++ redefined at /home/bar/perl5/perlbrew/perls/perl-5.20.3/lib/5.20.3/overload.pm line 50.
Subroutine JSON::PP::Boolean::(-- redefined at /home/bar/perl5/perlbrew/perls/perl-5.20.3/lib/5.20.3/overload.pm line 50.
t/01_use.t ............................ ok
t/02_compiles.t ....................... ok

#   Failed test 'created cluster'
#   at t/app.t line 10.
# exception: SomeService: Moo version 2.002004 required--this is only version 2.001001 at /home/bar/perl5/perlbrew/perls/perl-5.20.3/lib/site_perl/5.20.3/BSON.pm line 18.
# BEGIN failed--compilation aborted at /home/bar/perl5/perlbrew/perls/perl-5.20.3/lib/site_perl/5.20.3/BSON.pm line 18.
# Compilation failed in require at /home/bar/perl5/perlbrew/perls/perl-5.20.3/lib/site_perl/5.20.3/Clustericious/Coder/BSON.pm line 5.
# BEGIN failed--compilation aborted at /home/bar/perl5/perlbrew/perls/perl-5.20.3/lib/site_perl/5.20.3/Clustericious/Coder/BSON.pm line 5.
# Compilation failed in require at /cpan_build/bar/Clustericious-1.22-0/blib/lib/Clustericious/Plugin/AutodataHandler.pm line 45.
Mojo::Reactor::EV: I/O watcher failed: Can't call method "build_tx" on an undefined value at /home/bar/perl5/perlbrew/perls/perl-5.20.3/lib/site_perl/5.20.3/Mojo/Server.pm line 23, <DATA> line 1.
# Premature connection close

#   Failed test 'GET /'
#   at t/app.t line 13.

#   Failed test '200 OK'
#   at t/app.t line 13.
#          got: undef
#     expected: '200'

#   Failed test 'got content'
#   at t/app.t line 13.
#                   ''
#     doesn't match '(?^:hello)'
Mojo::Reactor::EV: I/O watcher failed: Can't call method "build_tx" on an undefined value at /home/bar/perl5/perlbrew/perls/perl-5.20.3/lib/site_perl/5.20.3/Mojo/Server.pm line 23, <DATA> line 1.
# Premature connection close

#   Failed test 'GET /version'
#   at t/app.t line 17.

#   Failed test 'GET /version'
#   at t/app.t line 17.
#          got: undef
#     expected: '200'

#   Failed test '/version is correct'
#   at t/app.t line 17.
#     Structures begin differing at:
#          $got = undef
#     $expected = ARRAY(0x1b64122ba0e8)
Mojo::Reactor::EV: I/O watcher failed: Can't call method "build_tx" on an undefined value at /home/bar/perl5/perlbrew/perls/perl-5.20.3/lib/site_perl/5.20.3/Mojo/Server.pm line 23, <DATA> line 1.
# Premature connection close

#   Failed test 'GET /version.yml'
#   at t/app.t line 21.

#   Failed test 'GET /version.yml'
#   at t/app.t line 21.
#          got: undef
#     expected: '200'

#   Failed test 'Content-Type: text/x-yaml'
#   at t/app.t line 21.
#          got: undef
#     expected: 'text/x-yaml'

#   Failed test '/version.yml is correct'
#   at t/app.t line 25.
#          got: undef
#     expected: '867.5309'
# Can't use an undefined value as an ARRAY reference at t/app.t line 25, <DATA> line 1.
Mojo::Reactor::EV: I/O watcher failed: Can't call method "build_tx" on an undefined value at /home/bar/perl5/perlbrew/perls/perl-5.20.3/lib/site_perl/5.20.3/Mojo/Server.pm line 23, <DATA> line 1.
# Premature connection close

#   Failed test 'GET /api/bogus_table'
#   at t/app.t line 32.

#   Failed test '404 Not Found'
#   at t/app.t line 32.
#          got: undef
#     expected: '404'
Mojo::Reactor::EV: I/O watcher failed: Can't call method "build_tx" on an undefined value at /home/bar/perl5/perlbrew/perls/perl-5.20.3/lib/site_perl/5.20.3/Mojo/Server.pm line 23, <DATA> line 1.
# Premature connection close

#   Failed test 'GET /api'
#   at t/app.t line 35.

#   Failed test '200 OK'
#   at t/app.t line 35.
#          got: undef
#     expected: '200'
Mojo::Reactor::EV: I/O watcher failed: Can't call method "build_tx" on an undefined value at /home/bar/perl5/perlbrew/perls/perl-5.20.3/lib/site_perl/5.20.3/Mojo/Server.pm line 23, <DATA> line 1.
# Premature connection close

#   Failed test 'GET http://127.0.0.1:4624/autotest'
#   at t/app.t line 40.

#   Failed test '200 OK'
#   at t/app.t line 40.
#          got: undef
#     expected: '200'

#   Failed test 'exact match for JSON Pointer ""'
#   at t/app.t line 40.
#     Structures begin differing at:
#          $got = undef
#     $expected = HASH(0x1b64122ba250)
Mojo::Reactor::EV: I/O watcher failed: Can't call method "build_tx" on an undefined value at /home/bar/perl5/perlbrew/perls/perl-5.20.3/lib/site_perl/5.20.3/Mojo/Server.pm line 23, <DATA> line 1.
# Premature connection close

#   Failed test 'GET /autotest_not_found'
#   at t/app.t line 59.

#   Failed test '404 Not Found'
#   at t/app.t line 59.
#          got: undef
#     expected: '404'
Attempt to reload Clustericious/Coder/BSON.pm aborted.
Compilation failed in require at /cpan_build/bar/Clustericious-1.22-0/blib/lib/Clustericious/Plugin/AutodataHandler.pm line 45.
# detailed log
# [16408 I 5ms] /cpan_build/bar/Clustericious-1.22-0/blib/lib/Clustericious/Log.pm:72 Initialized logger
# [16408 I 7ms] /cpan_build/bar/Clustericious-1.22-0/blib/lib/Clustericious/Log.pm:73 Log config found : /tmp/G1IRaWveIF/my_home/etc/log4perl.conf
# [16408 T 39ms] /cpan_build/bar/Clustericious-1.22-0/blib/lib/Clustericious/Config.pm:90 reading from config file /tmp/G1IRaWveIF/my_home/etc/SomeService.conf
# [16408 I 106228ms] /cpan_build/bar/Clustericious-1.22-0/blib/lib/Clustericious/Log.pm:72 Initialized logger
# [16408 I 106229ms] /cpan_build/bar/Clustericious-1.22-0/blib/lib/Clustericious/Log.pm:73 Log config found : /tmp/G1IRaWveIF/my_home/etc/log4perl.conf
# [16408 T 106231ms] /cpan_build/bar/Clustericious-1.22-0/blib/lib/Clustericious/Config.pm:90 reading from config file /tmp/G1IRaWveIF/my_home/etc/SomeService.conf
# Looks like your test exited with 255 just after 22.
t/app.t ............................... 
Dubious, test returned 255 (wstat 65280, 0xff00)
Failed 31/33 subtests 
	(less 2 skipped subtests: 0 okay)

#   Failed test 'created cluster'
#   at t/app_alt_route_builder.t line 11.
# exception: Foo: Moo version 2.002004 required--this is only version 2.001001 at /home/bar/perl5/perlbrew/perls/perl-5.20.3/lib/site_perl/5.20.3/BSON.pm line 18.
# BEGIN failed--compilation aborted at /home/bar/perl5/perlbrew/perls/perl-5.20.3/lib/site_perl/5.20.3/BSON.pm line 18.
# Compilation failed in require at /home/bar/perl5/perlbrew/perls/perl-5.20.3/lib/site_perl/5.20.3/Clustericious/Coder/BSON.pm line 5.
# BEGIN failed--compilation aborted at /home/bar/perl5/perlbrew/perls/perl-5.20.3/lib/site_perl/5.20.3/Clustericious/Coder/BSON.pm line 5.
# Compilation failed in require at /cpan_build/bar/Clustericious-1.22-0/blib/lib/Clustericious/Plugin/AutodataHandler.pm line 45.
# exception: Bar: Attempt to reload Clustericious/Coder/BSON.pm aborted.
# Compilation failed in require at /cpan_build/bar/Clustericious-1.22-0/blib/lib/Clustericious/Plugin/AutodataHandler.pm line 45.
# Socket is not connected

#   Failed test 'GET http://127.0.0.1:36057/foo'
#   at t/app_alt_route_builder.t line 15.

#   Failed test '200 OK'
#   at t/app_alt_route_builder.t line 15.
#          got: undef
#     expected: '200'

#   Failed test 'exact match for content'
#   at t/app_alt_route_builder.t line 15.
#          got: ''
#     expected: 'GORP GORP'
# Socket is not connected

#   Failed test 'GET http://127.0.0.1:23574/bar'
#   at t/app_alt_route_builder.t line 19.

#   Failed test '200 OK'
#   at t/app_alt_route_builder.t line 19.
#          got: undef
#     expected: '200'

#   Failed test 'exact match for content'
#   at t/app_alt_route_builder.t line 19.
#          got: ''
#     expected: 'GORP GORP'
# detailed log
# [17207 I 2ms] /cpan_build/bar/Clustericious-1.22-0/blib/lib/Clustericious/Log.pm:72 Initialized logger
# [17207 I 6ms] /cpan_build/bar/Clustericious-1.22-0/blib/lib/Clustericious/Log.pm:73 Log config found : /tmp/py7hXNM0vy/my_home/etc/log4perl.conf
# [17207 T 56ms] /cpan_build/bar/Clustericious-1.22-0/blib/lib/Clustericious/Config.pm:84 could not find Foo file.
# [17207 I 95ms] /cpan_build/bar/Clustericious-1.22-0/blib/lib/Clustericious/Log.pm:72 Initialized logger
# [17207 I 96ms] /cpan_build/bar/Clustericious-1.22-0/blib/lib/Clustericious/Log.pm:73 Log config found : /tmp/py7hXNM0vy/my_home/etc/log4perl.conf
# [17207 T 98ms] /cpan_build/bar/Clustericious-1.22-0/blib/lib/Clustericious/Config.pm:84 could not find Bar file.
# Looks like you failed 7 tests of 7.
t/app_alt_route_builder.t ............. 
Dubious, test returned 7 (wstat 1792, 0x700)
Failed 7/7 subtests 

    #   Failed test 'created cluster'
    #   at t/app_auth.t line 34.
    # exception: MyApp: Moo version 2.002004 required--this is only version 2.001001 at /home/bar/perl5/perlbrew/perls/perl-5.20.3/lib/site_perl/5.20.3/BSON.pm line 18.
    # BEGIN failed--compilation aborted at /home/bar/perl5/perlbrew/perls/perl-5.20.3/lib/site_perl/5.20.3/BSON.pm line 18.
    # Compilation failed in require at /home/bar/perl5/perlbrew/perls/perl-5.20.3/lib/site_perl/5.20.3/Clustericious/Coder/BSON.pm line 5.
    # BEGIN failed--compilation aborted at /home/bar/perl5/perlbrew/perls/perl-5.20.3/lib/site_perl/5.20.3/Clustericious/Coder/BSON.pm line 5.
    # Compilation failed in require at /cpan_build/bar/Clustericious-1.22-0/blib/lib/Clustericious/Plugin/AutodataHandler.pm line 45.
    # Looks like you failed 1 test of 2.

#   Failed test 'prep'
#   at t/app_auth.t line 39.
    # Socket is not connected

    #   Failed test 'GET http://127.0.0.1:1173/public'
    #   at t/app_auth.t line 48.

    #   Failed test '200 OK'
    #   at t/app_auth.t line 48.
    #          got: undef
    #     expected: '200'

    #   Failed test 'content is similar'
    #   at t/app_auth.t line 48.
    #                   ''
    #     doesn't match '(?^:this message is public)'
    # Socket is not connected

    #   Failed test 'GET http://127.0.0.1:1173/private'
    #   at t/app_auth.t line 51.

    #   Failed test '401 Unauthorized'
    #   at t/app_auth.t line 51.
    #          got: undef
    #     expected: '401'
    # Socket is not connected

    #   Failed test 'GET http://127.0.0.1:1173/private'
    #   at t/app_auth.t line 57.

    #   Failed test '401 Unauthorized'
    #   at t/app_auth.t line 57.
    #          got: undef
    #     expected: '401'
    # Socket is not connected

    #   Failed test 'GET http://127.0.0.1:1173/private'
    #   at t/app_auth.t line 62.

    #   Failed test '200 OK'
    #   at t/app_auth.t line 62.
    #          got: undef
    #     expected: '200'

    #   Failed test 'content is similar'
    #   at t/app_auth.t line 62.
    #                   ''
    #     doesn't match '(?^:this message is private)'
    # Looks like you failed 10 tests of 10.

#   Failed test 'basic auth, no vip hosts and authz ok'
#   at t/app_auth.t line 66.
    # Socket is not connected

    #   Failed test 'GET http://127.0.0.1:1173/public'
    #   at t/app_auth.t line 75.

    #   Failed test '200 OK'
    #   at t/app_auth.t line 75.
    #          got: undef
    #     expected: '200'

    #   Failed test 'content is similar'
    #   at t/app_auth.t line 75.
    #                   ''
    #     doesn't match '(?^:this message is public)'
    # Socket is not connected

    #   Failed test 'GET http://127.0.0.1:1173/private'
    #   at t/app_auth.t line 78.

    #   Failed test '401 Unauthorized'
    #   at t/app_auth.t line 78.
    #          got: undef
    #     expected: '401'
    # Socket is not connected

    #   Failed test 'GET http://127.0.0.1:1173/private'
    #   at t/app_auth.t line 84.

    #   Failed test '200 OK'
    #   at t/app_auth.t line 84.
    #          got: undef
    #     expected: '200'

    #   Failed test 'content is similar'
    #   at t/app_auth.t line 84.
    #                   ''
    #     doesn't match '(?^:this message is private)'
    # Socket is not connected

    #   Failed test 'GET http://127.0.0.1:1173/private'
    #   at t/app_auth.t line 90.

    #   Failed test '200 OK'
    #   at t/app_auth.t line 90.
    #          got: undef
    #     expected: '200'

    #   Failed test 'content is similar'
    #   at t/app_auth.t line 90.
    #                   ''
    #     doesn't match '(?^:this message is private)'
    # Looks like you failed 11 tests of 11.

#   Failed test 'vip host'
#   at t/app_auth.t line 94.
    # Socket is not connected

    #   Failed test 'GET http://127.0.0.1:1173/public'
    #   at t/app_auth.t line 102.

    #   Failed test '200 OK'
    #   at t/app_auth.t line 102.
    #          got: undef
    #     expected: '200'

    #   Failed test 'content is similar'
    #   at t/app_auth.t line 102.
    #                   ''
    #     doesn't match '(?^:this message is public)'
    # Socket is not connected

    #   Failed test 'GET http://127.0.0.1:1173/private'
    #   at t/app_auth.t line 105.

    #   Failed test '401 Unauthorized'
    #   at t/app_auth.t line 105.
    #          got: undef
    #     expected: '401'
    # Socket is not connected

    #   Failed test 'GET http://127.0.0.1:1173/private'
    #   at t/app_auth.t line 111.

    #   Failed test '401 Unauthorized'
    #   at t/app_auth.t line 111.
    #          got: undef
    #     expected: '401'
    # Socket is not connected

    #   Failed test 'GET http://127.0.0.1:1173/private'
    #   at t/app_auth.t line 116.

    #   Failed test '403 Forbidden'
    #   at t/app_auth.t line 116.
    #          got: undef
    #     expected: '403'
    # Looks like you failed 9 tests of 9.

#   Failed test 'auth but not authz'
#   at t/app_auth.t line 119.
# detailed log
# [1278 I 4ms] /cpan_build/bar/Clustericious-1.22-0/blib/lib/Clustericious/Log.pm:72 Initialized logger
# [1278 I 6ms] /cpan_build/bar/Clustericious-1.22-0/blib/lib/Clustericious/Log.pm:73 Log config found : /tmp/cMGICelpfl/my_home/etc/log4perl.conf
# [1278 T 56ms] /cpan_build/bar/Clustericious-1.22-0/blib/lib/Clustericious/Config.pm:90 reading from config file /tmp/cMGICelpfl/my_home/etc/MyApp.conf
# Looks like you failed 4 tests of 4.
t/app_auth.t .......................... 
Dubious, test returned 4 (wstat 1024, 0x400)
Failed 4/4 subtests 

#   Failed test 'created cluster'
#   at t/app_auth_websocket.t line 22.
# exception: MyApp: Moo version 2.002004 required--this is only version 2.001001 at /home/bar/perl5/perlbrew/perls/perl-5.20.3/lib/site_perl/5.20.3/BSON.pm line 18.
# BEGIN failed--compilation aborted at /home/bar/perl5/perlbrew/perls/perl-5.20.3/lib/site_perl/5.20.3/BSON.pm line 18.
# Compilation failed in require at /home/bar/perl5/perlbrew/perls/perl-5.20.3/lib/site_perl/5.20.3/Clustericious/Coder/BSON.pm line 5.
# BEGIN failed--compilation aborted at /home/bar/perl5/perlbrew/perls/perl-5.20.3/lib/site_perl/5.20.3/Clustericious/Coder/BSON.pm line 5.
# Compilation failed in require at /cpan_build/bar/Clustericious-1.22-0/blib/lib/Clustericious/Plugin/AutodataHandler.pm line 45.
# Socket is not connected

#   Failed test 'GET http://127.0.0.1:6401/private'
#   at t/app_auth_websocket.t line 27.

#   Failed test '401 Unauthorized'
#   at t/app_auth_websocket.t line 27.
#          got: undef
#     expected: '401'

#   Failed test 'WebSocket handshake with http://127.0.0.1:6401/echo1'
#   at t/app_auth_websocket.t line 30.

#   Failed test 'send message'
#   at t/app_auth_websocket.t line 30.

#   Failed test 'message received'
#   at t/app_auth_websocket.t line 30.

#   Failed test 'exact match for message'
#   at t/app_auth_websocket.t line 30.
#          got: ''
#     expected: 'hello'

#   Failed test 'code = 401'
#   at t/app_auth_websocket.t line 46.
#          got: undef
#     expected: '401'
# Socket is not connected

#   Failed test 'GET http://127.0.0.1:6401/private'
#   at t/app_auth_websocket.t line 59.

#   Failed test '200 OK'
#   at t/app_auth_websocket.t line 59.
#          got: undef
#     expected: '200'

#   Failed test 'code = 101'
#   at t/app_auth_websocket.t line 72.
#          got: undef
#     expected: '101'

#   Failed test 'WebSocket handshake with http://127.0.0.1:6401/echo2'
#   at t/app_auth_websocket.t line 75.

#   Failed test 'send message'
#   at t/app_auth_websocket.t line 75.

#   Failed test 'message received'
#   at t/app_auth_websocket.t line 75.

#   Failed test 'exact match for message'
#   at t/app_auth_websocket.t line 75.
#          got: ''
#     expected: 'hello'
# detailed log
# [6519 I 5ms] /cpan_build/bar/Clustericious-1.22-0/blib/lib/Clustericious/Log.pm:72 Initialized logger
# [6519 I 6ms] /cpan_build/bar/Clustericious-1.22-0/blib/lib/Clustericious/Log.pm:73 Log config found : /tmp/7GUHOFpnvh/my_home/etc/log4perl.conf
# [6519 T 63ms] /cpan_build/bar/Clustericious-1.22-0/blib/lib/Clustericious/Config.pm:90 reading from config file /tmp/7GUHOFpnvh/my_home/etc/MyApp.conf
# Looks like you failed 15 tests of 18.
t/app_auth_websocket.t ................ 
Dubious, test returned 15 (wstat 3840, 0xf00)
Failed 15/18 subtests 

#   Failed test 'created cluster'
#   at t/app_bad_config.t line 8.
# exception: Foo: Moo version 2.002004 required--this is only version 2.001001 at /home/bar/perl5/perlbrew/perls/perl-5.20.3/lib/site_perl/5.20.3/BSON.pm line 18.
# BEGIN failed--compilation aborted at /home/bar/perl5/perlbrew/perls/perl-5.20.3/lib/site_perl/5.20.3/BSON.pm line 18.
# Compilation failed in require at /home/bar/perl5/perlbrew/perls/perl-5.20.3/lib/site_perl/5.20.3/Clustericious/Coder/BSON.pm line 5.
# BEGIN failed--compilation aborted at /home/bar/perl5/perlbrew/perls/perl-5.20.3/lib/site_perl/5.20.3/Clustericious/Coder/BSON.pm line 5.
# Compilation failed in require at /cpan_build/bar/Clustericious-1.22-0/blib/lib/Clustericious/Plugin/AutodataHandler.pm line 45.
# detailed log
# [13841 I 3ms] /cpan_build/bar/Clustericious-1.22-0/blib/lib/Clustericious/Log.pm:72 Initialized logger
# [13841 I 4ms] /cpan_build/bar/Clustericious-1.22-0/blib/lib/Clustericious/Log.pm:73 Log config found : /tmp/87i2QxULNh/my_home/etc/log4perl.conf
# [13841 T 54ms] /cpan_build/bar/Clustericious-1.22-0/blib/lib/Clustericious/Config.pm:90 reading from config file /tmp/87i2QxULNh/my_home/etc/Foo.conf
# [13841 E 56ms] /cpan_build/bar/Clustericious-1.22-0/blib/lib/Clustericious/App.pm:130 error loading config Can't bless non-reference value at /cpan_build/bar/Clustericious-1.22-0/blib/lib/Clustericious/Config.pm line 132.
# Looks like you failed 1 test of 1.
t/app_bad_config.t .................... 
Dubious, test returned 1 (wstat 256, 0x100)
Failed 1/1 subtests 

#   Failed test 'created cluster'
#   at t/app_client.t line 9.
# exception: Foo: Moo version 2.002004 required--this is only version 2.001001 at /home/bar/perl5/perlbrew/perls/perl-5.20.3/lib/site_perl/5.20.3/BSON.pm line 18.
# BEGIN failed--compilation aborted at /home/bar/perl5/perlbrew/perls/perl-5.20.3/lib/site_perl/5.20.3/BSON.pm line 18.
# Compilation failed in require at /home/bar/perl5/perlbrew/perls/perl-5.20.3/lib/site_perl/5.20.3/Clustericious/Coder/BSON.pm line 5.
# BEGIN failed--compilation aborted at /home/bar/perl5/perlbrew/perls/perl-5.20.3/lib/site_perl/5.20.3/Clustericious/Coder/BSON.pm line 5.
# Compilation failed in require at /cpan_build/bar/Clustericious-1.22-0/blib/lib/Clustericious/Plugin/AutodataHandler.pm line 45.
# exception: Foo: Attempt to reload Clustericious/Coder/BSON.pm aborted.
# Compilation failed in require at /cpan_build/bar/Clustericious-1.22-0/blib/lib/Clustericious/Plugin/AutodataHandler.pm line 45.
# exception: Bar: Attempt to reload Clustericious/Coder/BSON.pm aborted.
# Compilation failed in require at /cpan_build/bar/Clustericious-1.22-0/blib/lib/Clustericious/Plugin/AutodataHandler.pm line 45.
# exception: Baz: Attempt to reload Clustericious/Coder/BSON.pm aborted.
# Compilation failed in require at /cpan_build/bar/Clustericious-1.22-0/blib/lib/Clustericious/Plugin/AutodataHandler.pm line 45, <DATA> line 1.
    # No tests run!

#   Failed test 'No tests run for subtest "isa"'
#   at t/app_client.t line 20.
Can't call method "client" on an undefined value at t/app_client.t line 14, <DATA> line 1.
# detailed log
# [11595 I 3ms] /cpan_build/bar/Clustericious-1.22-0/blib/lib/Clustericious/Log.pm:72 Initialized logger
# [11595 I 5ms] /cpan_build/bar/Clustericious-1.22-0/blib/lib/Clustericious/Log.pm:73 Log config found : /tmp/OtyhXpKucc/my_home/etc/log4perl.conf
# [11595 T 58ms] /cpan_build/bar/Clustericious-1.22-0/blib/lib/Clustericious/Config.pm:90 reading from config file /tmp/OtyhXpKucc/my_home/etc/Foo.conf
# [11595 I 111ms] /cpan_build/bar/Clustericious-1.22-0/blib/lib/Clustericious/Log.pm:72 Initialized logger
# [11595 I 112ms] /cpan_build/bar/Clustericious-1.22-0/blib/lib/Clustericious/Log.pm:73 Log config found : /tmp/OtyhXpKucc/my_home/etc/log4perl.conf
# [11595 T 115ms] /cpan_build/bar/Clustericious-1.22-0/blib/lib/Clustericious/Config.pm:90 reading from config file /tmp/OtyhXpKucc/my_home/etc/Foo.conf
# [11595 I 125ms] /cpan_build/bar/Clustericious-1.22-0/blib/lib/Clustericious/Log.pm:72 Initialized logger
# [11595 I 125ms] /cpan_build/bar/Clustericious-1.22-0/blib/lib/Clustericious/Log.pm:73 Log config found : /tmp/OtyhXpKucc/my_home/etc/log4perl.conf
# [11595 T 128ms] /cpan_build/bar/Clustericious-1.22-0/blib/lib/Clustericious/Config.pm:90 reading from config file /tmp/OtyhXpKucc/my_home/etc/Bar.conf
# [11595 I 733ms] /cpan_build/bar/Clustericious-1.22-0/blib/lib/Clustericious/Log.pm:72 Initialized logger
# [11595 I 734ms] /cpan_build/bar/Clustericious-1.22-0/blib/lib/Clustericious/Log.pm:73 Log config found : /tmp/OtyhXpKucc/my_home/etc/log4perl.conf
# [11595 T 738ms] /cpan_build/bar/Clustericious-1.22-0/blib/lib/Clustericious/Config.pm:90 reading from config file /tmp/OtyhXpKucc/my_home/etc/Baz.conf
# Looks like your test exited with 255 just after 2.
t/app_client.t ........................ 
Dubious, test returned 255 (wstat 65280, 0xff00)
Failed 4/4 subtests 

#   Failed test 'created cluster'
#   at t/app_crud.t line 7.
# exception: SomeService: Moo version 2.002004 required--this is only version 2.001001 at /home/bar/perl5/perlbrew/perls/perl-5.20.3/lib/site_perl/5.20.3/BSON.pm line 18.
# BEGIN failed--compilation aborted at /home/bar/perl5/perlbrew/perls/perl-5.20.3/lib/site_perl/5.20.3/BSON.pm line 18.
# Compilation failed in require at /home/bar/perl5/perlbrew/perls/perl-5.20.3/lib/site_perl/5.20.3/Clustericious/Coder/BSON.pm line 5.
# BEGIN failed--compilation aborted at /home/bar/perl5/perlbrew/perls/perl-5.20.3/lib/site_perl/5.20.3/Clustericious/Coder/BSON.pm line 5.
# Compilation failed in require at /cpan_build/bar/Clustericious-1.22-0/blib/lib/Clustericious/Plugin/AutodataHandler.pm line 45.
Mojo::Reactor::EV: I/O watcher failed: Can't call method "build_tx" on an undefined value at /home/bar/perl5/perlbrew/perls/perl-5.20.3/lib/site_perl/5.20.3/Mojo/Server.pm line 23, <DATA> line 1.
# Premature connection close

#   Failed test 'POST /my_table'
#   at t/app_crud.t line 10.

#   Failed test 'got 200'
#   at t/app_crud.t line 10.
#          got: undef
#     expected: '200'

#   Failed test 'got structure back'
#   at t/app_crud.t line 10.
#     Structures begin differing at:
#          $got = undef
#     $expected = HASH(0x13c4b9f41fe8)
Mojo::Reactor::EV: I/O watcher failed: Can't call method "build_tx" on an undefined value at /home/bar/perl5/perlbrew/perls/perl-5.20.3/lib/site_perl/5.20.3/Mojo/Server.pm line 23, <DATA> line 1.
# Premature connection close

#   Failed test 'GET /api'
#   at t/app_crud.t line 14.

#   Failed test 'exact match for JSON Pointer ""'
#   at t/app_crud.t line 14.
#     Structures begin differing at:
#          $got = undef
#     $expected = ARRAY(0x13c503e6b688)
Mojo::Reactor::EV: I/O watcher failed: Can't call method "build_tx" on an undefined value at /home/bar/perl5/perlbrew/perls/perl-5.20.3/lib/site_perl/5.20.3/Mojo/Server.pm line 23, <DATA> line 1.
# Premature connection close

#   Failed test 'GET /log/1'
#   at t/app_crud.t line 33.

#   Failed test 'exact match for content'
#   at t/app_crud.t line 33.
#          got: ''
#     expected: 'logs not available'
# detailed log
# [3249 I 1ms] /cpan_build/bar/Clustericious-1.22-0/blib/lib/Clustericious/Log.pm:72 Initialized logger
# [3249 I 3ms] /cpan_build/bar/Clustericious-1.22-0/blib/lib/Clustericious/Log.pm:73 Log config found : /tmp/tMkYrhr6yp/my_home/etc/log4perl.conf
# [3249 T 48ms] /cpan_build/bar/Clustericious-1.22-0/blib/lib/Clustericious/Config.pm:90 reading from config file /tmp/tMkYrhr6yp/my_home/etc/SomeService.conf
# Looks like you failed 8 tests of 8.
t/app_crud.t .......................... 
Dubious, test returned 8 (wstat 2048, 0x800)
Failed 8/8 subtests 

#   Failed test 'created cluster'
#   at t/app_multiple.t line 8.
# exception: Clustericious::HelloWorld: Moo version 2.002004 required--this is only version 2.001001 at /home/bar/perl5/perlbrew/perls/perl-5.20.3/lib/site_perl/5.20.3/BSON.pm line 18.
# BEGIN failed--compilation aborted at /home/bar/perl5/perlbrew/perls/perl-5.20.3/lib/site_perl/5.20.3/BSON.pm line 18.
# Compilation failed in require at /home/bar/perl5/perlbrew/perls/perl-5.20.3/lib/site_perl/5.20.3/Clustericious/Coder/BSON.pm line 5.
# BEGIN failed--compilation aborted at /home/bar/perl5/perlbrew/perls/perl-5.20.3/lib/site_perl/5.20.3/Clustericious/Coder/BSON.pm line 5.
# Compilation failed in require at /cpan_build/bar/Clustericious-1.22-0/blib/lib/Clustericious/Plugin/AutodataHandler.pm line 45.
# exception: Clustericious::HelloWorld: Attempt to reload Clustericious/Coder/BSON.pm aborted.
# Compilation failed in require at /cpan_build/bar/Clustericious-1.22-0/blib/lib/Clustericious/Plugin/AutodataHandler.pm line 45.
# Socket is not connected

#   Failed test 'GET http://127.0.0.1:7435'
#   at t/app_multiple.t line 11.
Can't call method "config" on an undefined value at t/app_multiple.t line 13, <DATA> line 1.
# detailed log
# [31923 I 3ms] /cpan_build/bar/Clustericious-1.22-0/blib/lib/Clustericious/Log.pm:72 Initialized logger
# [31923 I 5ms] /cpan_build/bar/Clustericious-1.22-0/blib/lib/Clustericious/Log.pm:73 Log config found : /tmp/ykUHzOmi1f/my_home/etc/log4perl.conf
# [31923 T 51ms] /cpan_build/bar/Clustericious-1.22-0/blib/lib/Clustericious/Config.pm:90 reading from config file /tmp/ykUHzOmi1f/my_home/etc/Clustericious-HelloWorld.conf
# [31923 I 97ms] /cpan_build/bar/Clustericious-1.22-0/blib/lib/Clustericious/Log.pm:72 Initialized logger
# [31923 I 98ms] /cpan_build/bar/Clustericious-1.22-0/blib/lib/Clustericious/Log.pm:73 Log config found : /tmp/ykUHzOmi1f/my_home/etc/log4perl.conf
# [31923 T 101ms] /cpan_build/bar/Clustericious-1.22-0/blib/lib/Clustericious/Config.pm:90 reading from config file /tmp/ykUHzOmi1f/my_home/etc/Clustericious-HelloWorld.conf
# Looks like your test exited with 57 just after 2.
t/app_multiple.t ...................... 
Dubious, test returned 57 (wstat 14592, 0x3900)
Failed 5/5 subtests 

#   Failed test 'created cluster'
#   at t/app_null.t line 7.
# exception: MyApp: Moo version 2.002004 required--this is only version 2.001001 at /home/bar/perl5/perlbrew/perls/perl-5.20.3/lib/site_perl/5.20.3/BSON.pm line 18.
# BEGIN failed--compilation aborted at /home/bar/perl5/perlbrew/perls/perl-5.20.3/lib/site_perl/5.20.3/BSON.pm line 18.
# Compilation failed in require at /home/bar/perl5/perlbrew/perls/perl-5.20.3/lib/site_perl/5.20.3/Clustericious/Coder/BSON.pm line 5.
# BEGIN failed--compilation aborted at /home/bar/perl5/perlbrew/perls/perl-5.20.3/lib/site_perl/5.20.3/Clustericious/Coder/BSON.pm line 5.
# Compilation failed in require at /cpan_build/bar/Clustericious-1.22-0/blib/lib/Clustericious/Plugin/AutodataHandler.pm line 45.
# detailed log
# [10991 I 5ms] /cpan_build/bar/Clustericious-1.22-0/blib/lib/Clustericious/Log.pm:72 Initialized logger
# [10991 I 6ms] /cpan_build/bar/Clustericious-1.22-0/blib/lib/Clustericious/Log.pm:73 Log config found : /tmp/wEWnguZaNZ/my_home/etc/log4perl.conf
# [10991 T 55ms] /cpan_build/bar/Clustericious-1.22-0/blib/lib/Clustericious/Config.pm:90 reading from config file /tmp/wEWnguZaNZ/my_home/etc/MyApp.conf
# Looks like you failed 1 test of 1.
t/app_null.t .......................... 
Dubious, test returned 1 (wstat 256, 0x100)
Failed 1/1 subtests 

#   Failed test 'created cluster'
#   at t/app_null_config.t line 7.
# exception: MyApp: Moo version 2.002004 required--this is only version 2.001001 at /home/bar/perl5/perlbrew/perls/perl-5.20.3/lib/site_perl/5.20.3/BSON.pm line 18.
# BEGIN failed--compilation aborted at /home/bar/perl5/perlbrew/perls/perl-5.20.3/lib/site_perl/5.20.3/BSON.pm line 18.
# Compilation failed in require at /home/bar/perl5/perlbrew/perls/perl-5.20.3/lib/site_perl/5.20.3/Clustericious/Coder/BSON.pm line 5.
# BEGIN failed--compilation aborted at /home/bar/perl5/perlbrew/perls/perl-5.20.3/lib/site_perl/5.20.3/Clustericious/Coder/BSON.pm line 5.
# Compilation failed in require at /cpan_build/bar/Clustericious-1.22-0/blib/lib/Clustericious/Plugin/AutodataHandler.pm line 45.

#   Failed test 'undef isa 'Clustericious::App''
#   at t/app_null_config.t line 8.
#     undef isn't defined
    # Socket is not connected

    #   Failed test 'GET http://127.0.0.1:27630/foo'
    #   at t/app_null_config.t line 15.

    #   Failed test '200 OK'
    #   at t/app_null_config.t line 15.
    #          got: undef
    #     expected: '200'

    #   Failed test 'exact match for content'
    #   at t/app_null_config.t line 15.
    #          got: ''
    #     expected: 'Hello World!'
    # Looks like you failed 3 tests of 3.

#   Failed test 'with url'
#   at t/app_null_config.t line 18.
Mojo::Reactor::EV: I/O watcher failed: Can't call method "build_tx" on an undefined value at /home/bar/perl5/perlbrew/perls/perl-5.20.3/lib/site_perl/5.20.3/Mojo/Server.pm line 23, <DATA> line 1.
    # Premature connection close

    #   Failed test 'GET /foo'
    #   at t/app_null_config.t line 22.

    #   Failed test '200 OK'
    #   at t/app_null_config.t line 22.
    #          got: undef
    #     expected: '200'

    #   Failed test 'exact match for content'
    #   at t/app_null_config.t line 22.
    #          got: ''
    #     expected: 'Hello World!'
    # Looks like you failed 3 tests of 3.

#   Failed test 'with outurl'
#   at t/app_null_config.t line 25.
# detailed log
# [16902 I 9ms] /cpan_build/bar/Clustericious-1.22-0/blib/lib/Clustericious/Log.pm:72 Initialized logger
# [16902 I 12ms] /cpan_build/bar/Clustericious-1.22-0/blib/lib/Clustericious/Log.pm:73 Log config found : /tmp/mL6AE8skwg/my_home/etc/log4perl.conf
# [16902 T 124ms] /cpan_build/bar/Clustericious-1.22-0/blib/lib/Clustericious/Config.pm:84 could not find MyApp file.
# Looks like you failed 4 tests of 4.
t/app_null_config.t ................... 
Dubious, test returned 4 (wstat 1024, 0x400)
Failed 4/4 subtests 

#   Failed test 'created cluster'
#   at t/app_plugin_search_order.t line 7.
# exception: Foo: Moo version 2.002004 required--this is only version 2.001001 at /home/bar/perl5/perlbrew/perls/perl-5.20.3/lib/site_perl/5.20.3/BSON.pm line 18.
# BEGIN failed--compilation aborted at /home/bar/perl5/perlbrew/perls/perl-5.20.3/lib/site_perl/5.20.3/BSON.pm line 18.
# Compilation failed in require at /home/bar/perl5/perlbrew/perls/perl-5.20.3/lib/site_perl/5.20.3/Clustericious/Coder/BSON.pm line 5.
# BEGIN failed--compilation aborted at /home/bar/perl5/perlbrew/perls/perl-5.20.3/lib/site_perl/5.20.3/Clustericious/Coder/BSON.pm line 5.
# Compilation failed in require at /cpan_build/bar/Clustericious-1.22-0/blib/lib/Clustericious/Plugin/AutodataHandler.pm line 45.
Mojo::Reactor::EV: I/O watcher failed: Can't call method "build_tx" on an undefined value at /home/bar/perl5/perlbrew/perls/perl-5.20.3/lib/site_perl/5.20.3/Mojo/Server.pm line 23, <DATA> line 1.
# Premature connection close

#   Failed test 'GET /cluster'
#   at t/app_plugin_search_order.t line 10.

#   Failed test '200 OK'
#   at t/app_plugin_search_order.t line 10.
#          got: undef
#     expected: '200'

#   Failed test 'exact match for content'
#   at t/app_plugin_search_order.t line 10.
#          got: ''
#     expected: 'Cluster plugin'
Mojo::Reactor::EV: I/O watcher failed: Can't call method "build_tx" on an undefined value at /home/bar/perl5/perlbrew/perls/perl-5.20.3/lib/site_perl/5.20.3/Mojo/Server.pm line 23, <DATA> line 1.
# Premature connection close

#   Failed test 'GET /mojo'
#   at t/app_plugin_search_order.t line 14.

#   Failed test '404 Not Found'
#   at t/app_plugin_search_order.t line 14.
#          got: undef
#     expected: '404'
# detailed log
# [3204 I 10ms] /cpan_build/bar/Clustericious-1.22-0/blib/lib/Clustericious/Log.pm:72 Initialized logger
# [3204 I 12ms] /cpan_build/bar/Clustericious-1.22-0/blib/lib/Clustericious/Log.pm:73 Log config found : /tmp/lAiyVIEhG9/my_home/etc/log4perl.conf
# [3204 T 56ms] /cpan_build/bar/Clustericious-1.22-0/blib/lib/Clustericious/Config.pm:84 could not find Foo file.
# Looks like you failed 6 tests of 6.
t/app_plugin_search_order.t ........... 
Dubious, test returned 6 (wstat 1536, 0x600)
Failed 6/6 subtests 

    #   Failed test 'created cluster'
    #   at t/app_subreq.t line 21.
    # exception: MyApp: Moo version 2.002004 required--this is only version 2.001001 at /home/bar/perl5/perlbrew/perls/perl-5.20.3/lib/site_perl/5.20.3/BSON.pm line 18.
    # BEGIN failed--compilation aborted at /home/bar/perl5/perlbrew/perls/perl-5.20.3/lib/site_perl/5.20.3/BSON.pm line 18.
    # Compilation failed in require at /home/bar/perl5/perlbrew/perls/perl-5.20.3/lib/site_perl/5.20.3/Clustericious/Coder/BSON.pm line 5.
    # BEGIN failed--compilation aborted at /home/bar/perl5/perlbrew/perls/perl-5.20.3/lib/site_perl/5.20.3/Clustericious/Coder/BSON.pm line 5.
    # Compilation failed in require at /cpan_build/bar/Clustericious-1.22-0/blib/lib/Clustericious/Plugin/AutodataHandler.pm line 45.
    # Looks like you failed 1 test of 2.

#   Failed test 'prep'
#   at t/app_subreq.t line 26.
    # Socket is not connected

    #   Failed test 'GET http://127.0.0.1:40882/'
    #   at t/app_subreq.t line 38.

    #   Failed test '200 OK'
    #   at t/app_subreq.t line 38.
    #          got: undef
    #     expected: '200'
    # Socket is not connected

    #   Failed test 'GET http://127.0.0.1:40882/private'
    #   at t/app_subreq.t line 41.

    #   Failed test '401 Unauthorized'
    #   at t/app_subreq.t line 41.
    #          got: undef
    #     expected: '401'
    # Looks like you failed 4 tests of 4.

#   Failed test 'unauthenticated'
#   at t/app_subreq.t line 43.
    # Socket is not connected

    #   Failed test 'GET http://127.0.0.1:40882/private'
    #   at t/app_subreq.t line 52.

    #   Failed test '200 OK'
    #   at t/app_subreq.t line 52.
    #          got: undef
    #     expected: '200'
    # Looks like you failed 2 tests of 2.

#   Failed test 'auth with foo:bar'
#   at t/app_subreq.t line 55.
    # Socket is not connected

    #   Failed test 'GET http://127.0.0.1:40882/private'
    #   at t/app_subreq.t line 63.

    #   Failed test '401 Unauthorized'
    #   at t/app_subreq.t line 63.
    #          got: undef
    #     expected: '401'
    # Socket is not connected

    #   Failed test 'GET http://127.0.0.1:40882/indirect'
    #   at t/app_subreq.t line 68.

    #   Failed test '200 OK'
    #   at t/app_subreq.t line 68.
    #          got: undef
    #     expected: '200'

    #   Failed test 'exact match for content'
    #   at t/app_subreq.t line 68.
    #          got: ''
    #     expected: 'this is private'
    # Looks like you failed 5 tests of 5.

#   Failed test 'subrequest avoids auth'
#   at t/app_subreq.t line 71.
# detailed log
# [4942 I 6ms] /cpan_build/bar/Clustericious-1.22-0/blib/lib/Clustericious/Log.pm:72 Initialized logger
# [4942 I 17ms] /cpan_build/bar/Clustericious-1.22-0/blib/lib/Clustericious/Log.pm:73 Log config found : /tmp/zhF7hd41vw/my_home/etc/log4perl.conf
# [4942 T 97ms] /cpan_build/bar/Clustericious-1.22-0/blib/lib/Clustericious/Config.pm:90 reading from config file /tmp/zhF7hd41vw/my_home/etc/MyApp.conf
# Looks like you failed 4 tests of 4.
t/app_subreq.t ........................ 
Dubious, test returned 4 (wstat 1024, 0x400)
Failed 4/4 subtests 

#   Failed test 'created cluster'
#   at t/client.t line 7.
# exception: SomeService: Moo version 2.002004 required--this is only version 2.001001 at /home/bar/perl5/perlbrew/perls/perl-5.20.3/lib/site_perl/5.20.3/BSON.pm line 18.
# BEGIN failed--compilation aborted at /home/bar/perl5/perlbrew/perls/perl-5.20.3/lib/site_perl/5.20.3/BSON.pm line 18.
# Compilation failed in require at /home/bar/perl5/perlbrew/perls/perl-5.20.3/lib/site_perl/5.20.3/Clustericious/Coder/BSON.pm line 5.
# BEGIN failed--compilation aborted at /home/bar/perl5/perlbrew/perls/perl-5.20.3/lib/site_perl/5.20.3/Clustericious/Coder/BSON.pm line 5.
# Compilation failed in require at /cpan_build/bar/Clustericious-1.22-0/blib/lib/Clustericious/Plugin/AutodataHandler.pm line 45.
# ERROR Error trying to GET http://127.0.0.1:46850/ : Socket is not connected

#   Failed test 'Got welcome route'
#   at t/client.t line 13.
#          got: undef
#     expected: 'welcome'
# ERROR Error trying to POST http://127.0.0.1:46850/foo : Socket is not connected

#   Failed test 'Create object'
#   at t/client.t line 17.
#     Structures begin differing at:
#          $got = undef
#     $expected = HASH(0xf17c452ba00)
# ERROR Error trying to GET http://127.0.0.1:46850/foo/a : Socket is not connected

#   Failed test 'Retrieve object'
#   at t/client.t line 19.
#     Structures begin differing at:
#          $got = undef
#     $expected = HASH(0xf17c452ba00)
# ERROR Error trying to GET http://127.0.0.1:46850/borked : Socket is not connected

#   Failed test 'client.errormessage'
#   at t/client.t line 26.
#          got: 'Socket is not connected'
#     expected: '(404) Not Found'
# detailed log
# [26294 I 25ms] /cpan_build/bar/Clustericious-1.22-0/blib/lib/Clustericious/Log.pm:72 Initialized logger
# [26294 I 27ms] /cpan_build/bar/Clustericious-1.22-0/blib/lib/Clustericious/Log.pm:73 Log config found : /tmp/qaIWVpAZTA/my_home/etc/log4perl.conf
# [26294 T 97ms] /cpan_build/bar/Clustericious-1.22-0/blib/lib/Clustericious/Config.pm:90 reading from config file /tmp/qaIWVpAZTA/my_home/etc/SomeService.conf
# [26294 T 863ms] /cpan_build/bar/Clustericious-1.22-0/blib/lib/Clustericious/Config.pm:90 reading from config file /tmp/qaIWVpAZTA/my_home/etc/SomeService.conf
# [26294 D 868ms] /cpan_build/bar/Clustericious-1.22-0/blib/lib/Clustericious/Client.pm:393 SomeService::Client : GET http://127.0.0.1:46850/
# [26294 E 915ms] /cpan_build/bar/Clustericious-1.22-0/blib/lib/Clustericious/Client.pm:456 Error trying to GET http://127.0.0.1:46850/ : Socket is not connected
# [26294 D 918ms] /cpan_build/bar/Clustericious-1.22-0/blib/lib/Clustericious/Client.pm:393 SomeService::Client : POST http://127.0.0.1:46850/foo
# [26294 E 1009ms] /cpan_build/bar/Clustericious-1.22-0/blib/lib/Clustericious/Client.pm:456 Error trying to POST http://127.0.0.1:46850/foo : Socket is not connected
# [26294 D 1012ms] /cpan_build/bar/Clustericious-1.22-0/blib/lib/Clustericious/Client.pm:393 SomeService::Client : GET http://127.0.0.1:46850/foo/a
# [26294 E 1016ms] /cpan_build/bar/Clustericious-1.22-0/blib/lib/Clustericious/Client.pm:456 Error trying to GET http://127.0.0.1:46850/foo/a : Socket is not connected
# [26294 D 1020ms] /cpan_build/bar/Clustericious-1.22-0/blib/lib/Clustericious/Client.pm:393 SomeService::Client : GET http://127.0.0.1:46850/borked
# [26294 E 1025ms] /cpan_build/bar/Clustericious-1.22-0/blib/lib/Clustericious/Client.pm:456 Error trying to GET http://127.0.0.1:46850/borked : Socket is not connected
# Looks like you failed 5 tests of 12.
t/client.t ............................ 
Dubious, test returned 5 (wstat 1280, 0x500)
Failed 5/12 subtests 
t/client_args.t ....................... ok
t/client_datetime.t ................... ok
t/client_object.t ..................... ok
t/client_object_array.t ............... ok
t/client_object_derived.t ............. ok
t/client_params.t ..................... ok

    #   Failed test 'created cluster'
    #   at t/client_user_agent_string.t line 15.
    # exception: MyApp: Moo version 2.002004 required--this is only version 2.001001 at /home/bar/perl5/perlbrew/perls/perl-5.20.3/lib/site_perl/5.20.3/BSON.pm line 18.
    # BEGIN failed--compilation aborted at /home/bar/perl5/perlbrew/perls/perl-5.20.3/lib/site_perl/5.20.3/BSON.pm line 18.
    # Compilation failed in require at /home/bar/perl5/perlbrew/perls/perl-5.20.3/lib/site_perl/5.20.3/Clustericious/Coder/BSON.pm line 5.
    # BEGIN failed--compilation aborted at /home/bar/perl5/perlbrew/perls/perl-5.20.3/lib/site_perl/5.20.3/Clustericious/Coder/BSON.pm line 5.
    # Compilation failed in require at /cpan_build/bar/Clustericious-1.22-0/blib/lib/Clustericious/Plugin/AutodataHandler.pm line 45.
    # Looks like you failed 1 test of 2.

#   Failed test 'prep'
#   at t/client_user_agent_string.t line 18.
    # ERROR Error trying to GET http://127.0.0.1:4511/getua : Socket is not connected

    #   Failed test 'name matches on the server side'
    #   at t/client_user_agent_string.t line 28.
    #          got: undef
    #     expected: 'Clustericious::Client/1.22 MyApp::Client/1.02'
    # Looks like you failed 1 test of 3.

#   Failed test 'get user agent string'
#   at t/client_user_agent_string.t line 29.
# detailed log
# [9915 I 5ms] /cpan_build/bar/Clustericious-1.22-0/blib/lib/Clustericious/Log.pm:72 Initialized logger
# [9915 I 7ms] /cpan_build/bar/Clustericious-1.22-0/blib/lib/Clustericious/Log.pm:73 Log config found : /tmp/3QKJc9oJvp/my_home/etc/log4perl.conf
# [9915 T 105ms] /cpan_build/bar/Clustericious-1.22-0/blib/lib/Clustericious/Config.pm:90 reading from config file /tmp/3QKJc9oJvp/my_home/etc/MyApp.conf
# [9915 T 645ms] /cpan_build/bar/Clustericious-1.22-0/blib/lib/Clustericious/Config.pm:90 reading from config file /tmp/3QKJc9oJvp/my_home/etc/MyApp.conf
# [9915 D 649ms] /cpan_build/bar/Clustericious-1.22-0/blib/lib/Clustericious/Client.pm:393 MyApp::Client : GET http://127.0.0.1:4511/getua
# [9915 E 843ms] /cpan_build/bar/Clustericious-1.22-0/blib/lib/Clustericious/Client.pm:456 Error trying to GET http://127.0.0.1:4511/getua : Socket is not connected
# Looks like you failed 2 tests of 2.
t/client_user_agent_string.t .......... 
Dubious, test returned 2 (wstat 512, 0x200)
Failed 2/2 subtests 

    #   Failed test 'created cluster'
    #   at t/cluster_basic.t line 13.
    # exception: MyApp: Moo version 2.002004 required--this is only version 2.001001 at /home/bar/perl5/perlbrew/perls/perl-5.20.3/lib/site_perl/5.20.3/BSON.pm line 18.
    # BEGIN failed--compilation aborted at /home/bar/perl5/perlbrew/perls/perl-5.20.3/lib/site_perl/5.20.3/BSON.pm line 18.
    # Compilation failed in require at /home/bar/perl5/perlbrew/perls/perl-5.20.3/lib/site_perl/5.20.3/Clustericious/Coder/BSON.pm line 5.
    # BEGIN failed--compilation aborted at /home/bar/perl5/perlbrew/perls/perl-5.20.3/lib/site_perl/5.20.3/Clustericious/Coder/BSON.pm line 5.
    # Compilation failed in require at /cpan_build/bar/Clustericious-1.22-0/blib/lib/Clustericious/Plugin/AutodataHandler.pm line 45.
    # Looks like you failed 1 test of 1.

#   Failed test 'prep'
#   at t/cluster_basic.t line 18.
    # Socket is not connected

    #   Failed test 'GET http://127.0.0.1:13482/public'
    #   at t/cluster_basic.t line 27.

    #   Failed test '200 OK'
    #   at t/cluster_basic.t line 27.
    #          got: undef
    #     expected: '200'

    #   Failed test 'content is similar'
    #   at t/cluster_basic.t line 27.
    #                   ''
    #     doesn't match '(?^:basic message)'
    # Looks like you failed 3 tests of 3.

#   Failed test 'basic auth, no vip hosts and authz ok'
#   at t/cluster_basic.t line 31.
# detailed log
# [29531 I 4ms] /cpan_build/bar/Clustericious-1.22-0/blib/lib/Clustericious/Log.pm:72 Initialized logger
# [29531 I 6ms] /cpan_build/bar/Clustericious-1.22-0/blib/lib/Clustericious/Log.pm:73 Log config found : /tmp/mOVXNo_JmJ/my_home/etc/log4perl.conf
# [29531 T 48ms] /cpan_build/bar/Clustericious-1.22-0/blib/lib/Clustericious/Config.pm:90 reading from config file /tmp/mOVXNo_JmJ/my_home/etc/MyApp.conf
# Looks like you failed 2 tests of 2.
t/cluster_basic.t ..................... 
Dubious, test returned 2 (wstat 512, 0x200)
Failed 2/2 subtests 

    #   Failed test 'created cluster'
    #   at t/cluster_render_exception.t line 14.
    # exception: MyApp: Moo version 2.002004 required--this is only version 2.001001 at /home/bar/perl5/perlbrew/perls/perl-5.20.3/lib/site_perl/5.20.3/BSON.pm line 18.
    # BEGIN failed--compilation aborted at /home/bar/perl5/perlbrew/perls/perl-5.20.3/lib/site_perl/5.20.3/BSON.pm line 18.
    # Compilation failed in require at /home/bar/perl5/perlbrew/perls/perl-5.20.3/lib/site_perl/5.20.3/Clustericious/Coder/BSON.pm line 5.
    # BEGIN failed--compilation aborted at /home/bar/perl5/perlbrew/perls/perl-5.20.3/lib/site_perl/5.20.3/Clustericious/Coder/BSON.pm line 5.
    # Compilation failed in require at /cpan_build/bar/Clustericious-1.22-0/blib/lib/Clustericious/Plugin/AutodataHandler.pm line 45.
    # Looks like you failed 1 test of 1.

#   Failed test 'prep'
#   at t/cluster_render_exception.t line 19.
    # Socket is not connected

    #   Failed test 'GET http://127.0.0.1:11626/public'
    #   at t/cluster_render_exception.t line 28.

    #   Failed test '500 Internal Server Error'
    #   at t/cluster_render_exception.t line 28.
    #          got: undef
    #     expected: '500'

    #   Failed test 'content is similar'
    #   at t/cluster_render_exception.t line 28.
    #                   ''
    #     doesn't match '(?^:FOO Bar baz)'
    # Looks like you failed 3 tests of 3.

#   Failed test 'basic auth, no vip hosts and authz ok'
#   at t/cluster_render_exception.t line 32.
# detailed log
# [153 I 2ms] /cpan_build/bar/Clustericious-1.22-0/blib/lib/Clustericious/Log.pm:72 Initialized logger
# [153 I 7ms] /cpan_build/bar/Clustericious-1.22-0/blib/lib/Clustericious/Log.pm:73 Log config found : /tmp/t6u2lVMVsS/my_home/etc/log4perl.conf
# [153 T 97ms] /cpan_build/bar/Clustericious-1.22-0/blib/lib/Clustericious/Config.pm:90 reading from config file /tmp/t6u2lVMVsS/my_home/etc/MyApp.conf
# Looks like you failed 2 tests of 2.
t/cluster_render_exception.t .......... 
Dubious, test returned 2 (wstat 512, 0x200)
Failed 2/2 subtests 

    #   Failed test 'created cluster'
    #   at t/cluster_render_not_found.t line 13.
    # exception: MyApp: Moo version 2.002004 required--this is only version 2.001001 at /home/bar/perl5/perlbrew/perls/perl-5.20.3/lib/site_perl/5.20.3/BSON.pm line 18.
    # BEGIN failed--compilation aborted at /home/bar/perl5/perlbrew/perls/perl-5.20.3/lib/site_perl/5.20.3/BSON.pm line 18.
    # Compilation failed in require at /home/bar/perl5/perlbrew/perls/perl-5.20.3/lib/site_perl/5.20.3/Clustericious/Coder/BSON.pm line 5.
    # BEGIN failed--compilation aborted at /home/bar/perl5/perlbrew/perls/perl-5.20.3/lib/site_perl/5.20.3/Clustericious/Coder/BSON.pm line 5.
    # Compilation failed in require at /cpan_build/bar/Clustericious-1.22-0/blib/lib/Clustericious/Plugin/AutodataHandler.pm line 45.
    # Looks like you failed 1 test of 1.

#   Failed test 'prep'
#   at t/cluster_render_not_found.t line 18.
    # Socket is not connected

    #   Failed test 'GET http://127.0.0.1:4937/public'
    #   at t/cluster_render_not_found.t line 27.

    #   Failed test '404 Not Found'
    #   at t/cluster_render_not_found.t line 27.
    #          got: undef
    #     expected: '404'

    #   Failed test 'content is similar'
    #   at t/cluster_render_not_found.t line 27.
    #                   ''
    #     doesn't match '(?^:NOT FOUND)'
    # Looks like you failed 3 tests of 3.

#   Failed test 'basic auth, no vip hosts and authz ok'
#   at t/cluster_render_not_found.t line 31.
# detailed log
# [27828 I 2ms] /cpan_build/bar/Clustericious-1.22-0/blib/lib/Clustericious/Log.pm:72 Initialized logger
# [27828 I 3ms] /cpan_build/bar/Clustericious-1.22-0/blib/lib/Clustericious/Log.pm:73 Log config found : /tmp/Odji3q1ohY/my_home/etc/log4perl.conf
# [27828 T 35ms] /cpan_build/bar/Clustericious-1.22-0/blib/lib/Clustericious/Config.pm:90 reading from config file /tmp/Odji3q1ohY/my_home/etc/MyApp.conf
# Looks like you failed 2 tests of 2.
t/cluster_render_not_found.t .......... 
Dubious, test returned 2 (wstat 512, 0x200)
Failed 2/2 subtests 
t/command_apache.t .................... skipped: developer only test

#   Failed test 'exit with 0'
#   at t/command_configdebug.t line 11.
#          got: '255'
#     expected: '0'
# [cmd]
# hello configdebug
# [err]
# Moo version 2.002004 required--this is only version 2.001001 at /home/bar/perl5/perlbrew/perls/perl-5.20.3/lib/site_perl/5.20.3/BSON.pm line 18.
# BEGIN failed--compilation aborted at /home/bar/perl5/perlbrew/perls/perl-5.20.3/lib/site_perl/5.20.3/BSON.pm line 18.
# Compilation failed in require at /home/bar/perl5/perlbrew/perls/perl-5.20.3/lib/site_perl/5.20.3/Clustericious/Coder/BSON.pm line 5.
# BEGIN failed--compilation aborted at /home/bar/perl5/perlbrew/perls/perl-5.20.3/lib/site_perl/5.20.3/Clustericious/Coder/BSON.pm line 5.
# Compilation failed in require at /cpan_build/bar/Clustericious-1.22-0/blib/lib/Clustericious/Plugin/AutodataHandler.pm line 45.

#   Failed test 'output matches'
#   at t/command_configdebug.t line 11.
#                   ''
#     doesn't match '(?^:etc/Clustericious-HelloWorld\.conf :: template\])'

#   Failed test 'output matches'
#   at t/command_configdebug.t line 11.
#                   ''
#     doesn't match '(?^:etc/Clustericious-HelloWorld\.conf :: interpreted\])'

#   Failed test 'output matches'
#   at t/command_configdebug.t line 11.
#                   ''
#     doesn't match '(?^:http://127\.0\.0\.1:5000)'

#   Failed test 'output matches'
#   at t/command_configdebug.t line 11.
#                   ''
#     doesn't match '(?^:\[merged\])'

#   Failed test 'exit with 0'
#   at t/command_configdebug.t line 19.
#          got: '255'
#     expected: '0'
# [cmd]
# clustericious configdebug Clustericious-HelloWorld
# [err]
# Moo version 2.002004 required--this is only version 2.001001 at /home/bar/perl5/perlbrew/perls/perl-5.20.3/lib/site_perl/5.20.3/BSON.pm line 18.
# BEGIN failed--compilation aborted at /home/bar/perl5/perlbrew/perls/perl-5.20.3/lib/site_perl/5.20.3/BSON.pm line 18.
# Compilation failed in require at /home/bar/perl5/perlbrew/perls/perl-5.20.3/lib/site_perl/5.20.3/Clustericious/Coder/BSON.pm line 5.
# BEGIN failed--compilation aborted at /home/bar/perl5/perlbrew/perls/perl-5.20.3/lib/site_perl/5.20.3/Clustericious/Coder/BSON.pm line 5.
# Compilation failed in require at /cpan_build/bar/Clustericious-1.22-0/blib/lib/Clustericious/Plugin/AutodataHandler.pm line 45.

#   Failed test 'output matches'
#   at t/command_configdebug.t line 19.
#                   ''
#     doesn't match '(?^:etc/Clustericious-HelloWorld\.conf :: template\])'

#   Failed test 'output matches'
#   at t/command_configdebug.t line 19.
#                   ''
#     doesn't match '(?^:etc/Clustericious-HelloWorld\.conf :: interpreted\])'

#   Failed test 'output matches'
#   at t/command_configdebug.t line 19.
#                   ''
#     doesn't match '(?^:http://127\.0\.0\.1:5000)'

#   Failed test 'output matches'
#   at t/command_configdebug.t line 19.
#                   ''
#     doesn't match '(?^:\[merged\])'

#   Failed test 'exit with 2'
#   at t/command_configdebug.t line 27.
#          got: '255'
#     expected: '2'
# [cmd]
# clustericious configdebug Bogus
# [err]
# Moo version 2.002004 required--this is only version 2.001001 at /home/bar/perl5/perlbrew/perls/perl-5.20.3/lib/site_perl/5.20.3/BSON.pm line 18.
# BEGIN failed--compilation aborted at /home/bar/perl5/perlbrew/perls/perl-5.20.3/lib/site_perl/5.20.3/BSON.pm line 18.
# Compilation failed in require at /home/bar/perl5/perlbrew/perls/perl-5.20.3/lib/site_perl/5.20.3/Clustericious/Coder/BSON.pm line 5.
# BEGIN failed--compilation aborted at /home/bar/perl5/perlbrew/perls/perl-5.20.3/lib/site_perl/5.20.3/Clustericious/Coder/BSON.pm line 5.
# Compilation failed in require at /cpan_build/bar/Clustericious-1.22-0/blib/lib/Clustericious/Plugin/AutodataHandler.pm line 45.

#   Failed test 'error matches'
#   at t/command_configdebug.t line 27.
#                   'Moo version 2.002004 required--this is only version 2.001001 at /home/bar/perl5/perlbrew/perls/perl-5.20.3/lib/site_perl/5.20.3/BSON.pm line 18.
# BEGIN failed--compilation aborted at /home/bar/perl5/perlbrew/perls/perl-5.20.3/lib/site_perl/5.20.3/BSON.pm line 18.
# Compilation failed in require at /home/bar/perl5/perlbrew/perls/perl-5.20.3/lib/site_perl/5.20.3/Clustericious/Coder/BSON.pm line 5.
# BEGIN failed--compilation aborted at /home/bar/perl5/perlbrew/perls/perl-5.20.3/lib/site_perl/5.20.3/Clustericious/Coder/BSON.pm line 5.
# Compilation failed in require at /cpan_build/bar/Clustericious-1.22-0/blib/lib/Clustericious/Plugin/AutodataHandler.pm line 45.
# '
#     doesn't match '(?^:ERROR: unable to find Bogus)'

#   Failed test 'exit with 2'
#   at t/command_configdebug.t line 32.
#          got: '255'
#     expected: '2'
# [cmd]
# clustericious configdebug SyntaxError
# [err]
# Moo version 2.002004 required--this is only version 2.001001 at /home/bar/perl5/perlbrew/perls/perl-5.20.3/lib/site_perl/5.20.3/BSON.pm line 18.
# BEGIN failed--compilation aborted at /home/bar/perl5/perlbrew/perls/perl-5.20.3/lib/site_perl/5.20.3/BSON.pm line 18.
# Compilation failed in require at /home/bar/perl5/perlbrew/perls/perl-5.20.3/lib/site_perl/5.20.3/Clustericious/Coder/BSON.pm line 5.
# BEGIN failed--compilation aborted at /home/bar/perl5/perlbrew/perls/perl-5.20.3/lib/site_perl/5.20.3/Clustericious/Coder/BSON.pm line 5.
# Compilation failed in require at /cpan_build/bar/Clustericious-1.22-0/blib/lib/Clustericious/Plugin/AutodataHandler.pm line 45.

#   Failed test 'error matches'
#   at t/command_configdebug.t line 32.
#                   'Moo version 2.002004 required--this is only version 2.001001 at /home/bar/perl5/perlbrew/perls/perl-5.20.3/lib/site_perl/5.20.3/BSON.pm line 18.
# BEGIN failed--compilation aborted at /home/bar/perl5/perlbrew/perls/perl-5.20.3/lib/site_perl/5.20.3/BSON.pm line 18.
# Compilation failed in require at /home/bar/perl5/perlbrew/perls/perl-5.20.3/lib/site_perl/5.20.3/Clustericious/Coder/BSON.pm line 5.
# BEGIN failed--compilation aborted at /home/bar/perl5/perlbrew/perls/perl-5.20.3/lib/site_perl/5.20.3/Clustericious/Coder/BSON.pm line 5.
# Compilation failed in require at /cpan_build/bar/Clustericious-1.22-0/blib/lib/Clustericious/Plugin/AutodataHandler.pm line 45.
# '
#     doesn't match '(?^:ERROR: in syntax:)'
# Looks like you failed 14 tests of 18.
t/command_configdebug.t ............... 
Dubious, test returned 14 (wstat 3584, 0xe00)
Failed 14/18 subtests 

#   Failed test 'exit with 0'
#   at t/command_configdump.t line 20.
#          got: '255'
#     expected: '0'
# [cmd]
# hello configdump
# [err]
# Moo version 2.002004 required--this is only version 2.001001 at /home/bar/perl5/perlbrew/perls/perl-5.20.3/lib/site_perl/5.20.3/BSON.pm line 18.
# BEGIN failed--compilation aborted at /home/bar/perl5/perlbrew/perls/perl-5.20.3/lib/site_perl/5.20.3/BSON.pm line 18.
# Compilation failed in require at /home/bar/perl5/perlbrew/perls/perl-5.20.3/lib/site_perl/5.20.3/Clustericious/Coder/BSON.pm line 5.
# BEGIN failed--compilation aborted at /home/bar/perl5/perlbrew/perls/perl-5.20.3/lib/site_perl/5.20.3/Clustericious/Coder/BSON.pm line 5.
# Compilation failed in require at /cpan_build/bar/Clustericious-1.22-0/blib/lib/Clustericious/Plugin/AutodataHandler.pm line 45.

#   Failed test 'has some expected data'
#   at t/command_configdump.t line 19.
#          got: undef
#     expected: 'hypnotoad'

#   Failed test 'exit with 0'
#   at t/command_configdump.t line 22.
#          got: '255'
#     expected: '0'
# [cmd]
# clustericious configdump Clustericious-HelloWorld
# [err]
# Moo version 2.002004 required--this is only version 2.001001 at /home/bar/perl5/perlbrew/perls/perl-5.20.3/lib/site_perl/5.20.3/BSON.pm line 18.
# BEGIN failed--compilation aborted at /home/bar/perl5/perlbrew/perls/perl-5.20.3/lib/site_perl/5.20.3/BSON.pm line 18.
# Compilation failed in require at /home/bar/perl5/perlbrew/perls/perl-5.20.3/lib/site_perl/5.20.3/Clustericious/Coder/BSON.pm line 5.
# BEGIN failed--compilation aborted at /home/bar/perl5/perlbrew/perls/perl-5.20.3/lib/site_perl/5.20.3/Clustericious/Coder/BSON.pm line 5.
# Compilation failed in require at /cpan_build/bar/Clustericious-1.22-0/blib/lib/Clustericious/Plugin/AutodataHandler.pm line 45.

#   Failed test 'exit with 2'
#   at t/command_configdump.t line 26.
#          got: '255'
#     expected: '2'
# [cmd]
# clustericious configdump Bogus
# [err]
# Moo version 2.002004 required--this is only version 2.001001 at /home/bar/perl5/perlbrew/perls/perl-5.20.3/lib/site_perl/5.20.3/BSON.pm line 18.
# BEGIN failed--compilation aborted at /home/bar/perl5/perlbrew/perls/perl-5.20.3/lib/site_perl/5.20.3/BSON.pm line 18.
# Compilation failed in require at /home/bar/perl5/perlbrew/perls/perl-5.20.3/lib/site_perl/5.20.3/Clustericious/Coder/BSON.pm line 5.
# BEGIN failed--compilation aborted at /home/bar/perl5/perlbrew/perls/perl-5.20.3/lib/site_perl/5.20.3/Clustericious/Coder/BSON.pm line 5.
# Compilation failed in require at /cpan_build/bar/Clustericious-1.22-0/blib/lib/Clustericious/Plugin/AutodataHandler.pm line 45.

#   Failed test 'error matches'
#   at t/command_configdump.t line 26.
#                   'Moo version 2.002004 required--this is only version 2.001001 at /home/bar/perl5/perlbrew/perls/perl-5.20.3/lib/site_perl/5.20.3/BSON.pm line 18.
# BEGIN failed--compilation aborted at /home/bar/perl5/perlbrew/perls/perl-5.20.3/lib/site_perl/5.20.3/BSON.pm line 18.
# Compilation failed in require at /home/bar/perl5/perlbrew/perls/perl-5.20.3/lib/site_perl/5.20.3/Clustericious/Coder/BSON.pm line 5.
# BEGIN failed--compilation aborted at /home/bar/perl5/perlbrew/perls/perl-5.20.3/lib/site_perl/5.20.3/Clustericious/Coder/BSON.pm line 5.
# Compilation failed in require at /cpan_build/bar/Clustericious-1.22-0/blib/lib/Clustericious/Plugin/AutodataHandler.pm line 45.
# '
#     doesn't match '(?^:ERROR: unable to find Bogus)'

#   Failed test 'exit with 2'
#   at t/command_configdump.t line 31.
#          got: '255'
#     expected: '2'
# [cmd]
# clustericious configdump SyntaxError
# [err]
# Moo version 2.002004 required--this is only version 2.001001 at /home/bar/perl5/perlbrew/perls/perl-5.20.3/lib/site_perl/5.20.3/BSON.pm line 18.
# BEGIN failed--compilation aborted at /home/bar/perl5/perlbrew/perls/perl-5.20.3/lib/site_perl/5.20.3/BSON.pm line 18.
# Compilation failed in require at /home/bar/perl5/perlbrew/perls/perl-5.20.3/lib/site_perl/5.20.3/Clustericious/Coder/BSON.pm line 5.
# BEGIN failed--compilation aborted at /home/bar/perl5/perlbrew/perls/perl-5.20.3/lib/site_perl/5.20.3/Clustericious/Coder/BSON.pm line 5.
# Compilation failed in require at /cpan_build/bar/Clustericious-1.22-0/blib/lib/Clustericious/Plugin/AutodataHandler.pm line 45.

#   Failed test 'error matches'
#   at t/command_configdump.t line 31.
#                   'Moo version 2.002004 required--this is only version 2.001001 at /home/bar/perl5/perlbrew/perls/perl-5.20.3/lib/site_perl/5.20.3/BSON.pm line 18.
# BEGIN failed--compilation aborted at /home/bar/perl5/perlbrew/perls/perl-5.20.3/lib/site_perl/5.20.3/BSON.pm line 18.
# Compilation failed in require at /home/bar/perl5/perlbrew/perls/perl-5.20.3/lib/site_perl/5.20.3/Clustericious/Coder/BSON.pm line 5.
# BEGIN failed--compilation aborted at /home/bar/perl5/perlbrew/perls/perl-5.20.3/lib/site_perl/5.20.3/Clustericious/Coder/BSON.pm line 5.
# Compilation failed in require at /cpan_build/bar/Clustericious-1.22-0/blib/lib/Clustericious/Plugin/AutodataHandler.pm line 45.
# '
#     doesn't match '(?^:ERROR: in syntax:)'
# Looks like you failed 7 tests of 12.
t/command_configdump.t ................ 
Dubious, test returned 7 (wstat 1792, 0x700)
Failed 7/12 subtests 

#   Failed test 'exit with 0'
#   at t/command_configpath.t line 19.
#          got: '255'
#     expected: '0'
# [cmd]
# clustericious configpath
# [err]
# Moo version 2.002004 required--this is only version 2.001001 at /home/bar/perl5/perlbrew/perls/perl-5.20.3/lib/site_perl/5.20.3/BSON.pm line 18.
# BEGIN failed--compilation aborted at /home/bar/perl5/perlbrew/perls/perl-5.20.3/lib/site_perl/5.20.3/BSON.pm line 18.
# Compilation failed in require at /home/bar/perl5/perlbrew/perls/perl-5.20.3/lib/site_perl/5.20.3/Clustericious/Coder/BSON.pm line 5.
# BEGIN failed--compilation aborted at /home/bar/perl5/perlbrew/perls/perl-5.20.3/lib/site_perl/5.20.3/Clustericious/Coder/BSON.pm line 5.
# Compilation failed in require at /cpan_build/bar/Clustericious-1.22-0/blib/lib/Clustericious/Plugin/AutodataHandler.pm line 45.
    # No tests run!

#   Failed test 'No tests run for subtest "valid directories"'
#   at t/command_configpath.t line 17.
You said to run 0 tests at t/command_configpath.t line 15.
# Looks like your test exited with 255 just after 3.
t/command_configpath.t ................ 
Dubious, test returned 255 (wstat 65280, 0xff00)
Failed 2/3 subtests 

#   Failed test 'exit with 0'
#   at t/command_configtest.t line 12.
#          got: '255'
#     expected: '0'
# [cmd]
# foo configtest
# [err]
# Moo version 2.002004 required--this is only version 2.001001 at /home/bar/perl5/perlbrew/perls/perl-5.20.3/lib/site_perl/5.20.3/BSON.pm line 18.
# BEGIN failed--compilation aborted at /home/bar/perl5/perlbrew/perls/perl-5.20.3/lib/site_perl/5.20.3/BSON.pm line 18.
# Compilation failed in require at /home/bar/perl5/perlbrew/perls/perl-5.20.3/lib/site_perl/5.20.3/Clustericious/Coder/BSON.pm line 5.
# BEGIN failed--compilation aborted at /home/bar/perl5/perlbrew/perls/perl-5.20.3/lib/site_perl/5.20.3/Clustericious/Coder/BSON.pm line 5.
# Compilation failed in require at /cpan_build/bar/Clustericious-1.22-0/blib/lib/Clustericious/Plugin/AutodataHandler.pm line 45.

#   Failed test 'output matches'
#   at t/command_configtest.t line 12.
#                   ''
#     doesn't match '(?^:config okay)'

#   Failed test 'exit with 2'
#   at t/command_configtest.t line 19.
#          got: '255'
#     expected: '2'
# [cmd]
# foo configtest
# [err]
# Moo version 2.002004 required--this is only version 2.001001 at /home/bar/perl5/perlbrew/perls/perl-5.20.3/lib/site_perl/5.20.3/BSON.pm line 18.
# BEGIN failed--compilation aborted at /home/bar/perl5/perlbrew/perls/perl-5.20.3/lib/site_perl/5.20.3/BSON.pm line 18.
# Compilation failed in require at /home/bar/perl5/perlbrew/perls/perl-5.20.3/lib/site_perl/5.20.3/Clustericious/Coder/BSON.pm line 5.
# BEGIN failed--compilation aborted at /home/bar/perl5/perlbrew/perls/perl-5.20.3/lib/site_perl/5.20.3/Clustericious/Coder/BSON.pm line 5.
# Compilation failed in require at /cpan_build/bar/Clustericious-1.22-0/blib/lib/Clustericious/Plugin/AutodataHandler.pm line 45.
# Looks like you failed 3 tests of 5.
t/command_configtest.t ................ 
Dubious, test returned 3 (wstat 768, 0x300)
Failed 3/5 subtests 

#   Failed test 'exit with 0'
#   at t/command_daemon.t line 21.
#          got: '255'
#     expected: '0'
# [cmd]
# hello daemon foo bar baz
# [err]
# Moo version 2.002004 required--this is only version 2.001001 at /home/bar/perl5/perlbrew/perls/perl-5.20.3/lib/site_perl/5.20.3/BSON.pm line 18.
# BEGIN failed--compilation aborted at /home/bar/perl5/perlbrew/perls/perl-5.20.3/lib/site_perl/5.20.3/BSON.pm line 18.
# Compilation failed in require at /home/bar/perl5/perlbrew/perls/perl-5.20.3/lib/site_perl/5.20.3/Clustericious/Coder/BSON.pm line 5.
# BEGIN failed--compilation aborted at /home/bar/perl5/perlbrew/perls/perl-5.20.3/lib/site_perl/5.20.3/Clustericious/Coder/BSON.pm line 5.
# Compilation failed in require at /cpan_build/bar/Clustericious-1.22-0/blib/lib/Clustericious/Plugin/AutodataHandler.pm line 45.
Can't use an undefined value as an ARRAY reference at t/command_daemon.t line 15.
# Looks like your test exited with 255 just after 2.
t/command_daemon.t .................... 
Dubious, test returned 255 (wstat 65280, 0xff00)
Failed 2/3 subtests 

    #   Failed test 'exit with 0'
    #   at t/command_generate.t line 25.
    #          got: '255'
    #     expected: '0'
    # [cmd]
    # clustericious generate app Foo
    # [err]
    # Moo version 2.002004 required--this is only version 2.001001 at /home/bar/perl5/perlbrew/perls/perl-5.20.3/lib/site_perl/5.20.3/BSON.pm line 18.
    # BEGIN failed--compilation aborted at /home/bar/perl5/perlbrew/perls/perl-5.20.3/lib/site_perl/5.20.3/BSON.pm line 18.
    # Compilation failed in require at /home/bar/perl5/perlbrew/perls/perl-5.20.3/lib/site_perl/5.20.3/Clustericious/Coder/BSON.pm line 5.
    # BEGIN failed--compilation aborted at /home/bar/perl5/perlbrew/perls/perl-5.20.3/lib/site_perl/5.20.3/Clustericious/Coder/BSON.pm line 5.
    # Compilation failed in require at /cpan_build/bar/Clustericious-1.22-0/blib/lib/Clustericious/Plugin/AutodataHandler.pm line 45.

    #   Failed test 'exit with 0'
    #   at t/command_generate.t line 34.
    #          got: '2'
    #     expected: '0'
    # [cmd]
    # prove -l
    # [err]
    # No tests named and 't' directory not found at /home/bar/perl5/perlbrew/perls/perl-5.20.3/lib/site_perl/5.20.3/App/Prove.pm line 520.

    #   Failed test 'exit with 0'
    #   at t/command_generate.t line 39.
    #          got: '2'
    #     expected: '0'
    # [cmd]
    # /home/bar/perl5/perlbrew/perls/perl-5.20.3/bin/perl Build.PL
    # [err]
    # Can't open perl script "Build.PL": No such file or directory

    #   Failed test 'run: ./Build manifest'
    #   at t/command_generate.t line 43.
    #   ./Build manifest failed
    #     - execute failed: No such file or directory
    #     - died from signal: 128

    #   Failed test 'exit with 0'
    #   at t/command_generate.t line 43.
    #          got: '72057594037927935'
    #     expected: '0'
    # [cmd]
    # ./Build manifest
    # [err]
    # Can't exec "./Build": No such file or directory at /cpan_build/bar/Clustericious-1.22-0/blib/lib/Test/Clustericious/Command.pm line 172.

    #   Failed test 'run: ./Build'
    #   at t/command_generate.t line 47.
    #   ./Build failed
    #     - execute failed: No such file or directory
    #     - died from signal: 128

    #   Failed test 'exit with 0'
    #   at t/command_generate.t line 47.
    #          got: '72057594037927935'
    #     expected: '0'
    # [cmd]
    # ./Build
    # [err]
    # Can't exec "./Build": No such file or directory at /cpan_build/bar/Clustericious-1.22-0/blib/lib/Test/Clustericious/Command.pm line 172.

    #   Failed test 'run: ./Build test'
    #   at t/command_generate.t line 51.
    #   ./Build test failed
    #     - execute failed: No such file or directory
    #     - died from signal: 128

    #   Failed test 'exit with 0'
    #   at t/command_generate.t line 51.
    #          got: '72057594037927935'
    #     expected: '0'
    # [cmd]
    # ./Build test
    # [err]
    # Can't exec "./Build": No such file or directory at /cpan_build/bar/Clustericious-1.22-0/blib/lib/Test/Clustericious/Command.pm line 172.
    # Looks like you failed 9 tests of 12.

#   Failed test 'app'
#   at t/command_generate.t line 55.

    #   Failed test 'exit with 0'
    #   at t/command_generate.t line 25.
    #          got: '255'
    #     expected: '0'
    # [cmd]
    # clustericious generate client Foo
    # [err]
    # Moo version 2.002004 required--this is only version 2.001001 at /home/bar/perl5/perlbrew/perls/perl-5.20.3/lib/site_perl/5.20.3/BSON.pm line 18.
    # BEGIN failed--compilation aborted at /home/bar/perl5/perlbrew/perls/perl-5.20.3/lib/site_perl/5.20.3/BSON.pm line 18.
    # Compilation failed in require at /home/bar/perl5/perlbrew/perls/perl-5.20.3/lib/site_perl/5.20.3/Clustericious/Coder/BSON.pm line 5.
    # BEGIN failed--compilation aborted at /home/bar/perl5/perlbrew/perls/perl-5.20.3/lib/site_perl/5.20.3/Clustericious/Coder/BSON.pm line 5.
    # Compilation failed in require at /cpan_build/bar/Clustericious-1.22-0/blib/lib/Clustericious/Plugin/AutodataHandler.pm line 45.

    #   Failed test 'exit with 0'
    #   at t/command_generate.t line 34.
    #          got: '2'
    #     expected: '0'
    # [cmd]
    # prove -l
    # [err]
    # No tests named and 't' directory not found at /home/bar/perl5/perlbrew/perls/perl-5.20.3/lib/site_perl/5.20.3/App/Prove.pm line 520.

    #   Failed test 'exit with 0'
    #   at t/command_generate.t line 39.
    #          got: '2'
    #     expected: '0'
    # [cmd]
    # /home/bar/perl5/perlbrew/perls/perl-5.20.3/bin/perl Build.PL
    # [err]
    # Can't open perl script "Build.PL": No such file or directory

    #   Failed test 'run: ./Build manifest'
    #   at t/command_generate.t line 43.
    #   ./Build manifest failed
    #     - execute failed: No such file or directory
    #     - died from signal: 128

    #   Failed test 'exit with 0'
    #   at t/command_generate.t line 43.
    #          got: '72057594037927935'
    #     expected: '0'
    # [cmd]
    # ./Build manifest
    # [err]
    # Can't exec "./Build": No such file or directory at /cpan_build/bar/Clustericious-1.22-0/blib/lib/Test/Clustericious/Command.pm line 172.

    #   Failed test 'run: ./Build'
    #   at t/command_generate.t line 47.
    #   ./Build failed
    #     - execute failed: No such file or directory
    #     - died from signal: 128

    #   Failed test 'exit with 0'
    #   at t/command_generate.t line 47.
    #          got: '72057594037927935'
    #     expected: '0'
    # [cmd]
    # ./Build
    # [err]
    # Can't exec "./Build": No such file or directory at /cpan_build/bar/Clustericious-1.22-0/blib/lib/Test/Clustericious/Command.pm line 172.

    #   Failed test 'run: ./Build test'
    #   at t/command_generate.t line 51.
    #   ./Build test failed
    #     - execute failed: No such file or directory
    #     - died from signal: 128

    #   Failed test 'exit with 0'
    #   at t/command_generate.t line 51.
    #          got: '72057594037927935'
    #     expected: '0'
    # [cmd]
    # ./Build test
    # [err]
    # Can't exec "./Build": No such file or directory at /cpan_build/bar/Clustericious-1.22-0/blib/lib/Test/Clustericious/Command.pm line 172.
    # Looks like you failed 9 tests of 12.

#   Failed test 'client'
#   at t/command_generate.t line 55.
# Looks like you failed 2 tests of 2.
t/command_generate.t .................. 
Dubious, test returned 2 (wstat 512, 0x200)
Failed 2/2 subtests 
t/command_hypnotoad.t ................. skipped: developer only test
t/command_lighttpd.t .................. skipped: test leaves processes running

#   Failed test 'exit with 0'
#   at t/command_morbo.t line 21.
#          got: '255'
#     expected: '0'
# [cmd]
# hello morbo foo bar baz
# [err]
# Moo version 2.002004 required--this is only version 2.001001 at /home/bar/perl5/perlbrew/perls/perl-5.20.3/lib/site_perl/5.20.3/BSON.pm line 18.
# BEGIN failed--compilation aborted at /home/bar/perl5/perlbrew/perls/perl-5.20.3/lib/site_perl/5.20.3/BSON.pm line 18.
# Compilation failed in require at /home/bar/perl5/perlbrew/perls/perl-5.20.3/lib/site_perl/5.20.3/Clustericious/Coder/BSON.pm line 5.
# BEGIN failed--compilation aborted at /home/bar/perl5/perlbrew/perls/perl-5.20.3/lib/site_perl/5.20.3/Clustericious/Coder/BSON.pm line 5.
# Compilation failed in require at /cpan_build/bar/Clustericious-1.22-0/blib/lib/Clustericious/Plugin/AutodataHandler.pm line 45.
Can't use an undefined value as an ARRAY reference at t/command_morbo.t line 14.
# Looks like your test exited with 255 just after 2.
t/command_morbo.t ..................... 
Dubious, test returned 255 (wstat 65280, 0xff00)
Failed 3/4 subtests 
t/command_nginx.t ..................... skipped: developer only test
t/command_plackup.t ................... skipped: developer only test

#   Failed test 'exit with 0'
#   at t/command_which.t line 9.
#          got: '255'
#     expected: '0'
# [cmd]
# foo which bar
# [err]
# Moo version 2.002004 required--this is only version 2.001001 at /home/bar/perl5/perlbrew/perls/perl-5.20.3/lib/site_perl/5.20.3/BSON.pm line 18.
# BEGIN failed--compilation aborted at /home/bar/perl5/perlbrew/perls/perl-5.20.3/lib/site_perl/5.20.3/BSON.pm line 18.
# Compilation failed in require at /home/bar/perl5/perlbrew/perls/perl-5.20.3/lib/site_perl/5.20.3/Clustericious/Coder/BSON.pm line 5.
# BEGIN failed--compilation aborted at /home/bar/perl5/perlbrew/perls/perl-5.20.3/lib/site_perl/5.20.3/Clustericious/Coder/BSON.pm line 5.
# Compilation failed in require at /cpan_build/bar/Clustericious-1.22-0/blib/lib/Clustericious/Plugin/AutodataHandler.pm line 45.

#   Failed test 'output matches'
#   at t/command_which.t line 9.
#                   ''
#     doesn't match '(?^:type:\s*helper)'

#   Failed test 'output matches'
#   at t/command_which.t line 9.
#                   ''
#     doesn't match '(?^:class:\s*Foo)'

#   Failed test 'output matches'
#   at t/command_which.t line 9.
#                   ''
#     doesn't match '(?^:location:.*Foo.pm:[0-9]+)'

#   Failed test 'exit with 0'
#   at t/command_which.t line 17.
#          got: '255'
#     expected: '0'
# [cmd]
# foo which baz
# [err]
# Moo version 2.002004 required--this is only version 2.001001 at /home/bar/perl5/perlbrew/perls/perl-5.20.3/lib/site_perl/5.20.3/BSON.pm line 18.
# BEGIN failed--compilation aborted at /home/bar/perl5/perlbrew/perls/perl-5.20.3/lib/site_perl/5.20.3/BSON.pm line 18.
# Compilation failed in require at /home/bar/perl5/perlbrew/perls/perl-5.20.3/lib/site_perl/5.20.3/Clustericious/Coder/BSON.pm line 5.
# BEGIN failed--compilation aborted at /home/bar/perl5/perlbrew/perls/perl-5.20.3/lib/site_perl/5.20.3/Clustericious/Coder/BSON.pm line 5.
# Compilation failed in require at /cpan_build/bar/Clustericious-1.22-0/blib/lib/Clustericious/Plugin/AutodataHandler.pm line 45.

#   Failed test 'output matches'
#   at t/command_which.t line 17.
#                   ''
#     doesn't match '(?^:name:\s*_baz)'

#   Failed test 'exit with 0'
#   at t/command_which.t line 22.
#          got: '255'
#     expected: '0'
# [cmd]
# foo which autobot
# [err]
# Moo version 2.002004 required--this is only version 2.001001 at /home/bar/perl5/perlbrew/perls/perl-5.20.3/lib/site_perl/5.20.3/BSON.pm line 18.
# BEGIN failed--compilation aborted at /home/bar/perl5/perlbrew/perls/perl-5.20.3/lib/site_perl/5.20.3/BSON.pm line 18.
# Compilation failed in require at /home/bar/perl5/perlbrew/perls/perl-5.20.3/lib/site_perl/5.20.3/Clustericious/Coder/BSON.pm line 5.
# BEGIN failed--compilation aborted at /home/bar/perl5/perlbrew/perls/perl-5.20.3/lib/site_perl/5.20.3/Clustericious/Coder/BSON.pm line 5.
# Compilation failed in require at /cpan_build/bar/Clustericious-1.22-0/blib/lib/Clustericious/Plugin/AutodataHandler.pm line 45.

#   Failed test 'output matches'
#   at t/command_which.t line 22.
#                   ''
#     doesn't match '(?^:name:\s*autobot)'

#   Failed test 'output matches'
#   at t/command_which.t line 22.
#                   ''
#     doesn't match '(?^:type:\s*controller method)'

#   Failed test 'exit with 0'
#   at t/command_which.t line 28.
#          got: '255'
#     expected: '0'
# [cmd]
# foo which _baz
# [err]
# Moo version 2.002004 required--this is only version 2.001001 at /home/bar/perl5/perlbrew/perls/perl-5.20.3/lib/site_perl/5.20.3/BSON.pm line 18.
# BEGIN failed--compilation aborted at /home/bar/perl5/perlbrew/perls/perl-5.20.3/lib/site_perl/5.20.3/BSON.pm line 18.
# Compilation failed in require at /home/bar/perl5/perlbrew/perls/perl-5.20.3/lib/site_perl/5.20.3/Clustericious/Coder/BSON.pm line 5.
# BEGIN failed--compilation aborted at /home/bar/perl5/perlbrew/perls/perl-5.20.3/lib/site_perl/5.20.3/Clustericious/Coder/BSON.pm line 5.
# Compilation failed in require at /cpan_build/bar/Clustericious-1.22-0/blib/lib/Clustericious/Plugin/AutodataHandler.pm line 45.

#   Failed test 'output matches'
#   at t/command_which.t line 28.
#                   ''
#     doesn't match '(?^:name:\s*_baz)'

#   Failed test 'output matches'
#   at t/command_which.t line 28.
#                   ''
#     doesn't match '(?^:type:\s*app method)'

#   Failed test 'exit with 1'
#   at t/command_which.t line 34.
#          got: '255'
#     expected: '1'
# [cmd]
# foo which
# [err]
# Moo version 2.002004 required--this is only version 2.001001 at /home/bar/perl5/perlbrew/perls/perl-5.20.3/lib/site_perl/5.20.3/BSON.pm line 18.
# BEGIN failed--compilation aborted at /home/bar/perl5/perlbrew/perls/perl-5.20.3/lib/site_perl/5.20.3/BSON.pm line 18.
# Compilation failed in require at /home/bar/perl5/perlbrew/perls/perl-5.20.3/lib/site_perl/5.20.3/Clustericious/Coder/BSON.pm line 5.
# BEGIN failed--compilation aborted at /home/bar/perl5/perlbrew/perls/perl-5.20.3/lib/site_perl/5.20.3/Clustericious/Coder/BSON.pm line 5.
# Compilation failed in require at /cpan_build/bar/Clustericious-1.22-0/blib/lib/Clustericious/Plugin/AutodataHandler.pm line 45.

#   Failed test 'error matches'
#   at t/command_which.t line 34.
#                   'Moo version 2.002004 required--this is only version 2.001001 at /home/bar/perl5/perlbrew/perls/perl-5.20.3/lib/site_perl/5.20.3/BSON.pm line 18.
# BEGIN failed--compilation aborted at /home/bar/perl5/perlbrew/perls/perl-5.20.3/lib/site_perl/5.20.3/BSON.pm line 18.
# Compilation failed in require at /home/bar/perl5/perlbrew/perls/perl-5.20.3/lib/site_perl/5.20.3/Clustericious/Coder/BSON.pm line 5.
# BEGIN failed--compilation aborted at /home/bar/perl5/perlbrew/perls/perl-5.20.3/lib/site_perl/5.20.3/Clustericious/Coder/BSON.pm line 5.
# Compilation failed in require at /cpan_build/bar/Clustericious-1.22-0/blib/lib/Clustericious/Plugin/AutodataHandler.pm line 45.
# '
#     doesn't match '(?^:no method specified)'

#   Failed test 'exit with 2'
#   at t/command_which.t line 39.
#          got: '255'
#     expected: '2'
# [cmd]
# foo which bogus
# [err]
# Moo version 2.002004 required--this is only version 2.001001 at /home/bar/perl5/perlbrew/perls/perl-5.20.3/lib/site_perl/5.20.3/BSON.pm line 18.
# BEGIN failed--compilation aborted at /home/bar/perl5/perlbrew/perls/perl-5.20.3/lib/site_perl/5.20.3/BSON.pm line 18.
# Compilation failed in require at /home/bar/perl5/perlbrew/perls/perl-5.20.3/lib/site_perl/5.20.3/Clustericious/Coder/BSON.pm line 5.
# BEGIN failed--compilation aborted at /home/bar/perl5/perlbrew/perls/perl-5.20.3/lib/site_perl/5.20.3/Clustericious/Coder/BSON.pm line 5.
# Compilation failed in require at /cpan_build/bar/Clustericious-1.22-0/blib/lib/Clustericious/Plugin/AutodataHandler.pm line 45.

#   Failed test 'error matches'
#   at t/command_which.t line 39.
#                   'Moo version 2.002004 required--this is only version 2.001001 at /home/bar/perl5/perlbrew/perls/perl-5.20.3/lib/site_perl/5.20.3/BSON.pm line 18.
# BEGIN failed--compilation aborted at /home/bar/perl5/perlbrew/perls/perl-5.20.3/lib/site_perl/5.20.3/BSON.pm line 18.
# Compilation failed in require at /home/bar/perl5/perlbrew/perls/perl-5.20.3/lib/site_perl/5.20.3/Clustericious/Coder/BSON.pm line 5.
# BEGIN failed--compilation aborted at /home/bar/perl5/perlbrew/perls/perl-5.20.3/lib/site_perl/5.20.3/Clustericious/Coder/BSON.pm line 5.
# Compilation failed in require at /cpan_build/bar/Clustericious-1.22-0/blib/lib/Clustericious/Plugin/AutodataHandler.pm line 45.
# '
#     doesn't match '(?^:No such method or helper: bogus)'
# Looks like you failed 16 tests of 23.
t/command_which.t ..................... 
Dubious, test returned 16 (wstat 4096, 0x1000)
Failed 16/23 subtests 
t/config_callback.t ................... ok
t/config_colen.t ...................... ok
t/config_config.t ..................... ok
t/config_config_multi.t ............... ok
t/config_data.t ....................... ok
t/config_default.t .................... ok
Subroutine JSON::PP::Boolean::(0+ redefined at /home/bar/perl5/perlbrew/perls/perl-5.20.3/lib/5.20.3/overload.pm line 50.
Subroutine JSON::PP::Boolean::(++ redefined at /home/bar/perl5/perlbrew/perls/perl-5.20.3/lib/5.20.3/overload.pm line 50.
Subroutine JSON::PP::Boolean::(-- redefined at /home/bar/perl5/perlbrew/perls/perl-5.20.3/lib/5.20.3/overload.pm line 50.
Moo version 2.002004 required--this is only version 2.001001 at /home/bar/perl5/perlbrew/perls/perl-5.20.3/lib/site_perl/5.20.3/BSON.pm line 18.
BEGIN failed--compilation aborted at /home/bar/perl5/perlbrew/perls/perl-5.20.3/lib/site_perl/5.20.3/BSON.pm line 18.
Compilation failed in require at /home/bar/perl5/perlbrew/perls/perl-5.20.3/lib/site_perl/5.20.3/Clustericious/Coder/BSON.pm line 5.
BEGIN failed--compilation aborted at /home/bar/perl5/perlbrew/perls/perl-5.20.3/lib/site_perl/5.20.3/Clustericious/Coder/BSON.pm line 5.
Compilation failed in require at /cpan_build/bar/Clustericious-1.22-0/blib/lib/Clustericious/Plugin/AutodataHandler.pm line 45.
# Looks like your test exited with 255 just after 1.
t/config_default_start_mode.t ......... 
Dubious, test returned 255 (wstat 65280, 0xff00)
Failed 4/5 subtests 
Subroutine JSON::PP::Boolean::(-- redefined at /home/bar/perl5/perlbrew/perls/perl-5.20.3/lib/5.20.3/overload.pm line 50.
Subroutine JSON::PP::Boolean::(++ redefined at /home/bar/perl5/perlbrew/perls/perl-5.20.3/lib/5.20.3/overload.pm line 50.
Subroutine JSON::PP::Boolean::(0+ redefined at /home/bar/perl5/perlbrew/perls/perl-5.20.3/lib/5.20.3/overload.pm line 50.

#   Failed test 'string start mod edoes not crash'
#   at t/config_default_start_mode2.t line 21.
#          got: 'Moo version 2.002004 required--this is only version 2.001001 at /home/bar/perl5/perlbrew/perls/perl-5.20.3/lib/site_perl/5.20.3/BSON.pm line 18.
# BEGIN failed--compilation aborted at /home/bar/perl5/perlbrew/perls/perl-5.20.3/lib/site_perl/5.20.3/BSON.pm line 18.
# Compilation failed in require at /home/bar/perl5/perlbrew/perls/perl-5.20.3/lib/site_perl/5.20.3/Clustericious/Coder/BSON.pm line 5.
# BEGIN failed--compilation aborted at /home/bar/perl5/perlbrew/perls/perl-5.20.3/lib/site_perl/5.20.3/Clustericious/Coder/BSON.pm line 5.
# Compilation failed in require at /cpan_build/bar/Clustericious-1.22-0/blib/lib/Clustericious/Plugin/AutodataHandler.pm line 45.
# '
#     expected: ''
# Looks like you failed 1 test of 2.
t/config_default_start_mode2.t ........ 
Dubious, test returned 1 (wstat 256, 0x100)
Failed 1/2 subtests 
t/config_helper.t ..................... ok
t/config_helper_get_passwd.t .......... ok
t/config_home.t ....................... ok
t/config_hostname.t ................... ok
t/config_json.t ....................... ok
t/config_namespace.t .................. ok
t/config_pathclass.t .................. ok
t/config_pollute.t .................... ok
t/config_special.t .................... ok
t/config_test_clustericious_config.t .. ok
t/config_with_filename.t .............. ok
t/config_yaml.t ....................... ok
t/config_yaml2.t ...................... ok

#   Failed test 'created cluster'
#   at t/hello_world.t line 12.
# exception: Clustericious::HelloWorld: Moo version 2.002004 required--this is only version 2.001001 at /home/bar/perl5/perlbrew/perls/perl-5.20.3/lib/site_perl/5.20.3/BSON.pm line 18.
# BEGIN failed--compilation aborted at /home/bar/perl5/perlbrew/perls/perl-5.20.3/lib/site_perl/5.20.3/BSON.pm line 18.
# Compilation failed in require at /home/bar/perl5/perlbrew/perls/perl-5.20.3/lib/site_perl/5.20.3/Clustericious/Coder/BSON.pm line 5.
# BEGIN failed--compilation aborted at /home/bar/perl5/perlbrew/perls/perl-5.20.3/lib/site_perl/5.20.3/Clustericious/Coder/BSON.pm line 5.
# Compilation failed in require at /cpan_build/bar/Clustericious-1.22-0/blib/lib/Clustericious/Plugin/AutodataHandler.pm line 45.
    # Socket is not connected

    #   Failed test 'GET http://127.0.0.1:3575/'
    #   at t/hello_world.t line 20.

    #   Failed test '200 OK'
    #   at t/hello_world.t line 20.
    #          got: undef
    #     expected: '200'

    #   Failed test 'exact match for content'
    #   at t/hello_world.t line 20.
    #          got: ''
    #     expected: 'Hello, world'
    # Looks like you failed 3 tests of 3.

#   Failed test '/'
#   at t/hello_world.t line 24.
        # Socket is not connected

        #   Failed test 'GET http://127.0.0.1:3575/status'
        #   at t/hello_world.t line 31.

        #   Failed test '200 OK'
        #   at t/hello_world.t line 31.
        #          got: undef
        #     expected: '200'
        # Looks like you planned 4 tests but ran 3.
        # Looks like you failed 2 tests of 3 run.

    #   Failed test 'json'
    #   at t/hello_world.t line 35.
    # Looks like you planned 2 tests but ran 1.
    # Looks like you failed 1 test of 1 run.

#   Failed test '/status'
#   at t/hello_world.t line 45.
malformed JSON string, neither tag, array, object, number, string or atom, at character offset 0 (before "(end of string)") at t/hello_world.t line 34.
# detailed log
# [24308 I 5ms] /cpan_build/bar/Clustericious-1.22-0/blib/lib/Clustericious/Log.pm:72 Initialized logger
# [24308 I 5ms] /cpan_build/bar/Clustericious-1.22-0/blib/lib/Clustericious/Log.pm:73 Log config found : /tmp/jlxx4opbrT/my_home/etc/log4perl.conf
# [24308 T 48ms] /cpan_build/bar/Clustericious-1.22-0/blib/lib/Clustericious/Config.pm:84 could not find Clustericious-HelloWorld file.
# Looks like your test exited with 255 just after 3.
t/hello_world.t ....................... 
Dubious, test returned 255 (wstat 65280, 0xff00)
Failed 5/5 subtests 
t/log.t ............................... ok
t/log_commandline.t ................... ok
t/log_commandline_warning.t ........... ok

#   Failed test 'created cluster'
#   at t/plugin_autodatahandler.t line 8.
# exception: SomeService: Moo version 2.002004 required--this is only version 2.001001 at /home/bar/perl5/perlbrew/perls/perl-5.20.3/lib/site_perl/5.20.3/BSON.pm line 18.
# BEGIN failed--compilation aborted at /home/bar/perl5/perlbrew/perls/perl-5.20.3/lib/site_perl/5.20.3/BSON.pm line 18.
# Compilation failed in require at /home/bar/perl5/perlbrew/perls/perl-5.20.3/lib/site_perl/5.20.3/Clustericious/Coder/BSON.pm line 5.
# BEGIN failed--compilation aborted at /home/bar/perl5/perlbrew/perls/perl-5.20.3/lib/site_perl/5.20.3/Clustericious/Coder/BSON.pm line 5.
# Compilation failed in require at /cpan_build/bar/Clustericious-1.22-0/blib/lib/Clustericious/Plugin/AutodataHandler.pm line 45.
Mojo::Reactor::EV: I/O watcher failed: Can't call method "build_tx" on an undefined value at /home/bar/perl5/perlbrew/perls/perl-5.20.3/lib/site_perl/5.20.3/Mojo/Server.pm line 23, <DATA> line 1.
# Premature connection close

#   Failed test 'POST /my_table'
#   at t/plugin_autodatahandler.t line 11.

#   Failed test 'got 200'
#   at t/plugin_autodatahandler.t line 11.
#          got: undef
#     expected: '200'

#   Failed test 'Content-Type: application/json'
#   at t/plugin_autodatahandler.t line 11.
#          got: undef
#     expected: 'application/json'

#   Failed test 'got structure back'
#   at t/plugin_autodatahandler.t line 11.
#     Structures begin differing at:
#          $got = undef
#     $expected = HASH(0xc654c724bc8)
Mojo::Reactor::EV: I/O watcher failed: Can't call method "build_tx" on an undefined value at /home/bar/perl5/perlbrew/perls/perl-5.20.3/lib/site_perl/5.20.3/Mojo/Server.pm line 23, <DATA> line 1.
# Premature connection close

#   Failed test 'GET /my_table/foo'
#   at t/plugin_autodatahandler.t line 16.

#   Failed test 'got 200'
#   at t/plugin_autodatahandler.t line 16.
#          got: undef
#     expected: '200'

#   Failed test 'Content-Type: application/json'
#   at t/plugin_autodatahandler.t line 16.
#          got: undef
#     expected: 'application/json'

#   Failed test 'got structure back in JSON'
#   at t/plugin_autodatahandler.t line 16.
#     Structures begin differing at:
#          $got = undef
#     $expected = HASH(0xc64ca617790)
Mojo::Reactor::EV: I/O watcher failed: Can't call method "build_tx" on an undefined value at /home/bar/perl5/perlbrew/perls/perl-5.20.3/lib/site_perl/5.20.3/Mojo/Server.pm line 23, <DATA> line 1.
# Premature connection close

#   Failed test 'GET /my_table/foo'
#   at t/plugin_autodatahandler.t line 22.

#   Failed test 'got 200'
#   at t/plugin_autodatahandler.t line 22.
#          got: undef
#     expected: '200'

#   Failed test 'Content-Type: application/json'
#   at t/plugin_autodatahandler.t line 22.
#          got: undef
#     expected: 'application/json'

#   Failed test 'got structure back in JSON'
#   at t/plugin_autodatahandler.t line 22.
#     Structures begin differing at:
#          $got = undef
#     $expected = HASH(0xc657a398b50)
Mojo::Reactor::EV: I/O watcher failed: Can't call method "build_tx" on an undefined value at /home/bar/perl5/perlbrew/perls/perl-5.20.3/lib/site_perl/5.20.3/Mojo/Server.pm line 23, <DATA> line 1.
# Premature connection close

#   Failed test 'GET /my_table/foo'
#   at t/plugin_autodatahandler.t line 28.

#   Failed test 'got 200'
#   at t/plugin_autodatahandler.t line 28.
#          got: undef
#     expected: '200'

#   Failed test 'Content-Type: application/json'
#   at t/plugin_autodatahandler.t line 28.
#          got: undef
#     expected: 'application/json'

#   Failed test 'got structure back in JSON'
#   at t/plugin_autodatahandler.t line 28.
#     Structures begin differing at:
#          $got = undef
#     $expected = HASH(0xc649522cb80)
Mojo::Reactor::EV: I/O watcher failed: Can't call method "build_tx" on an undefined value at /home/bar/perl5/perlbrew/perls/perl-5.20.3/lib/site_perl/5.20.3/Mojo/Server.pm line 23, <DATA> line 1.
# Premature connection close

#   Failed test 'GET /my_table/foo'
#   at t/plugin_autodatahandler.t line 34.

#   Failed test 'got 200'
#   at t/plugin_autodatahandler.t line 34.
#          got: undef
#     expected: '200'

#   Failed test 'Content-Type: text/x-yaml'
#   at t/plugin_autodatahandler.t line 34.
#          got: undef
#     expected: 'text/x-yaml'

#   Failed test 'got structure back in YAML'
#   at t/plugin_autodatahandler.t line 34.
#          got: ''
#     expected: '---
# foo: bar
# '
Mojo::Reactor::EV: I/O watcher failed: Can't call method "build_tx" on an undefined value at /home/bar/perl5/perlbrew/perls/perl-5.20.3/lib/site_perl/5.20.3/Mojo/Server.pm line 23, <DATA> line 1.
# Premature connection close

#   Failed test 'GET /my_table/foo'
#   at t/plugin_autodatahandler.t line 40.

#   Failed test 'got 200'
#   at t/plugin_autodatahandler.t line 40.
#          got: undef
#     expected: '200'

#   Failed test 'Content-Type: text/x-yaml'
#   at t/plugin_autodatahandler.t line 40.
#          got: undef
#     expected: 'text/x-yaml'

#   Failed test 'got structure back in YAML'
#   at t/plugin_autodatahandler.t line 40.
#          got: ''
#     expected: '---
# foo: bar
# '
Mojo::Reactor::EV: I/O watcher failed: Can't call method "build_tx" on an undefined value at /home/bar/perl5/perlbrew/perls/perl-5.20.3/lib/site_perl/5.20.3/Mojo/Server.pm line 23, <DATA> line 1.
# Premature connection close

#   Failed test 'POST /my_table'
#   at t/plugin_autodatahandler.t line 46.

#   Failed test 'got 200'
#   at t/plugin_autodatahandler.t line 46.
#          got: undef
#     expected: '200'

#   Failed test 'Content-Type: application/json'
#   at t/plugin_autodatahandler.t line 46.
#          got: undef
#     expected: 'application/json'

#   Failed test 'got structure back'
#   at t/plugin_autodatahandler.t line 46.
#     Structures begin differing at:
#          $got = undef
#     $expected = HASH(0xc64a07ef280)
Mojo::Reactor::EV: I/O watcher failed: Can't call method "build_tx" on an undefined value at /home/bar/perl5/perlbrew/perls/perl-5.20.3/lib/site_perl/5.20.3/Mojo/Server.pm line 23, <DATA> line 1.
# Premature connection close

#   Failed test 'POST /my_table'
#   at t/plugin_autodatahandler.t line 54.

#   Failed test 'got 200'
#   at t/plugin_autodatahandler.t line 54.
#          got: undef
#     expected: '200'

#   Failed test 'Content-Type: application/json'
#   at t/plugin_autodatahandler.t line 54.
#          got: undef
#     expected: 'application/json'

#   Failed test 'got structure back'
#   at t/plugin_autodatahandler.t line 54.
#     Structures begin differing at:
#          $got = undef
#     $expected = HASH(0xc64a07efc10)
Mojo::Reactor::EV: I/O watcher failed: Can't call method "build_tx" on an undefined value at /home/bar/perl5/perlbrew/perls/perl-5.20.3/lib/site_perl/5.20.3/Mojo/Server.pm line 23, <DATA> line 1.
# Premature connection close

#   Failed test 'GET /my_table/foo'
#   at t/plugin_autodatahandler.t line 62.

#   Failed test 'got 200'
#   at t/plugin_autodatahandler.t line 62.
#          got: undef
#     expected: '200'

#   Failed test 'Content-Type: text/x-yaml'
#   at t/plugin_autodatahandler.t line 62.
#          got: undef
#     expected: 'text/x-yaml'

#   Failed test 'got structure back in YAML'
#   at t/plugin_autodatahandler.t line 62.
#          got: ''
#     expected: '---
# foo: bar
# '
Mojo::Reactor::EV: I/O watcher failed: Can't call method "build_tx" on an undefined value at /home/bar/perl5/perlbrew/perls/perl-5.20.3/lib/site_perl/5.20.3/Mojo/Server.pm line 23, <DATA> line 1.
# Premature connection close

#   Failed test 'POST /my_table'
#   at t/plugin_autodatahandler.t line 68.

#   Failed test 'got 200'
#   at t/plugin_autodatahandler.t line 68.
#          got: undef
#     expected: '200'

#   Failed test 'Content-Type: application/json'
#   at t/plugin_autodatahandler.t line 68.
#          got: undef
#     expected: 'application/json'

#   Failed test 'got structure back'
#   at t/plugin_autodatahandler.t line 68.
#     Structures begin differing at:
#          $got = undef
#     $expected = HASH(0xc64a07efa60)
Mojo::Reactor::EV: I/O watcher failed: Can't call method "build_tx" on an undefined value at /home/bar/perl5/perlbrew/perls/perl-5.20.3/lib/site_perl/5.20.3/Mojo/Server.pm line 23, <DATA> line 1.
# Premature connection close

#   Failed test 'GET /my_table/foo'
#   at t/plugin_autodatahandler.t line 76.

#   Failed test 'got 200'
#   at t/plugin_autodatahandler.t line 76.
#          got: undef
#     expected: '200'

#   Failed test 'Content-Type: application/json'
#   at t/plugin_autodatahandler.t line 76.
#          got: undef
#     expected: 'application/json'

#   Failed test 'got structure back'
#   at t/plugin_autodatahandler.t line 76.
#     Structures begin differing at:
#          $got = undef
#     $expected = HASH(0xc64a07ef8b0)
Mojo::Reactor::EV: I/O watcher failed: Can't call method "build_tx" on an undefined value at /home/bar/perl5/perlbrew/perls/perl-5.20.3/lib/site_perl/5.20.3/Mojo/Server.pm line 23, <DATA> line 1.
# Premature connection close

#   Failed test 'GET /whatever'
#   at t/plugin_autodatahandler.t line 83.

#   Failed test '200 OK'
#   at t/plugin_autodatahandler.t line 83.
#          got: undef
#     expected: '200'

#   Failed test 'exact match for JSON Pointer ""'
#   at t/plugin_autodatahandler.t line 83.
#     Structures begin differing at:
#          $got = undef
#     $expected = HASH(0xc649522c9b8)
Mojo::Reactor::EV: I/O watcher failed: Can't call method "build_tx" on an undefined value at /home/bar/perl5/perlbrew/perls/perl-5.20.3/lib/site_perl/5.20.3/Mojo/Server.pm line 23, <DATA> line 1.
# Premature connection close

#   Failed test 'GET /whatever.yml'
#   at t/plugin_autodatahandler.t line 87.

#   Failed test '200 OK'
#   at t/plugin_autodatahandler.t line 87.
#          got: undef
#     expected: '200'

#   Failed test at t/plugin_autodatahandler.t line 90.
#     Structures begin differing at:
#          $got = HASH(0xc649522c9b8)
#     $expected = 'yml matches'
Mojo::Reactor::EV: I/O watcher failed: Can't call method "build_tx" on an undefined value at /home/bar/perl5/perlbrew/perls/perl-5.20.3/lib/site_perl/5.20.3/Mojo/Server.pm line 23, <DATA> line 1.
# Premature connection close

#   Failed test 'GET /whatever.unknown'
#   at t/plugin_autodatahandler.t line 92.

#   Failed test '200 OK'
#   at t/plugin_autodatahandler.t line 92.
#          got: undef
#     expected: '200'

#   Failed test 'exact match for JSON Pointer ""'
#   at t/plugin_autodatahandler.t line 92.
#     Structures begin differing at:
#          $got = undef
#     $expected = HASH(0xc649522c9b8)
# detailed log
# [32648 I 4ms] /cpan_build/bar/Clustericious-1.22-0/blib/lib/Clustericious/Log.pm:72 Initialized logger
# [32648 I 5ms] /cpan_build/bar/Clustericious-1.22-0/blib/lib/Clustericious/Log.pm:73 Log config found : /tmp/HSnCNbe9FF/my_home/etc/log4perl.conf
# [32648 T 40ms] /cpan_build/bar/Clustericious-1.22-0/blib/lib/Clustericious/Config.pm:84 could not find SomeService file.
# Looks like you failed 54 tests of 54.
t/plugin_autodatahandler.t ............ 
Dubious, test returned 54 (wstat 13824, 0x3600)
Failed 54/54 subtests 
t/plugin_clustericioushelpers.t ....... ok
Unquoted string "point" may clash with future reserved word at /home/bar/perl5/perlbrew/perls/perl-5.20.3/bin/foo line 2.
Bareword found where operator expected at /home/bar/perl5/perlbrew/perls/perl-5.20.3/bin/foo line 3, near "draw"
	(Missing semicolon on previous line?)
Bareword found where operator expected at /home/bar/perl5/perlbrew/perls/perl-5.20.3/bin/foo line 4, near "draw"
	(Missing semicolon on previous line?)
Bareword found where operator expected at /home/bar/perl5/perlbrew/perls/perl-5.20.3/bin/foo line 5, near "total"
	(Missing semicolon on previous line?)
Unquoted string "total" may clash with future reserved word at /home/bar/perl5/perlbrew/perls/perl-5.20.3/bin/foo line 5.
Bareword found where operator expected at /home/bar/perl5/perlbrew/perls/perl-5.20.3/bin/foo line 6, near "travel"
	(Missing semicolon on previous line?)
Unquoted string "travel" may clash with future reserved word at /home/bar/perl5/perlbrew/perls/perl-5.20.3/bin/foo line 6.
Bareword found where operator expected at /home/bar/perl5/perlbrew/perls/perl-5.20.3/bin/foo line 7, near "shape"
	(Missing semicolon on previous line?)
Unquoted string "shape" may clash with future reserved word at /home/bar/perl5/perlbrew/perls/perl-5.20.3/bin/foo line 7.
Semicolon seems to be missing at /home/bar/perl5/perlbrew/perls/perl-5.20.3/bin/foo line 7.
Unquoted string "point" may clash with future reserved word at /home/bar/perl5/perlbrew/perls/perl-5.20.3/bin/foo line 9.
Bareword found where operator expected at /home/bar/perl5/perlbrew/perls/perl-5.20.3/bin/foo line 10, near "draw"
	(Missing semicolon on previous line?)
Bareword found where operator expected at /home/bar/perl5/perlbrew/perls/perl-5.20.3/bin/foo line 11, near "draw"
	(Missing semicolon on previous line?)
Bareword found where operator expected at /home/bar/perl5/perlbrew/perls/perl-5.20.3/bin/foo line 12, near "total"
	(Missing semicolon on previous line?)
Unquoted string "total" may clash with future reserved word at /home/bar/perl5/perlbrew/perls/perl-5.20.3/bin/foo line 12.
Bareword found where operator expected at /home/bar/perl5/perlbrew/perls/perl-5.20.3/bin/foo line 13, near "travel"
	(Missing semicolon on previous line?)
Unquoted string "travel" may clash with future reserved word at /home/bar/perl5/perlbrew/perls/perl-5.20.3/bin/foo line 13.
Bareword found where operator expected at /home/bar/perl5/perlbrew/perls/perl-5.20.3/bin/foo line 14, near "shape"
	(Missing semicolon on previous line?)
Unquoted string "shape" may clash with future reserved word at /home/bar/perl5/perlbrew/perls/perl-5.20.3/bin/foo line 14.
Semicolon seems to be missing at /home/bar/perl5/perlbrew/perls/perl-5.20.3/bin/foo line 14.
Unquoted string "point" may clash with future reserved word at /home/bar/perl5/perlbrew/perls/perl-5.20.3/bin/foo line 16.
Bareword found where operator expected at /home/bar/perl5/perlbrew/perls/perl-5.20.3/bin/foo line 17, near "draw"
	(Missing semicolon on previous line?)
Bareword found where operator expected at /home/bar/perl5/perlbrew/perls/perl-5.20.3/bin/foo line 18, near "draw"
	(Missing semicolon on previous line?)
Bareword found where operator expected at /home/bar/perl5/perlbrew/perls/perl-5.20.3/bin/foo line 19, near "total"
	(Missing semicolon on previous line?)
Unquoted string "total" may clash with future reserved word at /home/bar/perl5/perlbrew/perls/perl-5.20.3/bin/foo line 19.
Bareword found where operator expected at /home/bar/perl5/perlbrew/perls/perl-5.20.3/bin/foo line 20, near "travel"
	(Missing semicolon on previous line?)
Unquoted string "travel" may clash with future reserved word at /home/bar/perl5/perlbrew/perls/perl-5.20.3/bin/foo line 20.
Bareword found where operator expected at /home/bar/perl5/perlbrew/perls/perl-5.20.3/bin/foo line 21, near "shape"
	(Missing semicolon on previous line?)
Unquoted string "shape" may clash with future reserved word at /home/bar/perl5/perlbrew/perls/perl-5.20.3/bin/foo line 21.
Semicolon seems to be missing at /home/bar/perl5/perlbrew/perls/perl-5.20.3/bin/foo line 21.
Unquoted string "point" may clash with future reserved word at /home/bar/perl5/perlbrew/perls/perl-5.20.3/bin/foo line 23.
Bareword found where operator expected at /home/bar/perl5/perlbrew/perls/perl-5.20.3/bin/foo line 24, near "draw"
	(Missing semicolon on previous line?)
Bareword found where operator expected at /home/bar/perl5/perlbrew/perls/perl-5.20.3/bin/foo line 25, near "draw"
	(Missing semicolon on previous line?)
Bareword found where operator expected at /home/bar/perl5/perlbrew/perls/perl-5.20.3/bin/foo line 26, near "total"
	(Missing semicolon on previous line?)
Unquoted string "total" may clash with future reserved word at /home/bar/perl5/perlbrew/perls/perl-5.20.3/bin/foo line 26.
Bareword found where operator expected at /home/bar/perl5/perlbrew/perls/perl-5.20.3/bin/foo line 27, near "travel"
	(Missing semicolon on previous line?)
Unquoted string "travel" may clash with future reserved word at /home/bar/perl5/perlbrew/perls/perl-5.20.3/bin/foo line 27.
Bareword found where operator expected at /home/bar/perl5/perlbrew/perls/perl-5.20.3/bin/foo line 28, near "shape"
	(Missing semicolon on previous line?)
Unquoted string "shape" may clash with future reserved word at /home/bar/perl5/perlbrew/perls/perl-5.20.3/bin/foo line 28.
Unquoted string "colin" may clash with future reserved word at /home/bar/perl5/perlbrew/perls/perl-5.20.3/bin/foo line 29.
Unquoted string "squares" may clash with future reserved word at /home/bar/perl5/perlbrew/perls/perl-5.20.3/bin/foo line 29.
Bareword found where operator expected at /home/bar/perl5/perlbrew/perls/perl-5.20.3/bin/foo line 30, near "2509px"
	(Missing operator before px?)
Unquoted string "px" may clash with future reserved word at /home/bar/perl5/perlbrew/perls/perl-5.20.3/bin/foo line 30.
Number found where operator expected at /home/bar/perl5/perlbrew/perls/perl-5.20.3/bin/foo line 30, near "px 27.882"
	(Do you need to predeclare px?)
Bareword found where operator expected at /home/bar/perl5/perlbrew/perls/perl-5.20.3/bin/foo line 30, near "27.882in"
	(Missing operator before in?)
Bareword found where operator expected at /home/bar/perl5/perlbrew/perls/perl-5.20.3/bin/foo line 31, near "160px"
	(Missing operator before px?)
Unquoted string "px" may clash with future reserved word at /home/bar/perl5/perlbrew/perls/perl-5.20.3/bin/foo line 31.
Number found where operator expected at /home/bar/perl5/perlbrew/perls/perl-5.20.3/bin/foo line 31, near "px 1.778"
	(Do you need to predeclare px?)
Bareword found where operator expected at /home/bar/perl5/perlbrew/perls/perl-5.20.3/bin/foo line 31, near "1.778in"
	(Missing operator before in?)
Bareword found where operator expected at /home/bar/perl5/perlbrew/perls/perl-5.20.3/bin/foo line 32, near "2349px"
	(Missing operator before px?)
Unquoted string "px" may clash with future reserved word at /home/bar/perl5/perlbrew/perls/perl-5.20.3/bin/foo line 32.
Number found where operator expected at /home/bar/perl5/perlbrew/perls/perl-5.20.3/bin/foo line 32, near "px 26.104"
	(Do you need to predeclare px?)
Bareword found where operator expected at /home/bar/perl5/perlbrew/perls/perl-5.20.3/bin/foo line 32, near "26.104in"
	(Missing operator before in?)
Unquoted string "min" may clash with future reserved word at /home/bar/perl5/perlbrew/perls/perl-5.20.3/bin/foo line 34.
Unquoted string "max" may clash with future reserved word at /home/bar/perl5/perlbrew/perls/perl-5.20.3/bin/foo line 34.
Bareword found where operator expected at /home/bar/perl5/perlbrew/perls/perl-5.20.3/bin/foo line 34, near "9.610px"
	(Missing operator before px?)
Unquoted string "px" may clash with future reserved word at /home/bar/perl5/perlbrew/perls/perl-5.20.3/bin/foo line 34.
Bareword found where operator expected at /home/bar/perl5/perlbrew/perls/perl-5.20.3/bin/foo line 34, near "731.564px"
	(Missing operator before px?)
Unquoted string "px" may clash with future reserved word at /home/bar/perl5/perlbrew/perls/perl-5.20.3/bin/foo line 34.
Bareword found where operator expected at /home/bar/perl5/perlbrew/perls/perl-5.20.3/bin/foo line 35, near "721px"
	(Missing operator before px?)
Unquoted string "px" may clash with future reserved word at /home/bar/perl5/perlbrew/perls/perl-5.20.3/bin/foo line 35.
Number found where operator expected at /home/bar/perl5/perlbrew/perls/perl-5.20.3/bin/foo line 35, near "px 8.022"
	(Do you need to predeclare px?)
Bareword found where operator expected at /home/bar/perl5/perlbrew/perls/perl-5.20.3/bin/foo line 35, near "8.022in"
	(Missing operator before in?)
Bareword found where operator expected at /home/bar/perl5/perlbrew/perls/perl-5.20.3/bin/foo line 36, near "926px"
  (Might be a runaway multi-line :: string starting on line 35)
	(Missing operator before px?)
Unquoted string "px" may clash with future reserved word at /home/bar/perl5/perlbrew/perls/perl-5.20.3/bin/foo line 36.
Number found where operator expected at /home/bar/perl5/perlbrew/perls/perl-5.20.3/bin/foo line 36, near "px 10.300"
	(Do you need to predeclare px?)
Bareword found where operator expected at /home/bar/perl5/perlbrew/perls/perl-5.20.3/bin/foo line 36, near "10.300in"
	(Missing operator before in?)
Unquoted string "stack" may clash with future reserved word at /home/bar/perl5/perlbrew/perls/perl-5.20.3/bin/foo line 37.
Semicolon seems to be missing at /home/bar/perl5/perlbrew/perls/perl-5.20.3/bin/foo line 37.
Unquoted string "point" may clash with future reserved word at /home/bar/perl5/perlbrew/perls/perl-5.20.3/bin/foo line 39.
Bareword found where operator expected at /home/bar/perl5/perlbrew/perls/perl-5.20.3/bin/foo line 40, near "draw"
	(Missing semicolon on previous line?)
Bareword found where operator expected at /home/bar/perl5/perlbrew/perls/perl-5.20.3/bin/foo line 41, near "draw"
	(Missing semicolon on previous line?)
Bareword found where operator expected at /home/bar/perl5/perlbrew/perls/perl-5.20.3/bin/foo line 42, near "total"
	(Missing semicolon on previous line?)
Unquoted string "total" may clash with future reserved word at /home/bar/perl5/perlbrew/perls/perl-5.20.3/bin/foo line 42.
Bareword found where operator expected at /home/bar/perl5/perlbrew/perls/perl-5.20.3/bin/foo line 43, near "travel"
	(Missing semicolon on previous line?)
Unquoted string "travel" may clash with future reserved word at /home/bar/perl5/perlbrew/perls/perl-5.20.3/bin/foo line 43.
Bareword found where operator expected at /home/bar/perl5/perlbrew/perls/perl-5.20.3/bin/foo line 44, near "shape"
	(Missing semicolon on previous line?)
Unquoted string "shape" may clash with future reserved word at /home/bar/perl5/perlbrew/perls/perl-5.20.3/bin/foo line 44.
Semicolon seems to be missing at /home/bar/perl5/perlbrew/perls/perl-5.20.3/bin/foo line 44.
Unquoted string "point" may clash with future reserved word at /home/bar/perl5/perlbrew/perls/perl-5.20.3/bin/foo line 46.
Bareword found where operator expected at /home/bar/perl5/perlbrew/perls/perl-5.20.3/bin/foo line 47, near "draw"
	(Missing semicolon on previous line?)
Bareword found where operator expected at /home/bar/perl5/perlbrew/perls/perl-5.20.3/bin/foo line 48, near "draw"
	(Missing semicolon on previous line?)
Bareword found where operator expected at /home/bar/perl5/perlbrew/perls/perl-5.20.3/bin/foo line 49, near "total"
	(Missing semicolon on previous line?)
Unquoted string "total" may clash with future reserved word at /home/bar/perl5/perlbrew/perls/perl-5.20.3/bin/foo line 49.
Bareword found where operator expected at /home/bar/perl5/perlbrew/perls/perl-5.20.3/bin/foo line 50, near "travel"
	(Missing semicolon on previous line?)
Unquoted string "travel" may clash with future reserved word at /home/bar/perl5/perlbrew/perls/perl-5.20.3/bin/foo line 50.
Bareword found where operator expected at /home/bar/perl5/perlbrew/perls/perl-5.20.3/bin/foo line 51, near "shape"
	(Missing semicolon on previous line?)
Unquoted string "shape" may clash with future reserved word at /home/bar/perl5/perlbrew/perls/perl-5.20.3/bin/foo line 51.
Semicolon seems to be missing at /home/bar/perl5/perlbrew/perls/perl-5.20.3/bin/foo line 51.
Unquoted string "point" may clash with future reserved word at /home/bar/perl5/perlbrew/perls/perl-5.20.3/bin/foo line 53.
Bareword found where operator expected at /home/bar/perl5/perlbrew/perls/perl-5.20.3/bin/foo line 54, near "draw"
	(Missing semicolon on previous line?)
Bareword found where operator expected at /home/bar/perl5/perlbrew/perls/perl-5.20.3/bin/foo line 55, near "draw"
	(Missing semicolon on previous line?)
Bareword found where operator expected at /home/bar/perl5/perlbrew/perls/perl-5.20.3/bin/foo line 56, near "total"
	(Missing semicolon on previous line?)
Unquoted string "total" may clash with future reserved word at /home/bar/perl5/perlbrew/perls/perl-5.20.3/bin/foo line 56.
Bareword found where operator expected at /home/bar/perl5/perlbrew/perls/perl-5.20.3/bin/foo line 57, near "travel"
	(Missing semicolon on previous line?)
Unquoted string "travel" may clash with future reserved word at /home/bar/perl5/perlbrew/perls/perl-5.20.3/bin/foo line 57.
Bareword found where operator expected at /home/bar/perl5/perlbrew/perls/perl-5.20.3/bin/foo line 58, near "shape"
	(Missing semicolon on previous line?)
Unquoted string "shape" may clash with future reserved word at /home/bar/perl5/perlbrew/perls/perl-5.20.3/bin/foo line 58.
Semicolon seems to be missing at /home/bar/perl5/perlbrew/perls/perl-5.20.3/bin/foo line 58.
Unquoted string "point" may clash with future reserved word at /home/bar/perl5/perlbrew/perls/perl-5.20.3/bin/foo line 60.
Bareword found where operator expected at /home/bar/perl5/perlbrew/perls/perl-5.20.3/bin/foo line 61, near "draw"
	(Missing semicolon on previous line?)
Bareword found where operator expected at /home/bar/perl5/perlbrew/perls/perl-5.20.3/bin/foo line 62, near "draw"
	(Missing semicolon on previous line?)
Bareword found where operator expected at /home/bar/perl5/perlbrew/perls/perl-5.20.3/bin/foo line 63, near "total"
	(Missing semicolon on previous line?)
Unquoted string "total" may clash with future reserved word at /home/bar/perl5/perlbrew/perls/perl-5.20.3/bin/foo line 63.
Bareword found where operator expected at /home/bar/perl5/perlbrew/perls/perl-5.20.3/bin/foo line 64, near "travel"
	(Missing semicolon on previous line?)
Unquoted string "travel" may clash with future reserved word at /home/bar/perl5/perlbrew/perls/perl-5.20.3/bin/foo line 64.
Bareword found where operator expected at /home/bar/perl5/perlbrew/perls/perl-5.20.3/bin/foo line 65, near "shape"
	(Missing semicolon on previous line?)
Unquoted string "shape" may clash with future reserved word at /home/bar/perl5/perlbrew/perls/perl-5.20.3/bin/foo line 65.
Unquoted string "colin" may clash with future reserved word at /home/bar/perl5/perlbrew/perls/perl-5.20.3/bin/foo line 66.
Unquoted string "squares" may clash with future reserved word at /home/bar/perl5/perlbrew/perls/perl-5.20.3/bin/foo line 66.
Bareword found where operator expected at /home/bar/perl5/perlbrew/perls/perl-5.20.3/bin/foo line 67, near "2518px"
	(Missing operator before px?)
Unquoted string "px" may clash with future reserved word at /home/bar/perl5/perlbrew/perls/perl-5.20.3/bin/foo line 67.
Number found where operator expected at /home/bar/perl5/perlbrew/perls/perl-5.20.3/bin/foo line 67, near "px 27.973"
	(Do you need to predeclare px?)
Bareword found where operator expected at /home/bar/perl5/perlbrew/perls/perl-5.20.3/bin/foo line 67, near "27.973in"
	(Missing operator before in?)
Bareword found where operator expected at /home/bar/perl5/perlbrew/perls/perl-5.20.3/bin/foo line 68, near "160px"
	(Missing operator before px?)
Unquoted string "px" may clash with future reserved word at /home/bar/perl5/perlbrew/perls/perl-5.20.3/bin/foo line 68.
Number found where operator expected at /home/bar/perl5/perlbrew/perls/perl-5.20.3/bin/foo line 68, near "px 1.778"
	(Do you need to predeclare px?)
Bareword found where operator expected at /home/bar/perl5/perlbrew/perls/perl-5.20.3/bin/foo line 68, near "1.778in"
	(Missing operator before in?)
Bareword found where operator expected at /home/bar/perl5/perlbrew/perls/perl-5.20.3/bin/foo line 69, near "2358px"
	(Missing operator before px?)
Unquoted string "px" may clash with future reserved word at /home/bar/perl5/perlbrew/perls/perl-5.20.3/bin/foo line 69.
Number found where operator expected at /home/bar/perl5/perlbrew/perls/perl-5.20.3/bin/foo line 69, near "px 26.196"
	(Do you need to predeclare px?)
Bareword found where operator expected at /home/bar/perl5/perlbrew/perls/perl-5.20.3/bin/foo line 69, near "26.196in"
	(Missing operator before in?)
Unquoted string "min" may clash with future reserved word at /home/bar/perl5/perlbrew/perls/perl-5.20.3/bin/foo line 71.
Unquoted string "max" may clash with future reserved word at /home/bar/perl5/perlbrew/perls/perl-5.20.3/bin/foo line 71.
Bareword found where operator expected at /home/bar/perl5/perlbrew/perls/perl-5.20.3/bin/foo line 71, near "9.610px"
	(Missing operator before px?)
Unquoted string "px" may clash with future reserved word at /home/bar/perl5/perlbrew/perls/perl-5.20.3/bin/foo line 71.
Bareword found where operator expected at /home/bar/perl5/perlbrew/perls/perl-5.20.3/bin/foo line 71, near "731.564px"
	(Missing operator before px?)
Unquoted string "px" may clash with future reserved word at /home/bar/perl5/perlbrew/perls/perl-5.20.3/bin/foo line 71.
Bareword found where operator expected at /home/bar/perl5/perlbrew/perls/perl-5.20.3/bin/foo line 72, near "721px"
	(Missing operator before px?)
Unquoted string "px" may clash with future reserved word at /home/bar/perl5/perlbrew/perls/perl-5.20.3/bin/foo line 72.
Number found where operator expected at /home/bar/perl5/perlbrew/perls/perl-5.20.3/bin/foo line 72, near "px 8.022"
	(Do you need to predeclare px?)
Bareword found where operator expected at /home/bar/perl5/perlbrew/perls/perl-5.20.3/bin/foo line 72, near "8.022in"
	(Missing operator before in?)
Bareword found where operator expected at /home/bar/perl5/perlbrew/perls/perl-5.20.3/bin/foo line 73, near "926px"
  (Might be a runaway multi-line :: string starting on line 72)
	(Missing operator before px?)
Unquoted string "px" may clash with future reserved word at /home/bar/perl5/perlbrew/perls/perl-5.20.3/bin/foo line 73.
Number found where operator expected at /home/bar/perl5/perlbrew/perls/perl-5.20.3/bin/foo line 73, near "px 10.291"
	(Do you need to predeclare px?)
Bareword found where operator expected at /home/bar/perl5/perlbrew/perls/perl-5.20.3/bin/foo line 73, near "10.291in"
	(Missing operator before in?)
Unquoted string "in" may clash with future reserved word at /home/bar/perl5/perlbrew/perls/perl-5.20.3/bin/foo line 74.
Number found where operator expected at /home/bar/perl5/perlbrew/perls/perl-5.20.3/bin/foo line 74, near "in 0.004633"
	(Do you need to predeclare in?)
Bareword found where operator expected at /home/bar/perl5/perlbrew/perls/perl-5.20.3/bin/foo line 74, near "0.004633 seconds"
	(Missing operator before seconds?)
Unquoted string "seconds" may clash with future reserved word at /home/bar/perl5/perlbrew/perls/perl-5.20.3/bin/foo line 74.

#   Failed test 'created cluster'
#   at t/plugin_commonroutes.t line 13.
# exception: foo: Moo version 2.002004 required--this is only version 2.001001 at /home/bar/perl5/perlbrew/perls/perl-5.20.3/lib/site_perl/5.20.3/BSON.pm line 18.
# BEGIN failed--compilation aborted at /home/bar/perl5/perlbrew/perls/perl-5.20.3/lib/site_perl/5.20.3/BSON.pm line 18.
# Compilation failed in require at /home/bar/perl5/perlbrew/perls/perl-5.20.3/lib/site_perl/5.20.3/Clustericious/Coder/BSON.pm line 5.
# BEGIN failed--compilation aborted at /home/bar/perl5/perlbrew/perls/perl-5.20.3/lib/site_perl/5.20.3/Clustericious/Coder/BSON.pm line 5.
# Compilation failed in require at /cpan_build/bar/Clustericious-1.22-0/blib/lib/Clustericious/Plugin/AutodataHandler.pm line 45.
# exception: foo: syntax error at /home/bar/perl5/perlbrew/perls/perl-5.20.3/bin/foo line 2, near "point:"
# exception: foo: Can't locate foo.pm in @INC (you may need to install the foo module) (@INC contains: /tmp/eQMixAnaBF/my_home/lib CODE(0x4596dd565f8) /cpan_build/bar/Clustericious-1.22-0/blib/lib /cpan_build/bar/Clustericious-1.22-0/blib/arch /cpan_build/bar/Clustericious-1.22-0/lib /home/bar/perl5/perlbrew/perls/perl-5.20.3/lib/site_perl/5.20.3/OpenBSD.amd64-openbsd /home/bar/perl5/perlbrew/perls/perl-5.20.3/lib/site_perl/5.20.3 /home/bar/perl5/perlbrew/perls/perl-5.20.3/lib/5.20.3/OpenBSD.amd64-openbsd /home/bar/perl5/perlbrew/perls/perl-5.20.3/lib/5.20.3 .) at (eval 101) line 2.
# BEGIN failed--compilation aborted at (eval 101) line 2.
# exception: Bar: Attempt to reload Clustericious/Coder/BSON.pm aborted.
# Compilation failed in require at /cpan_build/bar/Clustericious-1.22-0/blib/lib/Clustericious/Plugin/AutodataHandler.pm line 45.
    # Socket is not connected

    #   Failed test 'GET http://127.0.0.1:46684/version'
    #   at t/plugin_commonroutes.t line 20.

    #   Failed test '200 OK'
    #   at t/plugin_commonroutes.t line 20.
    #          got: undef
    #     expected: '200'

    #   Failed test 'exact match for JSON Pointer "/0"'
    #   at t/plugin_commonroutes.t line 20.
    #          got: undef
    #     expected: '1.23'
    # Socket is not connected

    #   Failed test 'GET http://127.0.0.1:19879/version'
    #   at t/plugin_commonroutes.t line 24.

    #   Failed test '200 OK'
    #   at t/plugin_commonroutes.t line 24.
    #          got: undef
    #     expected: '200'

    #   Failed test 'exact match for JSON Pointer "/0"'
    #   at t/plugin_commonroutes.t line 24.
    #          got: undef
    #     expected: '4.56'
    # Looks like you failed 6 tests of 6.

#   Failed test '/version'
#   at t/plugin_commonroutes.t line 27.
    # Socket is not connected

    #   Failed test 'GET http://127.0.0.1:46684/status'
    #   at t/plugin_commonroutes.t line 32.

    #   Failed test '200 OK'
    #   at t/plugin_commonroutes.t line 32.
    #          got: undef
    #     expected: '200'

    #   Failed test 'exact match for JSON Pointer "/app_name"'
    #   at t/plugin_commonroutes.t line 32.
    #          got: undef
    #     expected: 'Bar'

    #   Failed test 'exact match for JSON Pointer "/server_hostname"'
    #   at t/plugin_commonroutes.t line 32.
    #          got: undef
    #     expected: 'figment.wdlabs.com'

    #   Failed test 'exact match for JSON Pointer "/server_version"'
    #   at t/plugin_commonroutes.t line 32.
    #          got: undef
    #     expected: '1.23'
    # Looks like you planned 12 tests but ran 5.
    # Looks like you failed 5 tests of 5 run.

#   Failed test '/status'
#   at t/plugin_commonroutes.t line 59.
Can't use an undefined value as a HASH reference at t/plugin_commonroutes.t line 38.
# Looks like your test exited with 255 just after 3.
t/plugin_commonroutes.t ............... 
Dubious, test returned 255 (wstat 65280, 0xff00)
Failed 4/4 subtests 
t/plugin_commonroutes_api_table.t ..... skipped: requires Rose::Planter 0.34 and DBD::SQLite:

    #   Failed test 'created cluster'
    #   at t/plugin_plugauth.t line 24.
    # exception: SomeService: Moo version 2.002004 required--this is only version 2.001001 at /home/bar/perl5/perlbrew/perls/perl-5.20.3/lib/site_perl/5.20.3/BSON.pm line 18.
    # BEGIN failed--compilation aborted at /home/bar/perl5/perlbrew/perls/perl-5.20.3/lib/site_perl/5.20.3/BSON.pm line 18.
    # Compilation failed in require at /home/bar/perl5/perlbrew/perls/perl-5.20.3/lib/site_perl/5.20.3/Clustericious/Coder/BSON.pm line 5.
    # BEGIN failed--compilation aborted at /home/bar/perl5/perlbrew/perls/perl-5.20.3/lib/site_perl/5.20.3/Clustericious/Coder/BSON.pm line 5.
    # Compilation failed in require at /cpan_build/bar/Clustericious-1.22-0/blib/lib/Clustericious/Plugin/AutodataHandler.pm line 45.
    # Looks like you failed 1 test of 2.

#   Failed test 'prep'
#   at t/plugin_plugauth.t line 29.
Can't call method "ua" on an undefined value at t/plugin_plugauth.t line 32, <DATA> line 1.
# detailed log
# [31307 I 3ms] /cpan_build/bar/Clustericious-1.22-0/blib/lib/Clustericious/Log.pm:72 Initialized logger
# [31307 I 4ms] /cpan_build/bar/Clustericious-1.22-0/blib/lib/Clustericious/Log.pm:73 Log config found : /tmp/7srXCSmGRK/my_home/etc/log4perl.conf
# [31307 T 34ms] /cpan_build/bar/Clustericious-1.22-0/blib/lib/Clustericious/Config.pm:90 reading from config file /tmp/7srXCSmGRK/my_home/etc/SomeService.conf
# Tests were run but no plan was declared and done_testing() was not seen.
# Looks like your test exited with 255 just after 1.
t/plugin_plugauth.t ................... 
Dubious, test returned 255 (wstat 65280, 0xff00)
Failed 1/1 subtests 
Moo version 2.002004 required--this is only version 2.001001 at /home/bar/perl5/perlbrew/perls/perl-5.20.3/lib/site_perl/5.20.3/BSON.pm line 18, <DATA> line 1.
BEGIN failed--compilation aborted at /home/bar/perl5/perlbrew/perls/perl-5.20.3/lib/site_perl/5.20.3/BSON.pm line 18, <DATA> line 1.
Compilation failed in require at /home/bar/perl5/perlbrew/perls/perl-5.20.3/lib/site_perl/5.20.3/Clustericious/Coder/BSON.pm line 5, <DATA> line 1.
BEGIN failed--compilation aborted at /home/bar/perl5/perlbrew/perls/perl-5.20.3/lib/site_perl/5.20.3/Clustericious/Coder/BSON.pm line 5, <DATA> line 1.
Compilation failed in require at /cpan_build/bar/Clustericious-1.22-0/blib/lib/Clustericious/Plugin/AutodataHandler.pm line 45, <DATA> line 1.
# Looks like your test exited with 255 before it could output anything.
t/util_default_url.t .................. 
Dubious, test returned 255 (wstat 65280, 0xff00)
Failed 1/1 subtests 
t/util_dist_dir.t ..................... ok
t/util_generate_port.t ................ ok
t/util_slurp_pid.t .................... ok
t2/test_clustericious_config.t ........ ok
    # ERROR this should not appear
    # ERROR this should
    # ERROR main error
    # FATAL main fatal
    # ERROR main error
    # FATAL main fatal
    # ERROR message1
    # ERROR message2
    # ERROR PLATYPUS-42
    # ERROR PLATYPUS-47
t2/test_clustericious_log.t ........... ok

Test Summary Report
-------------------
t/app.t                             (Wstat: 65280 Tests: 22 Failed: 20)
  Failed tests:  1-18, 21-22
  Non-zero exit status: 255
  Parse errors: Bad plan.  You planned 33 tests but ran 22.
t/app_alt_route_builder.t           (Wstat: 1792 Tests: 7 Failed: 7)
  Failed tests:  1-7
  Non-zero exit status: 7
t/app_auth.t                        (Wstat: 1024 Tests: 4 Failed: 4)
  Failed tests:  1-4
  Non-zero exit status: 4
t/app_auth_websocket.t              (Wstat: 3840 Tests: 18 Failed: 15)
  Failed tests:  2-8, 10-17
  Non-zero exit status: 15
t/app_bad_config.t                  (Wstat: 256 Tests: 1 Failed: 1)
  Failed test:  1
  Non-zero exit status: 1
t/app_client.t                      (Wstat: 65280 Tests: 2 Failed: 2)
  Failed tests:  1-2
  Non-zero exit status: 255
  Parse errors: Bad plan.  You planned 4 tests but ran 2.
t/app_crud.t                        (Wstat: 2048 Tests: 8 Failed: 8)
  Failed tests:  1-8
  Non-zero exit status: 8
t/app_multiple.t                    (Wstat: 14592 Tests: 2 Failed: 2)
  Failed tests:  1-2
  Non-zero exit status: 57
  Parse errors: Bad plan.  You planned 5 tests but ran 2.
t/app_null.t                        (Wstat: 256 Tests: 1 Failed: 1)
  Failed test:  1
  Non-zero exit status: 1
t/app_null_config.t                 (Wstat: 1024 Tests: 4 Failed: 4)
  Failed tests:  1-4
  Non-zero exit status: 4
t/app_plugin_search_order.t         (Wstat: 1536 Tests: 6 Failed: 6)
  Failed tests:  1-6
  Non-zero exit status: 6
t/app_subreq.t                      (Wstat: 1024 Tests: 4 Failed: 4)
  Failed tests:  1-4
  Non-zero exit status: 4
t/client.t                          (Wstat: 1280 Tests: 12 Failed: 5)
  Failed tests:  1, 3-5, 9
  Non-zero exit status: 5
t/client_user_agent_string.t        (Wstat: 512 Tests: 2 Failed: 2)
  Failed tests:  1-2
  Non-zero exit status: 2
t/cluster_basic.t                   (Wstat: 512 Tests: 2 Failed: 2)
  Failed tests:  1-2
  Non-zero exit status: 2
t/cluster_render_exception.t        (Wstat: 512 Tests: 2 Failed: 2)
  Failed tests:  1-2
  Non-zero exit status: 2
t/cluster_render_not_found.t        (Wstat: 512 Tests: 2 Failed: 2)
  Failed tests:  1-2
  Non-zero exit status: 2
t/command_configdebug.t             (Wstat: 3584 Tests: 18 Failed: 14)
  Failed tests:  2-6, 8-12, 14-15, 17-18
  Non-zero exit status: 14
t/command_configdump.t              (Wstat: 1792 Tests: 12 Failed: 7)
  Failed tests:  2, 4, 6, 8-9, 11-12
  Non-zero exit status: 7
t/command_configpath.t              (Wstat: 65280 Tests: 3 Failed: 2)
  Failed tests:  2-3
  Non-zero exit status: 255
t/command_configtest.t              (Wstat: 768 Tests: 5 Failed: 3)
  Failed tests:  2-3, 5
  Non-zero exit status: 3
t/command_daemon.t                  (Wstat: 65280 Tests: 2 Failed: 1)
  Failed test:  2
  Non-zero exit status: 255
  Parse errors: Bad plan.  You planned 3 tests but ran 2.
t/command_generate.t                (Wstat: 512 Tests: 2 Failed: 2)
  Failed tests:  1-2
  Non-zero exit status: 2
t/command_morbo.t                   (Wstat: 65280 Tests: 2 Failed: 1)
  Failed test:  2
  Non-zero exit status: 255
  Parse errors: Bad plan.  You planned 4 tests but ran 2.
t/command_which.t                   (Wstat: 4096 Tests: 23 Failed: 16)
  Failed tests:  2-5, 8-9, 11-13, 15-17, 19-20, 22-23
  Non-zero exit status: 16
t/config_default_start_mode.t       (Wstat: 65280 Tests: 1 Failed: 0)
  Non-zero exit status: 255
  Parse errors: Bad plan.  You planned 5 tests but ran 1.
t/config_default_start_mode2.t      (Wstat: 256 Tests: 2 Failed: 1)
  Failed test:  2
  Non-zero exit status: 1
t/hello_world.t                     (Wstat: 65280 Tests: 3 Failed: 3)
  Failed tests:  1-3
  Non-zero exit status: 255
  Parse errors: Bad plan.  You planned 5 tests but ran 3.
t/plugin_autodatahandler.t          (Wstat: 13824 Tests: 54 Failed: 54)
  Failed tests:  1-54
  Non-zero exit status: 54
t/plugin_commonroutes.t             (Wstat: 65280 Tests: 3 Failed: 3)
  Failed tests:  1-3
  Non-zero exit status: 255
  Parse errors: Bad plan.  You planned 4 tests but ran 3.
t/plugin_plugauth.t                 (Wstat: 65280 Tests: 1 Failed: 1)
  Failed test:  1
  Non-zero exit status: 255
  Parse errors: No plan found in TAP output
t/util_default_url.t                (Wstat: 65280 Tests: 0 Failed: 0)
  Non-zero exit status: 255
  Parse errors: Bad plan.  You planned 1 tests but ran 0.
Files=75, Tests=568, 537 wallclock secs ( 0.36 usr  0.95 sys + 67.35 cusr 57.82 csys = 126.48 CPU)
Result: FAIL
Failed 32/75 test programs. 195/568 subtests failed.
*** Error 255 in /cpan_build/bar/Clustericious-1.22-0 (Makefile:970 'test_dynamic')

------------------------------
PREREQUISITES
------------------------------

Prerequisite modules loaded:

requires:

    Module                       Need     Have    
    ---------------------------- -------- --------
    autodie                      0        2.26    
    Capture::Tiny                0        0.44    
    Data::Rmap                   0        0.64    
    DateTime::Format::DateParse  0        0.05    
    DateTime::Format::ISO8601    0        0.08    
    File::HomeDir                0.91     1.00    
    File::ReadBackwards          0        1.05    
    File::ShareDir               0        1.102   
    File::Which                  0        1.21    
    Hash::Merge                  0        0.200   
    JSON::MaybeXS                0        1.003008
    List::MoreUtils              0        0.416   
    Log::Log4perl                0        1.48    
    Log::Log4perl::Appender::TAP 0.02     0.03    
    Mojolicious                  6.00     7.10    
    MojoX::Log::Log4perl         0        0.11    
    Path::Class                  0.26     0.37    
    perl                         5.010001 5.020003
    PerlX::Maybe                 0.003    1.001   
    Sub::Exporter                0        0.987   
    Sub::Identify                0.05     0.12    
    Term::Prompt                 0        1.04    
    YAML::XS                     0        0.63    

build_requires:

    Module                       Need     Have    
    ---------------------------- -------- --------
    ExtUtils::MakeMaker          0        7.24    
    File::chdir                  0        0.1011  
    PlugAuth::Lite               0        0.33    
    Test::Clustericious::Cluster 0.31     0.33    
    Test::More                   0.94     1.302062
    Test::Script                 1.10     1.12    
    Test::Warn                   0        0.30    

configure_requires:

    Module                       Need     Have    
    ---------------------------- -------- --------
    ExtUtils::MakeMaker          0        7.24    
    File::ShareDir::Install      0.06     0.11    
    perl                         5.010001 5.020003

opt_requires:

    Module                       Need     Have    
    ---------------------------- -------- --------
    Cpanel::JSON::XS             0        3.0223  
    EV                           0        4.22    
    PerlX::Maybe::XS             0        1.001   


------------------------------
ENVIRONMENT AND OTHER CONTEXT
------------------------------

Environment variables:

    AUTOMATED_TESTING = 1
    PATH = /home/bar/bin:/home/bar/perl5/perlbrew/bin:/home/bar/perl5/perlbrew/perls/perl-5.20.3/bin:/usr/bin:/bin:/usr/sbin:/sbin:/usr/X11R6/bin:/usr/local/bin:/usr/local/sbin
    PERL5LIB = 
    PERL5OPT = 
    PERL5_CPANPLUS_IS_RUNNING = 12144
    PERL5_CPAN_IS_RUNNING = 12144
    PERL5_CPAN_IS_RUNNING_IN_RECURSION = 2365,12144
    PERLBREW_BASHRC_VERSION = 0.76
    PERLBREW_HOME = /home/bar/.perlbrew
    PERLBREW_MANPATH = /home/bar/perl5/perlbrew/perls/perl-5.20.3/man
    PERLBREW_PATH = /home/bar/perl5/perlbrew/bin:/home/bar/perl5/perlbrew/perls/perl-5.20.3/bin
    PERLBREW_PERL = perl-5.20.3
    PERLBREW_ROOT = /home/bar/perl5/perlbrew
    PERLBREW_VERSION = 0.76
    PERL_CR_SMOKER_CURRENT = Clustericious-1.22
    PERL_EXTUTILS_AUTOINSTALL = --defaultdeps
    PERL_MM_USE_DEFAULT = 1
    SHELL = /usr/local/bin/bash
    TERM = vt220

Perl special variables (and OS-specific diagnostics, for MSWin32):

    $^X = /home/bar/perl5/perlbrew/perls/perl-5.20.3/bin/perl
    $UID/$EUID = 1002 / 1002
    $GID = 1002 1002
    $EGID = 1002 1002

Perl module toolchain versions installed:

    Module              Have    
    ------------------- --------
    CPAN                2.14    
    CPAN::Meta          2.150010
    Cwd                 3.62    
    ExtUtils::CBuilder  0.280224
    ExtUtils::Command   7.24    
    ExtUtils::Install   2.04    
    ExtUtils::MakeMaker 7.24    
    ExtUtils::Manifest  1.70    
    ExtUtils::ParseXS   3.30    
    File::Spec          3.62    
    JSON                2.90    
    JSON::PP            2.27400 
    Module::Build       0.4220  
    Module::Signature   n/a     
    Parse::CPAN::Meta   2.150010
    Test::Harness       3.36    
    Test::More          1.302062
    YAML                1.19    
    YAML::Syck          1.29    
    version             0.9912  


--

Summary of my perl5 (revision 5 version 20 subversion 3) configuration:
   
  Platform:
    osname=openbsd, osvers=5.9, archname=OpenBSD.amd64-openbsd
    uname='openbsd baiacu.spo.virtua.com.br 5.9 generic.mp#1888 amd64 '
    config_args='-de -Dprefix=/home/bar/perl5/perlbrew/perls/perl-5.20.3 -Aeval:scriptdir=/home/bar/perl5/perlbrew/perls/perl-5.20.3/bin'
    hint=recommended, useposix=true, d_sigaction=define
    useithreads=undef, usemultiplicity=undef
    use64bitint=define, use64bitall=define, uselongdouble=undef
    usemymalloc=n, bincompat5005=undef
  Compiler:
    cc='cc', ccflags ='-fno-strict-aliasing -pipe -fstack-protector -I/usr/local/include',
    optimize='-O2',
    cppflags='-fno-strict-aliasing -pipe -fstack-protector -I/usr/local/include'
    ccversion='', gccversion='4.2.1 20070719 ', gccosandvers='openbsd5.9'
    intsize=4, longsize=8, ptrsize=8, doublesize=8, byteorder=12345678
    d_longlong=define, longlongsize=8, d_longdbl=define, longdblsize=16
    ivtype='long', ivsize=8, nvtype='double', nvsize=8, Off_t='off_t', lseeksize=8
    alignbytes=8, prototype=define
  Linker and Libraries:
    ld='cc', ldflags ='-Wl,-E  -fstack-protector -L/usr/local/lib'
    libpth=/usr/lib /usr/local/lib
    libs=-lpthread -lm -lutil -lc
    perllibs=-lpthread -lm -lutil -lc
    libc=/usr/lib/libc.so.84.2, so=so, useshrplib=false, libperl=libperl.a
    gnulibc_version=''
  Dynamic Linking:
    dlsrc=dl_dlopen.xs, dlext=so, d_dlsymun=undef, ccdlflags=' '
    cccdlflags='-DPIC -fPIC ', lddlflags='-shared -fPIC  -L/usr/local/lib -fstack-protector'


Characteristics of this binary (from libperl): 
  Compile-time options: HAS_TIMES PERLIO_LAYERS PERL_DONT_CREATE_GVSV
                        PERL_HASH_FUNC_ONE_AT_A_TIME_HARD PERL_MALLOC_WRAP
                        PERL_NEW_COPY_ON_WRITE PERL_PRESERVE_IVUV
                        USE_64_BIT_ALL USE_64_BIT_INT USE_LARGE_FILES
                        USE_LOCALE USE_LOCALE_COLLATE USE_LOCALE_CTYPE
                        USE_LOCALE_NUMERIC USE_PERLIO USE_PERL_ATOF
  Locally applied patches:
	Devel::PatchPerl 1.38
  Built under openbsd
  Compiled at Sep 12 2016 22:30:16
  %ENV:
    PERL5LIB=""
    PERL5OPT=""
    PERL5_CPANPLUS_IS_RUNNING="12144"
    PERL5_CPAN_IS_RUNNING="12144"
    PERL5_CPAN_IS_RUNNING_IN_RECURSION="2365,12144"
    PERLBREW_BASHRC_VERSION="0.76"
    PERLBREW_HOME="/home/bar/.perlbrew"
    PERLBREW_MANPATH="/home/bar/perl5/perlbrew/perls/perl-5.20.3/man"
    PERLBREW_PATH="/home/bar/perl5/perlbrew/bin:/home/bar/perl5/perlbrew/perls/perl-5.20.3/bin"
    PERLBREW_PERL="perl-5.20.3"
    PERLBREW_ROOT="/home/bar/perl5/perlbrew"
    PERLBREW_VERSION="0.76"
    PERL_CR_SMOKER_CURRENT="Clustericious-1.22"
    PERL_EXTUTILS_AUTOINSTALL="--defaultdeps"
    PERL_MM_USE_DEFAULT="1"
  @INC:
    /home/bar/perl5/perlbrew/perls/perl-5.20.3/lib/site_perl/5.20.3/OpenBSD.amd64-openbsd
    /home/bar/perl5/perlbrew/perls/perl-5.20.3/lib/site_perl/5.20.3
    /home/bar/perl5/perlbrew/perls/perl-5.20.3/lib/5.20.3/OpenBSD.amd64-openbsd
    /home/bar/perl5/perlbrew/perls/perl-5.20.3/lib/5.20.3
    .