Report for WebService-Lob-0.0107

Back
From: metabase:user:314402c4-2aae-11df-837a-5e0a49663a4f
Subject: FAIL WebService-Lob-0.0107 v5.25.7 GNU/Linux
Date: 2016-11-24T16:09:09Z

This distribution has been tested as part of the CPAN Testers
project, supporting the Perl programming language.  See
http://wiki.cpantesters.org/ for more information or email
questions to cpan-testers-discuss@perl.org


--
Dear Ali Anari,

This is a computer-generated report for WebService-Lob-0.0107
on perl 5.25.7, created by CPAN-Reporter-1.2018.

Thank you for uploading your work to CPAN.  However, there was a problem
testing your distribution.

If you think this report is invalid, please consult the CPAN Testers Wiki
for suggestions on how to avoid getting FAIL reports for missing library
or binary dependencies, unsupported operating systems, and so on:

http://wiki.cpantesters.org/wiki/CPANAuthorNotes

Sections of this report:

    * Tester comments
    * Program output
    * Prerequisites
    * Environment and other context

------------------------------
TESTER COMMENTS
------------------------------

Additional comments from tester:

none provided

------------------------------
PROGRAM OUTPUT
------------------------------

Output from '/usr/bin/make test':

PERL_DL_NONLAZY=1 "/bbbike/perl-5.25.7/bin/perl5.25.7" "-MExtUtils::Command::MM" "-MTest::Harness" "-e" "undef *Test::Harness::Switches; test_harness(0, 'blib/lib', 'blib/arch')" t/*.t
t/00-basic.t ............ ok
t/00-compile.t .......... ok
t/01-resources.t ........ ok
Any::Moose is deprecated. Please use Moo instead at /opt/perl-5.25.7/lib/site_perl/5.25.7/Method/Signatures.pm line 1147.

    #   Failed test 'failed correctly on missing parameter: address_city'
    #   at t/02-verify.t line 20.
    #                   'HTTP/1.1 404 Not Found
    # Cache-Control: no-cache
    # Connection: Close
    # Date: Thu, 24 Nov 2016 16:08:15 GMT
    # Vary: origin
    # Content-Length: 91
    # Content-Type: application/json; charset=utf-8
    # Client-Date: Thu, 24 Nov 2016 16:07:56 GMT
    # Client-Peer: 35.160.42.83:443
    # Client-Response-Num: 1
    # Client-SSL-Cert-Issuer: /C=US/O=DigiCert Inc/CN=DigiCert SHA2 Secure Server CA
    # Client-SSL-Cert-Subject: /C=US/ST=California/L=San Francisco/O=Lob.com, Inc/CN=*.lob.com
    # Client-SSL-Cipher: ECDHE-RSA-AES128-GCM-SHA256
    # Client-SSL-Socket-Class: IO::Socket::SSL
    # Rate-Limit-Limit: 150
    # Rate-Limit-Remaining: 149
    # Rate-Limit-Window: 5
    # X-Rate-Limit-Limit: 150
    # X-Rate-Limit-Remaining: 149
    # X-Rate-Limit-Reset: 1480003699
    # 
    # {
    #     "error": {
    #         "message": "address not found",
    #         "status_code": 404
    #     }
    # }
    # '
    #     doesn't match '(?^:address_city must be a string)'

    #   Failed test 'failed correctly on missing parameter: address_line1'
    #   at t/02-verify.t line 20.
    #                   'HTTP/1.1 404 Not Found
    # Cache-Control: no-cache
    # Connection: Close
    # Date: Thu, 24 Nov 2016 16:08:16 GMT
    # Vary: origin
    # Content-Length: 91
    # Content-Type: application/json; charset=utf-8
    # Client-Date: Thu, 24 Nov 2016 16:07:57 GMT
    # Client-Peer: 35.160.42.83:443
    # Client-Response-Num: 1
    # Client-SSL-Cert-Issuer: /C=US/O=DigiCert Inc/CN=DigiCert SHA2 Secure Server CA
    # Client-SSL-Cert-Subject: /C=US/ST=California/L=San Francisco/O=Lob.com, Inc/CN=*.lob.com
    # Client-SSL-Cipher: ECDHE-RSA-AES128-GCM-SHA256
    # Client-SSL-Socket-Class: IO::Socket::SSL
    # Rate-Limit-Limit: 150
    # Rate-Limit-Remaining: 148
    # Rate-Limit-Window: 5
    # X-Rate-Limit-Limit: 150
    # X-Rate-Limit-Remaining: 148
    # X-Rate-Limit-Reset: 1480003699
    # 
    # {
    #     "error": {
    #         "message": "address not found",
    #         "status_code": 404
    #     }
    # }
    # '
    #     doesn't match '(?^:address_line1 must be a string)'

    #   Failed test 'failed correctly on missing parameter: address_state'
    #   at t/02-verify.t line 20.
    #                   'HTTP/1.1 404 Not Found
    # Cache-Control: no-cache
    # Connection: Close
    # Date: Thu, 24 Nov 2016 16:08:16 GMT
    # Vary: origin
    # Content-Length: 91
    # Content-Type: application/json; charset=utf-8
    # Client-Date: Thu, 24 Nov 2016 16:07:58 GMT
    # Client-Peer: 52.88.235.150:443
    # Client-Response-Num: 1
    # Client-SSL-Cert-Issuer: /C=US/O=DigiCert Inc/CN=DigiCert SHA2 Secure Server CA
    # Client-SSL-Cert-Subject: /C=US/ST=California/L=San Francisco/O=Lob.com, Inc/CN=*.lob.com
    # Client-SSL-Cipher: ECDHE-RSA-AES128-GCM-SHA256
    # Client-SSL-Socket-Class: IO::Socket::SSL
    # Rate-Limit-Limit: 150
    # Rate-Limit-Remaining: 147
    # Rate-Limit-Window: 5
    # X-Rate-Limit-Limit: 150
    # X-Rate-Limit-Remaining: 147
    # X-Rate-Limit-Reset: 1480003699
    # 
    # {
    #     "error": {
    #         "message": "address not found",
    #         "status_code": 404
    #     }
    # }
    # '
    #     doesn't match '(?^:address_state must be a string)'

    #   Failed test 'failed correctly on missing parameter: address_country'
    #   at t/02-verify.t line 20.
    #                   'HTTP/1.1 404 Not Found
    # Cache-Control: no-cache
    # Connection: Close
    # Date: Thu, 24 Nov 2016 16:08:17 GMT
    # Vary: origin
    # Content-Length: 91
    # Content-Type: application/json; charset=utf-8
    # Client-Date: Thu, 24 Nov 2016 16:07:59 GMT
    # Client-Peer: 35.160.42.83:443
    # Client-Response-Num: 1
    # Client-SSL-Cert-Issuer: /C=US/O=DigiCert Inc/CN=DigiCert SHA2 Secure Server CA
    # Client-SSL-Cert-Subject: /C=US/ST=California/L=San Francisco/O=Lob.com, Inc/CN=*.lob.com
    # Client-SSL-Cipher: ECDHE-RSA-AES128-GCM-SHA256
    # Client-SSL-Socket-Class: IO::Socket::SSL
    # Rate-Limit-Limit: 150
    # Rate-Limit-Remaining: 146
    # Rate-Limit-Window: 5
    # X-Rate-Limit-Limit: 150
    # X-Rate-Limit-Remaining: 146
    # X-Rate-Limit-Reset: 1480003699
    # 
    # {
    #     "error": {
    #         "message": "address not found",
    #         "status_code": 404
    #     }
    # }
    # '
    #     doesn't match '(?^:address_country must be a string)'

    #   Failed test 'failed correctly on missing parameter: address_zip'
    #   at t/02-verify.t line 20.
    #                   'HTTP/1.1 404 Not Found
    # Cache-Control: no-cache
    # Connection: Close
    # Date: Thu, 24 Nov 2016 16:08:18 GMT
    # Vary: origin
    # Content-Length: 91
    # Content-Type: application/json; charset=utf-8
    # Client-Date: Thu, 24 Nov 2016 16:08:00 GMT
    # Client-Peer: 52.88.235.150:443
    # Client-Response-Num: 1
    # Client-SSL-Cert-Issuer: /C=US/O=DigiCert Inc/CN=DigiCert SHA2 Secure Server CA
    # Client-SSL-Cert-Subject: /C=US/ST=California/L=San Francisco/O=Lob.com, Inc/CN=*.lob.com
    # Client-SSL-Cipher: ECDHE-RSA-AES128-GCM-SHA256
    # Client-SSL-Socket-Class: IO::Socket::SSL
    # Rate-Limit-Limit: 150
    # Rate-Limit-Remaining: 145
    # Rate-Limit-Window: 5
    # X-Rate-Limit-Limit: 150
    # X-Rate-Limit-Remaining: 145
    # X-Rate-Limit-Reset: 1480003699
    # 
    # {
    #     "error": {
    #         "message": "address not found",
    #         "status_code": 404
    #     }
    # }
    # '
    #     doesn't match '(?^:address_zip must be a string)'
    # Looks like you failed 5 tests of 5.

#   Failed test 'Testing verify_address parameter errors'
#   at t/02-verify.t line 23.

    #   Failed test 'An object of class 'HTTP::Response__WITH__HTTP::Response::Stringable' isa 'WebService::Lob::Exception::AddressNotFound''
    #   at t/02-verify.t line 32.
    #     The object of class 'HTTP::Response__WITH__HTTP::Response::Stringable' isn't a 'WebService::Lob::Exception::AddressNotFound'
    # Looks like you failed 1 test of 2.

#   Failed test 'Testing verify_address address errors'
#   at t/02-verify.t line 41.

#   Failed test 'no (unexpected) warnings (via done_testing)'
#   at t/02-verify.t line 84.
# Looks like you failed 3 tests of 4.
t/02-verify.t ........... 
Dubious, test returned 3 (wstat 768, 0x300)
Failed 3/4 subtests 
t/release-pod-syntax.t .. skipped: these tests are for release candidate testing

Test Summary Report
-------------------
t/02-verify.t         (Wstat: 768 Tests: 4 Failed: 3)
  Failed tests:  1-2, 4
  Non-zero exit status: 3
Files=5, Tests=12, 12 wallclock secs ( 0.04 usr  0.03 sys +  1.38 cusr  0.28 csys =  1.73 CPU)
Result: FAIL
Failed 1/5 test programs. 3/12 subtests failed.
Makefile:886: recipe for target 'test_dynamic' failed
make: *** [test_dynamic] Error 255

------------------------------
PREREQUISITES
------------------------------

Prerequisite modules loaded:

requires:

    Module                     Need     Have    
    -------------------------- -------- --------
    aliased                    0        0.34    
    Method::Signatures         0        20160315
    Moo                        1.006000 2.002005
    Throwable::Error           0        0.200013
    WebService::BaseClientRole 0.0004   0.0008  
    WebService::Client         0        0.0501  

build_requires:

    Module                     Need     Have    
    -------------------------- -------- --------
    Exporter                   0        5.72    
    ExtUtils::MakeMaker        0        7.24    
    File::Spec                 0        3.62    
    IO::Handle                 0        1.36    
    IPC::Open3                 0        1.20    
    Memoize                    0        1.03_01 
    Storable                   0        2.51    
    strict                     0        1.11    
    Test::Modern               0        0.013   
    Test::More                 0        1.302062
    warnings                   0        1.37    

configure_requires:

    Module                     Need     Have    
    -------------------------- -------- --------
    ExtUtils::MakeMaker        0        7.24    


------------------------------
ENVIRONMENT AND OTHER CONTEXT
------------------------------

Environment variables:

    LANG = C
    LC_ALL = de_DE.UTF-8
    PATH = /usr/local/bin:/usr/bin:/bin:/usr/local/sbin:/usr/sbin:/sbin:/home/cpansand/bin/linux-gnu:/home/cpansand/bin/sh:/home/cpansand/bin:/usr/games:/home/cpansand/devel:/home/eserte/src/srezic-misc/scripts
    PERL5LIB = 
    PERL5OPT = 
    PERL5_CPANPLUS_IS_RUNNING = 22576
    PERL5_CPAN_IS_RUNNING = 22576
    PERL5_CPAN_IS_RUNNING_IN_RECURSION = 29911,22576
    PERLDOC = -MPod::Perldoc::ToTextOverstrike
    PERL_BATCH = yes
    PERL_CANARY_STABILITY_NOPROMPT = 1
    PERL_CPAN_REPORTER_CONFIG = /run/user/1023/cpansmoker/2016112406/cpanreporter_001_config.ini
    PERL_EXTUTILS_AUTOINSTALL = --defaultdeps
    PERL_PARALLEL_SMOKER = yes
    PERL_USE_UNSAFE_INC = 1
    SHELL = /bin/zsh
    TERM = screen
    TMPDIR = /run/user/1023/cpansmoker/2016112406

Perl special variables (and OS-specific diagnostics, for MSWin32):

    $^X = /bbbike/perl-5.25.7/bin/perl5.25.7
    $UID/$EUID = 1023 / 1023
    $GID = 1023 1023
    $EGID = 1023 1023

Perl module toolchain versions installed:

    Module              Have    
    ------------------- --------
    CPAN                2.14    
    CPAN::Meta          2.150010
    Cwd                 3.62    
    ExtUtils::CBuilder  0.280224
    ExtUtils::Command   7.24    
    ExtUtils::Install   2.04    
    ExtUtils::MakeMaker 7.24    
    ExtUtils::Manifest  1.70    
    ExtUtils::ParseXS   3.30    
    File::Spec          3.62    
    JSON                2.90    
    JSON::PP            2.27400 
    Module::Build       0.4220  
    Module::Signature   0.81    
    Parse::CPAN::Meta   2.150010
    Test::Harness       3.36    
    Test::More          1.302062
    YAML                1.19    
    YAML::Syck          1.29    
    version             0.9917  


--

Summary of my perl5 (revision 5 version 25 subversion 7) configuration:
   
  Platform:
    osname=linux
    osvers=3.16.0-4-amd64
    archname=x86_64-linux
    uname='linux eserte 3.16.0-4-amd64 #1 smp debian 3.16.36-1+deb8u2 (2016-10-19) x86_64 gnulinux '
    config_args='-ds -e -Dprefix=/opt/perl-5.25.7 -Dusedevel -Dusemallocwrap=no -Dcf_email=srezic@cpan.org'
    hint=recommended
    useposix=true
    d_sigaction=define
    useithreads=undef
    usemultiplicity=undef
    use64bitint=define
    use64bitall=define
    uselongdouble=undef
    usemymalloc=n
    bincompat5005=undef
  Compiler:
    cc='cc'
    ccflags ='-fwrapv -fno-strict-aliasing -pipe -fstack-protector-strong -I/usr/local/include -D_LARGEFILE_SOURCE -D_FILE_OFFSET_BITS=64 -D_FORTIFY_SOURCE=2'
    optimize='-O2'
    cppflags='-fwrapv -fno-strict-aliasing -pipe -fstack-protector-strong -I/usr/local/include'
    ccversion=''
    gccversion='4.9.2'
    gccosandvers=''
    intsize=4
    longsize=8
    ptrsize=8
    doublesize=8
    byteorder=12345678
    doublekind=3
    d_longlong=define
    longlongsize=8
    d_longdbl=define
    longdblsize=16
    longdblkind=3
    ivtype='long'
    ivsize=8
    nvtype='double'
    nvsize=8
    Off_t='off_t'
    lseeksize=8
    alignbytes=8
    prototype=define
  Linker and Libraries:
    ld='cc'
    ldflags =' -fstack-protector-strong -L/usr/local/lib'
    libpth=/usr/local/lib /usr/lib/gcc/x86_64-linux-gnu/4.9/include-fixed /usr/include/x86_64-linux-gnu /usr/lib /lib/x86_64-linux-gnu /lib/../lib /usr/lib/x86_64-linux-gnu /usr/lib/../lib /lib
    libs=-lpthread -lnsl -lgdbm -ldb -ldl -lm -lcrypt -lutil -lc -lgdbm_compat
    perllibs=-lpthread -lnsl -ldl -lm -lcrypt -lutil -lc
    libc=libc-2.19.so
    so=so
    useshrplib=false
    libperl=libperl.a
    gnulibc_version='2.19'
  Dynamic Linking:
    dlsrc=dl_dlopen.xs
    dlext=so
    d_dlsymun=undef
    ccdlflags='-Wl,-E'
    cccdlflags='-fPIC'
    lddlflags='-shared -O2 -L/usr/local/lib -fstack-protector-strong'


Characteristics of this binary (from libperl): 
  Compile-time options:
    HAS_TIMES
    PERLIO_LAYERS
    PERL_COPY_ON_WRITE
    PERL_DONT_CREATE_GVSV
    PERL_HASH_FUNC_ONE_AT_A_TIME_HARD
    PERL_OP_PARENT
    PERL_PRESERVE_IVUV
    PERL_USE_DEVEL
    USE_64_BIT_ALL
    USE_64_BIT_INT
    USE_LARGE_FILES
    USE_LOCALE
    USE_LOCALE_COLLATE
    USE_LOCALE_CTYPE
    USE_LOCALE_NUMERIC
    USE_LOCALE_TIME
    USE_PERLIO
    USE_PERL_ATOF
  Built under linux
  Compiled at Nov 20 2016 21:26:08
  %ENV:
    PERL5LIB=""
    PERL5OPT=""
    PERL5_CPANPLUS_IS_RUNNING="22576"
    PERL5_CPAN_IS_RUNNING="22576"
    PERL5_CPAN_IS_RUNNING_IN_RECURSION="29911,22576"
    PERLDOC="-MPod::Perldoc::ToTextOverstrike"
    PERL_BATCH="yes"
    PERL_CANARY_STABILITY_NOPROMPT="1"
    PERL_CPAN_REPORTER_CONFIG="/run/user/1023/cpansmoker/2016112406/cpanreporter_001_config.ini"
    PERL_EXTUTILS_AUTOINSTALL="--defaultdeps"
    PERL_PARALLEL_SMOKER="yes"
    PERL_USE_UNSAFE_INC="1"
  @INC:
    /opt/perl-5.25.7/lib/site_perl/5.25.7/x86_64-linux
    /opt/perl-5.25.7/lib/site_perl/5.25.7
    /opt/perl-5.25.7/lib/5.25.7/x86_64-linux
    /opt/perl-5.25.7/lib/5.25.7
    .