Web-Solid-Test-Basic v0.010 Perl 5 v5.24.0 MSWin32-x86-multi-thread

Status
Fail
From
Alexandr Ciornii (CHORNY)
Dist
Web-Solid-Test-Basic v0.010
Platform
Perl 5 v5.24.0 MSWin32-x86-multi-thread
Date
2020-02-25 14:29:56
ID
54d587fb-6bf8-1014-b81e-5b5672e457dd
This distribution has been tested as part of the CPAN Testers
project, supporting the Perl programming language.  See
http://wiki.cpantesters.org/ for more information or email
questions to cpan-testers-discuss@perl.org


--
Dear Kjetil Kjernsmo,

This is a computer-generated report for Web-Solid-Test-Basic-0.010
on perl 5.24.0, created by CPAN-Reporter-1.2018.

Thank you for uploading your work to CPAN.  However, there was a problem
testing your distribution.

If you think this report is invalid, please consult the CPAN Testers Wiki
for suggestions on how to avoid getting FAIL reports for missing library
or binary dependencies, unsupported operating systems, and so on:

http://wiki.cpantesters.org/wiki/CPANAuthorNotes

Sections of this report:

    * Tester comments
    * Program output
    * Prerequisites
    * Environment and other context

------------------------------
TESTER COMMENTS
------------------------------

Additional comments from tester:

this report is from an automated smoke testing program
and was not reviewed by a human for accuracy

------------------------------
PROGRAM OUTPUT
------------------------------

Output from 'C:\STRAWB~1\c\bin\dmake.exe test':

"C:\Strawberry240\perl\bin\perl.exe" "-MExtUtils::Command::MM" "-MTest::Harness" "-e" "undef *Test::Harness::Switches; test_harness(0, 'blib\lib', 'blib\arch')" t/*.t
# Testing Web::Solid::Test::Basic 0.010, Perl 5.024000, C:\Strawberry240\perl\bin\perl.exe
t/01basic.t ................. ok
The requested name is valid and was found in the database, but it does not have the correct associated data being resolved for.  at C:/Strawberry240/perl/vendor/lib/HTTP/Server/Simple.pm line 408, <DATA> line 16.
The requested name is valid and was found in the database, but it does not have the correct associated data being resolved for.  at C:/Strawberry240/perl/vendor/lib/HTTP/Server/Simple.pm line 408, <DATA> line 16.

        #   Failed test ''Location'-header matches given regular expression'
        #   at C:\STRAWB~1\cpan\build\Web-Solid-Test-Basic-0.010-0\blib\lib/Web/Solid/Test/HTTPLists.pm line 39.
        #                   undef
        #     doesn't match '(?^:(.*?sluggish/$))'
Use of uninitialized value in pattern match (m//) at C:\STRAWB~1\cpan\build\Web-Solid-Test-Basic-0.010-0\blib\lib/Web/Solid/Test/HTTPLists.pm line 40.

        #   Failed test 'Response code matches 201'
        #   at C:\STRAWB~1\cpan\build\Web-Solid-Test-Basic-0.010-0\blib\lib/Web/Solid/Test/HTTPLists.pm line 107.
        #                   '500'
        #     doesn't match '(?^:201)'
        # Looks like you failed 2 tests of 3.

    #   Failed test 'First request'
    #   at C:\STRAWB~1\cpan\build\Web-Solid-Test-Basic-0.010-0\blib\lib/Web/Solid/Test/HTTPLists.pm line 48.

        #   Failed test 'No relative URI was found in the first test'
        #   at C:\STRAWB~1\cpan\build\Web-Solid-Test-Basic-0.010-0\blib\lib/Web/Solid/Test/HTTPLists.pm line 65.
        # Looks like you failed 1 test of 1.

    #   Failed test 'Request-response #2'
    #   at C:\STRAWB~1\cpan\build\Web-Solid-Test-Basic-0.010-0\blib\lib/Web/Solid/Test/HTTPLists.pm line 75.

        #   Failed test 'No relative URI was found in the first test'
        #   at C:\STRAWB~1\cpan\build\Web-Solid-Test-Basic-0.010-0\blib\lib/Web/Solid/Test/HTTPLists.pm line 65.
        # Looks like you failed 1 test of 1.

    #   Failed test 'Request-response #3'
    #   at C:\STRAWB~1\cpan\build\Web-Solid-Test-Basic-0.010-0\blib\lib/Web/Solid/Test/HTTPLists.pm line 75.
    # Looks like you failed 3 tests of 3.

#   Failed test 'Write resource using Slug, verify presence, finally delete'
#   at C:\STRAWB~1\cpan\build\Web-Solid-Test-Basic-0.010-0\blib\lib/Web/Solid/Test/HTTPLists.pm line 77.
# Looks like you failed 1 test of 2.
t/integration-stateful.t .... 
Dubious, test returned 1 (wstat 256, 0x100)
Failed 1/2 subtests 
The requested name is valid and was found in the database, but it does not have the correct associated data being resolved for.  at C:/Strawberry240/perl/vendor/lib/HTTP/Server/Simple.pm line 408, <DATA> line 16.

        #   Failed test 'Response code matches 201|204'
        #   at C:\STRAWB~1\cpan\build\Web-Solid-Test-Basic-0.010-0\blib\lib/Web/Solid/Test/HTTPLists.pm line 107.
        #                   '500'
        #     doesn't match '(?^:201|204)'
        # Looks like you failed 1 test of 2.

    #   Failed test 'Request-response #1'
    #   at C:\STRAWB~1\cpan\build\Web-Solid-Test-Basic-0.010-0\blib\lib/Web/Solid/Test/HTTPLists.pm line 95.
The requested name is valid and was found in the database, but it does not have the correct associated data being resolved for.  at C:/Strawberry240/perl/vendor/lib/HTTP/Server/Simple.pm line 408, <DATA> line 16.
    # Looks like you failed 1 test of 2.

#   Failed test 'A simple test for PUT then GET'
#   at C:\STRAWB~1\cpan\build\Web-Solid-Test-Basic-0.010-0\blib\lib/Web/Solid/Test/HTTPLists.pm line 98.
The requested name is valid and was found in the database, but it does not have the correct associated data being resolved for.  at C:/Strawberry240/perl/vendor/lib/HTTP/Server/Simple.pm line 408, <DATA> line 16.
# Looks like you failed 1 test of 2.
t/integration-stateless.t ... 
Dubious, test returned 1 (wstat 256, 0x100)
Failed 1/2 subtests 
t/unit-get-token-network.t .. ok
t/unit-get-token.t .......... ok

Test Summary Report
-------------------
t/integration-stateful.t  (Wstat: 256 Tests: 2 Failed: 1)
  Failed test:  2
  Non-zero exit status: 1
t/integration-stateless.t (Wstat: 256 Tests: 2 Failed: 1)
  Failed test:  1
  Non-zero exit status: 1
Files=5, Tests=10, 33 wallclock secs ( 0.06 usr +  0.05 sys =  0.11 CPU)
Result: FAIL
Failed 2/5 test programs. 2/10 subtests failed.
dmake.exe:  Error code 255, while making 'test_dynamic'

------------------------------
PREREQUISITES
------------------------------

Prerequisite modules loaded:

requires:

    Module                         Need  Have    
    ------------------------------ ----- --------
    FindBin                        0     1.51    
    IO::Socket::SSL                0     2.040   
    LWP::Protocol::https           0     6.06    
    LWP::UserAgent                 0     6.15    
    parent                         0     0.236   
    perl                           5.022 5.024000
    Test::Deep                     0     1.124   
    Test::FITesque::Fixture        0     0       
    Test::FITesque::RDF            0.014 0.018   
    Test::More                     0.96  1.302073
    Test::RDF                      0     1.22    

build_requires:

    Module                         Need  Have    
    ------------------------------ ----- --------
    HTTP::Server::Simple::PSGI     0     0.16    
    Moo                            0     2.003000
    Net::EmptyPort                 0     0       
    Plack                          0     1.0042  
    Plack::Middleware::CrossOrigin 0     0.014   
    Types::Standard                0     1.000005
    URI                            0     1.71    
    Web::Simple                    0     0.032   

configure_requires:

    Module                         Need  Have    
    ------------------------------ ----- --------
    ExtUtils::MakeMaker            6.17  7.24    


------------------------------
ENVIRONMENT AND OTHER CONTEXT
------------------------------

Environment variables:

    AUTOMATED_TESTING = 1
    COMSPEC = C:\WINDOWS\system32\cmd.exe
    NUMBER_OF_PROCESSORS = 1
    PATH = C:\WINDOWS\system32;C:\WINDOWS;C:\WINDOWS\System32\Wbem;C:\Git\cmd;C:\Strawberry240\c\bin;C:\Strawberry240\perl\site\bin;C:\Strawberry240\perl\bin
    PERL5LIB = C:\STRAWB~1\cpan\build\Test-RDF-1.22-0/blib/arch;C:\STRAWB~1\cpan\build\Test-RDF-1.22-0/blib/lib;C:\STRAWB~1\cpan\build\Test-FITesque-RDF-0.018-0/blib/arch;C:\STRAWB~1\cpan\build\Test-FITesque-RDF-0.018-0/blib/lib;C:\STRAWB~1\cpan\build\Test-HTTP-LocalServer-0.71-0/blib/arch;C:\STRAWB~1\cpan\build\Test-HTTP-LocalServer-0.71-0/blib/lib;C:\STRAWB~1\cpan\build\HTTP-Daemon-6.06-0/blib/arch;C:\STRAWB~1\cpan\build\HTTP-Daemon-6.06-0/blib/lib;C:\STRAWB~1\cpan\build\RDF-NS-Curated-1.004-0/blib/arch;C:\STRAWB~1\cpan\build\RDF-NS-Curated-1.004-0/blib/lib;C:\STRAWB~1\cpan\build\Attean-0.026-0/blib/arch;C:\STRAWB~1\cpan\build\Attean-0.026-0/blib/lib;C:\STRAWB~1\cpan\build\URI-NamespaceMap-1.10-0/blib/arch;C:\STRAWB~1\cpan\build\URI-NamespaceMap-1.10-0/blib/lib;C:\STRAWB~1\cpan\build\Types-URI-0.007-0/blib/arch;C:\STRAWB~1\cpan\build\Types-URI-0.007-0/blib/lib;C:\STRAWB~1\cpan\build\Types-UUID-0.004-0/blib/arch;C:\STRAWB~1\cpan\build\Types-UUID-0.004-0/blib/lib;C:\STRAWB~1\cpan\build\MooX-Log-Any-0.004004-0/blib/arch;C:\STRAWB~1\cpan\build\MooX-Log-Any-0.004004-0/blib/lib;C:\STRAWB~1\cpan\build\Math-Cartesian-Product-1.009-0/blib/arch;C:\STRAWB~1\cpan\build\Math-Cartesian-Product-1.009-0/blib/lib;C:\STRAWB~1\cpan\build\Exporter-Tiny-1.002001-2/blib/arch;C:\STRAWB~1\cpan\build\Exporter-Tiny-1.002001-2/blib/lib;C:\STRAWB~1\cpan\build\Test-FITesque-0.04-0/blib/arch;C:\STRAWB~1\cpan\build\Test-FITesque-0.04-0/blib/lib;C:\STRAWB~1\cpan\build\Plack-Middleware-CrossOrigin-0.014-0/blib/arch;C:\STRAWB~1\cpan\build\Plack-Middleware-CrossOrigin-0.014-0/blib/lib
    PERL5OPT = 
    PERL5_CPANPLUS_IS_RUNNING = 180
    PERL5_CPAN_IS_RUNNING = 180
    PERL5_CPAN_IS_RUNNING_IN_RECURSION = 1732,180
    PERL_CR_SMOKER_CURRENT = Web-Solid-Test-Basic-0.010
    PERL_CR_SMOKER_RUNONCE = 1
    PERL_EXTUTILS_AUTOINSTALL = --defaultdeps
    PERL_HASH_SEED = 0x11111111
    PERL_MM_USE_DEFAULT = 1
    PROCESSOR_IDENTIFIER = x86 Family 16 Model 5 Stepping 3, AuthenticAMD
    TEMP = C:\DOCUME~1\a\LOCALS~1\Temp

Perl special variables (and OS-specific diagnostics, for MSWin32):

    $^X = C:\Strawberry240\perl\bin\perl.exe
    $UID/$EUID = 0 / 0
    $GID = 0
    $EGID = 0
    Win32::GetOSName = WinXP/.Net
    Win32::GetOSVersion = Service Pack 3, 5, 1, 2600, 2, 3, 0, 256, 1
    Win32::FsType = NTFS
    Win32::IsAdminUser = 1

Perl module toolchain versions installed:

    Module              Have    
    ------------------- --------
    CPAN                2.14    
    CPAN::Meta          2.150010
    Cwd                 3.63    
    ExtUtils::CBuilder  0.280225
    ExtUtils::Command   7.24    
    ExtUtils::Install   2.04    
    ExtUtils::MakeMaker 7.24    
    ExtUtils::Manifest  1.70    
    ExtUtils::ParseXS   3.31    
    File::Spec          3.63    
    JSON                2.90    
    JSON::PP            2.27400 
    Module::Build       0.4220  
    Module::Signature   0.81    
    Parse::CPAN::Meta   2.150010
    Test::Harness       3.36    
    Test::More          1.302073
    YAML                1.21    
    YAML::Syck          1.29    
    version             0.9917  


--

Summary of my perl5 (revision 5 version 24 subversion 0) configuration:
   
  Platform:
    osname=MSWin32, osvers=4.0, archname=MSWin32-x86-multi-thread
    uname='Win32 strawberry-perl 5.24.0.1-beta1 #1 Thu Dec 29 16:46:05 2016 i386'
    config_args='undef'
    hint=recommended, useposix=true, d_sigaction=undef
    useithreads=define, usemultiplicity=define
    use64bitint=undef, use64bitall=undef, uselongdouble=undef
    usemymalloc=n, bincompat5005=undef
  Compiler:
    cc='gcc', ccflags =' -s -O2 -DWIN32  -DPERL_TEXTMODE_SCRIPTS -DPERL_IMPLICIT_CONTEXT -DPERL_IMPLICIT_SYS -fwrapv -fno-strict-aliasing -mms-bitfields',
    optimize='-s -O2',
    cppflags='-DWIN32'
    ccversion='', gccversion='4.9.2', gccosandvers=''
    intsize=4, longsize=4, ptrsize=4, doublesize=8, byteorder=1234, doublekind=3
    d_longlong=define, longlongsize=8, d_longdbl=define, longdblsize=12, longdblkind=3
    ivtype='long', ivsize=4, nvtype='double', nvsize=8, Off_t='long long', lseeksize=8
    alignbytes=8, prototype=define
  Linker and Libraries:
    ld='g++', ldflags ='-s -L"C:\STRAWB~1\perl\lib\CORE" -L"C:\STRAWB~1\c\lib"'
    libpth=C:\STRAWB~1\c\lib C:\STRAWB~1\c\i686-w64-mingw32\lib C:\STRAWB~1\c\lib\gcc\i686-w64-mingw32\4.9.2
    libs=-lmoldname -lkernel32 -luser32 -lgdi32 -lwinspool -lcomdlg32 -ladvapi32 -lshell32 -lole32 -loleaut32 -lnetapi32 -luuid -lws2_32 -lmpr -lwinmm -lversion -lodbc32 -lodbccp32 -lcomctl32
    perllibs=-lmoldname -lkernel32 -luser32 -lgdi32 -lwinspool -lcomdlg32 -ladvapi32 -lshell32 -lole32 -loleaut32 -lnetapi32 -luuid -lws2_32 -lmpr -lwinmm -lversion -lodbc32 -lodbccp32 -lcomctl32
    libc=, so=dll, useshrplib=true, libperl=libperl524.a
    gnulibc_version=''
  Dynamic Linking:
    dlsrc=dl_win32.xs, dlext=xs.dll, d_dlsymun=undef, ccdlflags=' '
    cccdlflags=' ', lddlflags='-mdll -s -L"C:\STRAWB~1\perl\lib\CORE" -L"C:\STRAWB~1\c\lib"'


Characteristics of this binary (from libperl): 
  Compile-time options: HAS_TIMES HAVE_INTERP_INTERN MULTIPLICITY
                        PERLIO_LAYERS PERL_COPY_ON_WRITE
                        PERL_DONT_CREATE_GVSV
                        PERL_HASH_FUNC_ONE_AT_A_TIME_HARD
                        PERL_IMPLICIT_CONTEXT PERL_IMPLICIT_SYS
                        PERL_MALLOC_WRAP PERL_PRESERVE_IVUV USE_ITHREADS
                        USE_LARGE_FILES USE_LOCALE USE_LOCALE_COLLATE
                        USE_LOCALE_CTYPE USE_LOCALE_NUMERIC USE_LOCALE_TIME
                        USE_PERLIO USE_PERL_ATOF
  Built under MSWin32
  Compiled at Dec 29 2016 16:55:33
  %ENV:
    PERL5LIB="C:\STRAWB~1\cpan\build\Test-RDF-1.22-0/blib/arch;C:\STRAWB~1\cpan\build\Test-RDF-1.22-0/blib/lib;C:\STRAWB~1\cpan\build\Test-FITesque-RDF-0.018-0/blib/arch;C:\STRAWB~1\cpan\build\Test-FITesque-RDF-0.018-0/blib/lib;C:\STRAWB~1\cpan\build\Test-HTTP-LocalServer-0.71-0/blib/arch;C:\STRAWB~1\cpan\build\Test-HTTP-LocalServer-0.71-0/blib/lib;C:\STRAWB~1\cpan\build\HTTP-Daemon-6.06-0/blib/arch;C:\STRAWB~1\cpan\build\HTTP-Daemon-6.06-0/blib/lib;C:\STRAWB~1\cpan\build\RDF-NS-Curated-1.004-0/blib/arch;C:\STRAWB~1\cpan\build\RDF-NS-Curated-1.004-0/blib/lib;C:\STRAWB~1\cpan\build\Attean-0.026-0/blib/arch;C:\STRAWB~1\cpan\build\Attean-0.026-0/blib/lib;C:\STRAWB~1\cpan\build\URI-NamespaceMap-1.10-0/blib/arch;C:\STRAWB~1\cpan\build\URI-NamespaceMap-1.10-0/blib/lib;C:\STRAWB~1\cpan\build\Types-URI-0.007-0/blib/arch;C:\STRAWB~1\cpan\build\Types-URI-0.007-0/blib/lib;C:\STRAWB~1\cpan\build\Types-UUID-0.004-0/blib/arch;C:\STRAWB~1\cpan\build\Types-UUID-0.004-0/blib/lib;C:\STRAWB~1\cpan\build\MooX-Log-Any-0.004004-0/blib/arch;C:\STRAWB~1\cpan\build\MooX-Log-Any-0.004004-0/blib/lib;C:\STRAWB~1\cpan\build\Math-Cartesian-Product-1.009-0/blib/arch;C:\STRAWB~1\cpan\build\Math-Cartesian-Product-1.009-0/blib/lib;C:\STRAWB~1\cpan\build\Exporter-Tiny-1.002001-2/blib/arch;C:\STRAWB~1\cpan\build\Exporter-Tiny-1.002001-2/blib/lib;C:\STRAWB~1\cpan\build\Test-FITesque-0.04-0/blib/arch;C:\STRAWB~1\cpan\build\Test-FITesque-0.04-0/blib/lib;C:\STRAWB~1\cpan\build\Plack-Middleware-CrossOrigin-0.014-0/blib/arch;C:\STRAWB~1\cpan\build\Plack-Middleware-CrossOrigin-0.014-0/blib/lib"
    PERL5_CPANPLUS_IS_RUNNING="180"
    PERL5_CPAN_IS_RUNNING="180"
    PERL5_CPAN_IS_RUNNING_IN_RECURSION="1732,180"
    PERL_CR_SMOKER_CURRENT="Web-Solid-Test-Basic-0.010"
    PERL_CR_SMOKER_RUNONCE="1"
    PERL_EXTUTILS_AUTOINSTALL="--defaultdeps"
    PERL_HASH_SEED="0x11111111"
    PERL_MM_USE_DEFAULT="1"
  @INC:
    C:\STRAWB~1\cpan\build\Test-RDF-1.22-0/blib/arch
    C:\STRAWB~1\cpan\build\Test-RDF-1.22-0/blib/lib
    C:\STRAWB~1\cpan\build\Test-FITesque-RDF-0.018-0/blib/arch
    C:\STRAWB~1\cpan\build\Test-FITesque-RDF-0.018-0/blib/lib
    C:\STRAWB~1\cpan\build\Test-HTTP-LocalServer-0.71-0/blib/arch
    C:\STRAWB~1\cpan\build\Test-HTTP-LocalServer-0.71-0/blib/lib
    C:\STRAWB~1\cpan\build\HTTP-Daemon-6.06-0/blib/arch
    C:\STRAWB~1\cpan\build\HTTP-Daemon-6.06-0/blib/lib
    C:\STRAWB~1\cpan\build\RDF-NS-Curated-1.004-0/blib/arch
    C:\STRAWB~1\cpan\build\RDF-NS-Curated-1.004-0/blib/lib
    C:\STRAWB~1\cpan\build\Attean-0.026-0/blib/arch
    C:\STRAWB~1\cpan\build\Attean-0.026-0/blib/lib
    C:\STRAWB~1\cpan\build\URI-NamespaceMap-1.10-0/blib/arch
    C:\STRAWB~1\cpan\build\URI-NamespaceMap-1.10-0/blib/lib
    C:\STRAWB~1\cpan\build\Types-URI-0.007-0/blib/arch
    C:\STRAWB~1\cpan\build\Types-URI-0.007-0/blib/lib
    C:\STRAWB~1\cpan\build\Types-UUID-0.004-0/blib/arch
    C:\STRAWB~1\cpan\build\Types-UUID-0.004-0/blib/lib
    C:\STRAWB~1\cpan\build\MooX-Log-Any-0.004004-0/blib/arch
    C:\STRAWB~1\cpan\build\MooX-Log-Any-0.004004-0/blib/lib
    C:\STRAWB~1\cpan\build\Math-Cartesian-Product-1.009-0/blib/arch
    C:\STRAWB~1\cpan\build\Math-Cartesian-Product-1.009-0/blib/lib
    C:\STRAWB~1\cpan\build\Exporter-Tiny-1.002001-2/blib/arch
    C:\STRAWB~1\cpan\build\Exporter-Tiny-1.002001-2/blib/lib
    C:\STRAWB~1\cpan\build\Test-FITesque-0.04-0/blib/arch
    C:\STRAWB~1\cpan\build\Test-FITesque-0.04-0/blib/lib
    C:\STRAWB~1\cpan\build\Plack-Middleware-CrossOrigin-0.014-0/blib/arch
    C:\STRAWB~1\cpan\build\Plack-Middleware-CrossOrigin-0.014-0/blib/lib
    C:/Strawberry240/perl/site/lib
    C:/Strawberry240/perl/vendor/lib
    C:/Strawberry240/perl/lib
    .