Report for File-VirusScan-0.101

Back
From: metabase:user:313dc9fe-2aae-11df-837a-5e0a49663a4f
Subject: FAIL File-VirusScan-0.101 v5.10.1 GNU/Linux
Date: 2010-10-19T11:02:13Z

This distribution has been tested as part of the CPAN Testers
project, supporting the Perl programming language.  See
http://wiki.cpantesters.org/ for more information or email
questions to cpan-testers-discuss@perl.org


--
Dear David O'Neill,

This is a computer-generated report for File-VirusScan-0.101
on perl 5.10.1, created by CPAN-Reporter-1.1711.

Thank you for uploading your work to CPAN.  However, there was a problem
testing your distribution.

If you think this report is invalid, please consult the CPAN Testers Wiki
for suggestions on how to avoid getting FAIL reports for missing library
or binary dependencies, unsupported operating systems, and so on:

http://wiki.cpantesters.org/wiki/CPANAuthorNotes

Sections of this report:

    * Tester comments
    * Program output
    * Prerequisites
    * Environment and other context

------------------------------
TESTER COMMENTS
------------------------------

Additional comments from tester:

this report is from an automated smoke testing program
and was not reviewed by a human for accuracy

------------------------------
PROGRAM OUTPUT
------------------------------

Output from '/usr/bin/make test':

PERL_DL_NONLAZY=1 /home/perl5101/perl/bin/perl "-MExtUtils::Command::MM" "-e" "test_harness(0, 'inc', 'blib/lib', 'blib/arch')" t/*.t
# Testing File::VirusScan 0.101, Perl 5.010001, /home/perl5101/perl/bin/perl
t/00-load.t ....................... ok
# Scanner for ...Command::Authentium::CommandAntivirus not found.  Live tests will be skipped
t/authentium-command-antivirus.t .. ok
# Scanner for ...Command::BitDefender::BDC not found.  Live tests will be skipped
t/bitdefender-bdc.t ............... ok
# Scanner for ...Command::CentralCommand::Vexira not found.  Live tests will be skipped
t/centralcommand-vexira.t ......... ok
# Scanner for ...Command::ClamAV::Clamscan not found.  Live tests will be skipped
t/clamav-clamscan.t ............... ok
# Scanner for ...Daemon::ClamAV::Clamd not found.  Live tests will be skipped
t/clamav-daemon.t ................. ok
t/engine-base-class.t ............. ok
# Scanner for ...Command::ESET::NOD32 not found.  Live tests will be skipped
t/eset-nod32.t .................... ok

#   Failed test 'Error string is what we expected'
#   at t/file-virusscan-trivial.t line 49.
#                   'bogus scanner looking at /tmp/mrVOX6J_MB'
#     doesn't match '(?-xism:^bogus scanner looking at /tmp/(?:[A-Za-z0-9]+)$)'
# Looks like you failed 1 test of 15.
t/file-virusscan-trivial.t ........ 
Dubious, test returned 1 (wstat 256, 0x100)
Failed 1/15 subtests 
# Scanner for ...Command::FPROT::FPROT not found.  Live tests will be skipped
t/fprot-command.t ................. ok
# Scanner for ...Daemon::FPROT::V4 not found.  Live tests will be skipped
t/fprot-daemon-v4.t ............... ok
# Scanner for ...Daemon::FPROT::V6 not found.  Live tests will be skipped
t/fprot-daemon-v6.t ............... ok
# Scanner for ...Command::FSecure::FSAV not found.  Live tests will be skipped
t/fsecure-fsav.t .................. ok
# Scanner for ...Command::Kaspersky::AVP5 not found.  Live tests will be skipped
t/kaspersky-avp5.t ................ ok
# Scanner for ...Command::Kaspersky::Kavscanner not found.  Live tests will be skipped
t/kaspersky-kavscanner.t .......... ok
# Scanner for ...Command::NAI::Uvscan not found.  Live tests will be skipped
t/nai-uvscan.t .................... ok
# Scanner for ...Command::Norman::NVCC not found.  Live tests will be skipped
t/norman-nvcc.t ................... ok
# Scanner for ...Command::Sophos::Savscan not found.  Live tests will be skipped
t/sophos-savscan.t ................ ok
# Scanner for ...Daemon::Sophos::Sophie not found.  Live tests will be skipped
t/sophos-sophie.t ................. ok
# Scanner for ...Command::Sophos::Sweep not found.  Live tests will be skipped
t/sophos-sweep.t .................. ok
# Scanner for ...Daemon::Symantec::CSS not found.  Live tests will be skipped
t/symantec-css.t .................. ok
# Scanner for ...Daemon::Trend::Trophie not found.  Live tests will be skipped
t/trend-trophie.t ................. ok
# Scanner for ...Command::Trend::Vscan not found.  Live tests will be skipped
t/trend-vscan.t ................... ok

Test Summary Report
-------------------
t/file-virusscan-trivial.t      (Wstat: 256 Tests: 15 Failed: 1)
  Failed test:  15
  Non-zero exit status: 1
Files=23, Tests=552,  3 wallclock secs ( 0.18 usr  0.06 sys +  2.63 cusr  0.51 csys =  3.38 CPU)
Result: FAIL
Failed 1/23 test programs. 1/552 subtests failed.
make: *** [test_dynamic] Error 255

------------------------------
PREREQUISITES
------------------------------

Prerequisite modules loaded:

requires:

    Module                Need Have 
    --------------------- ---- -----
    Class::Accessor::Fast 0    0.34 
    Data::ResultSet       0    1.001
    ExtUtils::MakeMaker   6.56 6.56 
    File::Temp            0    0.22 
    HTML::TokeParser      0    3.57 
    IO::Dir               0    1.07 
    IO::File              0    1.14 
    IO::Select            0    1.17 
    IO::Socket::INET      0    1.31 
    IO::Socket::UNIX      0    1.23 
    Scalar::Util          0    1.23 
    Test::Class           0    0.36 
    Test::Exception       0    0.29 
    Test::More            0    0.94 


------------------------------
ENVIRONMENT AND OTHER CONTEXT
------------------------------

Environment variables:

    AUTOMATED_TESTING = 1
    LANG = en_US.UTF-8
    PATH = /usr/local/sbin:/usr/local/bin:/usr/sbin:/usr/bin:/sbin:/bin:/usr/games
    PERL5LIB = /home/perl5101/.cpan/build/Data-ResultSet-1.001-Y6i2q3/blib/arch:/home/perl5101/.cpan/build/Data-ResultSet-1.001-Y6i2q3/blib/lib:/home/perl5101/.cpan/build/UNIVERSAL-can-1.16-LCi2ki/blib/arch:/home/perl5101/.cpan/build/UNIVERSAL-can-1.16-LCi2ki/blib/lib:/home/perl5101/.cpan/build/Test-MockObject-1.09-XEMh0k/blib/arch:/home/perl5101/.cpan/build/Test-MockObject-1.09-XEMh0k/blib/lib:/home/perl5101/.cpan/build/UNIVERSAL-isa-1.03-gC9S0H/blib/arch:/home/perl5101/.cpan/build/UNIVERSAL-isa-1.03-gC9S0H/blib/lib:/home/perl5101/.cpan/build/Test-Class-0.36-a4e4FY/blib/arch:/home/perl5101/.cpan/build/Test-Class-0.36-a4e4FY/blib/lib
    PERL5OPT = 
    PERL5_CPANPLUS_IS_RUNNING = 22662
    PERL5_CPAN_IS_RUNNING = 22662
    PERL5_CPAN_IS_RUNNING_IN_RECURSION = 22316,22662
    PERL_CR_SMOKER_CURRENT = File-VirusScan-0.101
    PERL_EXTUTILS_AUTOINSTALL = --defaultdeps
    PERL_MM_USE_DEFAULT = 1
    SHELL = /bin/bash
    TERM = xterm

Perl special variables (and OS-specific diagnostics, for MSWin32):

    $^X = /home/perl5101/perl/bin/perl
    $UID/$EUID = 1004 / 1004
    $GID = 1004 1004
    $EGID = 1004 1004

Perl module toolchain versions installed:

    Module              Have  
    ------------------- ------
    CPAN                1.9402
    Cwd                 3.31  
    ExtUtils::CBuilder  0.2703
    ExtUtils::Command   1.16  
    ExtUtils::Install   1.54  
    ExtUtils::MakeMaker 6.56  
    ExtUtils::Manifest  1.58  
    ExtUtils::ParseXS   2.2205
    File::Spec          3.31  
    Module::Build       0.3607
    Module::Signature   n/a   
    Test::Harness       3.21  
    Test::More          0.94  
    YAML                0.71  
    YAML::Syck          1.09  
    version             0.82  


--

Summary of my perl5 (revision 5 version 10 subversion 1) configuration:
   
  Platform:
    osname=linux, osvers=2.6.31-20-generic, archname=i686-linux-thread-multi
    uname='linux st47-laptop 2.6.31-20-generic #57-ubuntu smp mon feb 8 09:05:19 utc 2010 i686 gnulinux '
    config_args=''
    hint=previous, useposix=true, d_sigaction=define
    useithreads=define, usemultiplicity=define
    useperlio=define, d_sfio=undef, uselargefiles=define, usesocks=undef
    use64bitint=undef, use64bitall=undef, uselongdouble=undef
    usemymalloc=n, bincompat5005=undef
  Compiler:
    cc='cc', ccflags ='-D_REENTRANT -D_GNU_SOURCE -fno-strict-aliasing -pipe -fstack-protector -I/usr/local/include -D_LARGEFILE_SOURCE -D_FILE_OFFSET_BITS=64',
    optimize='-O2',
    cppflags='-D_REENTRANT -D_GNU_SOURCE -fno-strict-aliasing -pipe -fstack-protector -I/usr/local/include -D_REENTRANT -D_GNU_SOURCE -fno-strict-aliasing -pipe -fstack-protector -I/usr/local/include -D_LARGEFILE_SOURCE -D_FILE_OFFSET_BITS=64'
    ccversion='', gccversion='4.4.1', gccosandvers=''
    intsize=4, longsize=4, ptrsize=4, doublesize=8, byteorder=1234
    d_longlong=define, longlongsize=8, d_longdbl=define, longdblsize=12
    ivtype='long', ivsize=4, nvtype='double', nvsize=8, Off_t='off_t', lseeksize=8
    alignbytes=4, prototype=define
  Linker and Libraries:
    ld='cc', ldflags =' -fstack-protector -L/usr/local/lib'
    libpth=/usr/local/lib /lib /usr/lib
    libs=-lnsl -ldl -lm -lcrypt -lutil -lpthread -lc
    perllibs=-lnsl -ldl -lm -lcrypt -lutil -lpthread -lc
    libc=/lib/libc-2.10.1.so, so=so, useshrplib=false, libperl=libperl.a
    gnulibc_version='2.10.1'
  Dynamic Linking:
    dlsrc=dl_dlopen.xs, dlext=so, d_dlsymun=undef, ccdlflags='-Wl,-E'
    cccdlflags='-fPIC', lddlflags='-shared -O2 -L/usr/local/lib -fstack-protector'


Characteristics of this binary (from libperl): 
  Compile-time options: MULTIPLICITY PERL_DONT_CREATE_GVSV
                        PERL_IMPLICIT_CONTEXT PERL_MALLOC_WRAP USE_ITHREADS
                        USE_LARGE_FILES USE_PERLIO USE_REENTRANT_API
  Built under linux
  Compiled at Mar 12 2010 10:45:32
  %ENV:
    PERL5LIB="/home/perl5101/.cpan/build/Data-ResultSet-1.001-Y6i2q3/blib/arch:/home/perl5101/.cpan/build/Data-ResultSet-1.001-Y6i2q3/blib/lib:/home/perl5101/.cpan/build/UNIVERSAL-can-1.16-LCi2ki/blib/arch:/home/perl5101/.cpan/build/UNIVERSAL-can-1.16-LCi2ki/blib/lib:/home/perl5101/.cpan/build/Test-MockObject-1.09-XEMh0k/blib/arch:/home/perl5101/.cpan/build/Test-MockObject-1.09-XEMh0k/blib/lib:/home/perl5101/.cpan/build/UNIVERSAL-isa-1.03-gC9S0H/blib/arch:/home/perl5101/.cpan/build/UNIVERSAL-isa-1.03-gC9S0H/blib/lib:/home/perl5101/.cpan/build/Test-Class-0.36-a4e4FY/blib/arch:/home/perl5101/.cpan/build/Test-Class-0.36-a4e4FY/blib/lib"
    PERL5OPT=""
    PERL5_CPANPLUS_IS_RUNNING="22662"
    PERL5_CPAN_IS_RUNNING="22662"
    PERL5_CPAN_IS_RUNNING_IN_RECURSION="22316,22662"
    PERL_CR_SMOKER_CURRENT="File-VirusScan-0.101"
    PERL_EXTUTILS_AUTOINSTALL="--defaultdeps"
    PERL_MM_USE_DEFAULT="1"
  @INC:
    /home/perl5101/.cpan/build/Data-ResultSet-1.001-Y6i2q3/blib/arch
    /home/perl5101/.cpan/build/Data-ResultSet-1.001-Y6i2q3/blib/lib
    /home/perl5101/.cpan/build/UNIVERSAL-can-1.16-LCi2ki/blib/arch
    /home/perl5101/.cpan/build/UNIVERSAL-can-1.16-LCi2ki/blib/lib
    /home/perl5101/.cpan/build/Test-MockObject-1.09-XEMh0k/blib/arch
    /home/perl5101/.cpan/build/Test-MockObject-1.09-XEMh0k/blib/lib
    /home/perl5101/.cpan/build/UNIVERSAL-isa-1.03-gC9S0H/blib/arch
    /home/perl5101/.cpan/build/UNIVERSAL-isa-1.03-gC9S0H/blib/lib
    /home/perl5101/.cpan/build/Test-Class-0.36-a4e4FY/blib/arch
    /home/perl5101/.cpan/build/Test-Class-0.36-a4e4FY/blib/lib
    /home/perl5101/perl/lib/5.10.1
    /home/perl5101/perl/lib/5.10.1
    .