Spp v2.03 Perl 5 v5.40.0 RC1 x86_64-linux-thread-multi-ld

Status
Fail
From
Andreas J. König (ANDK)
Dist
Spp v2.03
Platform
Perl 5 v5.40.0 RC1 x86_64-linux-thread-multi-ld
Date
2024-06-01 19:01:18
ID
53c4344a-2049-11ef-91f9-9e21193f2dd2
This distribution has been tested as part of the CPAN Testers
project, supporting the Perl programming language.  See
http://wiki.cpantesters.org/ for more information or email
questions to cpan-testers-discuss@perl.org


--
Dear Michael Songzhiquan,

This is a computer-generated report for Spp-2.03
on perl 5.40.0, created by CPAN-Reporter-1.2019.

Thank you for uploading your work to CPAN.  However, there was a problem
testing your distribution.

If you think this report is invalid, please consult the CPAN Testers Wiki
for suggestions on how to avoid getting FAIL reports for missing library
or binary dependencies, unsupported operating systems, and so on:

http://wiki.cpantesters.org/wiki/CPANAuthorNotes

Sections of this report:

    * Tester comments
    * Program output
    * Prerequisites
    * Environment and other context

------------------------------
TESTER COMMENTS
------------------------------

Additional comments from tester:

this report is from an automated smoke testing program
and was not reviewed by a human for accuracy

------------------------------
PROGRAM OUTPUT
------------------------------

Output from './Build test':

Smartmatch is deprecated at /tmp/loop_over_bdir-358318-zInRe0/Spp-2.03-0/blib/lib/Spp/Builtin.pm line 260.
Smartmatch is deprecated at /tmp/loop_over_bdir-358318-zInRe0/Spp-2.03-0/blib/lib/Spp/Builtin.pm line 265.
Smartmatch is deprecated at /tmp/loop_over_bdir-358318-zInRe0/Spp-2.03-0/blib/lib/Spp/Builtin.pm line 270.
Smartmatch is deprecated at /tmp/loop_over_bdir-358318-zInRe0/Spp-2.03-0/blib/lib/Spp/Builtin.pm line 275.
Smartmatch is deprecated at /tmp/loop_over_bdir-358318-zInRe0/Spp-2.03-0/blib/lib/Spp/Builtin.pm line 281.
Smartmatch is deprecated at /tmp/loop_over_bdir-358318-zInRe0/Spp-2.03-0/blib/lib/Spp/Builtin.pm line 282.
Smartmatch is deprecated at /tmp/loop_over_bdir-358318-zInRe0/Spp-2.03-0/blib/lib/Spp/Builtin.pm line 288.
Smartmatch is deprecated at /tmp/loop_over_bdir-358318-zInRe0/Spp-2.03-0/blib/lib/Spp/Builtin.pm line 300.
Smartmatch is deprecated at /tmp/loop_over_bdir-358318-zInRe0/Spp-2.03-0/blib/lib/Spp/Builtin.pm line 305.
Smartmatch is deprecated at /tmp/loop_over_bdir-358318-zInRe0/Spp-2.03-0/blib/lib/Spp/Tools.pm line 15.
given is deprecated at /tmp/loop_over_bdir-358318-zInRe0/Spp-2.03-0/blib/lib/Spp/Tools.pm line 41.
when is deprecated at /tmp/loop_over_bdir-358318-zInRe0/Spp-2.03-0/blib/lib/Spp/Tools.pm line 42.
when is deprecated at /tmp/loop_over_bdir-358318-zInRe0/Spp-2.03-0/blib/lib/Spp/Tools.pm line 43.
when is deprecated at /tmp/loop_over_bdir-358318-zInRe0/Spp-2.03-0/blib/lib/Spp/Tools.pm line 44.
given is deprecated at /tmp/loop_over_bdir-358318-zInRe0/Spp-2.03-0/blib/lib/Spp/Tools.pm line 55.
when is deprecated at /tmp/loop_over_bdir-358318-zInRe0/Spp-2.03-0/blib/lib/Spp/Tools.pm line 56.
when is deprecated at /tmp/loop_over_bdir-358318-zInRe0/Spp-2.03-0/blib/lib/Spp/Tools.pm line 57.
given is deprecated at /tmp/loop_over_bdir-358318-zInRe0/Spp-2.03-0/blib/lib/Spp/Tools.pm line 68.
when is deprecated at /tmp/loop_over_bdir-358318-zInRe0/Spp-2.03-0/blib/lib/Spp/Tools.pm line 69.
when is deprecated at /tmp/loop_over_bdir-358318-zInRe0/Spp-2.03-0/blib/lib/Spp/Tools.pm line 70.
when is deprecated at /tmp/loop_over_bdir-358318-zInRe0/Spp-2.03-0/blib/lib/Spp/Tools.pm line 71.
given is deprecated at /tmp/loop_over_bdir-358318-zInRe0/Spp-2.03-0/blib/lib/Spp/Tools.pm line 86.
when is deprecated at /tmp/loop_over_bdir-358318-zInRe0/Spp-2.03-0/blib/lib/Spp/Tools.pm line 87.
when is deprecated at /tmp/loop_over_bdir-358318-zInRe0/Spp-2.03-0/blib/lib/Spp/Tools.pm line 88.
when is deprecated at /tmp/loop_over_bdir-358318-zInRe0/Spp-2.03-0/blib/lib/Spp/Tools.pm line 89.
when is deprecated at /tmp/loop_over_bdir-358318-zInRe0/Spp-2.03-0/blib/lib/Spp/Tools.pm line 90.
given is deprecated at /tmp/loop_over_bdir-358318-zInRe0/Spp-2.03-0/blib/lib/Spp/Tools.pm line 94.
when is deprecated at /tmp/loop_over_bdir-358318-zInRe0/Spp-2.03-0/blib/lib/Spp/Tools.pm line 95.
when is deprecated at /tmp/loop_over_bdir-358318-zInRe0/Spp-2.03-0/blib/lib/Spp/Tools.pm line 96.
when is deprecated at /tmp/loop_over_bdir-358318-zInRe0/Spp-2.03-0/blib/lib/Spp/Tools.pm line 97.
when is deprecated at /tmp/loop_over_bdir-358318-zInRe0/Spp-2.03-0/blib/lib/Spp/Tools.pm line 98.
given is deprecated at /tmp/loop_over_bdir-358318-zInRe0/Spp-2.03-0/blib/lib/Spp/Tools.pm line 103.
when is deprecated at /tmp/loop_over_bdir-358318-zInRe0/Spp-2.03-0/blib/lib/Spp/Tools.pm line 104.
when is deprecated at /tmp/loop_over_bdir-358318-zInRe0/Spp-2.03-0/blib/lib/Spp/Tools.pm line 105.
when is deprecated at /tmp/loop_over_bdir-358318-zInRe0/Spp-2.03-0/blib/lib/Spp/Tools.pm line 106.
when is deprecated at /tmp/loop_over_bdir-358318-zInRe0/Spp-2.03-0/blib/lib/Spp/Tools.pm line 107.
given is deprecated at /tmp/loop_over_bdir-358318-zInRe0/Spp-2.03-0/blib/lib/Spp/Tools.pm line 112.
when is deprecated at /tmp/loop_over_bdir-358318-zInRe0/Spp-2.03-0/blib/lib/Spp/Tools.pm line 113.
when is deprecated at /tmp/loop_over_bdir-358318-zInRe0/Spp-2.03-0/blib/lib/Spp/Tools.pm line 114.
when is deprecated at /tmp/loop_over_bdir-358318-zInRe0/Spp-2.03-0/blib/lib/Spp/Tools.pm line 115.
when is deprecated at /tmp/loop_over_bdir-358318-zInRe0/Spp-2.03-0/blib/lib/Spp/Tools.pm line 116.
given is deprecated at /tmp/loop_over_bdir-358318-zInRe0/Spp-2.03-0/blib/lib/Spp/Tools.pm line 125.
when is deprecated at /tmp/loop_over_bdir-358318-zInRe0/Spp-2.03-0/blib/lib/Spp/Tools.pm line 126.
when is deprecated at /tmp/loop_over_bdir-358318-zInRe0/Spp-2.03-0/blib/lib/Spp/Tools.pm line 127.
when is deprecated at /tmp/loop_over_bdir-358318-zInRe0/Spp-2.03-0/blib/lib/Spp/Tools.pm line 128.
when is deprecated at /tmp/loop_over_bdir-358318-zInRe0/Spp-2.03-0/blib/lib/Spp/Tools.pm line 129.
when is deprecated at /tmp/loop_over_bdir-358318-zInRe0/Spp-2.03-0/blib/lib/Spp/Tools.pm line 130.
given is deprecated at /tmp/loop_over_bdir-358318-zInRe0/Spp-2.03-0/blib/lib/Spp/Tools.pm line 146.
when is deprecated at /tmp/loop_over_bdir-358318-zInRe0/Spp-2.03-0/blib/lib/Spp/Tools.pm line 147.
when is deprecated at /tmp/loop_over_bdir-358318-zInRe0/Spp-2.03-0/blib/lib/Spp/Tools.pm line 156.
when is deprecated at /tmp/loop_over_bdir-358318-zInRe0/Spp-2.03-0/blib/lib/Spp/Tools.pm line 163.
when is deprecated at /tmp/loop_over_bdir-358318-zInRe0/Spp-2.03-0/blib/lib/Spp/Tools.pm line 170.
given is deprecated at /tmp/loop_over_bdir-358318-zInRe0/Spp-2.03-0/blib/lib/Spp/Tools.pm line 276.
when is deprecated at /tmp/loop_over_bdir-358318-zInRe0/Spp-2.03-0/blib/lib/Spp/Tools.pm line 277.
when is deprecated at /tmp/loop_over_bdir-358318-zInRe0/Spp-2.03-0/blib/lib/Spp/Tools.pm line 278.
given is deprecated at /tmp/loop_over_bdir-358318-zInRe0/Spp-2.03-0/blib/lib/Spp/Tools.pm line 314.
when is deprecated at /tmp/loop_over_bdir-358318-zInRe0/Spp-2.03-0/blib/lib/Spp/Tools.pm line 315.
when is deprecated at /tmp/loop_over_bdir-358318-zInRe0/Spp-2.03-0/blib/lib/Spp/Tools.pm line 316.
given is deprecated at /tmp/loop_over_bdir-358318-zInRe0/Spp-2.03-0/blib/lib/Spp/ToSpp.pm line 28.
when is deprecated at /tmp/loop_over_bdir-358318-zInRe0/Spp-2.03-0/blib/lib/Spp/ToSpp.pm line 29.
when is deprecated at /tmp/loop_over_bdir-358318-zInRe0/Spp-2.03-0/blib/lib/Spp/ToSpp.pm line 30.
when is deprecated at /tmp/loop_over_bdir-358318-zInRe0/Spp-2.03-0/blib/lib/Spp/ToSpp.pm line 31.
when is deprecated at /tmp/loop_over_bdir-358318-zInRe0/Spp-2.03-0/blib/lib/Spp/ToSpp.pm line 32.
when is deprecated at /tmp/loop_over_bdir-358318-zInRe0/Spp-2.03-0/blib/lib/Spp/ToSpp.pm line 33.
when is deprecated at /tmp/loop_over_bdir-358318-zInRe0/Spp-2.03-0/blib/lib/Spp/ToSpp.pm line 34.
when is deprecated at /tmp/loop_over_bdir-358318-zInRe0/Spp-2.03-0/blib/lib/Spp/ToSpp.pm line 35.
when is deprecated at /tmp/loop_over_bdir-358318-zInRe0/Spp-2.03-0/blib/lib/Spp/ToSpp.pm line 36.
when is deprecated at /tmp/loop_over_bdir-358318-zInRe0/Spp-2.03-0/blib/lib/Spp/ToSpp.pm line 37.
when is deprecated at /tmp/loop_over_bdir-358318-zInRe0/Spp-2.03-0/blib/lib/Spp/ToSpp.pm line 38.
when is deprecated at /tmp/loop_over_bdir-358318-zInRe0/Spp-2.03-0/blib/lib/Spp/ToSpp.pm line 39.
when is deprecated at /tmp/loop_over_bdir-358318-zInRe0/Spp-2.03-0/blib/lib/Spp/ToSpp.pm line 40.
when is deprecated at /tmp/loop_over_bdir-358318-zInRe0/Spp-2.03-0/blib/lib/Spp/ToSpp.pm line 41.
when is deprecated at /tmp/loop_over_bdir-358318-zInRe0/Spp-2.03-0/blib/lib/Spp/ToSpp.pm line 42.
given is deprecated at /tmp/loop_over_bdir-358318-zInRe0/Spp-2.03-0/blib/lib/Spp/ToSpp.pm line 98.
when is deprecated at /tmp/loop_over_bdir-358318-zInRe0/Spp-2.03-0/blib/lib/Spp/ToSpp.pm line 99.
when is deprecated at /tmp/loop_over_bdir-358318-zInRe0/Spp-2.03-0/blib/lib/Spp/ToSpp.pm line 100.
when is deprecated at /tmp/loop_over_bdir-358318-zInRe0/Spp-2.03-0/blib/lib/Spp/ToSpp.pm line 101.
when is deprecated at /tmp/loop_over_bdir-358318-zInRe0/Spp-2.03-0/blib/lib/Spp/ToSpp.pm line 102.
when is deprecated at /tmp/loop_over_bdir-358318-zInRe0/Spp-2.03-0/blib/lib/Spp/ToSpp.pm line 103.
when is deprecated at /tmp/loop_over_bdir-358318-zInRe0/Spp-2.03-0/blib/lib/Spp/ToSpp.pm line 104.
given is deprecated at /tmp/loop_over_bdir-358318-zInRe0/Spp-2.03-0/blib/lib/Spp/ToSpp.pm line 111.
when is deprecated at /tmp/loop_over_bdir-358318-zInRe0/Spp-2.03-0/blib/lib/Spp/ToSpp.pm line 112.
when is deprecated at /tmp/loop_over_bdir-358318-zInRe0/Spp-2.03-0/blib/lib/Spp/ToSpp.pm line 113.
when is deprecated at /tmp/loop_over_bdir-358318-zInRe0/Spp-2.03-0/blib/lib/Spp/ToSpp.pm line 114.
when is deprecated at /tmp/loop_over_bdir-358318-zInRe0/Spp-2.03-0/blib/lib/Spp/ToSpp.pm line 115.
when is deprecated at /tmp/loop_over_bdir-358318-zInRe0/Spp-2.03-0/blib/lib/Spp/ToSpp.pm line 116.
when is deprecated at /tmp/loop_over_bdir-358318-zInRe0/Spp-2.03-0/blib/lib/Spp/ToSpp.pm line 117.
when is deprecated at /tmp/loop_over_bdir-358318-zInRe0/Spp-2.03-0/blib/lib/Spp/ToSpp.pm line 118.
given is deprecated at /tmp/loop_over_bdir-358318-zInRe0/Spp-2.03-0/blib/lib/Spp/MatchRule.pm line 41.
when is deprecated at /tmp/loop_over_bdir-358318-zInRe0/Spp-2.03-0/blib/lib/Spp/MatchRule.pm line 42.
when is deprecated at /tmp/loop_over_bdir-358318-zInRe0/Spp-2.03-0/blib/lib/Spp/MatchRule.pm line 43.
when is deprecated at /tmp/loop_over_bdir-358318-zInRe0/Spp-2.03-0/blib/lib/Spp/MatchRule.pm line 44.
when is deprecated at /tmp/loop_over_bdir-358318-zInRe0/Spp-2.03-0/blib/lib/Spp/MatchRule.pm line 45.
when is deprecated at /tmp/loop_over_bdir-358318-zInRe0/Spp-2.03-0/blib/lib/Spp/MatchRule.pm line 46.
when is deprecated at /tmp/loop_over_bdir-358318-zInRe0/Spp-2.03-0/blib/lib/Spp/MatchRule.pm line 47.
when is deprecated at /tmp/loop_over_bdir-358318-zInRe0/Spp-2.03-0/blib/lib/Spp/MatchRule.pm line 48.
when is deprecated at /tmp/loop_over_bdir-358318-zInRe0/Spp-2.03-0/blib/lib/Spp/MatchRule.pm line 51.
when is deprecated at /tmp/loop_over_bdir-358318-zInRe0/Spp-2.03-0/blib/lib/Spp/MatchRule.pm line 52.
when is deprecated at /tmp/loop_over_bdir-358318-zInRe0/Spp-2.03-0/blib/lib/Spp/MatchRule.pm line 53.
when is deprecated at /tmp/loop_over_bdir-358318-zInRe0/Spp-2.03-0/blib/lib/Spp/MatchRule.pm line 54.
when is deprecated at /tmp/loop_over_bdir-358318-zInRe0/Spp-2.03-0/blib/lib/Spp/MatchRule.pm line 55.
when is deprecated at /tmp/loop_over_bdir-358318-zInRe0/Spp-2.03-0/blib/lib/Spp/MatchRule.pm line 56.
when is deprecated at /tmp/loop_over_bdir-358318-zInRe0/Spp-2.03-0/blib/lib/Spp/MatchRule.pm line 57.
when is deprecated at /tmp/loop_over_bdir-358318-zInRe0/Spp-2.03-0/blib/lib/Spp/MatchRule.pm line 58.
when is deprecated at /tmp/loop_over_bdir-358318-zInRe0/Spp-2.03-0/blib/lib/Spp/MatchRule.pm line 59.
when is deprecated at /tmp/loop_over_bdir-358318-zInRe0/Spp-2.03-0/blib/lib/Spp/MatchRule.pm line 60.
when is deprecated at /tmp/loop_over_bdir-358318-zInRe0/Spp-2.03-0/blib/lib/Spp/MatchRule.pm line 61.
when is deprecated at /tmp/loop_over_bdir-358318-zInRe0/Spp-2.03-0/blib/lib/Spp/MatchRule.pm line 62.
given is deprecated at /tmp/loop_over_bdir-358318-zInRe0/Spp-2.03-0/blib/lib/Spp/MatchRule.pm line 77.
when is deprecated at /tmp/loop_over_bdir-358318-zInRe0/Spp-2.03-0/blib/lib/Spp/MatchRule.pm line 78.
when is deprecated at /tmp/loop_over_bdir-358318-zInRe0/Spp-2.03-0/blib/lib/Spp/MatchRule.pm line 82.
when is deprecated at /tmp/loop_over_bdir-358318-zInRe0/Spp-2.03-0/blib/lib/Spp/MatchRule.pm line 87.
given is deprecated at /tmp/loop_over_bdir-358318-zInRe0/Spp-2.03-0/blib/lib/Spp/MatchRule.pm line 277.
when is deprecated at /tmp/loop_over_bdir-358318-zInRe0/Spp-2.03-0/blib/lib/Spp/MatchRule.pm line 278.
when is deprecated at /tmp/loop_over_bdir-358318-zInRe0/Spp-2.03-0/blib/lib/Spp/MatchRule.pm line 279.
given is deprecated at /tmp/loop_over_bdir-358318-zInRe0/Spp-2.03-0/blib/lib/Spp/MatchRule.pm line 299.
when is deprecated at /tmp/loop_over_bdir-358318-zInRe0/Spp-2.03-0/blib/lib/Spp/MatchRule.pm line 300.
when is deprecated at /tmp/loop_over_bdir-358318-zInRe0/Spp-2.03-0/blib/lib/Spp/MatchRule.pm line 301.
when is deprecated at /tmp/loop_over_bdir-358318-zInRe0/Spp-2.03-0/blib/lib/Spp/MatchRule.pm line 302.
when is deprecated at /tmp/loop_over_bdir-358318-zInRe0/Spp-2.03-0/blib/lib/Spp/MatchRule.pm line 303.
when is deprecated at /tmp/loop_over_bdir-358318-zInRe0/Spp-2.03-0/blib/lib/Spp/MatchRule.pm line 304.
when is deprecated at /tmp/loop_over_bdir-358318-zInRe0/Spp-2.03-0/blib/lib/Spp/MatchRule.pm line 305.
when is deprecated at /tmp/loop_over_bdir-358318-zInRe0/Spp-2.03-0/blib/lib/Spp/MatchRule.pm line 306.
when is deprecated at /tmp/loop_over_bdir-358318-zInRe0/Spp-2.03-0/blib/lib/Spp/MatchRule.pm line 307.
when is deprecated at /tmp/loop_over_bdir-358318-zInRe0/Spp-2.03-0/blib/lib/Spp/MatchRule.pm line 308.
when is deprecated at /tmp/loop_over_bdir-358318-zInRe0/Spp-2.03-0/blib/lib/Spp/MatchRule.pm line 309.
when is deprecated at /tmp/loop_over_bdir-358318-zInRe0/Spp-2.03-0/blib/lib/Spp/MatchRule.pm line 310.
when is deprecated at /tmp/loop_over_bdir-358318-zInRe0/Spp-2.03-0/blib/lib/Spp/MatchRule.pm line 311.
when is deprecated at /tmp/loop_over_bdir-358318-zInRe0/Spp-2.03-0/blib/lib/Spp/MatchRule.pm line 312.
when is deprecated at /tmp/loop_over_bdir-358318-zInRe0/Spp-2.03-0/blib/lib/Spp/MatchRule.pm line 313.
when is deprecated at /tmp/loop_over_bdir-358318-zInRe0/Spp-2.03-0/blib/lib/Spp/MatchRule.pm line 314.
when is deprecated at /tmp/loop_over_bdir-358318-zInRe0/Spp-2.03-0/blib/lib/Spp/MatchRule.pm line 315.
when is deprecated at /tmp/loop_over_bdir-358318-zInRe0/Spp-2.03-0/blib/lib/Spp/MatchRule.pm line 316.
when is deprecated at /tmp/loop_over_bdir-358318-zInRe0/Spp-2.03-0/blib/lib/Spp/MatchRule.pm line 317.
given is deprecated at /tmp/loop_over_bdir-358318-zInRe0/Spp-2.03-0/blib/lib/Spp/MatchRule.pm line 344.
when is deprecated at /tmp/loop_over_bdir-358318-zInRe0/Spp-2.03-0/blib/lib/Spp/MatchRule.pm line 345.
when is deprecated at /tmp/loop_over_bdir-358318-zInRe0/Spp-2.03-0/blib/lib/Spp/MatchRule.pm line 349.
given is deprecated at /tmp/loop_over_bdir-358318-zInRe0/Spp-2.03-0/blib/lib/Spp/MatchRule.pm line 362.
when is deprecated at /tmp/loop_over_bdir-358318-zInRe0/Spp-2.03-0/blib/lib/Spp/MatchRule.pm line 363.
when is deprecated at /tmp/loop_over_bdir-358318-zInRe0/Spp-2.03-0/blib/lib/Spp/MatchRule.pm line 364.
given is deprecated at /tmp/loop_over_bdir-358318-zInRe0/Spp-2.03-0/blib/lib/Spp/MatchRule.pm line 400.
when is deprecated at /tmp/loop_over_bdir-358318-zInRe0/Spp-2.03-0/blib/lib/Spp/MatchRule.pm line 401.
when is deprecated at /tmp/loop_over_bdir-358318-zInRe0/Spp-2.03-0/blib/lib/Spp/MatchRule.pm line 404.
when is deprecated at /tmp/loop_over_bdir-358318-zInRe0/Spp-2.03-0/blib/lib/Spp/MatchRule.pm line 405.
given is deprecated at /tmp/loop_over_bdir-358318-zInRe0/Spp-2.03-0/blib/lib/Spp/OptAst.pm line 29.
when is deprecated at /tmp/loop_over_bdir-358318-zInRe0/Spp-2.03-0/blib/lib/Spp/OptAst.pm line 30.
when is deprecated at /tmp/loop_over_bdir-358318-zInRe0/Spp-2.03-0/blib/lib/Spp/OptAst.pm line 31.
when is deprecated at /tmp/loop_over_bdir-358318-zInRe0/Spp-2.03-0/blib/lib/Spp/OptAst.pm line 32.
when is deprecated at /tmp/loop_over_bdir-358318-zInRe0/Spp-2.03-0/blib/lib/Spp/OptAst.pm line 33.
when is deprecated at /tmp/loop_over_bdir-358318-zInRe0/Spp-2.03-0/blib/lib/Spp/OptAst.pm line 34.
when is deprecated at /tmp/loop_over_bdir-358318-zInRe0/Spp-2.03-0/blib/lib/Spp/OptAst.pm line 35.
when is deprecated at /tmp/loop_over_bdir-358318-zInRe0/Spp-2.03-0/blib/lib/Spp/OptAst.pm line 36.
when is deprecated at /tmp/loop_over_bdir-358318-zInRe0/Spp-2.03-0/blib/lib/Spp/OptAst.pm line 37.
when is deprecated at /tmp/loop_over_bdir-358318-zInRe0/Spp-2.03-0/blib/lib/Spp/OptAst.pm line 38.
when is deprecated at /tmp/loop_over_bdir-358318-zInRe0/Spp-2.03-0/blib/lib/Spp/OptAst.pm line 39.
when is deprecated at /tmp/loop_over_bdir-358318-zInRe0/Spp-2.03-0/blib/lib/Spp/OptAst.pm line 40.
when is deprecated at /tmp/loop_over_bdir-358318-zInRe0/Spp-2.03-0/blib/lib/Spp/OptAst.pm line 41.
when is deprecated at /tmp/loop_over_bdir-358318-zInRe0/Spp-2.03-0/blib/lib/Spp/OptAst.pm line 42.
given is deprecated at /tmp/loop_over_bdir-358318-zInRe0/Spp-2.03-0/blib/lib/Spp/OptAst.pm line 105.
when is deprecated at /tmp/loop_over_bdir-358318-zInRe0/Spp-2.03-0/blib/lib/Spp/OptAst.pm line 106.
when is deprecated at /tmp/loop_over_bdir-358318-zInRe0/Spp-2.03-0/blib/lib/Spp/OptAst.pm line 107.
when is deprecated at /tmp/loop_over_bdir-358318-zInRe0/Spp-2.03-0/blib/lib/Spp/OptAst.pm line 108.
when is deprecated at /tmp/loop_over_bdir-358318-zInRe0/Spp-2.03-0/blib/lib/Spp/OptAst.pm line 109.
given is deprecated at /tmp/loop_over_bdir-358318-zInRe0/Spp-2.03-0/blib/lib/Spp/OptAst.pm line 132.
when is deprecated at /tmp/loop_over_bdir-358318-zInRe0/Spp-2.03-0/blib/lib/Spp/OptAst.pm line 133.
when is deprecated at /tmp/loop_over_bdir-358318-zInRe0/Spp-2.03-0/blib/lib/Spp/OptAst.pm line 134.
when is deprecated at /tmp/loop_over_bdir-358318-zInRe0/Spp-2.03-0/blib/lib/Spp/OptAst.pm line 135.
given is deprecated at /tmp/loop_over_bdir-358318-zInRe0/Spp-2.03-0/blib/lib/Spp/OptAst.pm line 248.
when is deprecated at /tmp/loop_over_bdir-358318-zInRe0/Spp-2.03-0/blib/lib/Spp/OptAst.pm line 249.
Smartmatch is deprecated at /tmp/loop_over_bdir-358318-zInRe0/Spp-2.03-0/blib/lib/Spp/OptAst.pm line 266.
given is deprecated at /tmp/loop_over_bdir-358318-zInRe0/Spp-2.03-0/blib/lib/Spp/LintAst.pm line 48.
when is deprecated at /tmp/loop_over_bdir-358318-zInRe0/Spp-2.03-0/blib/lib/Spp/LintAst.pm line 49.
when is deprecated at /tmp/loop_over_bdir-358318-zInRe0/Spp-2.03-0/blib/lib/Spp/LintAst.pm line 50.
when is deprecated at /tmp/loop_over_bdir-358318-zInRe0/Spp-2.03-0/blib/lib/Spp/LintAst.pm line 51.
when is deprecated at /tmp/loop_over_bdir-358318-zInRe0/Spp-2.03-0/blib/lib/Spp/LintAst.pm line 52.
when is deprecated at /tmp/loop_over_bdir-358318-zInRe0/Spp-2.03-0/blib/lib/Spp/LintAst.pm line 53.
when is deprecated at /tmp/loop_over_bdir-358318-zInRe0/Spp-2.03-0/blib/lib/Spp/LintAst.pm line 54.
when is deprecated at /tmp/loop_over_bdir-358318-zInRe0/Spp-2.03-0/blib/lib/Spp/LintAst.pm line 55.
when is deprecated at /tmp/loop_over_bdir-358318-zInRe0/Spp-2.03-0/blib/lib/Spp/LintAst.pm line 56.
when is deprecated at /tmp/loop_over_bdir-358318-zInRe0/Spp-2.03-0/blib/lib/Spp/LintAst.pm line 57.
when is deprecated at /tmp/loop_over_bdir-358318-zInRe0/Spp-2.03-0/blib/lib/Spp/LintAst.pm line 58.
when is deprecated at /tmp/loop_over_bdir-358318-zInRe0/Spp-2.03-0/blib/lib/Spp/LintAst.pm line 59.
when is deprecated at /tmp/loop_over_bdir-358318-zInRe0/Spp-2.03-0/blib/lib/Spp/LintAst.pm line 60.
when is deprecated at /tmp/loop_over_bdir-358318-zInRe0/Spp-2.03-0/blib/lib/Spp/LintAst.pm line 61.
when is deprecated at /tmp/loop_over_bdir-358318-zInRe0/Spp-2.03-0/blib/lib/Spp/LintAst.pm line 62.
when is deprecated at /tmp/loop_over_bdir-358318-zInRe0/Spp-2.03-0/blib/lib/Spp/LintAst.pm line 63.
when is deprecated at /tmp/loop_over_bdir-358318-zInRe0/Spp-2.03-0/blib/lib/Spp/LintAst.pm line 64.
when is deprecated at /tmp/loop_over_bdir-358318-zInRe0/Spp-2.03-0/blib/lib/Spp/LintAst.pm line 65.
when is deprecated at /tmp/loop_over_bdir-358318-zInRe0/Spp-2.03-0/blib/lib/Spp/LintAst.pm line 66.
when is deprecated at /tmp/loop_over_bdir-358318-zInRe0/Spp-2.03-0/blib/lib/Spp/LintAst.pm line 67.
when is deprecated at /tmp/loop_over_bdir-358318-zInRe0/Spp-2.03-0/blib/lib/Spp/LintAst.pm line 68.
# Testing Spp 2.03, Perl 5.040000, /tmp/basesmoker-reloperl-Sej4/bin/perl
t/00-load.t ....... ok
Smartmatch is deprecated at /tmp/loop_over_bdir-358318-zInRe0/Spp-2.03-0/blib/lib/Spp/Builtin.pm line 260.
Smartmatch is deprecated at /tmp/loop_over_bdir-358318-zInRe0/Spp-2.03-0/blib/lib/Spp/Builtin.pm line 265.
Smartmatch is deprecated at /tmp/loop_over_bdir-358318-zInRe0/Spp-2.03-0/blib/lib/Spp/Builtin.pm line 270.
Smartmatch is deprecated at /tmp/loop_over_bdir-358318-zInRe0/Spp-2.03-0/blib/lib/Spp/Builtin.pm line 275.
Smartmatch is deprecated at /tmp/loop_over_bdir-358318-zInRe0/Spp-2.03-0/blib/lib/Spp/Builtin.pm line 281.
Smartmatch is deprecated at /tmp/loop_over_bdir-358318-zInRe0/Spp-2.03-0/blib/lib/Spp/Builtin.pm line 282.
Smartmatch is deprecated at /tmp/loop_over_bdir-358318-zInRe0/Spp-2.03-0/blib/lib/Spp/Builtin.pm line 288.
Smartmatch is deprecated at /tmp/loop_over_bdir-358318-zInRe0/Spp-2.03-0/blib/lib/Spp/Builtin.pm line 300.
Smartmatch is deprecated at /tmp/loop_over_bdir-358318-zInRe0/Spp-2.03-0/blib/lib/Spp/Builtin.pm line 305.
Smartmatch is deprecated at /tmp/loop_over_bdir-358318-zInRe0/Spp-2.03-0/blib/lib/Spp/Tools.pm line 15.
given is deprecated at /tmp/loop_over_bdir-358318-zInRe0/Spp-2.03-0/blib/lib/Spp/Tools.pm line 41.
when is deprecated at /tmp/loop_over_bdir-358318-zInRe0/Spp-2.03-0/blib/lib/Spp/Tools.pm line 42.
when is deprecated at /tmp/loop_over_bdir-358318-zInRe0/Spp-2.03-0/blib/lib/Spp/Tools.pm line 43.
when is deprecated at /tmp/loop_over_bdir-358318-zInRe0/Spp-2.03-0/blib/lib/Spp/Tools.pm line 44.
given is deprecated at /tmp/loop_over_bdir-358318-zInRe0/Spp-2.03-0/blib/lib/Spp/Tools.pm line 55.
when is deprecated at /tmp/loop_over_bdir-358318-zInRe0/Spp-2.03-0/blib/lib/Spp/Tools.pm line 56.
when is deprecated at /tmp/loop_over_bdir-358318-zInRe0/Spp-2.03-0/blib/lib/Spp/Tools.pm line 57.
given is deprecated at /tmp/loop_over_bdir-358318-zInRe0/Spp-2.03-0/blib/lib/Spp/Tools.pm line 68.
when is deprecated at /tmp/loop_over_bdir-358318-zInRe0/Spp-2.03-0/blib/lib/Spp/Tools.pm line 69.
when is deprecated at /tmp/loop_over_bdir-358318-zInRe0/Spp-2.03-0/blib/lib/Spp/Tools.pm line 70.
when is deprecated at /tmp/loop_over_bdir-358318-zInRe0/Spp-2.03-0/blib/lib/Spp/Tools.pm line 71.
given is deprecated at /tmp/loop_over_bdir-358318-zInRe0/Spp-2.03-0/blib/lib/Spp/Tools.pm line 86.
when is deprecated at /tmp/loop_over_bdir-358318-zInRe0/Spp-2.03-0/blib/lib/Spp/Tools.pm line 87.
when is deprecated at /tmp/loop_over_bdir-358318-zInRe0/Spp-2.03-0/blib/lib/Spp/Tools.pm line 88.
when is deprecated at /tmp/loop_over_bdir-358318-zInRe0/Spp-2.03-0/blib/lib/Spp/Tools.pm line 89.
when is deprecated at /tmp/loop_over_bdir-358318-zInRe0/Spp-2.03-0/blib/lib/Spp/Tools.pm line 90.
given is deprecated at /tmp/loop_over_bdir-358318-zInRe0/Spp-2.03-0/blib/lib/Spp/Tools.pm line 94.
when is deprecated at /tmp/loop_over_bdir-358318-zInRe0/Spp-2.03-0/blib/lib/Spp/Tools.pm line 95.
when is deprecated at /tmp/loop_over_bdir-358318-zInRe0/Spp-2.03-0/blib/lib/Spp/Tools.pm line 96.
when is deprecated at /tmp/loop_over_bdir-358318-zInRe0/Spp-2.03-0/blib/lib/Spp/Tools.pm line 97.
when is deprecated at /tmp/loop_over_bdir-358318-zInRe0/Spp-2.03-0/blib/lib/Spp/Tools.pm line 98.
given is deprecated at /tmp/loop_over_bdir-358318-zInRe0/Spp-2.03-0/blib/lib/Spp/Tools.pm line 103.
when is deprecated at /tmp/loop_over_bdir-358318-zInRe0/Spp-2.03-0/blib/lib/Spp/Tools.pm line 104.
when is deprecated at /tmp/loop_over_bdir-358318-zInRe0/Spp-2.03-0/blib/lib/Spp/Tools.pm line 105.
when is deprecated at /tmp/loop_over_bdir-358318-zInRe0/Spp-2.03-0/blib/lib/Spp/Tools.pm line 106.
when is deprecated at /tmp/loop_over_bdir-358318-zInRe0/Spp-2.03-0/blib/lib/Spp/Tools.pm line 107.
given is deprecated at /tmp/loop_over_bdir-358318-zInRe0/Spp-2.03-0/blib/lib/Spp/Tools.pm line 112.
when is deprecated at /tmp/loop_over_bdir-358318-zInRe0/Spp-2.03-0/blib/lib/Spp/Tools.pm line 113.
when is deprecated at /tmp/loop_over_bdir-358318-zInRe0/Spp-2.03-0/blib/lib/Spp/Tools.pm line 114.
when is deprecated at /tmp/loop_over_bdir-358318-zInRe0/Spp-2.03-0/blib/lib/Spp/Tools.pm line 115.
when is deprecated at /tmp/loop_over_bdir-358318-zInRe0/Spp-2.03-0/blib/lib/Spp/Tools.pm line 116.
given is deprecated at /tmp/loop_over_bdir-358318-zInRe0/Spp-2.03-0/blib/lib/Spp/Tools.pm line 125.
when is deprecated at /tmp/loop_over_bdir-358318-zInRe0/Spp-2.03-0/blib/lib/Spp/Tools.pm line 126.
when is deprecated at /tmp/loop_over_bdir-358318-zInRe0/Spp-2.03-0/blib/lib/Spp/Tools.pm line 127.
when is deprecated at /tmp/loop_over_bdir-358318-zInRe0/Spp-2.03-0/blib/lib/Spp/Tools.pm line 128.
when is deprecated at /tmp/loop_over_bdir-358318-zInRe0/Spp-2.03-0/blib/lib/Spp/Tools.pm line 129.
when is deprecated at /tmp/loop_over_bdir-358318-zInRe0/Spp-2.03-0/blib/lib/Spp/Tools.pm line 130.
given is deprecated at /tmp/loop_over_bdir-358318-zInRe0/Spp-2.03-0/blib/lib/Spp/Tools.pm line 146.
when is deprecated at /tmp/loop_over_bdir-358318-zInRe0/Spp-2.03-0/blib/lib/Spp/Tools.pm line 147.
when is deprecated at /tmp/loop_over_bdir-358318-zInRe0/Spp-2.03-0/blib/lib/Spp/Tools.pm line 156.
when is deprecated at /tmp/loop_over_bdir-358318-zInRe0/Spp-2.03-0/blib/lib/Spp/Tools.pm line 163.
when is deprecated at /tmp/loop_over_bdir-358318-zInRe0/Spp-2.03-0/blib/lib/Spp/Tools.pm line 170.
given is deprecated at /tmp/loop_over_bdir-358318-zInRe0/Spp-2.03-0/blib/lib/Spp/Tools.pm line 276.
when is deprecated at /tmp/loop_over_bdir-358318-zInRe0/Spp-2.03-0/blib/lib/Spp/Tools.pm line 277.
when is deprecated at /tmp/loop_over_bdir-358318-zInRe0/Spp-2.03-0/blib/lib/Spp/Tools.pm line 278.
given is deprecated at /tmp/loop_over_bdir-358318-zInRe0/Spp-2.03-0/blib/lib/Spp/Tools.pm line 314.
when is deprecated at /tmp/loop_over_bdir-358318-zInRe0/Spp-2.03-0/blib/lib/Spp/Tools.pm line 315.
when is deprecated at /tmp/loop_over_bdir-358318-zInRe0/Spp-2.03-0/blib/lib/Spp/Tools.pm line 316.
given is deprecated at /tmp/loop_over_bdir-358318-zInRe0/Spp-2.03-0/blib/lib/Spp/ToSpp.pm line 28.
when is deprecated at /tmp/loop_over_bdir-358318-zInRe0/Spp-2.03-0/blib/lib/Spp/ToSpp.pm line 29.
when is deprecated at /tmp/loop_over_bdir-358318-zInRe0/Spp-2.03-0/blib/lib/Spp/ToSpp.pm line 30.
when is deprecated at /tmp/loop_over_bdir-358318-zInRe0/Spp-2.03-0/blib/lib/Spp/ToSpp.pm line 31.
when is deprecated at /tmp/loop_over_bdir-358318-zInRe0/Spp-2.03-0/blib/lib/Spp/ToSpp.pm line 32.
when is deprecated at /tmp/loop_over_bdir-358318-zInRe0/Spp-2.03-0/blib/lib/Spp/ToSpp.pm line 33.
when is deprecated at /tmp/loop_over_bdir-358318-zInRe0/Spp-2.03-0/blib/lib/Spp/ToSpp.pm line 34.
when is deprecated at /tmp/loop_over_bdir-358318-zInRe0/Spp-2.03-0/blib/lib/Spp/ToSpp.pm line 35.
when is deprecated at /tmp/loop_over_bdir-358318-zInRe0/Spp-2.03-0/blib/lib/Spp/ToSpp.pm line 36.
when is deprecated at /tmp/loop_over_bdir-358318-zInRe0/Spp-2.03-0/blib/lib/Spp/ToSpp.pm line 37.
when is deprecated at /tmp/loop_over_bdir-358318-zInRe0/Spp-2.03-0/blib/lib/Spp/ToSpp.pm line 38.
when is deprecated at /tmp/loop_over_bdir-358318-zInRe0/Spp-2.03-0/blib/lib/Spp/ToSpp.pm line 39.
when is deprecated at /tmp/loop_over_bdir-358318-zInRe0/Spp-2.03-0/blib/lib/Spp/ToSpp.pm line 40.
when is deprecated at /tmp/loop_over_bdir-358318-zInRe0/Spp-2.03-0/blib/lib/Spp/ToSpp.pm line 41.
when is deprecated at /tmp/loop_over_bdir-358318-zInRe0/Spp-2.03-0/blib/lib/Spp/ToSpp.pm line 42.
given is deprecated at /tmp/loop_over_bdir-358318-zInRe0/Spp-2.03-0/blib/lib/Spp/ToSpp.pm line 98.
when is deprecated at /tmp/loop_over_bdir-358318-zInRe0/Spp-2.03-0/blib/lib/Spp/ToSpp.pm line 99.
when is deprecated at /tmp/loop_over_bdir-358318-zInRe0/Spp-2.03-0/blib/lib/Spp/ToSpp.pm line 100.
when is deprecated at /tmp/loop_over_bdir-358318-zInRe0/Spp-2.03-0/blib/lib/Spp/ToSpp.pm line 101.
when is deprecated at /tmp/loop_over_bdir-358318-zInRe0/Spp-2.03-0/blib/lib/Spp/ToSpp.pm line 102.
when is deprecated at /tmp/loop_over_bdir-358318-zInRe0/Spp-2.03-0/blib/lib/Spp/ToSpp.pm line 103.
when is deprecated at /tmp/loop_over_bdir-358318-zInRe0/Spp-2.03-0/blib/lib/Spp/ToSpp.pm line 104.
given is deprecated at /tmp/loop_over_bdir-358318-zInRe0/Spp-2.03-0/blib/lib/Spp/ToSpp.pm line 111.
when is deprecated at /tmp/loop_over_bdir-358318-zInRe0/Spp-2.03-0/blib/lib/Spp/ToSpp.pm line 112.
when is deprecated at /tmp/loop_over_bdir-358318-zInRe0/Spp-2.03-0/blib/lib/Spp/ToSpp.pm line 113.
when is deprecated at /tmp/loop_over_bdir-358318-zInRe0/Spp-2.03-0/blib/lib/Spp/ToSpp.pm line 114.
when is deprecated at /tmp/loop_over_bdir-358318-zInRe0/Spp-2.03-0/blib/lib/Spp/ToSpp.pm line 115.
when is deprecated at /tmp/loop_over_bdir-358318-zInRe0/Spp-2.03-0/blib/lib/Spp/ToSpp.pm line 116.
when is deprecated at /tmp/loop_over_bdir-358318-zInRe0/Spp-2.03-0/blib/lib/Spp/ToSpp.pm line 117.
when is deprecated at /tmp/loop_over_bdir-358318-zInRe0/Spp-2.03-0/blib/lib/Spp/ToSpp.pm line 118.
given is deprecated at /tmp/loop_over_bdir-358318-zInRe0/Spp-2.03-0/blib/lib/Spp/MatchRule.pm line 41.
when is deprecated at /tmp/loop_over_bdir-358318-zInRe0/Spp-2.03-0/blib/lib/Spp/MatchRule.pm line 42.
when is deprecated at /tmp/loop_over_bdir-358318-zInRe0/Spp-2.03-0/blib/lib/Spp/MatchRule.pm line 43.
when is deprecated at /tmp/loop_over_bdir-358318-zInRe0/Spp-2.03-0/blib/lib/Spp/MatchRule.pm line 44.
when is deprecated at /tmp/loop_over_bdir-358318-zInRe0/Spp-2.03-0/blib/lib/Spp/MatchRule.pm line 45.
when is deprecated at /tmp/loop_over_bdir-358318-zInRe0/Spp-2.03-0/blib/lib/Spp/MatchRule.pm line 46.
when is deprecated at /tmp/loop_over_bdir-358318-zInRe0/Spp-2.03-0/blib/lib/Spp/MatchRule.pm line 47.
when is deprecated at /tmp/loop_over_bdir-358318-zInRe0/Spp-2.03-0/blib/lib/Spp/MatchRule.pm line 48.
when is deprecated at /tmp/loop_over_bdir-358318-zInRe0/Spp-2.03-0/blib/lib/Spp/MatchRule.pm line 51.
when is deprecated at /tmp/loop_over_bdir-358318-zInRe0/Spp-2.03-0/blib/lib/Spp/MatchRule.pm line 52.
when is deprecated at /tmp/loop_over_bdir-358318-zInRe0/Spp-2.03-0/blib/lib/Spp/MatchRule.pm line 53.
when is deprecated at /tmp/loop_over_bdir-358318-zInRe0/Spp-2.03-0/blib/lib/Spp/MatchRule.pm line 54.
when is deprecated at /tmp/loop_over_bdir-358318-zInRe0/Spp-2.03-0/blib/lib/Spp/MatchRule.pm line 55.
when is deprecated at /tmp/loop_over_bdir-358318-zInRe0/Spp-2.03-0/blib/lib/Spp/MatchRule.pm line 56.
when is deprecated at /tmp/loop_over_bdir-358318-zInRe0/Spp-2.03-0/blib/lib/Spp/MatchRule.pm line 57.
when is deprecated at /tmp/loop_over_bdir-358318-zInRe0/Spp-2.03-0/blib/lib/Spp/MatchRule.pm line 58.
when is deprecated at /tmp/loop_over_bdir-358318-zInRe0/Spp-2.03-0/blib/lib/Spp/MatchRule.pm line 59.
when is deprecated at /tmp/loop_over_bdir-358318-zInRe0/Spp-2.03-0/blib/lib/Spp/MatchRule.pm line 60.
when is deprecated at /tmp/loop_over_bdir-358318-zInRe0/Spp-2.03-0/blib/lib/Spp/MatchRule.pm line 61.
when is deprecated at /tmp/loop_over_bdir-358318-zInRe0/Spp-2.03-0/blib/lib/Spp/MatchRule.pm line 62.
given is deprecated at /tmp/loop_over_bdir-358318-zInRe0/Spp-2.03-0/blib/lib/Spp/MatchRule.pm line 77.
when is deprecated at /tmp/loop_over_bdir-358318-zInRe0/Spp-2.03-0/blib/lib/Spp/MatchRule.pm line 78.
when is deprecated at /tmp/loop_over_bdir-358318-zInRe0/Spp-2.03-0/blib/lib/Spp/MatchRule.pm line 82.
when is deprecated at /tmp/loop_over_bdir-358318-zInRe0/Spp-2.03-0/blib/lib/Spp/MatchRule.pm line 87.
given is deprecated at /tmp/loop_over_bdir-358318-zInRe0/Spp-2.03-0/blib/lib/Spp/MatchRule.pm line 277.
when is deprecated at /tmp/loop_over_bdir-358318-zInRe0/Spp-2.03-0/blib/lib/Spp/MatchRule.pm line 278.
when is deprecated at /tmp/loop_over_bdir-358318-zInRe0/Spp-2.03-0/blib/lib/Spp/MatchRule.pm line 279.
given is deprecated at /tmp/loop_over_bdir-358318-zInRe0/Spp-2.03-0/blib/lib/Spp/MatchRule.pm line 299.
when is deprecated at /tmp/loop_over_bdir-358318-zInRe0/Spp-2.03-0/blib/lib/Spp/MatchRule.pm line 300.
when is deprecated at /tmp/loop_over_bdir-358318-zInRe0/Spp-2.03-0/blib/lib/Spp/MatchRule.pm line 301.
when is deprecated at /tmp/loop_over_bdir-358318-zInRe0/Spp-2.03-0/blib/lib/Spp/MatchRule.pm line 302.
when is deprecated at /tmp/loop_over_bdir-358318-zInRe0/Spp-2.03-0/blib/lib/Spp/MatchRule.pm line 303.
when is deprecated at /tmp/loop_over_bdir-358318-zInRe0/Spp-2.03-0/blib/lib/Spp/MatchRule.pm line 304.
when is deprecated at /tmp/loop_over_bdir-358318-zInRe0/Spp-2.03-0/blib/lib/Spp/MatchRule.pm line 305.
when is deprecated at /tmp/loop_over_bdir-358318-zInRe0/Spp-2.03-0/blib/lib/Spp/MatchRule.pm line 306.
when is deprecated at /tmp/loop_over_bdir-358318-zInRe0/Spp-2.03-0/blib/lib/Spp/MatchRule.pm line 307.
when is deprecated at /tmp/loop_over_bdir-358318-zInRe0/Spp-2.03-0/blib/lib/Spp/MatchRule.pm line 308.
when is deprecated at /tmp/loop_over_bdir-358318-zInRe0/Spp-2.03-0/blib/lib/Spp/MatchRule.pm line 309.
when is deprecated at /tmp/loop_over_bdir-358318-zInRe0/Spp-2.03-0/blib/lib/Spp/MatchRule.pm line 310.
when is deprecated at /tmp/loop_over_bdir-358318-zInRe0/Spp-2.03-0/blib/lib/Spp/MatchRule.pm line 311.
when is deprecated at /tmp/loop_over_bdir-358318-zInRe0/Spp-2.03-0/blib/lib/Spp/MatchRule.pm line 312.
when is deprecated at /tmp/loop_over_bdir-358318-zInRe0/Spp-2.03-0/blib/lib/Spp/MatchRule.pm line 313.
when is deprecated at /tmp/loop_over_bdir-358318-zInRe0/Spp-2.03-0/blib/lib/Spp/MatchRule.pm line 314.
when is deprecated at /tmp/loop_over_bdir-358318-zInRe0/Spp-2.03-0/blib/lib/Spp/MatchRule.pm line 315.
when is deprecated at /tmp/loop_over_bdir-358318-zInRe0/Spp-2.03-0/blib/lib/Spp/MatchRule.pm line 316.
when is deprecated at /tmp/loop_over_bdir-358318-zInRe0/Spp-2.03-0/blib/lib/Spp/MatchRule.pm line 317.
given is deprecated at /tmp/loop_over_bdir-358318-zInRe0/Spp-2.03-0/blib/lib/Spp/MatchRule.pm line 344.
when is deprecated at /tmp/loop_over_bdir-358318-zInRe0/Spp-2.03-0/blib/lib/Spp/MatchRule.pm line 345.
when is deprecated at /tmp/loop_over_bdir-358318-zInRe0/Spp-2.03-0/blib/lib/Spp/MatchRule.pm line 349.
given is deprecated at /tmp/loop_over_bdir-358318-zInRe0/Spp-2.03-0/blib/lib/Spp/MatchRule.pm line 362.
when is deprecated at /tmp/loop_over_bdir-358318-zInRe0/Spp-2.03-0/blib/lib/Spp/MatchRule.pm line 363.
when is deprecated at /tmp/loop_over_bdir-358318-zInRe0/Spp-2.03-0/blib/lib/Spp/MatchRule.pm line 364.
given is deprecated at /tmp/loop_over_bdir-358318-zInRe0/Spp-2.03-0/blib/lib/Spp/MatchRule.pm line 400.
when is deprecated at /tmp/loop_over_bdir-358318-zInRe0/Spp-2.03-0/blib/lib/Spp/MatchRule.pm line 401.
when is deprecated at /tmp/loop_over_bdir-358318-zInRe0/Spp-2.03-0/blib/lib/Spp/MatchRule.pm line 404.
when is deprecated at /tmp/loop_over_bdir-358318-zInRe0/Spp-2.03-0/blib/lib/Spp/MatchRule.pm line 405.
given is deprecated at /tmp/loop_over_bdir-358318-zInRe0/Spp-2.03-0/blib/lib/Spp/OptAst.pm line 29.
when is deprecated at /tmp/loop_over_bdir-358318-zInRe0/Spp-2.03-0/blib/lib/Spp/OptAst.pm line 30.
when is deprecated at /tmp/loop_over_bdir-358318-zInRe0/Spp-2.03-0/blib/lib/Spp/OptAst.pm line 31.
when is deprecated at /tmp/loop_over_bdir-358318-zInRe0/Spp-2.03-0/blib/lib/Spp/OptAst.pm line 32.
when is deprecated at /tmp/loop_over_bdir-358318-zInRe0/Spp-2.03-0/blib/lib/Spp/OptAst.pm line 33.
when is deprecated at /tmp/loop_over_bdir-358318-zInRe0/Spp-2.03-0/blib/lib/Spp/OptAst.pm line 34.
when is deprecated at /tmp/loop_over_bdir-358318-zInRe0/Spp-2.03-0/blib/lib/Spp/OptAst.pm line 35.
when is deprecated at /tmp/loop_over_bdir-358318-zInRe0/Spp-2.03-0/blib/lib/Spp/OptAst.pm line 36.
when is deprecated at /tmp/loop_over_bdir-358318-zInRe0/Spp-2.03-0/blib/lib/Spp/OptAst.pm line 37.
when is deprecated at /tmp/loop_over_bdir-358318-zInRe0/Spp-2.03-0/blib/lib/Spp/OptAst.pm line 38.
when is deprecated at /tmp/loop_over_bdir-358318-zInRe0/Spp-2.03-0/blib/lib/Spp/OptAst.pm line 39.
when is deprecated at /tmp/loop_over_bdir-358318-zInRe0/Spp-2.03-0/blib/lib/Spp/OptAst.pm line 40.
when is deprecated at /tmp/loop_over_bdir-358318-zInRe0/Spp-2.03-0/blib/lib/Spp/OptAst.pm line 41.
when is deprecated at /tmp/loop_over_bdir-358318-zInRe0/Spp-2.03-0/blib/lib/Spp/OptAst.pm line 42.
given is deprecated at /tmp/loop_over_bdir-358318-zInRe0/Spp-2.03-0/blib/lib/Spp/OptAst.pm line 105.
when is deprecated at /tmp/loop_over_bdir-358318-zInRe0/Spp-2.03-0/blib/lib/Spp/OptAst.pm line 106.
when is deprecated at /tmp/loop_over_bdir-358318-zInRe0/Spp-2.03-0/blib/lib/Spp/OptAst.pm line 107.
when is deprecated at /tmp/loop_over_bdir-358318-zInRe0/Spp-2.03-0/blib/lib/Spp/OptAst.pm line 108.
when is deprecated at /tmp/loop_over_bdir-358318-zInRe0/Spp-2.03-0/blib/lib/Spp/OptAst.pm line 109.
given is deprecated at /tmp/loop_over_bdir-358318-zInRe0/Spp-2.03-0/blib/lib/Spp/OptAst.pm line 132.
when is deprecated at /tmp/loop_over_bdir-358318-zInRe0/Spp-2.03-0/blib/lib/Spp/OptAst.pm line 133.
when is deprecated at /tmp/loop_over_bdir-358318-zInRe0/Spp-2.03-0/blib/lib/Spp/OptAst.pm line 134.
when is deprecated at /tmp/loop_over_bdir-358318-zInRe0/Spp-2.03-0/blib/lib/Spp/OptAst.pm line 135.
given is deprecated at /tmp/loop_over_bdir-358318-zInRe0/Spp-2.03-0/blib/lib/Spp/OptAst.pm line 248.
when is deprecated at /tmp/loop_over_bdir-358318-zInRe0/Spp-2.03-0/blib/lib/Spp/OptAst.pm line 249.
Smartmatch is deprecated at /tmp/loop_over_bdir-358318-zInRe0/Spp-2.03-0/blib/lib/Spp/OptAst.pm line 266.
given is deprecated at /tmp/loop_over_bdir-358318-zInRe0/Spp-2.03-0/blib/lib/Spp/LintAst.pm line 48.
when is deprecated at /tmp/loop_over_bdir-358318-zInRe0/Spp-2.03-0/blib/lib/Spp/LintAst.pm line 49.
when is deprecated at /tmp/loop_over_bdir-358318-zInRe0/Spp-2.03-0/blib/lib/Spp/LintAst.pm line 50.
when is deprecated at /tmp/loop_over_bdir-358318-zInRe0/Spp-2.03-0/blib/lib/Spp/LintAst.pm line 51.
when is deprecated at /tmp/loop_over_bdir-358318-zInRe0/Spp-2.03-0/blib/lib/Spp/LintAst.pm line 52.
when is deprecated at /tmp/loop_over_bdir-358318-zInRe0/Spp-2.03-0/blib/lib/Spp/LintAst.pm line 53.
when is deprecated at /tmp/loop_over_bdir-358318-zInRe0/Spp-2.03-0/blib/lib/Spp/LintAst.pm line 54.
when is deprecated at /tmp/loop_over_bdir-358318-zInRe0/Spp-2.03-0/blib/lib/Spp/LintAst.pm line 55.
when is deprecated at /tmp/loop_over_bdir-358318-zInRe0/Spp-2.03-0/blib/lib/Spp/LintAst.pm line 56.
when is deprecated at /tmp/loop_over_bdir-358318-zInRe0/Spp-2.03-0/blib/lib/Spp/LintAst.pm line 57.
when is deprecated at /tmp/loop_over_bdir-358318-zInRe0/Spp-2.03-0/blib/lib/Spp/LintAst.pm line 58.
when is deprecated at /tmp/loop_over_bdir-358318-zInRe0/Spp-2.03-0/blib/lib/Spp/LintAst.pm line 59.
when is deprecated at /tmp/loop_over_bdir-358318-zInRe0/Spp-2.03-0/blib/lib/Spp/LintAst.pm line 60.
when is deprecated at /tmp/loop_over_bdir-358318-zInRe0/Spp-2.03-0/blib/lib/Spp/LintAst.pm line 61.
when is deprecated at /tmp/loop_over_bdir-358318-zInRe0/Spp-2.03-0/blib/lib/Spp/LintAst.pm line 62.
when is deprecated at /tmp/loop_over_bdir-358318-zInRe0/Spp-2.03-0/blib/lib/Spp/LintAst.pm line 63.
when is deprecated at /tmp/loop_over_bdir-358318-zInRe0/Spp-2.03-0/blib/lib/Spp/LintAst.pm line 64.
when is deprecated at /tmp/loop_over_bdir-358318-zInRe0/Spp-2.03-0/blib/lib/Spp/LintAst.pm line 65.
when is deprecated at /tmp/loop_over_bdir-358318-zInRe0/Spp-2.03-0/blib/lib/Spp/LintAst.pm line 66.
when is deprecated at /tmp/loop_over_bdir-358318-zInRe0/Spp-2.03-0/blib/lib/Spp/LintAst.pm line 67.
when is deprecated at /tmp/loop_over_bdir-358318-zInRe0/Spp-2.03-0/blib/lib/Spp/LintAst.pm line 68.
Str: |,["Assert",| could not flat! at /tmp/loop_over_bdir-358318-zInRe0/Spp-2.03-0/blib/lib/Spp.pm line 89.
# Looks like your test exited with 255 before it could output anything.
t/01-to-spp.t ..... 
Dubious, test returned 255 (wstat 65280, 0xff00)
Failed 3/3 subtests 
t/manifest.t ...... skipped: Author tests not required for installation
t/pod-coverage.t .. skipped: Author tests not required for installation
t/pod.t ........... skipped: Author tests not required for installation

Test Summary Report
-------------------
t/01-to-spp.t   (Wstat: 65280 (exited 255) Tests: 0 Failed: 0)
  Non-zero exit status: 255
  Parse errors: Bad plan.  You planned 3 tests but ran 0.
Files=5, Tests=10,  1 wallclock secs ( 0.03 usr  0.01 sys +  0.77 cusr  0.18 csys =  0.99 CPU)
Result: FAIL
Failed 1/5 test programs. 0/10 subtests failed.

------------------------------
PREREQUISITES
------------------------------

Prerequisite modules loaded:

requires:

    Module             Need  Have     
    ------------------ ----- ---------
    File::Basename     0     2.86     
    File::Copy         0     2.41     
    File::Find::Wanted 0     1.00     
    JSON::XS           0     4.03     
    perl               5.012 5.040000 
    Perl::Tidy         0     20240511 
    String::Random     0     0.32     
    Time::Piece        0     1.3401_01

build_requires:

    Module             Need  Have     
    ------------------ ----- ---------
    Test::More         0     1.302199 

configure_requires:

    Module             Need  Have     
    ------------------ ----- ---------
    Module::Build      0.42  0.4234   


------------------------------
ENVIRONMENT AND OTHER CONTEXT
------------------------------

Environment variables:

    AUTOMATED_TESTING = 1
    LANG = en_US.UTF-8
    LC_ADDRESS = de_DE.UTF-8
    LC_IDENTIFICATION = de_DE.UTF-8
    LC_MEASUREMENT = de_DE.UTF-8
    LC_MONETARY = de_DE.UTF-8
    LC_NAME = de_DE.UTF-8
    LC_NUMERIC = de_DE.UTF-8
    LC_PAPER = de_DE.UTF-8
    LC_TELEPHONE = de_DE.UTF-8
    LC_TIME = de_DE.UTF-8
    PATH = /home/sand/bin:/usr/local/bin:/usr/local/sbin:/usr/sbin:/usr/bin:/sbin:/bin:/usr/games:/usr/local/games:/snap/bin:/usr/local/perl/bin:/usr/X11/bin
    PERL = /tmp/basesmoker-reloperl-Sej4/bin/perl
    PERL5LIB = /tmp/loop_over_bdir-358318-zInRe0/Alien-SNMP-MIBDEV-2.020000-0/blib/arch:/tmp/loop_over_bdir-358318-zInRe0/Alien-SNMP-MIBDEV-2.020000-0/blib/lib:/tmp/loop_over_bdir-358318-zInRe0/Business-Shipping-DataFiles-1.02-0/blib/arch:/tmp/loop_over_bdir-358318-zInRe0/Business-Shipping-DataFiles-1.02-0/blib/lib:/tmp/loop_over_bdir-358318-zInRe0/LiquidWeb-Storm-CLI-1.03-0/blib/arch:/tmp/loop_over_bdir-358318-zInRe0/LiquidWeb-Storm-CLI-1.03-0/blib/lib:/tmp/loop_over_bdir-358318-zInRe0/triceps-2.1.0-0/blib/arch:/tmp/loop_over_bdir-358318-zInRe0/triceps-2.1.0-0/blib/lib:/tmp/loop_over_bdir-358318-zInRe0/DBIx-Migration-Directories-0.12-0/blib/arch:/tmp/loop_over_bdir-358318-zInRe0/DBIx-Migration-Directories-0.12-0/blib/lib:/tmp/loop_over_bdir-358318-zInRe0/RDF-NLP-SPARQLQuery-0.1-0/blib/arch:/tmp/loop_over_bdir-358318-zInRe0/RDF-NLP-SPARQLQuery-0.1-0/blib/lib:/tmp/loop_over_bdir-358318-zInRe0/HTML-Menu-TreeView-1.22-0/blib/arch:/tmp/loop_over_bdir-358318-zInRe0/HTML-Menu-TreeView-1.22-0/blib/lib:/tmp/loop_over_bdir-358318-zInRe0/Sysync-0.38-0/blib/arch:/tmp/loop_over_bdir-358318-zInRe0/Sysync-0.38-0/blib/lib:/tmp/loop_over_bdir-358318-zInRe0/Captive-Portal-4.10-0/blib/arch:/tmp/loop_over_bdir-358318-zInRe0/Captive-Portal-4.10-0/blib/lib:/tmp/loop_over_bdir-358318-zInRe0/MP3-PodcastFetch-1.05-0/blib/arch:/tmp/loop_over_bdir-358318-zInRe0/MP3-PodcastFetch-1.05-0/blib/lib:/tmp/loop_over_bdir-358318-zInRe0/Linux-InitFS-0.2-0/blib/arch:/tmp/loop_over_bdir-358318-zInRe0/Linux-InitFS-0.2-0/blib/lib:/tmp/loop_over_bdir-358318-zInRe0/LCFG-Build-Skeleton-0.5.0-0/blib/arch:/tmp/loop_over_bdir-358318-zInRe0/LCFG-Build-Skeleton-0.5.0-0/blib/lib:/tmp/loop_over_bdir-358318-zInRe0/Lingua-YaTeA-0.626-0/blib/arch:/tmp/loop_over_bdir-358318-zInRe0/Lingua-YaTeA-0.626-0/blib/lib:/tmp/loop_over_bdir-358318-zInRe0/Debian-Packages-0.03-0/blib/arch:/tmp/loop_over_bdir-358318-zInRe0/Debian-Packages-0.03-0/blib/lib:/tmp/loop_over_bdir-358318-zInRe0/Devel-Required-0.16-0/blib/arch:/tmp/loop_over_bdir-358318-zInRe0/Devel-Required-0.16-0/blib/lib:/tmp/loop_over_bdir-358318-zInRe0/shishi-0.0.1-0/blib/arch:/tmp/loop_over_bdir-358318-zInRe0/shishi-0.0.1-0/blib/lib:/tmp/loop_over_bdir-358318-zInRe0/mmds-1.902-0/blib/arch:/tmp/loop_over_bdir-358318-zInRe0/mmds-1.902-0/blib/lib:/tmp/loop_over_bdir-358318-zInRe0/dta-tokwrap-0.98-0/blib/arch:/tmp/loop_over_bdir-358318-zInRe0/dta-tokwrap-0.98-0/blib/lib:/tmp/loop_over_bdir-358318-zInRe0/downsexta-0/blib/arch:/tmp/loop_over_bdir-358318-zInRe0/downsexta-0/blib/lib:/tmp/loop_over_bdir-358318-zInRe0/Dpkg-1.22.6-0/blib/arch:/tmp/loop_over_bdir-358318-zInRe0/Dpkg-1.22.6-0/blib/lib:/tmp/loop_over_bdir-358318-zInRe0/App-rmcd-0.280-0/blib/arch:/tmp/loop_over_bdir-358318-zInRe0/App-rmcd-0.280-0/blib/lib
    PERL5OPT = 
    PERL5_CPANPLUS_IS_RUNNING = 358326
    PERL5_CPAN_IS_RUNNING = 358326
    PERL_CANARY_STABILITY_NOPROMPT = 1
    PERL_MM_USE_DEFAULT = 1
    PERL_USE_UNSAFE_INC = 1
    SHELL = /usr/bin/zsh
    TERM = screen

Perl special variables (and OS-specific diagnostics, for MSWin32):

    $^X = /tmp/basesmoker-reloperl-Sej4/bin/perl
    $UID/$EUID = 1005 / 1005
    $GID = 1005 1005
    $EGID = 1005 1005

Perl module toolchain versions installed:

    Module              Have    
    ------------------- --------
    CPAN                2.36    
    CPAN::Meta          2.150010
    Cwd                 3.90    
    ExtUtils::CBuilder  0.280240
    ExtUtils::Command   7.70    
    ExtUtils::Install   2.22    
    ExtUtils::MakeMaker 7.70    
    ExtUtils::Manifest  1.75    
    ExtUtils::ParseXS   3.51    
    File::Spec          3.90    
    JSON                4.10    
    JSON::PP            4.16    
    Module::Build       0.4234  
    Module::Signature   0.88    
    Parse::CPAN::Meta   2.150010
    Test2               1.302199
    Test::Harness       3.48    
    Test::More          1.302199
    YAML                1.31    
    YAML::Syck          1.34    
    version             0.9932  


--

Summary of my perl5 (revision 5 version 40 subversion 0) configuration:
  Commit id: 9028e12473e7fa76ca5a5787af6d1b2e6d110b78
  Platform:
    osname=linux
    osvers=6.5.0-35-generic
    archname=x86_64-linux-thread-multi-ld
    uname='linux k93jammy 6.5.0-35-generic #35~22.04.1-ubuntu smp preempt_dynamic tue may 7 09:00:52 utc 2 x86_64 x86_64 x86_64 gnulinux '
    config_args='-Dprefix=/home/sand/src/perl/repoperls/installed-perls/host/k93jammy/v5.40.0-RC1/322f -Dmyhostname=k93jammy -Dinstallusrbinperl=n -Uversiononly -Dusedevel -des -Ui_db -Dlibswanted=cl pthread socket inet nsl gdbm dbm malloc dl ld sun m crypt sec util c cposix posix ucb BSD gdbm_compat -Duseithreads -Duselongdouble -DEBUGGING=-g'
    hint=recommended
    useposix=true
    d_sigaction=define
    useithreads=define
    usemultiplicity=define
    use64bitint=define
    use64bitall=define
    uselongdouble=define
    usemymalloc=n
    default_inc_excludes_dot=define
  Compiler:
    cc='cc'
    ccflags ='-D_REENTRANT -D_GNU_SOURCE -fwrapv -fno-strict-aliasing -pipe -fstack-protector-strong -I/usr/local/include -D_LARGEFILE_SOURCE -D_FILE_OFFSET_BITS=64'
    optimize='-O2 -g'
    cppflags='-D_REENTRANT -D_GNU_SOURCE -fwrapv -fno-strict-aliasing -pipe -fstack-protector-strong -I/usr/local/include'
    ccversion=''
    gccversion='11.4.0'
    gccosandvers=''
    intsize=4
    longsize=8
    ptrsize=8
    doublesize=8
    byteorder=12345678
    doublekind=3
    d_longlong=define
    longlongsize=8
    d_longdbl=define
    longdblsize=16
    longdblkind=3
    ivtype='long'
    ivsize=8
    nvtype='long double'
    nvsize=16
    Off_t='off_t'
    lseeksize=8
    alignbytes=16
    prototype=define
  Linker and Libraries:
    ld='cc'
    ldflags =' -fstack-protector-strong -L/usr/local/lib'
    libpth=/usr/local/lib /usr/lib/x86_64-linux-gnu /usr/lib /usr/lib64
    libs=-lpthread -lnsl -ldl -lm -lcrypt -lutil -lc
    perllibs=-lpthread -lnsl -ldl -lm -lcrypt -lutil -lc
    libc=/lib/x86_64-linux-gnu/libc.so.6
    so=so
    useshrplib=false
    libperl=libperl.a
    gnulibc_version='2.35'
  Dynamic Linking:
    dlsrc=dl_dlopen.xs
    dlext=so
    d_dlsymun=undef
    ccdlflags='-Wl,-E'
    cccdlflags='-fPIC'
    lddlflags='-shared -O2 -g -L/usr/local/lib -fstack-protector-strong'


Characteristics of this binary (from libperl): 
  Compile-time options:
    HAS_LONG_DOUBLE
    HAS_STRTOLD
    HAS_TIMES
    MULTIPLICITY
    PERLIO_LAYERS
    PERL_COPY_ON_WRITE
    PERL_DONT_CREATE_GVSV
    PERL_HASH_FUNC_SIPHASH13
    PERL_HASH_USE_SBOX32
    PERL_MALLOC_WRAP
    PERL_OP_PARENT
    PERL_PRESERVE_IVUV
    PERL_USE_DEVEL
    PERL_USE_SAFE_PUTENV
    USE_64_BIT_ALL
    USE_64_BIT_INT
    USE_ITHREADS
    USE_LARGE_FILES
    USE_LOCALE
    USE_LOCALE_COLLATE
    USE_LOCALE_CTYPE
    USE_LOCALE_NUMERIC
    USE_LOCALE_TIME
    USE_LONG_DOUBLE
    USE_PERLIO
    USE_PERL_ATOF
    USE_REENTRANT_API
    USE_THREAD_SAFE_LOCALE
  Locally applied patches:
    RC1
  Built under linux
  Compiled at May 25 2024 17:54:32
  %ENV:
    PERL="/tmp/basesmoker-reloperl-Sej4/bin/perl"
    PERL5LIB="/tmp/loop_over_bdir-358318-zInRe0/Alien-SNMP-MIBDEV-2.020000-0/blib/arch:/tmp/loop_over_bdir-358318-zInRe0/Alien-SNMP-MIBDEV-2.020000-0/blib/lib:/tmp/loop_over_bdir-358318-zInRe0/Business-Shipping-DataFiles-1.02-0/blib/arch:/tmp/loop_over_bdir-358318-zInRe0/Business-Shipping-DataFiles-1.02-0/blib/lib:/tmp/loop_over_bdir-358318-zInRe0/LiquidWeb-Storm-CLI-1.03-0/blib/arch:/tmp/loop_over_bdir-358318-zInRe0/LiquidWeb-Storm-CLI-1.03-0/blib/lib:/tmp/loop_over_bdir-358318-zInRe0/triceps-2.1.0-0/blib/arch:/tmp/loop_over_bdir-358318-zInRe0/triceps-2.1.0-0/blib/lib:/tmp/loop_over_bdir-358318-zInRe0/DBIx-Migration-Directories-0.12-0/blib/arch:/tmp/loop_over_bdir-358318-zInRe0/DBIx-Migration-Directories-0.12-0/blib/lib:/tmp/loop_over_bdir-358318-zInRe0/RDF-NLP-SPARQLQuery-0.1-0/blib/arch:/tmp/loop_over_bdir-358318-zInRe0/RDF-NLP-SPARQLQuery-0.1-0/blib/lib:/tmp/loop_over_bdir-358318-zInRe0/HTML-Menu-TreeView-1.22-0/blib/arch:/tmp/loop_over_bdir-358318-zInRe0/HTML-Menu-TreeView-1.22-0/blib/lib:/tmp/loop_over_bdir-358318-zInRe0/Sysync-0.38-0/blib/arch:/tmp/loop_over_bdir-358318-zInRe0/Sysync-0.38-0/blib/lib:/tmp/loop_over_bdir-358318-zInRe0/Captive-Portal-4.10-0/blib/arch:/tmp/loop_over_bdir-358318-zInRe0/Captive-Portal-4.10-0/blib/lib:/tmp/loop_over_bdir-358318-zInRe0/MP3-PodcastFetch-1.05-0/blib/arch:/tmp/loop_over_bdir-358318-zInRe0/MP3-PodcastFetch-1.05-0/blib/lib:/tmp/loop_over_bdir-358318-zInRe0/Linux-InitFS-0.2-0/blib/arch:/tmp/loop_over_bdir-358318-zInRe0/Linux-InitFS-0.2-0/blib/lib:/tmp/loop_over_bdir-358318-zInRe0/LCFG-Build-Skeleton-0.5.0-0/blib/arch:/tmp/loop_over_bdir-358318-zInRe0/LCFG-Build-Skeleton-0.5.0-0/blib/lib:/tmp/loop_over_bdir-358318-zInRe0/Lingua-YaTeA-0.626-0/blib/arch:/tmp/loop_over_bdir-358318-zInRe0/Lingua-YaTeA-0.626-0/blib/lib:/tmp/loop_over_bdir-358318-zInRe0/Debian-Packages-0.03-0/blib/arch:/tmp/loop_over_bdir-358318-zInRe0/Debian-Packages-0.03-0/blib/lib:/tmp/loop_over_bdir-358318-zInRe0/Devel-Required-0.16-0/blib/arch:/tmp/loop_over_bdir-358318-zInRe0/Devel-Required-0.16-0/blib/lib:/tmp/loop_over_bdir-358318-zInRe0/shishi-0.0.1-0/blib/arch:/tmp/loop_over_bdir-358318-zInRe0/shishi-0.0.1-0/blib/lib:/tmp/loop_over_bdir-358318-zInRe0/mmds-1.902-0/blib/arch:/tmp/loop_over_bdir-358318-zInRe0/mmds-1.902-0/blib/lib:/tmp/loop_over_bdir-358318-zInRe0/dta-tokwrap-0.98-0/blib/arch:/tmp/loop_over_bdir-358318-zInRe0/dta-tokwrap-0.98-0/blib/lib:/tmp/loop_over_bdir-358318-zInRe0/downsexta-0/blib/arch:/tmp/loop_over_bdir-358318-zInRe0/downsexta-0/blib/lib:/tmp/loop_over_bdir-358318-zInRe0/Dpkg-1.22.6-0/blib/arch:/tmp/loop_over_bdir-358318-zInRe0/Dpkg-1.22.6-0/blib/lib:/tmp/loop_over_bdir-358318-zInRe0/App-rmcd-0.280-0/blib/arch:/tmp/loop_over_bdir-358318-zInRe0/App-rmcd-0.280-0/blib/lib"
    PERL5OPT=""
    PERL5_CPANPLUS_IS_RUNNING="358326"
    PERL5_CPAN_IS_RUNNING="358326"
    PERL_CANARY_STABILITY_NOPROMPT="1"
    PERL_MM_USE_DEFAULT="1"
    PERL_USE_UNSAFE_INC="1"
  @INC:
    /tmp/loop_over_bdir-358318-zInRe0/Alien-SNMP-MIBDEV-2.020000-0/blib/arch
    /tmp/loop_over_bdir-358318-zInRe0/Alien-SNMP-MIBDEV-2.020000-0/blib/lib
    /tmp/loop_over_bdir-358318-zInRe0/Business-Shipping-DataFiles-1.02-0/blib/arch
    /tmp/loop_over_bdir-358318-zInRe0/Business-Shipping-DataFiles-1.02-0/blib/lib
    /tmp/loop_over_bdir-358318-zInRe0/LiquidWeb-Storm-CLI-1.03-0/blib/arch
    /tmp/loop_over_bdir-358318-zInRe0/LiquidWeb-Storm-CLI-1.03-0/blib/lib
    /tmp/loop_over_bdir-358318-zInRe0/triceps-2.1.0-0/blib/arch
    /tmp/loop_over_bdir-358318-zInRe0/triceps-2.1.0-0/blib/lib
    /tmp/loop_over_bdir-358318-zInRe0/DBIx-Migration-Directories-0.12-0/blib/arch
    /tmp/loop_over_bdir-358318-zInRe0/DBIx-Migration-Directories-0.12-0/blib/lib
    /tmp/loop_over_bdir-358318-zInRe0/RDF-NLP-SPARQLQuery-0.1-0/blib/arch
    /tmp/loop_over_bdir-358318-zInRe0/RDF-NLP-SPARQLQuery-0.1-0/blib/lib
    /tmp/loop_over_bdir-358318-zInRe0/HTML-Menu-TreeView-1.22-0/blib/arch
    /tmp/loop_over_bdir-358318-zInRe0/HTML-Menu-TreeView-1.22-0/blib/lib
    /tmp/loop_over_bdir-358318-zInRe0/Sysync-0.38-0/blib/arch
    /tmp/loop_over_bdir-358318-zInRe0/Sysync-0.38-0/blib/lib
    /tmp/loop_over_bdir-358318-zInRe0/Captive-Portal-4.10-0/blib/arch
    /tmp/loop_over_bdir-358318-zInRe0/Captive-Portal-4.10-0/blib/lib
    /tmp/loop_over_bdir-358318-zInRe0/MP3-PodcastFetch-1.05-0/blib/arch
    /tmp/loop_over_bdir-358318-zInRe0/MP3-PodcastFetch-1.05-0/blib/lib
    /tmp/loop_over_bdir-358318-zInRe0/Linux-InitFS-0.2-0/blib/arch
    /tmp/loop_over_bdir-358318-zInRe0/Linux-InitFS-0.2-0/blib/lib
    /tmp/loop_over_bdir-358318-zInRe0/LCFG-Build-Skeleton-0.5.0-0/blib/arch
    /tmp/loop_over_bdir-358318-zInRe0/LCFG-Build-Skeleton-0.5.0-0/blib/lib
    /tmp/loop_over_bdir-358318-zInRe0/Lingua-YaTeA-0.626-0/blib/arch
    /tmp/loop_over_bdir-358318-zInRe0/Lingua-YaTeA-0.626-0/blib/lib
    /tmp/loop_over_bdir-358318-zInRe0/Debian-Packages-0.03-0/blib/arch
    /tmp/loop_over_bdir-358318-zInRe0/Debian-Packages-0.03-0/blib/lib
    /tmp/loop_over_bdir-358318-zInRe0/Devel-Required-0.16-0/blib/arch
    /tmp/loop_over_bdir-358318-zInRe0/Devel-Required-0.16-0/blib/lib
    /tmp/loop_over_bdir-358318-zInRe0/shishi-0.0.1-0/blib/arch
    /tmp/loop_over_bdir-358318-zInRe0/shishi-0.0.1-0/blib/lib
    /tmp/loop_over_bdir-358318-zInRe0/mmds-1.902-0/blib/arch
    /tmp/loop_over_bdir-358318-zInRe0/mmds-1.902-0/blib/lib
    /tmp/loop_over_bdir-358318-zInRe0/dta-tokwrap-0.98-0/blib/arch
    /tmp/loop_over_bdir-358318-zInRe0/dta-tokwrap-0.98-0/blib/lib
    /tmp/loop_over_bdir-358318-zInRe0/downsexta-0/blib/arch
    /tmp/loop_over_bdir-358318-zInRe0/downsexta-0/blib/lib
    /tmp/loop_over_bdir-358318-zInRe0/Dpkg-1.22.6-0/blib/arch
    /tmp/loop_over_bdir-358318-zInRe0/Dpkg-1.22.6-0/blib/lib
    /tmp/loop_over_bdir-358318-zInRe0/App-rmcd-0.280-0/blib/arch
    /tmp/loop_over_bdir-358318-zInRe0/App-rmcd-0.280-0/blib/lib
    /home/sand/src/perl/repoperls/installed-perls/host/k93jammy/v5.40.0-RC1/322f/lib/site_perl/5.40.0/x86_64-linux-thread-multi-ld
    /home/sand/src/perl/repoperls/installed-perls/host/k93jammy/v5.40.0-RC1/322f/lib/site_perl/5.40.0
    /home/sand/src/perl/repoperls/installed-perls/host/k93jammy/v5.40.0-RC1/322f/lib/5.40.0/x86_64-linux-thread-multi-ld
    /home/sand/src/perl/repoperls/installed-perls/host/k93jammy/v5.40.0-RC1/322f/lib/5.40.0
    .