Syntax-Feature-QwComments vv1.14.0 Perl 5 v5.24.4 x86_64-linux-ld

Status
Fail
From
Slaven Rezić
Dist
Syntax-Feature-QwComments vv1.14.0
Platform
Perl 5 v5.24.4 x86_64-linux-ld
Date
2024-10-20 14:12:23
ID
53971a7e-8eed-11ef-b5e7-4c126e8775ea
This distribution has been tested as part of the CPAN Testers
project, supporting the Perl programming language.  See
http://wiki.cpantesters.org/ for more information or email
questions to cpan-testers-discuss@perl.org


--
Dear ikegami,

This is a computer-generated report for Syntax-Feature-QwComments-v1.14.0
on perl 5.24.4, created by CPAN-Reporter-1.2019.

Thank you for uploading your work to CPAN.  However, there was a problem
testing your distribution.

If you think this report is invalid, please consult the CPAN Testers Wiki
for suggestions on how to avoid getting FAIL reports for missing library
or binary dependencies, unsupported operating systems, and so on:

http://wiki.cpantesters.org/wiki/CPANAuthorNotes

Sections of this report:

    * Tester comments
    * Program output
    * Prerequisites
    * Environment and other context

------------------------------
TESTER COMMENTS
------------------------------

Additional comments from tester:

none provided

------------------------------
PROGRAM OUTPUT
------------------------------

Output from './Build test':

# Testing Syntax::Feature::QwComments v1.14.0
# Using Perl 5.024004
t/00_load.t ............. ok
String found where operator expected at t/01_basic.t line 38, near "c", ""
Bareword found where operator expected at t/01_basic.t line 38, near "", "Nesting"
	(Missing operator before Nesting?)
String found where operator expected at t/01_basic.t line 38, near "is(join('|', @a), ""
	(Missing semicolon on previous line?)
syntax error at t/01_basic.t line 32, near "c !"
syntax error at t/01_basic.t line 36, near ");"
syntax error at t/01_basic.t line 38, near "a["
Substitution replacement not terminated at t/01_basic.t line 38.
# Looks like your test exited with 255 before it could output anything.
t/01_basic.t ............ 
Dubious, test returned 255 (wstat 65280, 0xff00)
Failed 24/24 subtests 
Bareword "a" not allowed while "strict subs" in use at t/02_pragma_a.t line 27.
Bareword "a" not allowed while "strict subs" in use at t/02_pragma_a.t line 35.
Bareword "a" not allowed while "strict subs" in use at t/02_pragma_a.t line 41.
Execution of t/02_pragma_a.t aborted due to compilation errors.
# Looks like your test exited with 255 before it could output anything.
t/02_pragma_a.t ......... 
Dubious, test returned 255 (wstat 65280, 0xff00)
Failed 6/6 subtests 
Bareword "qw_comments" not allowed while "strict subs" in use at t/02_pragma_b.t line 33.
Bareword "a" not allowed while "strict subs" in use at t/02_pragma_b.t line 27.
Bareword "a" not allowed while "strict subs" in use at t/02_pragma_b.t line 35.
Bareword "a" not allowed while "strict subs" in use at t/02_pragma_b.t line 41.
Execution of t/02_pragma_b.t aborted due to compilation errors.
# Looks like your test exited with 255 before it could output anything.
t/02_pragma_b.t ......... 
Dubious, test returned 255 (wstat 65280, 0xff00)
Failed 6/6 subtests 
Can't locate object method "a" via package "b" (perhaps you forgot to load "b"?) at t/03_line_numbers.t line 1.
# Looks like your test exited with 255 before it could output anything.
t/03_line_numbers.t ..... 
Dubious, test returned 255 (wstat 65280, 0xff00)
Failed 3/3 subtests 
Bareword "qw_comments" not allowed while "strict subs" in use at t/04_errors.t line 23.
BEGIN not safe after errors--compilation aborted at t/04_errors.t line 29.
# Looks like your test exited with 2 before it could output anything.
t/04_errors.t ........... 
Dubious, test returned 2 (wstat 512, 0x200)
Failed 21/21 subtests 
Unrecognized character \xE9; marked by <-- HERE after @a = qw( <-- HERE near column 10 at (eval 10) line 1. at t/05_unicode.t line 22.
# Looks like your test exited with 255 before it could output anything.
t/05_unicode.t .......... 
Dubious, test returned 255 (wstat 65280, 0xff00)
Failed 4/4 subtests 
t/devel-pod-coverage.t .. skipped: Pod coverage is only tested when DEVEL_TESTS=1
t/pod.t ................. ok

Test Summary Report
-------------------
t/01_basic.t          (Wstat: 65280 (exited 255) Tests: 0 Failed: 0)
  Non-zero exit status: 255
  Parse errors: Bad plan.  You planned 24 tests but ran 0.
t/02_pragma_a.t       (Wstat: 65280 (exited 255) Tests: 0 Failed: 0)
  Non-zero exit status: 255
  Parse errors: Bad plan.  You planned 6 tests but ran 0.
t/02_pragma_b.t       (Wstat: 65280 (exited 255) Tests: 0 Failed: 0)
  Non-zero exit status: 255
  Parse errors: Bad plan.  You planned 6 tests but ran 0.
t/03_line_numbers.t   (Wstat: 65280 (exited 255) Tests: 0 Failed: 0)
  Non-zero exit status: 255
  Parse errors: Bad plan.  You planned 3 tests but ran 0.
t/04_errors.t         (Wstat: 512 (exited 2) Tests: 0 Failed: 0)
  Non-zero exit status: 2
  Parse errors: Bad plan.  You planned 21 tests but ran 0.
t/05_unicode.t        (Wstat: 65280 (exited 255) Tests: 0 Failed: 0)
  Non-zero exit status: 255
  Parse errors: Bad plan.  You planned 4 tests but ran 0.
Files=9, Tests=2,  1 wallclock secs ( 0.02 usr  0.01 sys +  0.39 cusr  0.15 csys =  0.57 CPU)
Result: FAIL
Failed 6/9 test programs. 0/2 subtests failed.

------------------------------
PREREQUISITES
------------------------------

Prerequisite modules loaded:

requires:

    Module                     Need   Have    
    -------------------------- ------ --------
    Devel::CallParser          0      0.002   
    Lexical::Sub               0      0.010   
    perl                       5.014  5.024004
    syntax                     0.004  0.004   
    version                    0      0.9916  
    XSLoader                   0      0.22    

build_requires:

    Module                     Need   Have    
    -------------------------- ------ --------
    ExtUtils::CBuilder         0      0.280236
    Test::More                 0      1.302203

configure_requires:

    Module                     Need   Have    
    -------------------------- ------ --------
    Module::Build              0.3614 0.4234  
    Software::License::CC0_1_0 0      0.104006


------------------------------
ENVIRONMENT AND OTHER CONTEXT
------------------------------

Environment variables:

    LANG = en_US.UTF-8
    PATH = /usr/local/bin:/usr/bin:/bin:/usr/local/sbin:/usr/sbin:/sbin:/home/cpansand/bin/linux-gnu:/home/cpansand/bin/sh:/home/cpansand/bin:/usr/games:/home/cpansand/devel:/home/eserte/src/srezic-misc/scripts
    PERL5LIB = /home/cpansand/.cpan/build/2024102014/syntax-0.004-0/blib/arch:/home/cpansand/.cpan/build/2024102014/syntax-0.004-0/blib/lib:/home/cpansand/.cpan/build/2024102014/Lexical-Var-0.010-0/blib/arch:/home/cpansand/.cpan/build/2024102014/Lexical-Var-0.010-0/blib/lib:/home/cpansand/.cpan/build/2024102014/Lexical-SealRequireHints-0.012-0/blib/arch:/home/cpansand/.cpan/build/2024102014/Lexical-SealRequireHints-0.012-0/blib/lib:/home/cpansand/.cpan/build/2024102014/Devel-CallParser-0.002-0/blib/arch:/home/cpansand/.cpan/build/2024102014/Devel-CallParser-0.002-0/blib/lib:/home/cpansand/.cpan/build/2024102014/Devel-CallChecker-0.009-0/blib/arch:/home/cpansand/.cpan/build/2024102014/Devel-CallChecker-0.009-0/blib/lib:/home/cpansand/.cpan/build/2024102014/DynaLoader-Functions-0.004-0/blib/arch:/home/cpansand/.cpan/build/2024102014/DynaLoader-Functions-0.004-0/blib/lib
    PERL5OPT = 
    PERL5_CPANPLUS_IS_RUNNING = 1338705
    PERL5_CPAN_IS_RUNNING = 1338705
    PERL5_CPAN_IS_RUNNING_IN_RECURSION = 1338599,1338705
    PERLDOC = -MPod::Perldoc::ToTextOverstrike
    PERL_BATCH = yes
    PERL_CANARY_STABILITY_NOPROMPT = 1
    PERL_CPAN_REPORTER_CONFIG = /var/tmp/cpansmoker-1023/2024102014/cpanreporter_001_config.ini
    PERL_EXTUTILS_AUTOINSTALL = --defaultdeps
    PERL_USE_UNSAFE_INC = 1
    SHELL = /usr/bin/zsh
    TERM = screen
    TMPDIR = /var/tmp/cpansmoker-1023/2024102014

Perl special variables (and OS-specific diagnostics, for MSWin32):

    $^X = /opt/perl-5.24.4D/bin/perl
    $UID/$EUID = 1023 / 1023
    $GID = 1023 1023
    $EGID = 1023 1023

Perl module toolchain versions installed:

    Module              Have    
    ------------------- --------
    CPAN                2.37    
    CPAN::Meta          2.150010
    Cwd                 3.75    
    ExtUtils::CBuilder  0.280236
    ExtUtils::Command   7.70    
    ExtUtils::Install   2.06    
    ExtUtils::MakeMaker 7.70    
    ExtUtils::Manifest  1.70    
    ExtUtils::ParseXS   3.31    
    File::Spec          3.75    
    JSON                4.10    
    JSON::PP            4.16    
    Module::Build       0.4234  
    Module::Signature   n/a     
    Parse::CPAN::Meta   2.150010
    Test2               1.302203
    Test::Harness       3.50    
    Test::More          1.302203
    YAML                1.31    
    YAML::Syck          1.34    
    version             0.9916  


--

Summary of my perl5 (revision 5 version 24 subversion 4) configuration:
   
  Platform:
    osname=linux, osvers=5.14.0-427.24.1.el9_4.x86_64, archname=x86_64-linux-ld
    uname='linux rockylinux9-2gb-ash-1-cloud3.cloud 5.14.0-427.24.1.el9_4.x86_64 #1 smp preempt_dynamic mon jul 8 17:47:19 utc 2024 x86_64 x86_64 x86_64 gnulinux '
    config_args='-ds -e -Dprefix=/opt/perl-5.24.4D -Uinstallusrbinperl -Duselongdouble -Dcf_email=srezic@cpan.org'
    hint=recommended, useposix=true, d_sigaction=define
    useithreads=undef, usemultiplicity=undef
    use64bitint=define, use64bitall=define, uselongdouble=define
    usemymalloc=n, bincompat5005=undef
  Compiler:
    cc='cc', ccflags ='-fwrapv -fno-strict-aliasing -pipe -fstack-protector-strong -I/usr/local/include -D_LARGEFILE_SOURCE -D_FILE_OFFSET_BITS=64 -D_FORTIFY_SOURCE=2',
    optimize='-O2',
    cppflags='-fwrapv -fno-strict-aliasing -pipe -fstack-protector-strong -I/usr/local/include'
    ccversion='', gccversion='11.4.1 20231218 (Red Hat 11.4.1-3)', gccosandvers=''
    intsize=4, longsize=8, ptrsize=8, doublesize=8, byteorder=12345678, doublekind=3
    d_longlong=define, longlongsize=8, d_longdbl=define, longdblsize=16, longdblkind=3
    ivtype='long', ivsize=8, nvtype='long double', nvsize=16, Off_t='off_t', lseeksize=8
    alignbytes=16, prototype=define
  Linker and Libraries:
    ld='cc', ldflags =' -fstack-protector-strong -L/usr/local/lib'
    libpth=/usr/local/lib /usr/lib /lib/../lib64 /usr/lib/../lib64 /lib /lib64 /usr/lib64 /usr/local/lib64
    libs=-lpthread -ldb -ldl -lm -lcrypt -lutil -lc
    perllibs=-lpthread -ldl -lm -lcrypt -lutil -lc
    libc=/lib/../lib64/libc.so.6, so=so, useshrplib=false, libperl=libperl.a
    gnulibc_version='2.34'
  Dynamic Linking:
    dlsrc=dl_dlopen.xs, dlext=so, d_dlsymun=undef, ccdlflags='-Wl,-E'
    cccdlflags='-fPIC', lddlflags='-shared -O2 -L/usr/local/lib -fstack-protector-strong'


Characteristics of this binary (from libperl): 
  Compile-time options: HAS_TIMES PERLIO_LAYERS PERL_COPY_ON_WRITE
                        PERL_DONT_CREATE_GVSV
                        PERL_HASH_FUNC_ONE_AT_A_TIME_HARD PERL_MALLOC_WRAP
                        PERL_PRESERVE_IVUV USE_64_BIT_ALL USE_64_BIT_INT
                        USE_LARGE_FILES USE_LOCALE USE_LOCALE_COLLATE
                        USE_LOCALE_CTYPE USE_LOCALE_NUMERIC USE_LOCALE_TIME
                        USE_LONG_DOUBLE USE_PERLIO USE_PERL_ATOF
  Locally applied patches:
	Devel::PatchPerl 2.08
  Built under linux
  Compiled at Jul 19 2024 20:19:54
  %ENV:
    PERL5LIB="/home/cpansand/.cpan/build/2024102014/syntax-0.004-0/blib/arch:/home/cpansand/.cpan/build/2024102014/syntax-0.004-0/blib/lib:/home/cpansand/.cpan/build/2024102014/Lexical-Var-0.010-0/blib/arch:/home/cpansand/.cpan/build/2024102014/Lexical-Var-0.010-0/blib/lib:/home/cpansand/.cpan/build/2024102014/Lexical-SealRequireHints-0.012-0/blib/arch:/home/cpansand/.cpan/build/2024102014/Lexical-SealRequireHints-0.012-0/blib/lib:/home/cpansand/.cpan/build/2024102014/Devel-CallParser-0.002-0/blib/arch:/home/cpansand/.cpan/build/2024102014/Devel-CallParser-0.002-0/blib/lib:/home/cpansand/.cpan/build/2024102014/Devel-CallChecker-0.009-0/blib/arch:/home/cpansand/.cpan/build/2024102014/Devel-CallChecker-0.009-0/blib/lib:/home/cpansand/.cpan/build/2024102014/DynaLoader-Functions-0.004-0/blib/arch:/home/cpansand/.cpan/build/2024102014/DynaLoader-Functions-0.004-0/blib/lib"
    PERL5OPT=""
    PERL5_CPANPLUS_IS_RUNNING="1338705"
    PERL5_CPAN_IS_RUNNING="1338705"
    PERL5_CPAN_IS_RUNNING_IN_RECURSION="1338599,1338705"
    PERLDOC="-MPod::Perldoc::ToTextOverstrike"
    PERL_BATCH="yes"
    PERL_CANARY_STABILITY_NOPROMPT="1"
    PERL_CPAN_REPORTER_CONFIG="/var/tmp/cpansmoker-1023/2024102014/cpanreporter_001_config.ini"
    PERL_EXTUTILS_AUTOINSTALL="--defaultdeps"
    PERL_USE_UNSAFE_INC="1"
  @INC:
    /home/cpansand/.cpan/build/2024102014/syntax-0.004-0/blib/arch
    /home/cpansand/.cpan/build/2024102014/syntax-0.004-0/blib/lib
    /home/cpansand/.cpan/build/2024102014/Lexical-Var-0.010-0/blib/arch
    /home/cpansand/.cpan/build/2024102014/Lexical-Var-0.010-0/blib/lib
    /home/cpansand/.cpan/build/2024102014/Lexical-SealRequireHints-0.012-0/blib/arch
    /home/cpansand/.cpan/build/2024102014/Lexical-SealRequireHints-0.012-0/blib/lib
    /home/cpansand/.cpan/build/2024102014/Devel-CallParser-0.002-0/blib/arch
    /home/cpansand/.cpan/build/2024102014/Devel-CallParser-0.002-0/blib/lib
    /home/cpansand/.cpan/build/2024102014/Devel-CallChecker-0.009-0/blib/arch
    /home/cpansand/.cpan/build/2024102014/Devel-CallChecker-0.009-0/blib/lib
    /home/cpansand/.cpan/build/2024102014/DynaLoader-Functions-0.004-0/blib/arch
    /home/cpansand/.cpan/build/2024102014/DynaLoader-Functions-0.004-0/blib/lib
    /opt/perl-5.24.4D/lib/site_perl/5.24.4/x86_64-linux-ld
    /opt/perl-5.24.4D/lib/site_perl/5.24.4
    /opt/perl-5.24.4D/lib/5.24.4/x86_64-linux-ld
    /opt/perl-5.24.4D/lib/5.24.4
    .