Report for Image-Base-Gtk2-11

Back
From: metabase:user:314402c4-2aae-11df-837a-5e0a49663a4f
Subject: FAIL Image-Base-Gtk2-11 v5.23.4 FreeBSD
Date: 2015-11-04T22:35:18Z

This distribution has been tested as part of the CPAN Testers
project, supporting the Perl programming language.  See
http://wiki.cpantesters.org/ for more information or email
questions to cpan-testers-discuss@perl.org


--
Dear Kevin Ryde,

This is a computer-generated report for Image-Base-Gtk2-11
on perl 5.23.4, created by CPAN-Reporter-1.2015.

Thank you for uploading your work to CPAN.  However, there was a problem
testing your distribution.

If you think this report is invalid, please consult the CPAN Testers Wiki
for suggestions on how to avoid getting FAIL reports for missing library
or binary dependencies, unsupported operating systems, and so on:

http://wiki.cpantesters.org/wiki/CPANAuthorNotes

Sections of this report:

    * Tester comments
    * Program output
    * Prerequisites
    * Environment and other context

------------------------------
TESTER COMMENTS
------------------------------

Additional comments from tester:

none provided

------------------------------
PROGRAM OUTPUT
------------------------------

Output from '/usr/bin/make test':

PERL_DL_NONLAZY=1 "/usr/perl5.23.4p/bin/perl5.23.4" "-MExtUtils::Command::MM" "-MTest::Harness" "-e" "undef *Test::Harness::Switches; test_harness(0, 'blib/lib', 'blib/arch')" t/*.t
t/Drawable.t ....... skipped: due to no DISPLAY available
t/Image-weaken.t ... skipped: due to no DISPLAY available
t/Image.t .......... skipped: due to no DISPLAY available
t/Pixbuf-weaken.t .. skipped: due to Test::Weaken 2.000 not available -- Can't locate Test/Weaken.pm in @INC (you may need to install the Test::Weaken module) (@INC contains: t /home/cpansand/.cpan/build/2015110421/Image-Base-Gtk2-11-9ie2wm/blib/lib /home/cpansand/.cpan/build/2015110421/Image-Base-Gtk2-11-9ie2wm/blib/arch /home/cpansand/.cpan/build/2015110421/Image-Base-1.17-YCZJ8W/blib/arch /home/cpansand/.cpan/build/2015110421/Image-Base-1.17-YCZJ8W/blib/lib /usr/perl5.23.4p/lib/site_perl/5.23.4/amd64-freebsd /usr/perl5.23.4p/lib/site_perl/5.23.4 /usr/perl5.23.4p/lib/5.23.4/amd64-freebsd /usr/perl5.23.4p/lib/5.23.4 .) at (eval 9) line 1.
# Image::Base version 1.17
# get_option('x_hot') 0
# get_option('y_hot') 1
# check_image()

#   Failed test 'pixel 4,2  white  on line 4,2 3,2, reversal'
#   at t/MyTestImageBase.pm line 71.
#          got: 'black'
#     expected: 'white'
# dump_image
# _____________________
# _____________________
# ___w_________________
# _____________________
# _____________________
# _____________________
# _____________________
# _____________________
# _____________________
# _____________________

#   Failed test 'pixel 13,2  white  on line 13,2 3,2, reversal'
#   at t/MyTestImageBase.pm line 71.
#          got: 'black'
#     expected: 'white'
# dump_image
# _____________________
# _____________________
# ___w_________________
# _____________________
# _____________________
# _____________________
# _____________________
# _____________________
# _____________________
# _____________________

#   Failed test 'pixel 4,3  white  on line 4,3 3,3, reversal'
#   at t/MyTestImageBase.pm line 71.
#          got: 'black'
#     expected: 'white'
# dump_image
# _____________________
# _____________________
# _____________________
# ___w_________________
# _____________________
# _____________________
# _____________________
# _____________________
# _____________________
# _____________________

#   Failed test 'pixel 13,3  white  on line 13,3 3,3, reversal'
#   at t/MyTestImageBase.pm line 71.
#          got: 'black'
#     expected: 'white'
# dump_image
# _____________________
# _____________________
# _____________________
# ___w_________________
# _____________________
# _____________________
# _____________________
# _____________________
# _____________________
# _____________________

#   Failed test 'pixel 5,3  white  on line 5,3 5,2, reversal'
#   at t/MyTestImageBase.pm line 71.
#          got: 'black'
#     expected: 'white'
# dump_image
# _____________________
# _____________________
# _____w_______________
# _____________________
# _____________________
# _____________________
# _____________________
# _____________________
# _____________________
# _____________________

#   Failed test 'pixel 5,9  white  on line 5,9 5,2, reversal'
#   at t/MyTestImageBase.pm line 71.
#          got: 'black'
#     expected: 'white'
# dump_image
# _____________________
# _____________________
# _____w_______________
# _____________________
# _____________________
# _____________________
# _____________________
# _____________________
# _____________________
# _____________________

#   Failed test 'pixel 6,3  white  on line 6,3 6,2, reversal'
#   at t/MyTestImageBase.pm line 71.
#          got: 'black'
#     expected: 'white'
# dump_image
# _____________________
# _____________________
# ______w______________
# _____________________
# _____________________
# _____________________
# _____________________
# _____________________
# _____________________
# _____________________

#   Failed test 'pixel 6,9  white  on line 6,9 6,2, reversal'
#   at t/MyTestImageBase.pm line 71.
#          got: 'black'
#     expected: 'white'
# dump_image
# _____________________
# _____________________
# ______w______________
# _____________________
# _____________________
# _____________________
# _____________________
# _____________________
# _____________________
# _____________________

#   Failed test 'hline 6,8  white  on rectangle unfilled 5,6, 7,8'
#   at t/MyTestImageBase.pm line 71.
#          got: 'black'
#     expected: 'white'

#   Failed test 'hline 7,8  white  on rectangle unfilled 5,6, 7,8'
#   at t/MyTestImageBase.pm line 71.
#          got: 'black'
#     expected: 'white'
# dump_image
# _____________________
# _____________________
# _____________________
# _____________________
# _____________________
# _____________________
# _____www_____________
# _____w_w_____________
# _____w_______________
# _____________________

#   Failed test 'hline 2,8  white  on rectangle unfilled 1,1, 18,8'
#   at t/MyTestImageBase.pm line 71.
#          got: 'black'
#     expected: 'white'

#   Failed test 'hline 3,8  white  on rectangle unfilled 1,1, 18,8'
#   at t/MyTestImageBase.pm line 71.
#          got: 'black'
#     expected: 'white'

#   Failed test 'hline 4,8  white  on rectangle unfilled 1,1, 18,8'
#   at t/MyTestImageBase.pm line 71.
#          got: 'black'
#     expected: 'white'

#   Failed test 'hline 5,8  white  on rectangle unfilled 1,1, 18,8'
#   at t/MyTestImageBase.pm line 71.
#          got: 'black'
#     expected: 'white'

#   Failed test 'hline 6,8  white  on rectangle unfilled 1,1, 18,8'
#   at t/MyTestImageBase.pm line 71.
#          got: 'black'
#     expected: 'white'

#   Failed test 'hline 7,8  white  on rectangle unfilled 1,1, 18,8'
#   at t/MyTestImageBase.pm line 71.
#          got: 'black'
#     expected: 'white'

#   Failed test 'hline 8,8  white  on rectangle unfilled 1,1, 18,8'
#   at t/MyTestImageBase.pm line 71.
#          got: 'black'
#     expected: 'white'

#   Failed test 'hline 9,8  white  on rectangle unfilled 1,1, 18,8'
#   at t/MyTestImageBase.pm line 71.
#          got: 'black'
#     expected: 'white'

#   Failed test 'hline 10,8  white  on rectangle unfilled 1,1, 18,8'
#   at t/MyTestImageBase.pm line 71.
#          got: 'black'
#     expected: 'white'

#   Failed test 'hline 11,8  white  on rectangle unfilled 1,1, 18,8'
#   at t/MyTestImageBase.pm line 71.
#          got: 'black'
#     expected: 'white'

#   Failed test 'hline 12,8  white  on rectangle unfilled 1,1, 18,8'
#   at t/MyTestImageBase.pm line 71.
#          got: 'black'
#     expected: 'white'

#   Failed test 'hline 13,8  white  on rectangle unfilled 1,1, 18,8'
#   at t/MyTestImageBase.pm line 71.
#          got: 'black'
#     expected: 'white'

#   Failed test 'hline 14,8  white  on rectangle unfilled 1,1, 18,8'
#   at t/MyTestImageBase.pm line 71.
#          got: 'black'
#     expected: 'white'

#   Failed test 'hline 15,8  white  on rectangle unfilled 1,1, 18,8'
#   at t/MyTestImageBase.pm line 71.
#          got: 'black'
#     expected: 'white'

#   Failed test 'hline 16,8  white  on rectangle unfilled 1,1, 18,8'
#   at t/MyTestImageBase.pm line 71.
#          got: 'black'
#     expected: 'white'

#   Failed test 'hline 17,8  white  on rectangle unfilled 1,1, 18,8'
#   at t/MyTestImageBase.pm line 71.
#          got: 'black'
#     expected: 'white'

#   Failed test 'hline 18,8  white  on rectangle unfilled 1,1, 18,8'
#   at t/MyTestImageBase.pm line 71.
#          got: 'black'
#     expected: 'white'
# dump_image
# _____________________
# _wwwwwwwwwwwwwwwwww__
# _w________________w__
# _w________________w__
# _w________________w__
# _w________________w__
# _w________________w__
# _w________________w__
# _w___________________
# _____________________
# Looks like you failed 27 tests of 2002.
t/Pixbuf.t ......... 
Dubious, test returned 27 (wstat 6912, 0x1b00)
Failed 27/2002 subtests 
t/Pixmap.t ......... skipped: due to no DISPLAY available
t/Window.t ......... skipped: due to no DISPLAY available

Test Summary Report
-------------------
t/Pixbuf.t       (Wstat: 6912 Tests: 2002 Failed: 27)
  Failed tests:  134, 176, 218, 260, 302, 335, 368, 401
                1023-1024, 1088-1104
  Non-zero exit status: 27
Files=7, Tests=2002, 11 wallclock secs ( 0.30 usr  0.57 sys +  3.22 cusr  1.14 csys =  5.23 CPU)
Result: FAIL
Failed 1/7 test programs. 27/2002 subtests failed.
*** Error code 255

Stop.
make: stopped in /home/cpansand/.cpan/build/2015110421/Image-Base-Gtk2-11-9ie2wm

------------------------------
PREREQUISITES
------------------------------

Prerequisite modules loaded:

requires:

    Module              Need  Have    
    ------------------- ----- --------
    Gtk2                0     1.2496  
    Image::Base         1.12  1.17    
    perl                5.008 5.023004

build_requires:

    Module              Need  Have    
    ------------------- ----- --------
    ExtUtils::MakeMaker 0     7.10    

configure_requires:

    Module              Need  Have    
    ------------------- ----- --------
    ExtUtils::MakeMaker 0     7.10    


------------------------------
ENVIRONMENT AND OTHER CONTEXT
------------------------------

Environment variables:

    LC_ALL = de_DE.ISO8859-1
    PATH = /usr/local/bin:/usr/bin:/bin:/usr/local/sbin:/usr/sbin:/sbin:/home/cpansand/bin/freebsd10.1:/home/cpansand/bin/sh:/home/cpansand/bin:/usr/games:/home/cpansand/devel:/home/eserte/src/srezic-misc/scripts
    PERL5LIB = /home/cpansand/.cpan/build/2015110421/Image-Base-1.17-YCZJ8W/blib/arch:/home/cpansand/.cpan/build/2015110421/Image-Base-1.17-YCZJ8W/blib/lib
    PERL5OPT = 
    PERL5_CPANPLUS_IS_RUNNING = 35517
    PERL5_CPAN_IS_RUNNING = 35517
    PERL5_CPAN_IS_RUNNING_IN_RECURSION = 35492,35517
    PERLDOC = -MPod::Perldoc::ToTextOverstrike
    PERL_BATCH = yes
    PERL_CANARY_STABILITY_NOPROMPT = 1
    PERL_CPAN_REPORTER_CONFIG = /var/tmp/cpansmoker-1023/2015110421/cpanreporter_003_config.ini
    PERL_EXTUTILS_AUTOINSTALL = --defaultdeps
    SHELL = /usr/local/bin/zsh
    TERM = screen
    TMPDIR = /var/tmp/cpansmoker-1023/2015110421

Perl special variables (and OS-specific diagnostics, for MSWin32):

    $^X = /usr/perl5.23.4p/bin/perl5.23.4
    $UID/$EUID = 1023 / 1023
    $GID = 1023 1023
    $EGID = 1023 1023

Perl module toolchain versions installed:

    Module              Have    
    ------------------- --------
    CPAN                2.11    
    CPAN::Meta          2.150005
    Cwd                 3.58    
    ExtUtils::CBuilder  0.280224
    ExtUtils::Command   7.10    
    ExtUtils::Install   2.04    
    ExtUtils::MakeMaker 7.10    
    ExtUtils::Manifest  1.70    
    ExtUtils::ParseXS   3.30    
    File::Spec          3.58    
    JSON                2.90    
    JSON::PP            2.27300 
    Module::Build       0.4214  
    Module::Signature   n/a     
    Parse::CPAN::Meta   1.4417  
    Test::Harness       3.35    
    Test::More          1.001014
    YAML                1.15    
    YAML::Syck          1.29    
    version             0.9912  


--

Summary of my perl5 (revision 5 version 23 subversion 4) configuration:
   
  Platform:
    osname=freebsd, osvers=10.1-release, archname=amd64-freebsd
    uname='freebsd cvrsnica-freebsd-101.herceg.de 10.1-release freebsd 10.1-release #0 r274401: tue nov 11 21:02:49 utc 2014 root@releng1.nyi.freebsd.org:usrobjusrsrcsysgeneric amd64 '
    config_args='-ds -e -Dprefix=/usr/perl5.23.4p -Dusedevel -Dusemallocwrap=no -Dcf_email=srezic@cpan.org'
    hint=recommended, useposix=true, d_sigaction=define
    useithreads=undef, usemultiplicity=undef
    use64bitint=define, use64bitall=define, uselongdouble=undef
    usemymalloc=n, bincompat5005=undef
  Compiler:
    cc='cc', ccflags ='-DHAS_FPSETMASK -DHAS_FLOATINGPOINT_H -fno-strict-aliasing -pipe -fstack-protector -I/usr/local/include -D_FORTIFY_SOURCE=2',
    optimize='-O',
    cppflags='-DHAS_FPSETMASK -DHAS_FLOATINGPOINT_H -fno-strict-aliasing -pipe -fstack-protector -I/usr/local/include'
    ccversion='', gccversion='4.2.1 Compatible FreeBSD Clang 3.4.1 (tags/RELEASE_34/dot1-final 208032)', gccosandvers=''
    intsize=4, longsize=8, ptrsize=8, doublesize=8, byteorder=12345678, doublekind=3
    d_longlong=define, longlongsize=8, d_longdbl=define, longdblsize=16, longdblkind=3
    ivtype='long', ivsize=8, nvtype='double', nvsize=8, Off_t='off_t', lseeksize=8
    alignbytes=8, prototype=define
  Linker and Libraries:
    ld='cc', ldflags ='-pthread -Wl,-E  -fstack-protector -L/usr/local/lib'
    libpth=/usr/lib /usr/local/lib /usr/include/clang/3.4.1 /usr/lib
    libs=-lpthread -lgdbm -lm -lcrypt -lutil -lc
    perllibs=-lpthread -lm -lcrypt -lutil -lc
    libc=, so=so, useshrplib=false, libperl=libperl.a
    gnulibc_version=''
  Dynamic Linking:
    dlsrc=dl_dlopen.xs, dlext=so, d_dlsymun=undef, ccdlflags=' '
    cccdlflags='-DPIC -fPIC', lddlflags='-shared  -L/usr/local/lib -fstack-protector'


Characteristics of this binary (from libperl): 
  Compile-time options: HAS_TIMES PERLIO_LAYERS PERL_COPY_ON_WRITE
                        PERL_DONT_CREATE_GVSV
                        PERL_HASH_FUNC_ONE_AT_A_TIME_HARD PERL_PRESERVE_IVUV
                        PERL_USE_DEVEL USE_64_BIT_ALL USE_64_BIT_INT
                        USE_LARGE_FILES USE_LOCALE USE_LOCALE_COLLATE
                        USE_LOCALE_CTYPE USE_LOCALE_NUMERIC USE_LOCALE_TIME
                        USE_PERLIO USE_PERL_ATOF
  Built under freebsd
  Compiled at Oct 30 2015 15:31:28
  %ENV:
    PERL5LIB="/home/cpansand/.cpan/build/2015110421/Image-Base-1.17-YCZJ8W/blib/arch:/home/cpansand/.cpan/build/2015110421/Image-Base-1.17-YCZJ8W/blib/lib"
    PERL5OPT=""
    PERL5_CPANPLUS_IS_RUNNING="35517"
    PERL5_CPAN_IS_RUNNING="35517"
    PERL5_CPAN_IS_RUNNING_IN_RECURSION="35492,35517"
    PERLDOC="-MPod::Perldoc::ToTextOverstrike"
    PERL_BATCH="yes"
    PERL_CANARY_STABILITY_NOPROMPT="1"
    PERL_CPAN_REPORTER_CONFIG="/var/tmp/cpansmoker-1023/2015110421/cpanreporter_003_config.ini"
    PERL_EXTUTILS_AUTOINSTALL="--defaultdeps"
  @INC:
    /home/cpansand/.cpan/build/2015110421/Image-Base-1.17-YCZJ8W/blib/arch
    /home/cpansand/.cpan/build/2015110421/Image-Base-1.17-YCZJ8W/blib/lib
    /usr/perl5.23.4p/lib/site_perl/5.23.4/amd64-freebsd
    /usr/perl5.23.4p/lib/site_perl/5.23.4
    /usr/perl5.23.4p/lib/5.23.4/amd64-freebsd
    /usr/perl5.23.4p/lib/5.23.4
    .