Report for Crypt-SSLeay-0.72

Back
From: metabase:user:47912468-d05a-11e6-989e-27cc61377988
Subject: FAIL Crypt-SSLeay-0.72 v5.24.1 RC4 Dragonfly BSD
Date: 2017-01-02T06:25:58Z

This distribution has been tested as part of the CPAN Testers
project, supporting the Perl programming language.  See
http://wiki.cpantesters.org/ for more information or email
questions to cpan-testers-discuss@perl.org


--
Dear A. Sinan Unur,

This is a computer-generated report for Crypt-SSLeay-0.72
on perl 5.24.1, created by CPAN-Reporter-1.2018.

Thank you for uploading your work to CPAN.  However, there was a problem
testing your distribution.

If you think this report is invalid, please consult the CPAN Testers Wiki
for suggestions on how to avoid getting FAIL reports for missing library
or binary dependencies, unsupported operating systems, and so on:

http://wiki.cpantesters.org/wiki/CPANAuthorNotes

Sections of this report:

    * Tester comments
    * Program output
    * Prerequisites
    * Environment and other context

------------------------------
TESTER COMMENTS
------------------------------

Additional comments from tester:

this report is from an automated smoke testing program
and was not reviewed by a human for accuracy

------------------------------
PROGRAM OUTPUT
------------------------------

Output from '/usr/bin/make test':

"/usr/local/bin/perl" -MExtUtils::Command::MM -e 'cp_nonempty' -- SSLeay.bs blib/arch/auto/Crypt/SSLeay/SSLeay.bs 644
PERL_DL_NONLAZY=1 "/usr/local/bin/perl" "-MExtUtils::Command::MM" "-MTest::Harness" "-e" "undef *Test::Harness::Switches; test_harness(0, 'blib/lib', 'blib/arch')" t/*.t
t/00-basic.t ..... ok
t/01-connect.t ... ok
# Reading configuration from 'test.config' on dragonfly
# network_tests : 0
t/02-live.t ...... skipped: Network tests disabled

#   Failed test 'openssl_built_on return value looks valid'
#   at t/03-version.t line 20.
#                   'Sun Oct 16 20:58:00 EDT 2016'
#     doesn't match '(?^:\Abuilt on:)'

#   Failed test 'openssl_cflags return value looks valid'
#   at t/03-version.t line 31.
#                   'cc'
#     doesn't match '(?^:\Acompiler:)'

#   Failed test 'openssl_platform return value looks valid'
#   at t/03-version.t line 53.
#                   'DragonFly-x86_64'
#     doesn't match '(?^:\Aplatform:)'
# Looks like you failed 3 tests of 12.
t/03-version.t ... 
Dubious, test returned 3 (wstat 768, 0x300)
Failed 3/12 subtests 
t/boilerplate.t .. ok
t/manifest.t ..... skipped: Author tests not required for installation

Test Summary Report
-------------------
t/03-version.t (Wstat: 768 Tests: 12 Failed: 3)
  Failed tests:  2, 4, 8
  Non-zero exit status: 3
Files=6, Tests=43,  0 wallclock secs ( 0.02 usr  0.03 sys +  0.31 cusr  0.22 csys =  0.59 CPU)
Result: FAIL
Failed 1/6 test programs. 3/43 subtests failed.
*** Error code 255

Stop.
make: stopped in /home/smoker/.cpan/build/Crypt-SSLeay-0.72-0

------------------------------
PREREQUISITES
------------------------------

Prerequisite modules loaded:

requires:

    Module               Need     Have    
    -------------------- -------- --------
    LWP::Protocol::https 6.02     6.06    
    MIME::Base64         0        3.15    
    perl                 5.006    5.024001

build_requires:

    Module               Need     Have    
    -------------------- -------- --------
    ExtUtils::MakeMaker  0        7.24    
    Test::More           0.19     1.302073
    Try::Tiny            0.19     0.27    

configure_requires:

    Module               Need     Have    
    -------------------- -------- --------
    ExtUtils::CBuilder   0.280205 0.280225
    Getopt::Long         0        2.48    
    Path::Class          0.26     0.37    
    Try::Tiny            0.19     0.27    


------------------------------
ENVIRONMENT AND OTHER CONTEXT
------------------------------

Environment variables:

    AUTOMATED_TESTING = 1
    PATH = /home/smoker/perl5/bin:/sbin:/bin:/usr/sbin:/usr/bin:/usr/games:/usr/local/sbin:/usr/local/bin:/usr/pkg/sbin:/usr/pkg/bin:/home/smoker/bin
    PERL5LIB = /home/smoker/.cpan/build/Path-Class-0.37-0/blib/arch:/home/smoker/.cpan/build/Path-Class-0.37-0/blib/lib:/home/smoker/perl5/lib/perl5
    PERL5OPT = 
    PERL5_CPANPLUS_IS_RUNNING = 250636
    PERL5_CPAN_IS_RUNNING = 250636
    PERL5_CPAN_IS_RUNNING_IN_RECURSION = 42409,250636
    PERL_CR_SMOKER_CURRENT = Net-HTTP-6.10-TRIAL
    PERL_EXTUTILS_AUTOINSTALL = --defaultdeps
    PERL_LOCAL_LIB_ROOT = /home/smoker/perl5
    PERL_MB_OPT = --install_base "/home/smoker/perl5"
    PERL_MM_OPT = INSTALL_BASE=/home/smoker/perl5
    PERL_MM_USE_DEFAULT = 1
    SHELL = /bin/csh
    TERM = screen

Perl special variables (and OS-specific diagnostics, for MSWin32):

    $^X = /usr/local/bin/perl
    $UID/$EUID = 1001 / 1001
    $GID = 1001 1001
    $EGID = 1001 1001

Perl module toolchain versions installed:

    Module              Have      
    ------------------- ----------
    CPAN                2.15      
    CPAN::Meta          2.150010  
    Cwd                 3.63_01   
    ExtUtils::CBuilder  0.280225  
    ExtUtils::Command   7.24      
    ExtUtils::Install   2.04      
    ExtUtils::MakeMaker 7.24      
    ExtUtils::Manifest  1.70      
    ExtUtils::ParseXS   3.31      
    File::Spec          3.63_01   
    JSON                2.90      
    JSON::PP            2.27300_01
    Module::Build       0.4220    
    Module::Signature   n/a       
    Parse::CPAN::Meta   2.150010  
    Test::Harness       3.36_01   
    Test::More          1.302073  
    YAML                n/a       
    YAML::Syck          n/a       
    version             0.9916    


--

Summary of my perl5 (revision 5 version 24 subversion 1) configuration:
   
  Platform:
    osname=dragonfly, osvers=4.6-synth, archname=x86_64-dragonfly-thread-multi
    uname='dragonfly pkgbox64.dragonflybsd.org 4.6-synth dragonfly 4.6-synth x86_64 '
    config_args='-sde -Dprefix=/usr/local -Dlibperl=libperl.so.5.24.1 -Darchlib=/usr/local/lib/perl5/5.24/mach -Dprivlib=/usr/local/lib/perl5/5.24 -Dman3dir=/usr/local/lib/perl5/5.24/perl/man/man3 -Dman1dir=/usr/local/lib/perl5/5.24/perl/man/man1 -Dsitearch=/usr/local/lib/perl5/site_perl/mach/5.24 -Dsitelib=/usr/local/lib/perl5/site_perl -Dscriptdir=/usr/local/bin -Dsiteman3dir=/usr/local/lib/perl5/site_perl/man/man3 -Dsiteman1dir=/usr/local/lib/perl5/site_perl/man/man1 -Ui_malloc -Ui_iconv -Uinstallusrbinperl -Dusenm=n -Dcc=cc -Duseshrplib -Dinc_version_list=none -Dcf_by=perl -Dcf_email=perl@FreeBSD.org -Dcf_time=Wed Oct 12 21:42:09 UTC 2016 -Alddlflags=-L/construction/lang/perl5.24/perl-5.24.1-RC4 -L/usr/local/lib/perl5/5.24/mach/CORE -lperl -Dshrpldflags=$(LDDLFLAGS:N-L/construction/lang/perl5.24/perl-5.24.1-RC4:N-L/usr/local/lib/perl5/5.24/mach/CORE:N-lperl) -Wl,-soname,$(LIBPERL:R) -Doptimize=-pipe -O2 -fno-strict-aliasing -Ui_gdbm -Dusemultiplicity=y -Duse64bitint -Dusethreads=y -Dusemymalloc=n'
    hint=recommended, useposix=true, d_sigaction=define
    useithreads=define, usemultiplicity=define
    use64bitint=define, use64bitall=define, uselongdouble=undef
    usemymalloc=n, bincompat5005=undef
  Compiler:
    cc='cc', ccflags ='-DHAS_FPSETMASK -DHAS_FLOATINGPOINT_H -fwrapv -fno-strict-aliasing -pipe -fstack-protector-strong -I/usr/local/include -D_FORTIFY_SOURCE=2',
    optimize='-pipe -O2 -fno-strict-aliasing',
    cppflags='-DHAS_FPSETMASK -DHAS_FLOATINGPOINT_H -fwrapv -fno-strict-aliasing -pipe -fstack-protector-strong -I/usr/local/include'
    ccversion='', gccversion='5.3.1 [DragonFly] Release/2015-12-04', gccosandvers=''
    intsize=4, longsize=8, ptrsize=8, doublesize=8, byteorder=12345678, doublekind=3
    d_longlong=define, longlongsize=8, d_longdbl=define, longdblsize=16, longdblkind=3
    ivtype='long', ivsize=8, nvtype='double', nvsize=8, Off_t='off_t', lseeksize=8
    alignbytes=8, prototype=define
  Linker and Libraries:
    ld='cc', ldflags ='-pthread -Wl,-E  -fstack-protector-strong -L/usr/local/lib'
    libpth=/usr/lib /usr/local/lib /usr/lib
    libs=-lpthread -ldl -lm -lcrypt -lutil -lc
    perllibs=-lpthread -ldl -lm -lcrypt -lutil -lc
    libc=, so=so, useshrplib=true, libperl=libperl.so.5.24.1
    gnulibc_version=''
  Dynamic Linking:
    dlsrc=dl_dlopen.xs, dlext=so, d_dlsymun=undef, ccdlflags='  -Wl,-R/usr/local/lib/perl5/5.24/mach/CORE'
    cccdlflags='-DPIC -fPIC', lddlflags='-shared  -L/usr/local/lib/perl5/5.24/mach/CORE -lperl -L/usr/local/lib -fstack-protector-strong'


Characteristics of this binary (from libperl): 
  Compile-time options: HAS_TIMES MULTIPLICITY PERLIO_LAYERS
                        PERL_COPY_ON_WRITE PERL_DONT_CREATE_GVSV
                        PERL_HASH_FUNC_ONE_AT_A_TIME_HARD
                        PERL_IMPLICIT_CONTEXT PERL_MALLOC_WRAP
                        PERL_PRESERVE_IVUV USE_64_BIT_ALL USE_64_BIT_INT
                        USE_ITHREADS USE_LARGE_FILES USE_LOCALE
                        USE_LOCALE_COLLATE USE_LOCALE_CTYPE
                        USE_LOCALE_NUMERIC USE_LOCALE_TIME USE_PERLIO
                        USE_PERL_ATOF USE_REENTRANT_API
  Locally applied patches:
	RC4
  Built under dragonfly
  %ENV:
    PERL5LIB="/home/smoker/.cpan/build/Path-Class-0.37-0/blib/arch:/home/smoker/.cpan/build/Path-Class-0.37-0/blib/lib:/home/smoker/perl5/lib/perl5"
    PERL5OPT=""
    PERL5_CPANPLUS_IS_RUNNING="250636"
    PERL5_CPAN_IS_RUNNING="250636"
    PERL5_CPAN_IS_RUNNING_IN_RECURSION="42409,250636"
    PERL_CR_SMOKER_CURRENT="Net-HTTP-6.10-TRIAL"
    PERL_EXTUTILS_AUTOINSTALL="--defaultdeps"
    PERL_LOCAL_LIB_ROOT="/home/smoker/perl5"
    PERL_MB_OPT="--install_base "/home/smoker/perl5""
    PERL_MM_OPT="INSTALL_BASE=/home/smoker/perl5"
    PERL_MM_USE_DEFAULT="1"
  @INC:
    /home/smoker/.cpan/build/Path-Class-0.37-0/blib/arch
    /home/smoker/.cpan/build/Path-Class-0.37-0/blib/lib
    /home/smoker/perl5/lib/perl5/5.24.1/x86_64-dragonfly-thread-multi
    /home/smoker/perl5/lib/perl5/5.24.1
    /home/smoker/perl5/lib/perl5/x86_64-dragonfly-thread-multi
    /home/smoker/perl5/lib/perl5
    /usr/local/lib/perl5/site_perl/mach/5.24
    /usr/local/lib/perl5/site_perl
    /usr/local/lib/perl5/5.24/mach
    /usr/local/lib/perl5/5.24
    .