Back
From: metabase:user:320bfe00-2aae-11df-837a-5e0a49663a4f
Subject: FAIL WWW-HTMLTagAttributeCounter-0.0102 v5.19.4 GNU/Linux
Date: 2013-12-03T02:19:23Z
This distribution has been tested as part of the CPAN Testers
project, supporting the Perl programming language. See
http://wiki.cpantesters.org/ for more information or email
questions to cpan-testers-discuss@perl.org
--
Dear Zoffix Znet,
This is a computer-generated report for WWW-HTMLTagAttributeCounter-0.0102
on perl 5.19.4, created by CPAN-Reporter-1.2010.
Thank you for uploading your work to CPAN. However, there was a problem
testing your distribution.
If you think this report is invalid, please consult the CPAN Testers Wiki
for suggestions on how to avoid getting FAIL reports for missing library
or binary dependencies, unsupported operating systems, and so on:
http://wiki.cpantesters.org/wiki/CPANAuthorNotes
Sections of this report:
* Tester comments
* Program output
* Prerequisites
* Environment and other context
------------------------------
TESTER COMMENTS
------------------------------
Additional comments from tester:
this report is from an automated smoke testing program
and was not reviewed by a human for accuracy
------------------------------
PROGRAM OUTPUT
------------------------------
Output from './Build test':
# Failed test 'use WWW::HTMLTagAttributeCounter;'
# at t/00-load.t line 10.
# Tried to use 'WWW::HTMLTagAttributeCounter'.
# Error: syntax error at /tmp/loop_over_bdir-19645-8bQ5e8/WWW-HTMLTagAttributeCounter-0.0102-T18AnW/blib/lib/WWW/HTMLTagAttributeCounter.pm line 17, near "/"
# (Might be a runaway multi-line // string starting on line 13)
# Compilation failed in require at t/00-load.t line 10.
# BEGIN failed--compilation aborted at t/00-load.t line 10.
# Testing WWW::HTMLTagAttributeCounter , Perl 5.019004, /home/sand/src/perl/repoperls/installed-perls/perl/v5.19.4/127e/bin/perl
# Failed test 'WWW::HTMLTagAttributeCounter->can(...)'
# at t/00-load.t line 15.
# WWW::HTMLTagAttributeCounter->can('new') failed
# WWW::HTMLTagAttributeCounter->can('ua') failed
# WWW::HTMLTagAttributeCounter->can('error') failed
# WWW::HTMLTagAttributeCounter->can('result') failed
# WWW::HTMLTagAttributeCounter->can('count') failed
# WWW::HTMLTagAttributeCounter->can('result_readable') failed
Can't locate object method "new" via package "WWW::HTMLTagAttributeCounter" at t/00-load.t line 17.
# Looks like you planned 14 tests but ran 6.
# Looks like you failed 2 tests of 6 run.
# Looks like your test exited with 255 just after 6.
t/00-load.t .......
Dubious, test returned 255 (wstat 65280, 0xff00)
Failed 10/14 subtests
# Failed test 'Pod coverage on WWW::HTMLTagAttributeCounter'
# at /home/sand/src/perl/repoperls/installed-perls/perl/v5.19.4/127e/lib/site_perl/5.19.4/Test/Pod/Coverage.pm line 126.
# WWW::HTMLTagAttributeCounter: requiring 'WWW::HTMLTagAttributeCounter' failed
# Looks like you failed 1 test of 1.
t/pod-coverage.t ..
Dubious, test returned 1 (wstat 256, 0x100)
Failed 1/1 subtests
t/pod.t ........... ok
Test Summary Report
-------------------
t/00-load.t (Wstat: 65280 Tests: 6 Failed: 2)
Failed tests: 5-6
Non-zero exit status: 255
Parse errors: Bad plan. You planned 14 tests but ran 6.
t/pod-coverage.t (Wstat: 256 Tests: 1 Failed: 1)
Failed test: 1
Non-zero exit status: 1
Files=3, Tests=8, 0 wallclock secs ( 0.03 usr 0.00 sys + 0.22 cusr 0.02 csys = 0.27 CPU)
Result: FAIL
Failed 2/3 test programs. 3/8 subtests failed.
------------------------------
PREREQUISITES
------------------------------
Prerequisite modules loaded:
requires:
Module Need Have
------------------------ ------- --------
Class::Data::Accessor 0.04001 0.04004
HTML::TokeParser::Simple 3.15 3.16
LWP::UserAgent 2.036 6.05
overload 1.04 1.22
build_requires:
Module Need Have
------------------------ ------- --------
Test::More 0 1.001002
------------------------------
ENVIRONMENT AND OTHER CONTEXT
------------------------------
Environment variables:
AUTOMATED_TESTING = 1
LANG = en_US.UTF-8
LANGUAGE = en_US:en
PATH = /usr/lib/ccache:/home/sand/bin:/usr/local/bin:/usr/bin:/bin:/usr/bin/X11:/usr/games:/usr/local/perl/bin:/usr/X11/bin:/sbin:/usr/sbin
PERL5LIB =
PERL5OPT =
PERL5_CPANPLUS_IS_RUNNING = 19646
PERL5_CPAN_IS_RUNNING = 19646
PERL_MM_USE_DEFAULT = 1
SHELL = /usr/bin/zsh
TERM = screen
Perl special variables (and OS-specific diagnostics, for MSWin32):
$^X = /home/sand/src/perl/repoperls/installed-perls/perl/v5.19.4/127e/bin/perl
$UID/$EUID = 1005 / 1005
$GID = 1005 1005
$EGID = 1005 1005
Perl module toolchain versions installed:
Module Have
------------------- --------
CPAN 2.03
CPAN::Meta 2.132830
Cwd 3.44
ExtUtils::CBuilder 0.280212
ExtUtils::Command 1.18
ExtUtils::Install 1.60
ExtUtils::MakeMaker 6.84
ExtUtils::Manifest 1.63
ExtUtils::ParseXS 3.23
File::Spec 3.44
JSON 2.90
JSON::PP 2.27203
Module::Build 0.4203
Module::Signature 0.73
Parse::CPAN::Meta 1.4409
Test::Harness 3.30
Test::More 1.001002
YAML 0.87
YAML::Syck 1.27
version 0.9904
--
Summary of my perl5 (revision 5 version 19 subversion 4) configuration:
Commit id: 388a7a89010010e899c2e3a9707478167adad606
Platform:
osname=linux, osvers=3.10-3-amd64, archname=x86_64-linux-ld
uname='linux k83 3.10-3-amd64 #1 smp debian 3.10.11-1 (2013-09-10) x86_64 gnulinux '
config_args='-Dprefix=/home/sand/src/perl/repoperls/installed-perls/perl/v5.19.4/127e -Dmyhostname=k83 -Dinstallusrbinperl=n -Uversiononly -Dusedevel -des -Ui_db -Uuseithreads -Duselongdouble -DDEBUGGING=-g'
hint=recommended, useposix=true, d_sigaction=define
useithreads=undef, usemultiplicity=undef
useperlio=define, d_sfio=undef, uselargefiles=define, usesocks=undef
use64bitint=define, use64bitall=define, uselongdouble=define
usemymalloc=n, bincompat5005=undef
Compiler:
cc='cc', ccflags ='-fno-strict-aliasing -pipe -fstack-protector -I/usr/local/include -D_LARGEFILE_SOURCE -D_FILE_OFFSET_BITS=64',
optimize='-O2 -g',
cppflags='-fno-strict-aliasing -pipe -fstack-protector -I/usr/local/include'
ccversion='', gccversion='4.8.2', gccosandvers=''
intsize=4, longsize=8, ptrsize=8, doublesize=8, byteorder=12345678
d_longlong=define, longlongsize=8, d_longdbl=define, longdblsize=16
ivtype='long', ivsize=8, nvtype='long double', nvsize=16, Off_t='off_t', lseeksize=8
alignbytes=16, prototype=define
Linker and Libraries:
ld='cc', ldflags =' -fstack-protector -L/usr/local/lib'
libpth=/usr/local/lib /lib/x86_64-linux-gnu /lib/../lib /usr/lib/x86_64-linux-gnu /usr/lib/../lib /lib /usr/lib
libs=-lnsl -lgdbm -ldb -ldl -lm -lcrypt -lutil -lc -lgdbm_compat
perllibs=-lnsl -ldl -lm -lcrypt -lutil -lc
libc=, so=so, useshrplib=false, libperl=libperl.a
gnulibc_version='2.17'
Dynamic Linking:
dlsrc=dl_dlopen.xs, dlext=so, d_dlsymun=undef, ccdlflags='-Wl,-E'
cccdlflags='-fPIC', lddlflags='-shared -O2 -g -L/usr/local/lib -fstack-protector'
Characteristics of this binary (from libperl):
Compile-time options: HAS_TIMES PERLIO_LAYERS PERL_DONT_CREATE_GVSV
PERL_HASH_FUNC_ONE_AT_A_TIME_HARD PERL_MALLOC_WRAP
PERL_NEW_COPY_ON_WRITE PERL_PRESERVE_IVUV
PERL_USE_DEVEL USE_64_BIT_ALL USE_64_BIT_INT
USE_LARGE_FILES USE_LOCALE USE_LOCALE_COLLATE
USE_LOCALE_CTYPE USE_LOCALE_NUMERIC USE_LONG_DOUBLE
USE_PERLIO USE_PERL_ATOF
Built under linux
Compiled at Nov 18 2013 13:56:49
%ENV:
PERL5LIB=""
PERL5OPT=""
PERL5_CPANPLUS_IS_RUNNING="19646"
PERL5_CPAN_IS_RUNNING="19646"
PERL_MM_USE_DEFAULT="1"
@INC:
/home/sand/src/perl/repoperls/installed-perls/perl/v5.19.4/127e/lib/site_perl/5.19.4/x86_64-linux-ld
/home/sand/src/perl/repoperls/installed-perls/perl/v5.19.4/127e/lib/site_perl/5.19.4
/home/sand/src/perl/repoperls/installed-perls/perl/v5.19.4/127e/lib/5.19.4/x86_64-linux-ld
/home/sand/src/perl/repoperls/installed-perls/perl/v5.19.4/127e/lib/5.19.4
.