HTTP_Auth-for-Dancer2 v0.003 Perl 5 v5.18.0 x86_64-linux-ld

Status
Fail
From
Andreas J. König (ANDK)
Dist
HTTP_Auth-for-Dancer2 v0.003
Platform
Perl 5 v5.18.0 x86_64-linux-ld
Date
2017-08-19 16:34:51
ID
53183414-84fc-11e7-bcf7-e20a7a40f9df
This distribution has been tested as part of the CPAN Testers
project, supporting the Perl programming language.  See
http://wiki.cpantesters.org/ for more information or email
questions to cpan-testers-discuss@perl.org


--
Dear Theo van Hoesel,

This is a computer-generated report for HTTP_Auth-for-Dancer2-0.003
on perl 5.18.0, created by CPAN-Reporter-1.2018.

Thank you for uploading your work to CPAN.  However, there was a problem
testing your distribution.

If you think this report is invalid, please consult the CPAN Testers Wiki
for suggestions on how to avoid getting FAIL reports for missing library
or binary dependencies, unsupported operating systems, and so on:

http://wiki.cpantesters.org/wiki/CPANAuthorNotes

Sections of this report:

    * Tester comments
    * Program output
    * Prerequisites
    * Environment and other context

------------------------------
TESTER COMMENTS
------------------------------

Additional comments from tester:

this report is from an automated smoke testing program
and was not reviewed by a human for accuracy

------------------------------
PROGRAM OUTPUT
------------------------------

Output from '/usr/bin/make test':

PERL_DL_NONLAZY=1 "/home/sand/src/perl/repoperls/installed-perls/host/k93msid/v5.18.0/2d7c/bin/perl" "-MExtUtils::Command::MM" "-MTest::Harness" "-e" "undef *Test::Harness::Switches; test_harness(0, 'blib/lib', 'blib/arch')" t/*.t
# Testing Dancer2::Plugin::HTTP::Auth::Extensible 0.100, Perl 5.018000, /home/sand/src/perl/repoperls/installed-perls/host/k93msid/v5.18.0/2d7c/bin/perl
t/00-load.t ................ ok
Use of uninitialized value $Dancer2::Plugin::CUR_PLUGIN in string at /home/sand/src/perl/repoperls/installed-perls/host/k93msid/v5.18.0/2d7c/lib/site_perl/5.18.0/Dancer2/Plugin.pm line 262.

#   Failed test 'Status 401: Unauthorized for realm_one, the default'
#   at t/10-config_normal.t line 87.
#          got: '500'
#     expected: '401'

#   Failed test 'HTTP-field: WWW-Authentication for realm_one, the default'
#   at t/10-config_normal.t line 92.
#          got: undef
#     expected: 'Basic realm="realm_one"'
Use of uninitialized value $Dancer2::Plugin::CUR_PLUGIN in string at /home/sand/src/perl/repoperls/installed-perls/host/k93msid/v5.18.0/2d7c/lib/site_perl/5.18.0/Dancer2/Plugin.pm line 262.

#   Failed test 'Status 401: Unauthorized for realm_one'
#   at t/10-config_normal.t line 103.
#          got: '500'
#     expected: '401'

#   Failed test 'HTTP-field: WWW-Authentication for realm_one'
#   at t/10-config_normal.t line 108.
#          got: undef
#     expected: 'Basic realm="realm_one"'
Use of uninitialized value $Dancer2::Plugin::CUR_PLUGIN in string at /home/sand/src/perl/repoperls/installed-perls/host/k93msid/v5.18.0/2d7c/lib/site_perl/5.18.0/Dancer2/Plugin.pm line 262.

#   Failed test 'Status 401: Unauthorized for realm_two'
#   at t/10-config_normal.t line 119.
#          got: '500'
#     expected: '401'

#   Failed test 'HTTP-field: WWW-Authentication for realm_two'
#   at t/10-config_normal.t line 124.
#          got: undef
#     expected: 'Basic realm="realm_two"'
Use of uninitialized value $Dancer2::Plugin::CUR_PLUGIN in string at /home/sand/src/perl/repoperls/installed-perls/host/k93msid/v5.18.0/2d7c/lib/site_perl/5.18.0/Dancer2/Plugin.pm line 262.

#   Failed test 'Prompt 500: realm does not exist'
#   at t/10-config_normal.t line 140.
#                   '---
# exception: "Can't find originating plugin at /home/sand/src/perl/repoperls/installed-perls/host/k93msid/v5.18.0/2d7c/lib/site_perl/5.18.0/Dancer2/Core/Route.pm line 140.\n"
# message: ''
# status: 500
# title: 'Error 500 - Internal Server Error'
# '
#     doesn't match '(?^:required realm does not exist: 'realm_bad')'
# Looks like you failed 7 tests of 9.
t/10-config_normal.t ....... 
Dubious, test returned 7 (wstat 1792, 0x700)
Failed 7/9 subtests 
Use of uninitialized value $Dancer2::Plugin::CUR_PLUGIN in string at /home/sand/src/perl/repoperls/installed-perls/host/k93msid/v5.18.0/2d7c/lib/site_perl/5.18.0/Dancer2/Plugin.pm line 262.

#   Failed test 'get http_username authenticated'
#   at t/20-http_username.t line 83.
#                   '---
# exception: "Can't find originating plugin at /home/sand/src/perl/repoperls/installed-perls/host/k93msid/v5.18.0/2d7c/lib/site_perl/5.18.0/Dancer2/Core/Route.pm line 140.\n"
# message: ''
# status: 500
# title: 'Error 500 - Internal Server Error'
# '
#     doesn't match '(?^:variable got: '.*')'
Use of uninitialized value $Dancer2::Plugin::CUR_PLUGIN in string at /home/sand/src/perl/repoperls/installed-perls/host/k93msid/v5.18.0/2d7c/lib/site_perl/5.18.0/Dancer2/Plugin.pm line 262.

#   Failed test 'put http_username authenticated'
#   at t/20-http_username.t line 108.
#                   '---
# exception: "Can't find originating plugin at /home/sand/src/perl/repoperls/installed-perls/host/k93msid/v5.18.0/2d7c/lib/site_perl/5.18.0/Dancer2/Core/Route.pm line 140.\n"
# message: ''
# status: 500
# title: 'Error 500 - Internal Server Error'
# '
#     doesn't match '(?^:variable set: 'NEW')'
POTENTIONAL SECURITY BREACH: "impersonating different user: 'NEW'" at /tmp/loop_over_bdir-29373-aF9uaO/HTTP_Auth-for-Dancer2-0.003-0/blib/lib/Dancer2/Plugin/HTTP/Auth/Extensible.pm line 333.
# Looks like you failed 2 tests of 5.
t/20-http_username.t ....... 
Dubious, test returned 2 (wstat 512, 0x200)
Failed 2/5 subtests 
Use of uninitialized value $Dancer2::Plugin::CUR_PLUGIN in string at /home/sand/src/perl/repoperls/installed-perls/host/k93msid/v5.18.0/2d7c/lib/site_perl/5.18.0/Dancer2/Plugin.pm line 262.

#   Failed test 'get http_realm authenticated'
#   at t/21-http_realm.t line 83.
#                   '---
# exception: "Can't find originating plugin at /home/sand/src/perl/repoperls/installed-perls/host/k93msid/v5.18.0/2d7c/lib/site_perl/5.18.0/Dancer2/Core/Route.pm line 140.\n"
# message: ''
# status: 500
# title: 'Error 500 - Internal Server Error'
# '
#     doesn't match '(?^:variable got: '.*')'
Use of uninitialized value $Dancer2::Plugin::CUR_PLUGIN in string at /home/sand/src/perl/repoperls/installed-perls/host/k93msid/v5.18.0/2d7c/lib/site_perl/5.18.0/Dancer2/Plugin.pm line 262.

#   Failed test 'put http_realm authenticated'
#   at t/21-http_realm.t line 108.
#                   '---
# exception: "Can't find originating plugin at /home/sand/src/perl/repoperls/installed-perls/host/k93msid/v5.18.0/2d7c/lib/site_perl/5.18.0/Dancer2/Core/Route.pm line 140.\n"
# message: ''
# status: 500
# title: 'Error 500 - Internal Server Error'
# '
#     doesn't match '(?^:variable set: 'NEW')'
POTENTIONAL SECURITY BREACH: "switching to different realm: 'NEW'" at /tmp/loop_over_bdir-29373-aF9uaO/HTTP_Auth-for-Dancer2-0.003-0/blib/lib/Dancer2/Plugin/HTTP/Auth/Extensible.pm line 361.
# Looks like you failed 2 tests of 5.
t/21-http_realm.t .......... 
Dubious, test returned 2 (wstat 512, 0x200)
Failed 2/5 subtests 

#   Failed test 'Delivering: root resource accessible without login'
#   at t/30-authenticate_Basic.t line 99.
#          got: '--- Access does not need any authorization
# '
#     expected: 'Access does not need any authorization'
Use of uninitialized value $Dancer2::Plugin::CUR_PLUGIN in string at /home/sand/src/perl/repoperls/installed-perls/host/k93msid/v5.18.0/2d7c/lib/site_perl/5.18.0/Dancer2/Plugin.pm line 262.

#   Failed test 'Status 401: without HTTP-field Autorization'
#   at t/30-authenticate_Basic.t line 110.
#          got: '500'
#     expected: '401'

#   Failed test 'HTTP-field: WWW-Authentication without HTTP-field Autorization'
#   at t/30-authenticate_Basic.t line 115.
#          got: undef
#     expected: 'Basic realm="some_realm"'
Use of uninitialized value $Dancer2::Plugin::CUR_PLUGIN in string at /home/sand/src/perl/repoperls/installed-perls/host/k93msid/v5.18.0/2d7c/lib/site_perl/5.18.0/Dancer2/Plugin.pm line 262.

#   Failed test 'Status 401: without proper credentials'
#   at t/30-authenticate_Basic.t line 133.
#          got: '500'
#     expected: '401'

#   Failed test 'HTTP-field: WWW-Authentication without proper credentials'
#   at t/30-authenticate_Basic.t line 138.
#          got: undef
#     expected: 'Basic realm="some_realm"'
Use of uninitialized value $Dancer2::Plugin::CUR_PLUGIN in string at /home/sand/src/perl/repoperls/installed-perls/host/k93msid/v5.18.0/2d7c/lib/site_perl/5.18.0/Dancer2/Plugin.pm line 262.

#   Failed test 'Status 200: with the right credentials'
#   at t/30-authenticate_Basic.t line 155.
#          got: '500'
#     expected: '200'

#   Failed test 'Delivering: with the right credentials'
#   at t/30-authenticate_Basic.t line 165.
#          got: '---
# exception: "Can't find originating plugin at /home/sand/src/perl/repoperls/installed-perls/host/k93msid/v5.18.0/2d7c/lib/site_perl/5.18.0/Dancer2/Core/Route.pm line 140.\n"
# message: ''
# status: 500
# title: 'Error 500 - Internal Server Error'
# '
#     expected: 'Access granted for default realm'
Use of uninitialized value $Dancer2::Plugin::CUR_PLUGIN in string at /home/sand/src/perl/repoperls/installed-perls/host/k93msid/v5.18.0/2d7c/lib/site_perl/5.18.0/Dancer2/Plugin.pm line 262.

#   Failed test 'Status 200: BeerDrinker'
#   at t/30-authenticate_Basic.t line 181.
#          got: '500'
#     expected: '200'

#   Failed test 'Delivering: BeerDrinker'
#   at t/30-authenticate_Basic.t line 186.
#          got: '---
# exception: "Can't find originating plugin at /home/sand/src/perl/repoperls/installed-perls/host/k93msid/v5.18.0/2d7c/lib/site_perl/5.18.0/Dancer2/Core/Route.pm line 140.\n"
# message: ''
# status: 500
# title: 'Error 500 - Internal Server Error'
# '
#     expected: 'Enjoy your Beer!'
Use of uninitialized value $Dancer2::Plugin::CUR_PLUGIN in string at /home/sand/src/perl/repoperls/installed-perls/host/k93msid/v5.18.0/2d7c/lib/site_perl/5.18.0/Dancer2/Plugin.pm line 262.

#   Failed test 'Status 200: VodkaDrinker'
#   at t/30-authenticate_Basic.t line 198.
#          got: '500'
#     expected: '200'

#   Failed test 'Delivering: VodkaDrinker'
#   at t/30-authenticate_Basic.t line 203.
#          got: '---
# exception: "Can't find originating plugin at /home/sand/src/perl/repoperls/installed-perls/host/k93msid/v5.18.0/2d7c/lib/site_perl/5.18.0/Dancer2/Core/Route.pm line 140.\n"
# message: ''
# status: 500
# title: 'Error 500 - Internal Server Error'
# '
#     expected: 'Enjoy your Vodka!'
Use of uninitialized value $Dancer2::Plugin::CUR_PLUGIN in string at /home/sand/src/perl/repoperls/installed-perls/host/k93msid/v5.18.0/2d7c/lib/site_perl/5.18.0/Dancer2/Plugin.pm line 262.

#   Failed test 'Status 403: not a MartiniDrinker'
#   at t/30-authenticate_Basic.t line 215.
#          got: '500'
#     expected: '403'

#   Failed test 'Delivering: not a MartiniDrinker'
#   at t/30-authenticate_Basic.t line 220.
#          got: '---
# exception: "Can't find originating plugin at /home/sand/src/perl/repoperls/installed-perls/host/k93msid/v5.18.0/2d7c/lib/site_perl/5.18.0/Dancer2/Core/Route.pm line 140.\n"
# message: ''
# status: 500
# title: 'Error 500 - Internal Server Error'
# '
#     expected: 'Permission denied for resource: '/martini''
Use of uninitialized value $Dancer2::Plugin::CUR_PLUGIN in string at /home/sand/src/perl/repoperls/installed-perls/host/k93msid/v5.18.0/2d7c/lib/site_perl/5.18.0/Dancer2/Plugin.pm line 262.

#   Failed test 'Status 403: not a JuiceDrinker'
#   at t/30-authenticate_Basic.t line 242.
#          got: '500'
#     expected: '403'

#   Failed test 'Delivering: not a JuiceDrinker'
#   at t/30-authenticate_Basic.t line 247.
#          got: '---
# exception: "Can't find originating plugin at /home/sand/src/perl/repoperls/installed-perls/host/k93msid/v5.18.0/2d7c/lib/site_perl/5.18.0/Dancer2/Core/Route.pm line 140.\n"
# message: ''
# status: 500
# title: 'Error 500 - Internal Server Error'
# '
#     expected: 'Permission denied for resource: '/juice''
Use of uninitialized value $Dancer2::Plugin::CUR_PLUGIN in string at /home/sand/src/perl/repoperls/installed-perls/host/k93msid/v5.18.0/2d7c/lib/site_perl/5.18.0/Dancer2/Plugin.pm line 262.

#   Failed test 'Status 200: Regular Drinker'
#   at t/30-authenticate_Basic.t line 269.
#          got: '500'
#     expected: '200'

#   Failed test 'Delivering: Regular Drinker'
#   at t/30-authenticate_Basic.t line 274.
#          got: '---
# exception: "Can't find originating plugin at /home/sand/src/perl/repoperls/installed-perls/host/k93msid/v5.18.0/2d7c/lib/site_perl/5.18.0/Dancer2/Core/Route.pm line 140.\n"
# message: ''
# status: 500
# title: 'Error 500 - Internal Server Error'
# '
#     expected: 'Enjoy your bevarage!'
Use of uninitialized value $Dancer2::Plugin::CUR_PLUGIN in string at /home/sand/src/perl/repoperls/installed-perls/host/k93msid/v5.18.0/2d7c/lib/site_perl/5.18.0/Dancer2/Plugin.pm line 262.

#   Failed test 'Status 200: Thirsty Drinker'
#   at t/30-authenticate_Basic.t line 286.
#          got: '500'
#     expected: '200'

#   Failed test 'Delivering: Thirsty Drinker'
#   at t/30-authenticate_Basic.t line 291.
#          got: '---
# exception: "Can't find originating plugin at /home/sand/src/perl/repoperls/installed-perls/host/k93msid/v5.18.0/2d7c/lib/site_perl/5.18.0/Dancer2/Core/Route.pm line 140.\n"
# message: ''
# status: 500
# title: 'Error 500 - Internal Server Error'
# '
#     expected: 'Enjoy your drinks, one at a time!'
Use of uninitialized value $Dancer2::Plugin::CUR_PLUGIN in string at /home/sand/src/perl/repoperls/installed-perls/host/k93msid/v5.18.0/2d7c/lib/site_perl/5.18.0/Dancer2/Plugin.pm line 262.

#   Failed test 'Status 200: Alcoholic Drinker'
#   at t/30-authenticate_Basic.t line 303.
#          got: '500'
#     expected: '200'

#   Failed test 'Delivering: Alcoholic Drinker'
#   at t/30-authenticate_Basic.t line 308.
#          got: '---
# exception: "Can't find originating plugin at /home/sand/src/perl/repoperls/installed-perls/host/k93msid/v5.18.0/2d7c/lib/site_perl/5.18.0/Dancer2/Core/Route.pm line 140.\n"
# message: ''
# status: 500
# title: 'Error 500 - Internal Server Error'
# '
#     expected: 'Enjoy your alcohol, but don't drink too much!'
Use of uninitialized value $Dancer2::Plugin::CUR_PLUGIN in string at /home/sand/src/perl/repoperls/installed-perls/host/k93msid/v5.18.0/2d7c/lib/site_perl/5.18.0/Dancer2/Plugin.pm line 262.

#   Failed test 'Status 403: not Bond, James Bond'
#   at t/30-authenticate_Basic.t line 320.
#          got: '500'
#     expected: '403'

#   Failed test 'Delivering: not Bond, James Bond'
#   at t/30-authenticate_Basic.t line 325.
#          got: '---
# exception: "Can't find originating plugin at /home/sand/src/perl/repoperls/installed-perls/host/k93msid/v5.18.0/2d7c/lib/site_perl/5.18.0/Dancer2/Core/Route.pm line 140.\n"
# message: ''
# status: 500
# title: 'Error 500 - Internal Server Error'
# '
#     expected: 'Permission denied for resource: '/cocktail''
# Looks like you failed 23 tests of 34.
t/30-authenticate_Basic.t .. 
Dubious, test returned 23 (wstat 5888, 0x1700)
Failed 23/34 subtests 
t/boilerplate.t ............ ok
t/manifest.t ............... skipped: Author tests not required for installation
t/pod.t .................... skipped: Author tests not required for installation

Test Summary Report
-------------------
t/10-config_normal.t     (Wstat: 1792 Tests: 9 Failed: 7)
  Failed tests:  2-7, 9
  Non-zero exit status: 7
t/20-http_username.t     (Wstat: 512 Tests: 5 Failed: 2)
  Failed tests:  2, 4
  Non-zero exit status: 2
t/21-http_realm.t        (Wstat: 512 Tests: 5 Failed: 2)
  Failed tests:  2, 4
  Non-zero exit status: 2
t/30-authenticate_Basic.t (Wstat: 5888 Tests: 34 Failed: 23)
  Failed tests:  3-5, 7-8, 10, 12-18, 21-22, 25-32
  Non-zero exit status: 23
t/boilerplate.t          (Wstat: 0 Tests: 3 Failed: 0)
  TODO passed:   1-3
Files=8, Tests=57,  8 wallclock secs ( 0.03 usr  0.05 sys +  2.19 cusr  0.35 csys =  2.62 CPU)
Result: FAIL
Failed 4/8 test programs. 34/57 subtests failed.
Makefile:848: recipe for target 'test_dynamic' failed
make: *** [test_dynamic] Error 255

------------------------------
PREREQUISITES
------------------------------

Prerequisite modules loaded:

requires:

    Module                                     Need Have 
    ------------------------------------------ ---- -----
    Dancer2::Plugin::Auth::Extensible          0    0.704
    HTTP::Headers::ActionPack::Authorization   0    0.09 
    HTTP::Headers::ActionPack::WWWAuthenticate 0    0.09 

build_requires:

    Module                                     Need Have 
    ------------------------------------------ ---- -----
    ExtUtils::MakeMaker                        0    7.30 

configure_requires:

    Module                                     Need Have 
    ------------------------------------------ ---- -----
    ExtUtils::MakeMaker                        0    7.30 


------------------------------
ENVIRONMENT AND OTHER CONTEXT
------------------------------

Environment variables:

    AUTOMATED_TESTING = 1
    LANG = en_US.UTF-8
    PATH = /home/sand/bin:/usr/local/bin:/usr/bin:/bin:/usr/games:/usr/local/perl/bin:/usr/X11/bin:/sbin:/usr/sbin
    PERL5LIB = 
    PERL5OPT = 
    PERL5_CPANPLUS_IS_RUNNING = 29377
    PERL5_CPAN_IS_RUNNING = 29377
    PERL_CANARY_STABILITY_NOPROMPT = 1
    PERL_MM_USE_DEFAULT = 1
    PERL_USE_UNSAFE_INC = 1
    SHELL = /usr/bin/zsh
    TERM = screen

Perl special variables (and OS-specific diagnostics, for MSWin32):

    $^X = /home/sand/src/perl/repoperls/installed-perls/host/k93msid/v5.18.0/2d7c/bin/perl
    $UID/$EUID = 1005 / 1005
    $GID = 1005 1005
    $EGID = 1005 1005

Perl module toolchain versions installed:

    Module              Have    
    ------------------- --------
    CPAN                2.18    
    CPAN::Meta          2.150010
    Cwd                 3.62    
    ExtUtils::CBuilder  0.280224
    ExtUtils::Command   7.30    
    ExtUtils::Install   2.06    
    ExtUtils::MakeMaker 7.30    
    ExtUtils::Manifest  1.70    
    ExtUtils::ParseXS   3.35    
    File::Spec          3.62    
    JSON                2.94    
    JSON::PP            2.94    
    Module::Build       0.4224  
    Module::Signature   0.81    
    Parse::CPAN::Meta   2.150010
    Test::Harness       3.40_01 
    Test::More          1.302091
    YAML                1.23    
    YAML::Syck          1.30    
    version             0.9918  


--

Summary of my perl5 (revision 5 version 18 subversion 0) configuration:
  Derived from: a9acda3b5f74585852a57b51b724804ac586cb0b
  Platform:
    osname=linux, osvers=4.9.0-2-amd64, archname=x86_64-linux-ld
    uname='linux k93msid 4.9.0-2-amd64 #1 smp debian 4.9.18-1 (2017-03-30) x86_64 gnulinux '
    config_args='-Dprefix=/home/sand/src/perl/repoperls/installed-perls/host/k93msid/v5.18.0/2d7c -Dmyhostname=k93msid -Dinstallusrbinperl=n -Uversiononly -Dusedevel -des -Ui_db -Dlibswanted=cl pthread socket inet nsl gdbm dbm malloc dl ld sun m crypt sec util c cposix posix ucb BSD gdbm_compat -Uuseithreads -Duselongdouble -DDEBUGGING=-g'
    hint=recommended, useposix=true, d_sigaction=define
    useithreads=undef, usemultiplicity=undef
    useperlio=define, d_sfio=undef, uselargefiles=define, usesocks=undef
    use64bitint=define, use64bitall=define, uselongdouble=define
    usemymalloc=n, bincompat5005=undef
  Compiler:
    cc='cc', ccflags ='-fno-strict-aliasing -pipe -fstack-protector -I/usr/local/include -D_LARGEFILE_SOURCE -D_FILE_OFFSET_BITS=64',
    optimize='-O2 -g',
    cppflags='-fno-strict-aliasing -pipe -fstack-protector -I/usr/local/include'
    ccversion='', gccversion='6.3.0 20170406', gccosandvers=''
    intsize=4, longsize=8, ptrsize=8, doublesize=8, byteorder=12345678
    d_longlong=define, longlongsize=8, d_longdbl=define, longdblsize=16
    ivtype='long', ivsize=8, nvtype='long double', nvsize=16, Off_t='off_t', lseeksize=8
    alignbytes=16, prototype=define
  Linker and Libraries:
    ld='cc', ldflags =' -fstack-protector -L/usr/local/lib'
    libpth=/usr/local/lib /lib/x86_64-linux-gnu /lib/../lib /usr/lib/x86_64-linux-gnu /usr/lib/../lib /lib /usr/lib
    libs=-lpthread -lnsl -ldl -lm -lcrypt -lutil -lc
    perllibs=-lpthread -lnsl -ldl -lm -lcrypt -lutil -lc
    libc=libc-2.24.so, so=so, useshrplib=false, libperl=libperl.a
    gnulibc_version='2.24'
  Dynamic Linking:
    dlsrc=dl_dlopen.xs, dlext=so, d_dlsymun=undef, ccdlflags='-Wl,-E'
    cccdlflags='-fPIC', lddlflags='-shared -O2 -g -L/usr/local/lib -fstack-protector'


Characteristics of this binary (from libperl): 
  Compile-time options: HAS_TIMES PERLIO_LAYERS PERL_DONT_CREATE_GVSV
                        PERL_HASH_FUNC_ONE_AT_A_TIME_HARD PERL_MALLOC_WRAP
                        PERL_PRESERVE_IVUV PERL_SAWAMPERSAND PERL_USE_DEVEL
                        USE_64_BIT_ALL USE_64_BIT_INT USE_LARGE_FILES
                        USE_LOCALE USE_LOCALE_COLLATE USE_LOCALE_CTYPE
                        USE_LOCALE_NUMERIC USE_LONG_DOUBLE USE_PERLIO
                        USE_PERL_ATOF
  Locally applied patches:
	uncommitted-changes
  Built under linux
  Compiled at Jul  2 2017 19:22:06
  %ENV:
    PERL5LIB=""
    PERL5OPT=""
    PERL5_CPANPLUS_IS_RUNNING="29377"
    PERL5_CPAN_IS_RUNNING="29377"
    PERL_CANARY_STABILITY_NOPROMPT="1"
    PERL_MM_USE_DEFAULT="1"
    PERL_USE_UNSAFE_INC="1"
  @INC:
    /home/sand/src/perl/repoperls/installed-perls/host/k93msid/v5.18.0/2d7c/lib/site_perl/5.18.0/x86_64-linux-ld
    /home/sand/src/perl/repoperls/installed-perls/host/k93msid/v5.18.0/2d7c/lib/site_perl/5.18.0
    /home/sand/src/perl/repoperls/installed-perls/host/k93msid/v5.18.0/2d7c/lib/5.18.0/x86_64-linux-ld
    /home/sand/src/perl/repoperls/installed-perls/host/k93msid/v5.18.0/2d7c/lib/5.18.0
    .