Back
From: metabase:user:314402c4-2aae-11df-837a-5e0a49663a4f
Subject: FAIL Apache-AuthenMSAD-0.02 v5.25.12 GNU/Linux
Date: 2017-04-27T10:28:58Z
This distribution has been tested as part of the CPAN Testers
project, supporting the Perl programming language. See
http://wiki.cpantesters.org/ for more information or email
questions to cpan-testers-discuss@perl.org
--
Dear Andrew McGregor,
This is a computer-generated report for Apache-AuthenMSAD-0.02
on perl 5.25.12, created by CPAN-Reporter-1.2018.
Thank you for uploading your work to CPAN. However, there was a problem
testing your distribution.
If you think this report is invalid, please consult the CPAN Testers Wiki
for suggestions on how to avoid getting FAIL reports for missing library
or binary dependencies, unsupported operating systems, and so on:
http://wiki.cpantesters.org/wiki/CPANAuthorNotes
Sections of this report:
* Tester comments
* Program output
* Prerequisites
* Environment and other context
------------------------------
TESTER COMMENTS
------------------------------
Additional comments from tester:
none provided
------------------------------
PROGRAM OUTPUT
------------------------------
Output from './Build test':
# Failed test 'use Apache::AuthenMSAD;'
# at t/00.load.t line 4.
# Tried to use 'Apache::AuthenMSAD'.
# Error: Can't locate mod_perl.pm in @INC (you may need to install the mod_perl module) (@INC contains: /home/cpansand/.cpan/build/2017042712/Apache-AuthenMSAD-0/blib/lib /home/cpansand/.cpan/build/2017042712/Apache-AuthenMSAD-0/blib/arch /opt/perl-5.25.12/lib/site_perl/5.25.12/x86_64-linux /opt/perl-5.25.12/lib/site_perl/5.25.12 /opt/perl-5.25.12/lib/5.25.12/x86_64-linux /opt/perl-5.25.12/lib/5.25.12 .) at /home/cpansand/.cpan/build/2017042712/Apache-AuthenMSAD-0/blib/lib/Apache/AuthenMSAD.pm line 3.
# BEGIN failed--compilation aborted at /home/cpansand/.cpan/build/2017042712/Apache-AuthenMSAD-0/blib/lib/Apache/AuthenMSAD.pm line 3.
# Compilation failed in require at t/00.load.t line 4.
# BEGIN failed--compilation aborted at t/00.load.t line 4.
# Testing Apache::AuthenMSAD
# Looks like you failed 1 test of 1.
t/00.load.t .....
Dubious, test returned 1 (wstat 256, 0x100)
Failed 1/1 subtests
# Failed test 'Test::Perl::Critic for "blib/lib/Apache/AuthenMSAD.pm"'
# at /opt/perl-5.25.12/lib/site_perl/5.25.12/Test/Perl/Critic.pm line 104.
#
# Variable, subroutine, and package names have to be in CamelCase at line 15, column 1. (no explanation). (Severity: 5)
# Variable, subroutine, and package names have to be in CamelCase at line 24, column 8. (no explanation). (Severity: 5)
# Variable, subroutine, and package names have to be in CamelCase at line 24, column 14. (no explanation). (Severity: 5)
# Method invocation should use "()" at line 24, column 25. Use "->MethodName()" instead of "->MethodName". (Severity: 5)
# Variable, subroutine, and package names have to be in CamelCase at line 25, column 11. (no explanation). (Severity: 5)
# Variable, subroutine, and package names have to be in CamelCase at line 25, column 19. (no explanation). (Severity: 5)
# Variable, subroutine, and package names have to be in CamelCase at line 27, column 7. (no explanation). (Severity: 5)
# Method invocation should use "()" at line 27, column 17. Use "->MethodName()" instead of "->MethodName". (Severity: 5)
# Variable, subroutine, and package names have to be in CamelCase at line 29, column 7. (no explanation). (Severity: 5)
# Variable, subroutine, and package names have to be in CamelCase at line 30, column 7. (no explanation). (Severity: 5)
# Variable, subroutine, and package names have to be in CamelCase at line 30, column 49. (no explanation). (Severity: 5)
# Variable, subroutine, and package names have to be in CamelCase at line 32, column 8. (no explanation). (Severity: 5)
# Method invocation should use "()" at line 33, column 9. Use "->MethodName()" instead of "->MethodName". (Severity: 5)
# Method invocation should use "()" at line 34, column 54. Use "->MethodName()" instead of "->MethodName". (Severity: 5)
# Variable, subroutine, and package names have to be in CamelCase at line 38, column 8. (no explanation). (Severity: 5)
# Method invocation should use "()" at line 39, column 9. Use "->MethodName()" instead of "->MethodName". (Severity: 5)
# Method invocation should use "()" at line 40, column 52. Use "->MethodName()" instead of "->MethodName". (Severity: 5)
# Variable, subroutine, and package names have to be in CamelCase at line 44, column 7. (no explanation). (Severity: 5)
# Variable, subroutine, and package names have to be in CamelCase at line 44, column 30. (no explanation). (Severity: 5)
# Variable, subroutine, and package names have to be in CamelCase at line 45, column 12. (no explanation). (Severity: 5)
# Method invocation should use "()" at line 46, column 9. Use "->MethodName()" instead of "->MethodName". (Severity: 5)
# Method invocation should use "()" at line 47, column 58. Use "->MethodName()" instead of "->MethodName". (Severity: 5)
# Variable, subroutine, and package names have to be in CamelCase at line 51, column 7. (no explanation). (Severity: 5)
# Variable, subroutine, and package names have to be in CamelCase at line 51, column 16. (no explanation). (Severity: 5)
# Variable, subroutine, and package names have to be in CamelCase at line 51, column 65. (no explanation). (Severity: 5)
# Variable, subroutine, and package names have to be in CamelCase at line 52, column 9. (no explanation). (Severity: 5)
# Variable, subroutine, and package names have to be in CamelCase at line 52, column 21. (no explanation). (Severity: 5)
# Variable, subroutine, and package names have to be in CamelCase at line 52, column 32. (no explanation). (Severity: 5)
# Method invocation should use "()" at line 52, column 39. Use "->MethodName()" instead of "->MethodName". (Severity: 5)
# Method invocation should use "()" at line 53, column 9. Use "->MethodName()" instead of "->MethodName". (Severity: 5)
# Method invocation should use "()" at line 54, column 64. Use "->MethodName()" instead of "->MethodName". (Severity: 5)
t/perlcritic.t ..
Dubious, test returned 1 (wstat 256, 0x100)
Failed 1/1 subtests
t/pod.t ......... ok
Test Summary Report
-------------------
t/00.load.t (Wstat: 256 Tests: 1 Failed: 1)
Failed test: 1
Non-zero exit status: 1
t/perlcritic.t (Wstat: 256 Tests: 1 Failed: 1)
Failed test: 1
Non-zero exit status: 1
Files=3, Tests=3, 2 wallclock secs ( 0.04 usr 0.00 sys + 1.66 cusr 0.14 csys = 1.84 CPU)
Result: FAIL
Failed 2/3 test programs. 2/3 subtests failed.
------------------------------
PREREQUISITES
------------------------------
Prerequisite modules loaded:
requires:
Module Need Have
---------- ---- --------
Test::More 0 1.302083
version 0 0.9918
------------------------------
ENVIRONMENT AND OTHER CONTEXT
------------------------------
Environment variables:
LANG = en_US.UTF-8
PATH = /usr/local/bin:/usr/bin:/bin:/usr/local/sbin:/usr/sbin:/sbin:/home/cpansand/bin/linux-gnu:/home/cpansand/bin/sh:/home/cpansand/bin:/usr/games:/home/cpansand/devel:/home/eserte/src/srezic-misc/scripts
PERL5LIB =
PERL5OPT =
PERL5_CPANPLUS_IS_RUNNING = 3616
PERL5_CPAN_IS_RUNNING = 3616
PERL5_CPAN_IS_RUNNING_IN_RECURSION = 2258,3616
PERLDOC = -MPod::Perldoc::ToTextOverstrike
PERL_BATCH = yes
PERL_CANARY_STABILITY_NOPROMPT = 1
PERL_CPAN_REPORTER_CONFIG = /var/tmp/cpansmoker-1002/2017042521/cpanreporter_000_config.ini
PERL_EXTUTILS_AUTOINSTALL = --defaultdeps
PERL_USE_UNSAFE_INC = 1
SHELL = /bin/zsh
TERM = screen
TMPDIR = /var/tmp/cpansmoker-1002/2017042521
Perl special variables (and OS-specific diagnostics, for MSWin32):
$^X = /opt/perl-5.25.12/bin/perl5.25.12
$UID/$EUID = 1002 / 1002
$GID = 1002 1002
$EGID = 1002 1002
Perl module toolchain versions installed:
Module Have
------------------- --------
CPAN 2.18
CPAN::Meta 2.150010
Cwd 3.62
ExtUtils::CBuilder 0.280224
ExtUtils::Command 7.24
ExtUtils::Install 2.04
ExtUtils::MakeMaker 7.24
ExtUtils::Manifest 1.70
ExtUtils::ParseXS 3.30
File::Spec 3.62
JSON 2.90
JSON::PP 2.27400
Module::Build 0.4222
Module::Signature 0.81
Parse::CPAN::Meta 2.150010
Test::Harness 3.39
Test::More 1.302083
YAML 1.23
YAML::Syck 1.30
version 0.9918
--
Summary of my perl5 (revision 5 version 25 subversion 12) configuration:
Platform:
osname=linux
osvers=3.10.0-514.16.1.el7.x86_64
archname=x86_64-linux
uname='linux prod5 3.10.0-514.16.1.el7.x86_64 #1 smp wed apr 12 15:04:24 utc 2017 x86_64 x86_64 x86_64 gnulinux '
config_args='-ds -e -Dprefix=/opt/perl-5.25.12 -Dusedevel -Dusemallocwrap=no -Dcf_email=srezic@cpan.org'
hint=recommended
useposix=true
d_sigaction=define
useithreads=undef
usemultiplicity=undef
use64bitint=define
use64bitall=define
uselongdouble=undef
usemymalloc=n
default_inc_excludes_dot=define
bincompat5005=undef
Compiler:
cc='cc'
ccflags ='-fwrapv -fno-strict-aliasing -pipe -fstack-protector-strong -I/usr/local/include -D_LARGEFILE_SOURCE -D_FILE_OFFSET_BITS=64 -D_FORTIFY_SOURCE=2'
optimize='-O2'
cppflags='-fwrapv -fno-strict-aliasing -pipe -fstack-protector-strong -I/usr/local/include'
ccversion=''
gccversion='4.8.5 20150623 (Red Hat 4.8.5-11)'
gccosandvers=''
intsize=4
longsize=8
ptrsize=8
doublesize=8
byteorder=12345678
doublekind=3
d_longlong=define
longlongsize=8
d_longdbl=define
longdblsize=16
longdblkind=3
ivtype='long'
ivsize=8
nvtype='double'
nvsize=8
Off_t='off_t'
lseeksize=8
alignbytes=8
prototype=define
Linker and Libraries:
ld='cc'
ldflags =' -fstack-protector-strong -L/usr/local/lib'
libpth=/usr/local/lib /usr/lib /lib/../lib64 /usr/lib/../lib64 /lib /lib64 /usr/lib64 /usr/local/lib64
libs=-lpthread -lnsl -lgdbm -ldb -ldl -lm -lcrypt -lutil -lc -lgdbm_compat
perllibs=-lpthread -lnsl -ldl -lm -lcrypt -lutil -lc
libc=libc-2.17.so
so=so
useshrplib=false
libperl=libperl.a
gnulibc_version='2.17'
Dynamic Linking:
dlsrc=dl_dlopen.xs
dlext=so
d_dlsymun=undef
ccdlflags='-Wl,-E'
cccdlflags='-fPIC'
lddlflags='-shared -O2 -L/usr/local/lib -fstack-protector-strong'
Characteristics of this binary (from libperl):
Compile-time options:
HAS_TIMES
PERLIO_LAYERS
PERL_COPY_ON_WRITE
PERL_DONT_CREATE_GVSV
PERL_OP_PARENT
PERL_PRESERVE_IVUV
PERL_USE_DEVEL
USE_64_BIT_ALL
USE_64_BIT_INT
USE_LARGE_FILES
USE_LOCALE
USE_LOCALE_COLLATE
USE_LOCALE_CTYPE
USE_LOCALE_NUMERIC
USE_LOCALE_TIME
USE_PERLIO
USE_PERL_ATOF
Built under linux
Compiled at Apr 20 2017 22:37:08
%ENV:
PERL5LIB=""
PERL5OPT=""
PERL5_CPANPLUS_IS_RUNNING="3616"
PERL5_CPAN_IS_RUNNING="3616"
PERL5_CPAN_IS_RUNNING_IN_RECURSION="2258,3616"
PERLDOC="-MPod::Perldoc::ToTextOverstrike"
PERL_BATCH="yes"
PERL_CANARY_STABILITY_NOPROMPT="1"
PERL_CPAN_REPORTER_CONFIG="/var/tmp/cpansmoker-1002/2017042521/cpanreporter_000_config.ini"
PERL_EXTUTILS_AUTOINSTALL="--defaultdeps"
PERL_USE_UNSAFE_INC="1"
@INC:
/opt/perl-5.25.12/lib/site_perl/5.25.12/x86_64-linux
/opt/perl-5.25.12/lib/site_perl/5.25.12
/opt/perl-5.25.12/lib/5.25.12/x86_64-linux
/opt/perl-5.25.12/lib/5.25.12
.