Report for HTML-Tested-0.58

Back
From: metabase:user:9820532a-708b-1014-9a05-b18a96298da1
Subject: FAIL HTML-Tested-0.58 v5.15.2 FreeBSD
Date: 2011-08-27T18:35:22Z

This distribution has been tested as part of the CPAN Testers
project, supporting the Perl programming language.  See
http://wiki.cpantesters.org/ for more information or email
questions to cpan-testers-discuss@perl.org


--
Dear Boris Sukholitko,

This is a computer-generated report for HTML-Tested-0.58
on perl 5.15.2, created by CPAN-Reporter-1.2002.

Thank you for uploading your work to CPAN.  However, there was a problem
testing your distribution.

If you think this report is invalid, please consult the CPAN Testers Wiki
for suggestions on how to avoid getting FAIL reports for missing library
or binary dependencies, unsupported operating systems, and so on:

http://wiki.cpantesters.org/wiki/CPANAuthorNotes

Sections of this report:

    * Tester comments
    * Program output
    * Prerequisites
    * Environment and other context

------------------------------
TESTER COMMENTS
------------------------------

Additional comments from tester:

this report is from an automated smoke testing program
and was not reviewed by a human for accuracy

------------------------------
PROGRAM OUTPUT
------------------------------

Output from '/usr/bin/make test':

PERL_DL_NONLAZY=1 /home/test/perl5/perlbrew/perls/perl-5.15.2/bin/perl5.15.2 "-MExtUtils::Command::MM" "-e" "test_harness(0, 'blib/lib', 'blib/arch')" t/*.t
t/001_load.t .......... ok
t/010_value.t ......... ok
t/020_list.t .......... ok
t/030_edit_box.t ...... ok
t/040_textarea.t ...... ok
t/050_tree.t .......... ok
t/060_pager.t ......... ok
t/070_password_box.t .. ok
t/080_dropdown.t ...... ok
t/090_checkbox.t ...... ok
t/100_link.t .......... ok
t/110_upload.t ........ ok
t/120_form.t .......... ok
t/130_submit.t ........ ok
t/140_hidden.t ........ ok
t/150_radio.t ......... ok
t/160_seal.t .......... ok
t/170_list_table.t .... ok

#   Failed test at t/180_unicode.t line 25.
Wide character in print at /home/test/perl5/perlbrew/perls/perl-5.15.2/lib/5.15.2/Test/Builder.pm line 1759.
#          got: undef
#     expected: 'дед'
# Looks like you failed 1 test of 10.
t/180_unicode.t ....... 
Dubious, test returned 1 (wstat 256, 0x100)
Failed 1/10 subtests 
t/190_datetime.t ...... ok
t/200_snippet.t ....... ok

Test Summary Report
-------------------
t/180_unicode.t     (Wstat: 256 Tests: 10 Failed: 1)
  Failed test:  4
  Non-zero exit status: 1
Files=21, Tests=476,  5 wallclock secs ( 0.16 usr  0.45 sys +  1.91 cusr  0.95 csys =  3.47 CPU)
Result: FAIL
Failed 1/21 test programs. 1/476 subtests failed.
*** Error code 255

Stop in /usr/home/test/.cpan/build/HTML-Tested-0.58-hLTiSr.

------------------------------
PREREQUISITES
------------------------------

Prerequisite modules loaded:

requires:

    Module                     Need Have   
    -------------------------- ---- -------
    Class::Accessor            0    0.34   
    Class::Data::Inheritable   0    0.08   
    Class::Singleton           0    1.4    
    Crypt::Blowfish            0    2.12   
    Crypt::CBC                 2.22 2.30   
    Data::Dumper               0    2.131  
    DateTime                   0    0.70   
    DateTime::Format::Strptime 0    1.5000 
    Digest::CRC                0    0.17   
    File::Slurp                0    9999.19
    HTML::Entities             0    3.68   
    Math::Combinatorics        0    0.09   
    Template                   0    2.22   
    Test::Simple               0.44 0.98   
    Text::Diff                 0    1.41   

build_requires:

    Module                     Need Have   
    -------------------------- ---- -------
    ExtUtils::MakeMaker        0    6.58   

configure_requires:

    Module                     Need Have   
    -------------------------- ---- -------
    ExtUtils::MakeMaker        0    6.58   


------------------------------
ENVIRONMENT AND OTHER CONTEXT
------------------------------

Environment variables:

    AUTOMATED_TESTING = 1
    LANG = C
    LC_ALL = C
    PATH = /home/test/perl5/perlbrew/bin:/home/test/perl5/perlbrew/perls/perl-5.15.2/bin:~/bin:/sbin:/bin:/usr/sbin:/usr/bin:/usr/games:/usr/local/sbin:/usr/local/bin:/home/test/bin
    PATH_WITHOUT_PERLBREW = ~/bin:/sbin:/bin:/usr/sbin:/usr/bin:/usr/games:/usr/local/sbin:/usr/local/bin:/home/test/bin
    PERL5LIB = 
    PERL5OPT = 
    PERL5_CPANPLUS_IS_RUNNING = 52380
    PERL5_CPAN_IS_RUNNING = 52380
    PERL5_CPAN_IS_RUNNING_IN_RECURSION = 37302,52380
    PERLBREW_HOME = /home/test/.perlbrew
    PERLBREW_PATH = /home/test/perl5/perlbrew/bin:/home/test/perl5/perlbrew/perls/perl-5.15.2/bin
    PERLBREW_PERL = perl-5.15.2
    PERLBREW_ROOT = /home/test/perl5/perlbrew
    PERLBREW_VERSION = 0.28
    PERL_CPANM_OPT = --prompt --mirror http://172.16.1.3/cpan/
    PERL_CR_SMOKER_CURRENT = HTML-Tested-0.58
    PERL_EXTUTILS_AUTOINSTALL = --defaultdeps
    PERL_MM_USE_DEFAULT = 1
    SHELL = /usr/local/bin/bash
    TERM = linux

Perl special variables (and OS-specific diagnostics, for MSWin32):

    $^X = /home/test/perl5/perlbrew/perls/perl-5.15.2/bin/perl5.15.2
    $UID/$EUID = 1002 / 1002
    $GID = 1002 1002
    $EGID = 1002 1002

Perl module toolchain versions installed:

    Module              Have    
    ------------------- --------
    CPAN                1.9800  
    CPAN::Meta          2.112150
    Cwd                 3.37    
    ExtUtils::CBuilder  0.280204
    ExtUtils::Command   1.17    
    ExtUtils::Install   1.57    
    ExtUtils::MakeMaker 6.58    
    ExtUtils::Manifest  1.60    
    ExtUtils::ParseXS   3.04    
    File::Spec          3.34    
    JSON                2.53    
    JSON::PP            2.27200 
    Module::Build       0.3800  
    Module::Signature   0.68    
    Parse::CPAN::Meta   1.4401  
    Test::Harness       3.23    
    Test::More          0.98    
    YAML                0.73    
    YAML::Syck          n/a     
    version             0.94    


--

Summary of my perl5 (revision 5 version 15 subversion 2) configuration:
   
  Platform:
    osname=freebsd, osvers=8.1-release, archname=amd64-freebsd
    uname='freebsd fbsd.local 8.1-release freebsd 8.1-release #0: mon jul 19 02:36:49 utc 2010 root@mason.cse.buffalo.edu:usrobjusrsrcsysgeneric amd64 '
    config_args='-de -Dprefix=/home/test/perl5/perlbrew/perls/perl-5.15.2 -Dusedevel'
    hint=recommended, useposix=true, d_sigaction=define
    useithreads=undef, usemultiplicity=undef
    useperlio=define, d_sfio=undef, uselargefiles=define, usesocks=undef
    use64bitint=define, use64bitall=define, uselongdouble=undef
    usemymalloc=n, bincompat5005=undef
  Compiler:
    cc='cc', ccflags ='-DHAS_FPSETMASK -DHAS_FLOATINGPOINT_H -fno-strict-aliasing -pipe -fstack-protector -I/usr/local/include',
    optimize='-O',
    cppflags='-DHAS_FPSETMASK -DHAS_FLOATINGPOINT_H -fno-strict-aliasing -pipe -fstack-protector -I/usr/local/include'
    ccversion='', gccversion='4.2.1 20070719  [FreeBSD]', gccosandvers=''
    intsize=4, longsize=8, ptrsize=8, doublesize=8, byteorder=12345678
    d_longlong=define, longlongsize=8, d_longdbl=define, longdblsize=16
    ivtype='long', ivsize=8, nvtype='double', nvsize=8, Off_t='off_t', lseeksize=8
    alignbytes=8, prototype=define
  Linker and Libraries:
    ld='cc', ldflags ='-Wl,-E  -fstack-protector -L/usr/local/lib'
    libpth=/usr/lib /usr/local/lib
    libs=-lm -lcrypt -lutil -lc
    perllibs=-lm -lcrypt -lutil -lc
    libc=, so=so, useshrplib=false, libperl=libperl.a
    gnulibc_version=''
  Dynamic Linking:
    dlsrc=dl_dlopen.xs, dlext=so, d_dlsymun=undef, ccdlflags=' '
    cccdlflags='-DPIC -fPIC', lddlflags='-shared  -L/usr/local/lib -fstack-protector'


Characteristics of this binary (from libperl): 
  Compile-time options: HAS_TIMES PERLIO_LAYERS PERL_DONT_CREATE_GVSV
                        PERL_MALLOC_WRAP PERL_PRESERVE_IVUV PERL_USE_DEVEL
                        USE_64_BIT_ALL USE_64_BIT_INT USE_LARGE_FILES
                        USE_LOCALE USE_LOCALE_COLLATE USE_LOCALE_CTYPE
                        USE_LOCALE_NUMERIC USE_PERLIO USE_PERL_ATOF
  Built under freebsd
  Compiled at Aug 25 2011 14:21:18
  %ENV:
    PERL5LIB=""
    PERL5OPT=""
    PERL5_CPANPLUS_IS_RUNNING="52380"
    PERL5_CPAN_IS_RUNNING="52380"
    PERL5_CPAN_IS_RUNNING_IN_RECURSION="37302,52380"
    PERLBREW_HOME="/home/test/.perlbrew"
    PERLBREW_PATH="/home/test/perl5/perlbrew/bin:/home/test/perl5/perlbrew/perls/perl-5.15.2/bin"
    PERLBREW_PERL="perl-5.15.2"
    PERLBREW_ROOT="/home/test/perl5/perlbrew"
    PERLBREW_VERSION="0.28"
    PERL_CPANM_OPT="--prompt --mirror http://172.16.1.3/cpan/"
    PERL_CR_SMOKER_CURRENT="HTML-Tested-0.58"
    PERL_EXTUTILS_AUTOINSTALL="--defaultdeps"
    PERL_MM_USE_DEFAULT="1"
  @INC:
    /home/test/perl5/perlbrew/perls/perl-5.15.2/lib/site_perl/5.15.2/amd64-freebsd
    /home/test/perl5/perlbrew/perls/perl-5.15.2/lib/site_perl/5.15.2
    /home/test/perl5/perlbrew/perls/perl-5.15.2/lib/5.15.2/amd64-freebsd
    /home/test/perl5/perlbrew/perls/perl-5.15.2/lib/5.15.2
    .