POE-Component-SmokeBox-Dists v1.10 Perl 5 v5.40.0 x86_64-linux
- Status
- Fail
- From
- Nigel Horne
- Dist
-
POE-Component-SmokeBox-Dists v1.10
- Platform
- Perl 5 v5.40.0 x86_64-linux
- Date
- 2025-02-17 03:00:19
- ID
- 5297917a-ecdb-11ef-a15e-d7f10ab5ffbe
This distribution has been tested as part of the CPAN Testers
project, supporting the Perl programming language. See
http://wiki.cpantesters.org/ for more information or email
questions to cpan-testers-discuss@perl.org
--
Dear Chris Williams,
This is a computer-generated report for POE-Component-SmokeBox-Dists-1.10
on perl 5.40.0, created by CPAN-Reporter-1.2020.
Thank you for uploading your work to CPAN. However, there was a problem
testing your distribution.
If you think this report is invalid, please consult the CPAN Testers Wiki
for suggestions on how to avoid getting FAIL reports for missing library
or binary dependencies, unsupported operating systems, and so on:
http://wiki.cpantesters.org/wiki/CPANAuthorNotes
Sections of this report:
* Tester comments
* Program output
* Prerequisites
* Environment and other context
------------------------------
TESTER COMMENTS
------------------------------
Additional comments from tester:
none provided
------------------------------
PROGRAM OUTPUT
------------------------------
Output from '/usr/bin/make test':
PERL_DL_NONLAZY=1 "/home/opc/perl5/perlbrew/perls/perl-5.40.0/bin/perl" "-MExtUtils::Command::MM" "-MTest::Harness" "-e" "undef *Test::Harness::Switches; test_harness(0, 'blib/lib', 'blib/arch')" t/*.t
# SmokeBox directory is in '/home/opc/.cpan/build/POE-Component-SmokeBox-Dists-1.10-0/t/EYxaUGgazm'
t/01_smokebox_dir.t ...... ok
t/00-compile.t ........... ok
t/02_check_fetch.t ....... ok
# Running an author search, this can take a while ...
# B/BI/BINGOS/AAAA-Crypt-DH-0.06.tar.gz
# B/BI/BINGOS/Acme-Comment-1.04.tar.gz
# B/BI/BINGOS/Acme-CPAN-Testers-FAIL-0.02.tar.gz
# B/BI/BINGOS/Acme-CPAN-Testers-NA-0.06.tar.gz
# B/BI/BINGOS/Acme-CPAN-Testers-PASS-0.02.tar.gz
# B/BI/BINGOS/Acme-CPAN-Testers-PreReqNotIndexed-0.02.tar.gz
# B/BI/BINGOS/Acme-CPAN-Testers-UNKNOWN-0.06.tar.gz
# B/BI/BINGOS/Acme-CPANAuthors-DualLife-0.52.tar.gz
# B/BI/BINGOS/Acme-CPANAuthors-POE-0.88.tar.gz
# B/BI/BINGOS/Acme-CPANAuthors-ToBeLike-0.54.tar.gz
# B/BI/BINGOS/ACME-CPANPLUS-Module-With-Core-PreReq-0.06.tar.gz
# B/BI/BINGOS/Acme-CPANPLUS-Module-With-Failing-Configure-Requires-0.02.tar.gz
# B/BI/BINGOS/Acme-CPANPLUS-PreReq-Text-Tabs-0.04.tar.gz
# B/BI/BINGOS/Acme-Daily-Fail-1.22.tar.gz
# B/BI/BINGOS/Acme-MetaSyntactic-legobatman-0.04.tar.gz
# B/BI/BINGOS/Acme-MetaSyntactic-legocityundercover-0.02.tar.gz
# B/BI/BINGOS/Acme-MetaSyntactic-legodcsupervillains-0.02.tar.gz
# B/BI/BINGOS/Acme-MetaSyntactic-legoharrypotter-0.02.tar.gz
# B/BI/BINGOS/Acme-MetaSyntactic-legoindianajones-0.02.tar.gz
# B/BI/BINGOS/Acme-MetaSyntactic-legojurassicworld-0.04.tar.gz
# B/BI/BINGOS/Acme-MetaSyntactic-legolotr-0.02.tar.gz
# B/BI/BINGOS/Acme-MetaSyntactic-legomarvelsavengers-0.02.tar.gz
# B/BI/BINGOS/Acme-MetaSyntactic-legomarvelsuperheroes-0.04.tar.gz
# B/BI/BINGOS/Acme-MetaSyntactic-legomovievideogame-0.02.tar.gz
# B/BI/BINGOS/Acme-MetaSyntactic-legopiratesofthecaribbean-0.02.tar.gz
# B/BI/BINGOS/Acme-MetaSyntactic-legostarwarstheforceawakens-0.02.tar.gz
# B/BI/BINGOS/Acme-MetaSyntactic-legothehobbit-0.02.tar.gz
# B/BI/BINGOS/Acme-MetaSyntactic-legotheincredibles-0.02.tar.gz
# B/BI/BINGOS/Acme-MetaSyntactic-legoworlds-0.02.tar.gz
# B/BI/BINGOS/Acme-POE-Acronym-Generator-1.20.tar.gz
# B/BI/BINGOS/Acme-POE-Knee-1.12.tar.gz
# B/BI/BINGOS/Acme-Vuvuzela-0.04.tar.gz
# B/BI/BINGOS/Acme-Working-Out-Dependencies-From-META-files-Will-Be-Wrong-At-Some-Point-Like-This-Module-For-Instance-9.99.tar.gz
# B/BI/BINGOS/App-CPANIDX-0.40.tar.gz
# B/BI/BINGOS/App-CPANIDX-HTTP-Server-0.08.tar.gz
# B/BI/BINGOS/metabase-relayd-0.42.tar.gz
# B/BI/BINGOS/App-Metabase-Relayd-Plugin-Dumper-0.04.tar.gz
# B/BI/BINGOS/App-Metabase-Relayd-Plugin-IRC-0.14.tar.gz
# B/BI/BINGOS/smokeinabox-0.24.tar.gz
# B/BI/BINGOS/minismokebox-0.68.tar.gz
# B/BI/BINGOS/App-SmokeBox-Mini-Plugin-IRC-0.12.tar.gz
# B/BI/BINGOS/App-SmokeBox-Mini-Plugin-Stats-0.10.tar.gz
# B/BI/BINGOS/App-SmokeBox-PerlVersion-0.16.tar.gz
# B/BI/BINGOS/smokebrew-1.06.tar.gz
# B/BI/BINGOS/App-SmokeBrew-Plugin-BINGOS-1.00.tar.gz
# B/BI/BINGOS/Archive-Extract-0.88.tar.gz
# B/BI/BINGOS/Archive-Tar-3.02.tar.gz
# B/BI/BINGOS/Config-Auto-0.44.tar.gz
# B/BI/BINGOS/CPANPLUS-YACSmoke-1.08.tar.gz
# B/BI/BINGOS/CPAN-Mirror-Server-HTTP-0.04.tar.gz
# B/BI/BINGOS/CPAN-Perl-Releases-5.20250120.tar.gz
# B/BI/BINGOS/CPAN-Recent-Uploads-0.16.tar.gz
# B/BI/BINGOS/CPANPLUS-0.9916.tar.gz
# B/BI/BINGOS/CPANPLUS-Config-BaseEnv-0.06.tar.gz
# B/BI/BINGOS/CPANPLUS-Dist-Build-0.90.tar.gz
# B/BI/BINGOS/CPANPLUS-Dist-GitHook-0.02.tar.gz
# B/BI/BINGOS/CPANPLUS-Internals-Source-CPANIDX-0.04.tar.gz
# B/BI/BINGOS/CPANPLUS-Internals-Source-CPANMetaDB-0.06.tar.gz
# B/BI/BINGOS/CPANPLUS-Internals-Source-MetaCPAN-0.10.tar.gz
# B/BI/BINGOS/CPANPLUS-Test-Dummy-HasScript-0.0006.tar.gz
# B/BI/BINGOS/CPANPLUS-Test-Dummy-UsesScript-0.0004.tar.gz
# B/BI/BINGOS/crap-0.08.tar.gz
# B/BI/BINGOS/DBIx-Simple-OO-0.03.tar.gz
# B/BI/BINGOS/Devel-PatchPerl-2.08.tar.gz
# B/BI/BINGOS/Devel-Trace-Cwd-0.02.tar.gz
# B/BI/BINGOS/Dist-Zilla-Plugin-AssertOS-0.08.tar.gz
# B/BI/BINGOS/Dist-Zilla-Plugin-FakeFaker-0.04.tar.gz
# B/BI/BINGOS/Dist-Zilla-Plugin-GithubMeta-0.58.tar.gz
# B/BI/BINGOS/Dist-Zilla-Plugin-Meta-Dynamic-Config-0.04.tar.gz
# B/BI/BINGOS/Dist-Zilla-Plugin-NoAutomatedTesting-0.08.tar.gz
# B/BI/BINGOS/Dist-Zilla-PluginBundle-BINGOS-0.20.tar.gz
# B/BI/BINGOS/Dist-Zooky-0.24.tar.gz
# B/BI/BINGOS/POE-Component-Server-DNS-0.32.tar.gz
# B/BI/BINGOS/Env-Sanctify-1.12.tar.gz
# B/BI/BINGOS/Env-Sanctify-Moosified-1.06.tar.gz
# B/BI/BINGOS/ExtUtils-MakeMaker-7.70.tar.gz
# B/BI/BINGOS/ExtUtils-Install-2.22.tar.gz
# B/BI/BINGOS/File-Fetch-1.04.tar.gz
# B/BI/BINGOS/HTML-Declare-2.6.tar.gz
# B/BI/BINGOS/IPC-Cmd-1.04.tar.gz
# B/BI/BINGOS/Lexical-select-0.10.tar.gz
# B/BI/BINGOS/Log-Message-0.08.tar.gz
# B/BI/BINGOS/Log-Message-Simple-0.10.tar.gz
# B/BI/BINGOS/Module-CoreList-5.20250120.tar.gz
# B/BI/BINGOS/Module-CoreList-DBSchema-0.08.tar.gz
# B/BI/BINGOS/Module-CoreList-5.20180120.tar.gz
# B/BI/BINGOS/Module-Install-AssertOS-0.12.tar.gz
# B/BI/BINGOS/Module-Install-AutoLicense-0.10.tar.gz
# B/BI/BINGOS/Module-Install-AutomatedTester-0.04.tar.gz
# B/BI/BINGOS/Module-Install-CheckLib-0.14.tar.gz
# B/BI/BINGOS/Module-Install-GithubMeta-0.30.tar.gz
# B/BI/BINGOS/Module-Install-NoAutomatedTesting-0.08.tar.gz
# B/BI/BINGOS/Module-Install-ReadmeFromPod-0.30.tar.gz
# B/BI/BINGOS/Module-Load-0.36.tar.gz
# B/BI/BINGOS/Module-Load-Conditional-0.74.tar.gz
# B/BI/BINGOS/Module-Loaded-0.08.tar.gz
# B/BI/BINGOS/MouseX-POE-0.216.tar.gz
# B/BI/BINGOS/Net-IP-Minimal-0.06.tar.gz
# B/BI/BINGOS/Object-Accessor-0.48.tar.gz
# B/BI/BINGOS/Package-Constants-0.06.tar.gz
# B/BI/BINGOS/Params-Check-0.38.tar.gz
# B/BI/BINGOS/Parse-IASLog-1.14.tar.gz
# B/BI/BINGOS/Parse-IRC-1.22.tar.gz
# B/BI/BINGOS/POE-1.370.tar.gz
# B/BI/BINGOS/POE-API-Peek-2.20.tar.gz
# B/BI/BINGOS/POE-Component-AI-MegaHAL-1.20.tar.gz
# B/BI/BINGOS/POE-Component-Captcha-reCAPTCHA-0.04.tar.gz
# B/BI/BINGOS/POE-Component-Client-DNS-Recursive-1.14.tar.gz
# B/BI/BINGOS/POE-Component-Client-DNSBL-1.08.tar.gz
# B/BI/BINGOS/POE-Component-Client-FTP-0.24.tar.gz
# B/BI/BINGOS/POE-Component-Client-Ident-1.16.tar.gz
# B/BI/BINGOS/POE-Component-Client-NNTP-2.22.tar.gz
# B/BI/BINGOS/POE-Component-Client-NNTP-Tail-0.04.tar.gz
# B/BI/BINGOS/POE-Component-Client-NRPE-0.20.tar.gz
# B/BI/BINGOS/POE-Component-Client-NSCA-0.18.tar.gz
# B/BI/BINGOS/POE-Component-Client-NTP-0.14.tar.gz
# B/BI/BINGOS/POE-Component-Client-Pastebot-1.18.tar.gz
# B/BI/BINGOS/POE-Component-Client-RADIUS-1.04.tar.gz
# B/BI/BINGOS/POE-Component-Client-SOCKS-1.02.tar.gz
# B/BI/BINGOS/POE-Component-Client-Whois-1.38.tar.gz
# B/BI/BINGOS/POE-Component-CPAN-Mirror-Multiplexer-0.04.tar.gz
# B/BI/BINGOS/POE-Component-CPAN-Reporter-0.08.tar.gz
# B/BI/BINGOS/POE-Component-CPAN-YACSmoke-1.38.tar.gz
# B/BI/BINGOS/POE-Component-CPANIDX-0.12.tar.gz
# B/BI/BINGOS/POE-Component-CPANPLUS-YACSmoke-1.64.tar.gz
# B/BI/BINGOS/POE-Component-Curl-Multi-1.02.tar.gz
# B/BI/BINGOS/POE-Component-DHCP-Monitor-1.04.tar.gz
# B/BI/BINGOS/POE-Component-FastCGI-0.20.tar.gz
# B/BI/BINGOS/POE-Component-Github-0.08.tar.gz
# B/BI/BINGOS/POE-Component-IRC-6.93.tar.gz
# B/BI/BINGOS/POE-Component-IRC-Plugin-Bollocks-1.02.tar.gz
# B/BI/BINGOS/POE-Component-IRC-Plugin-CoreList-1.06.tar.gz
# B/BI/BINGOS/POE-Component-IRC-Plugin-POE-Knee-1.12.tar.gz
# B/BI/BINGOS/POE-Component-IRC-Plugin-QueryDNS-1.04.tar.gz
# B/BI/BINGOS/POE-Component-IRC-Plugin-QueryDNSBL-1.04.tar.gz
# B/BI/BINGOS/POE-Component-IRC-Plugin-Role-0.10.tar.gz
# B/BI/BINGOS/POE-Component-IRC-Plugin-RSS-Headlines-1.10.tar.gz
# B/BI/BINGOS/POE-Component-IRC-Plugin-URI-Find-1.10.tar.gz
# B/BI/BINGOS/POE-Component-IRC-Service-0.998.tar.gz
# B/BI/BINGOS/POE-Component-Metabase-Client-Submit-0.14.tar.gz
# B/BI/BINGOS/POE-Component-Metabase-Relay-Server-0.38.tar.gz
# B/BI/BINGOS/POE-Component-MetaCPAN-Recent-1.04.tar.gz
# B/BI/BINGOS/POE-Component-Pluggable-1.28.tar.gz
# B/BI/BINGOS/POE-Component-Proxy-SOCKS-1.04.tar.gz
# B/BI/BINGOS/POE-Component-Server-Chargen-1.16.tar.gz
# B/BI/BINGOS/POE-Component-Server-Daytime-1.16.tar.gz
# B/BI/BINGOS/POE-Component-Server-Discard-1.16.tar.gz
# B/BI/BINGOS/POE-Component-Server-Echo-1.66.tar.gz
# B/BI/BINGOS/POE-Component-Server-Ident-1.18.tar.gz
# B/BI/BINGOS/POE-Component-Server-Inet-0.06.tar.gz
# B/BI/BINGOS/POE-Component-Server-IRC-1.62.tar.gz
# B/BI/BINGOS/POE-Component-Server-IRC-1.40.tar.gz
# B/BI/BINGOS/POE-Component-Server-NNTP-1.06.tar.gz
# B/BI/BINGOS/POE-Component-Server-NRPE-0.18.tar.gz
# B/BI/BINGOS/POE-Component-Server-NSCA-0.12.tar.gz
# B/BI/BINGOS/POE-Component-Server-POP3-0.12.tar.gz
# B/BI/BINGOS/POE-Component-Server-Qotd-1.16.tar.gz
# B/BI/BINGOS/POE-Component-Server-RADIUS-1.08.tar.gz
# B/BI/BINGOS/POE-Component-Server-SimpleContent-1.16.tar.gz
# B/BI/BINGOS/POE-Component-Server-SimpleHTTP-2.30.tar.gz
# B/BI/BINGOS/POE-Component-Server-SimpleHTTP-PreFork-2.10.tar.gz
# B/BI/BINGOS/POE-Component-Server-SimpleSMTP-1.52.tar.gz
# B/BI/BINGOS/POE-Component-Server-Syslog-1.22.tar.gz
# B/BI/BINGOS/POE-Component-Server-Time-1.16.tar.gz
# B/BI/BINGOS/POE-Component-SmokeBox-0.58.tar.gz
# B/BI/BINGOS/POE-Component-SmokeBox-Dists-1.10.tar.gz
# B/BI/BINGOS/POE-Component-SmokeBox-Recent-1.54.tar.gz
# B/BI/BINGOS/POE-Component-SmokeBox-Recent-HTTP-1.54.tar.gz
# B/BI/BINGOS/POE-Component-SmokeBox-Uploads-CPAN-Mini-1.02.tar.gz
# B/BI/BINGOS/POE-Component-SmokeBox-Uploads-NNTP-1.02.tar.gz
# B/BI/BINGOS/POE-Component-SmokeBox-Uploads-RSS-1.04.tar.gz
# B/BI/BINGOS/POE-Component-TLSify-0.08.tar.gz
# B/BI/BINGOS/POE-Component-WakeOnLAN-1.04.tar.gz
# B/BI/BINGOS/POE-Component-Win32-ChangeNotify-1.24.tar.gz
# B/BI/BINGOS/POE-Component-Win32-EventLog-1.26.tar.gz
# B/BI/BINGOS/POE-Component-Win32-Service-1.26.tar.gz
# B/BI/BINGOS/POE-Component-WWW-Shorten-1.22.tar.gz
# B/BI/BINGOS/POE-Filter-Bzip2-1.60.tar.gz
# B/BI/BINGOS/POE-Filter-CSV-1.18.tar.gz
# B/BI/BINGOS/POE-Filter-CSV_XS-1.18.tar.gz
# B/BI/BINGOS/POE-Filter-DNS-TCP-0.06.tar.gz
# B/BI/BINGOS/POE-Filter-Finger-0.08.tar.gz
# B/BI/BINGOS/POE-Filter-HTTP-Parser-1.08.tar.gz
# B/BI/BINGOS/POE-Filter-IASLog-1.10.tar.gz
# B/BI/BINGOS/POE-Filter-IRCD-2.44.tar.gz
# B/BI/BINGOS/POE-Filter-KennySpeak-1.02.tar.gz
# B/BI/BINGOS/POE-Filter-LOLCAT-1.10.tar.gz
# B/BI/BINGOS/POE-Filter-LZF-1.72.tar.gz
# B/BI/BINGOS/POE-Filter-LZO-1.72.tar.gz
# B/BI/BINGOS/POE-Filter-LZW-1.74.tar.gz
# B/BI/BINGOS/POE-Filter-ParseWords-1.08.tar.gz
# B/BI/BINGOS/POE-Filter-Redis-0.02.tar.gz
# B/BI/BINGOS/POE-Filter-ThruPut-1.00.tar.gz
# B/BI/BINGOS/POE-Filter-Zlib-2.04.tar.gz
# B/BI/BINGOS/POE-Loop-AnyEvent-0.004.tar.gz
# B/BI/BINGOS/POE-Loop-IO_Async-0.004.tar.gz
# B/BI/BINGOS/POE-Wheel-Run-Win32-0.20.tar.gz
# B/BI/BINGOS/shit-0.02.tar.gz
# B/BI/BINGOS/SMS-Send-DeviceGsm-1.08.tar.gz
# B/BI/BINGOS/Sort-Naturally-1.03.tar.gz
# B/BI/BINGOS/String-Perl-Warnings-1.16.tar.gz
# B/BI/BINGOS/Task-BeLike-BINGOS-1.06.tar.gz
# Running an distro search, this can take a while ...
# B/BI/BINGOS/POE-Component-IRC-6.93.tar.gz
# M/MS/MSERGEANT/POE-Component-IRC-Object-0.02.tar.gz
# Z/ZO/ZOFFIX/POE-Component-IRC-PluginBundle-Toys-1.001002.tar.gz
# Z/ZO/ZOFFIX/POE-Component-IRC-PluginBundle-WebDevelopment-2.001003.tar.gz
# Z/ZO/ZOFFIX/POE-Component-IRC-Plugin-BaseWrap-1.001001.tar.gz
# P/PL/PLU/POE-Component-IRC-Plugin-Blowfish-0.01.tar.gz
# B/BI/BINGOS/POE-Component-IRC-Plugin-Bollocks-1.02.tar.gz
# B/BI/BINGOS/POE-Component-IRC-Plugin-CoreList-1.06.tar.gz
# Z/ZO/ZOFFIX/POE-Component-IRC-Plugin-CPAN-Info-1.001002.tar.gz
# C/CU/CURTIS/POE-Component-IRC-Plugin-Donuts-0.07.tar.gz
# H/HI/HINRIK/POE-Component-IRC-Plugin-Eval-0.07.tar.gz
# Z/ZO/ZOFFIX/POE-Component-IRC-Plugin-FTP-EasyUpload-0.002.tar.gz
# Z/ZO/ZOFFIX/POE-Component-IRC-Plugin-Google-Calculator-0.04.tar.gz
# H/HI/HINRIK/POE-Component-IRC-Plugin-Hailo-0.18.tar.gz
# M/MG/MGV/POE-Component-IRC-Plugin-Hello-0.001004.tar.gz
# H/HI/HINRIK/POE-Component-IRC-Plugin-ImageMirror-0.15.tar.gz
# M/MG/MGV/POE-Component-IRC-Plugin-Infobot-0.001003.tar.gz
# A/AP/APOCAL/POE-Component-IRC-Plugin-Karma-0.003.tar.gz
# M/MG/MGV/POE-Component-IRC-Plugin-Logger-Irssi-0.001002.tar.gz
# H/HI/HINRIK/POE-Component-IRC-Plugin-MegaHAL-0.46.tar.gz
# H/HI/HINRIK/POE-Component-IRC-Plugin-MultiProxy-0.01.tar.gz
# Z/ZO/ZOFFIX/POE-Component-IRC-Plugin-OutputToPastebin-0.002.tar.gz
# B/BI/BINGOS/POE-Component-IRC-Plugin-POE-Knee-1.12.tar.gz
# B/BI/BINGOS/POE-Component-IRC-Plugin-QueryDNS-1.04.tar.gz
# B/BI/BINGOS/POE-Component-IRC-Plugin-QueryDNSBL-1.04.tar.gz
# B/BI/BINGOS/POE-Component-IRC-Plugin-Role-0.10.tar.gz
# B/BI/BINGOS/POE-Component-IRC-Plugin-RSS-Headlines-1.10.tar.gz
# H/HI/HINRIK/POE-Component-IRC-Plugin-RTorrentStatus-0.17.tar.gz
# M/MG/MGV/POE-Component-IRC-Plugin-Seen-0.001002.tar.gz
# T/TB/TBR/POE-Component-IRC-Plugin-Trac-RSS-0.11.tar.gz
# Z/ZO/ZOFFIX/POE-Component-IRC-Plugin-Unicode-UCD-0.004.tar.gz
# B/BI/BINGOS/POE-Component-IRC-Plugin-URI-Find-1.10.tar.gz
# S/SI/SIRMXE/POE-Component-IRC-Plugin-WubWubWub-0.1.tar.gz
# Z/ZO/ZOFFIX/POE-Component-IRC-Plugin-WWW-CPANRatings-RSS-0.0106.tar.gz
# Z/ZO/ZOFFIX/POE-Component-IRC-Plugin-WWW-Google-Time-0.0102.tar.gz
# C/CU/CURTIS/POE-Component-IRC-Plugin-WWW-KrispyKreme-HotLight-0.06.tar.gz
# Z/ZO/ZOFFIX/POE-Component-IRC-Plugin-WWW-OhNoRobotCom-Search-0.002.tar.gz
# C/CU/CURTIS/POE-Component-IRC-Plugin-WWW-Reddit-TIL-0.09.tar.gz
# C/CU/CURTIS/POE-Component-IRC-Plugin-WWW-Vim-Tips-0.14.tar.gz
# C/CU/CURTIS/POE-Component-IRC-Plugin-WWW-Weather-US-0.04.tar.gz
# Z/ZO/ZOFFIX/POE-Component-IRC-Plugin-WWW-XKCD-AsText-0.003.tar.gz
# B/BI/BINGOS/POE-Component-IRC-Service-0.998.tar.gz
t/04_distro.t ............ ok
# B/BI/BINGOS/Task-BINGOS-Bootstrap-0.04.tar.gz
# B/BI/BINGOS/Task-CPAN-SmokeBox-0.04.tar.gz
# B/BI/BINGOS/Task-CPANPLUS-Metabase-1.16.tar.gz
# B/BI/BINGOS/Task-Module-Install-BINGOS-1.04.tar.gz
# B/BI/BINGOS/Task-POE-Filter-Compression-1.04.tar.gz
# B/BI/BINGOS/Task-POE-IRC-1.14.tar.gz
# B/BI/BINGOS/Task-POE-Simple-TCPIP-Services-1.10.tar.gz
# B/BI/BINGOS/Term-UI-0.50.tar.gz
# B/BI/BINGOS/Test-App-CPANIDX-Database-0.06.tar.gz
# B/BI/BINGOS/Test-POE-Client-TCP-1.26.tar.gz
# B/BI/BINGOS/Test-POE-Server-TCP-1.20.tar.gz
# B/BI/BINGOS/Test-Reporter-Transport-Socket-1.02.tar.gz
# B/BI/BINGOS/unless-0.06.tar.gz
# B/BI/BINGOS/Win32-ADRecurse-0.04.tar.gz
# B/BI/BINGOS/Win32-ADSIEnumerations-0.02.tar.gz
# B/BI/BINGOS/Win32-MailboxGUID-0.02.tar.gz
# B/BI/BINGOS/Win32-NameTranslate-0.06.tar.gz
t/03_author.t ............ ok
# Running a phalanx search, this can take a while ...
# Failed test 'There was a dists arrayref'
# at t/05_phalanx.t line 53.
# Failed test 'The dists arrayref was populated'
# at t/05_phalanx.t line 54.
# 0
# Looks like you failed 2 tests of 4.
t/05_phalanx.t ...........
Dubious, test returned 2 (wstat 512, 0x200)
Failed 2/4 subtests
Transfer truncated: only 2097152 out of 2556453 bytes received
Use of uninitialized value $cwd in chdir at t/06_random.t line 19.
t/06_random.t ............
Dubious, test returned 255 (wstat 65280, 0xff00)
No subtests run
t/author-pod-coverage.t .. skipped: these tests are for testing by the author
t/author-pod-syntax.t .... skipped: these tests are for testing by the author
Test Summary Report
-------------------
t/05_phalanx.t (Wstat: 512 (exited 2) Tests: 4 Failed: 2)
Failed tests: 2-3
Non-zero exit status: 2
t/06_random.t (Wstat: 65280 (exited 255) Tests: 0 Failed: 0)
Non-zero exit status: 255
Parse errors: No plan found in TAP output
Files=9, Tests=15, 60 wallclock secs ( 0.03 usr 0.02 sys + 28.12 cusr 0.76 csys = 28.93 CPU)
Result: FAIL
Failed 2/9 test programs. 2/15 subtests failed.
make: *** [test_dynamic] Error 255
------------------------------
PREREQUISITES
------------------------------
Prerequisite modules loaded:
requires:
Module Need Have
------------------- ----- --------
CPAN::DistnameInfo 0.06 0.12
File::Fetch 0 1.04
File::Path 0 2.18
File::Spec 0 3.90
IO::Zlib 0 1.15
perl 5.006 5.040000
POE 1.004 1.370
Sort::Versions 1.5 1.62
URI 0 5.31
build_requires:
Module Need Have
------------------- ----- --------
File::Spec 0 3.90
IO::Handle 0 1.55
IPC::Open3 0 1.22
Test::More 0.47 1.302209
configure_requires:
Module Need Have
------------------- ----- --------
ExtUtils::MakeMaker 0 7.70
------------------------------
ENVIRONMENT AND OTHER CONTEXT
------------------------------
Environment variables:
HARNESS_OPTIONS = j2:c
LANG = en_US.UTF-8
NONINTERACTIVE_TESTING = 1
PATH = /home/opc/perl5/perlbrew/bin:/home/opc/perl5/perlbrew/perls/perl-5.40.0/bin:/home/opc/perl5/perlbrew/bin:/usr/local/bin:/usr/bin:/usr/local/sbin:/usr/sbin:/home/opc/.local/bin:/home/opc/.local/bin:/home/opc/bin:/home/opc/.local/bin
PERL5LIB =
PERL5OPT =
PERL5_CPANPLUS_IS_RUNNING = 3470
PERL5_CPAN_IS_RUNNING = 3470
PERLBREW_HOME = /home/opc/.perlbrew
PERLBREW_LIB =
PERLBREW_MANPATH = /home/opc/perl5/perlbrew/perls/perl-5.40.0/man
PERLBREW_PATH = /home/opc/perl5/perlbrew/bin:/home/opc/perl5/perlbrew/perls/perl-5.40.0/bin
PERLBREW_PERL = perl-5.40.0
PERLBREW_ROOT = /home/opc/perl5/perlbrew
PERLBREW_SHELLRC_VERSION = 0.98
PERLBREW_VERSION = 0.98
PERL_LOCAL_LIB_ROOT =
PERL_MM_USE_DEFAULT = 1
PERL_USE_UNSAFE_INC = 1
SHELL = /bin/bash
TERM = xterm-256color
TMPDIR = /home/opc/tmp
Perl special variables (and OS-specific diagnostics, for MSWin32):
$^X = /home/opc/perl5/perlbrew/perls/perl-5.40.0/bin/perl
$UID/$EUID = 1000 / 1000
$GID = 1000 4 10 190 1000
$EGID = 1000 4 10 190 1000
Perl module toolchain versions installed:
Module Have
------------------- --------
CPAN 2.38
CPAN::Meta 2.150010
Cwd 3.90
ExtUtils::CBuilder 0.280240
ExtUtils::Command 7.70
ExtUtils::Install 2.22
ExtUtils::MakeMaker 7.70
ExtUtils::Manifest 1.75
ExtUtils::ParseXS 3.51
File::Spec 3.90
JSON 4.10
JSON::PP 4.16
Module::Build 0.4234
Module::Signature 0.89
Parse::CPAN::Meta 2.150010
Test2 1.302209
Test::Harness 3.50
Test::More 1.302209
YAML 1.31
YAML::Syck 1.34
version 0.9933
--
Summary of my perl5 (revision 5 version 40 subversion 0) configuration:
Platform:
osname=linux
osvers=5.4.17-2136.330.7.1.el7uek.x86_64
archname=x86_64-linux
uname='linux oracle2.bandsman.co.uk 5.4.17-2136.330.7.1.el7uek.x86_64 #2 smp thu apr 4 18:11:10 pdt 2024 x86_64 x86_64 x86_64 gnulinux '
config_args='-de -Dprefix=/home/opc/perl5/perlbrew/perls/perl-5.40.0 -Aeval:scriptdir=/home/opc/perl5/perlbrew/perls/perl-5.40.0/bin'
hint=recommended
useposix=true
d_sigaction=define
useithreads=undef
usemultiplicity=undef
use64bitint=define
use64bitall=define
uselongdouble=undef
usemymalloc=n
default_inc_excludes_dot=define
Compiler:
cc='cc'
ccflags ='-std=gnu99 -fwrapv -fno-strict-aliasing -pipe -fstack-protector-strong -I/usr/local/include -D_LARGEFILE_SOURCE -D_FILE_OFFSET_BITS=64 -D_FORTIFY_SOURCE=2'
optimize='-O2'
cppflags='-std=gnu99 -fwrapv -fno-strict-aliasing -pipe -fstack-protector-strong -I/usr/local/include'
ccversion=''
gccversion='4.8.5 20150623 (Red Hat 4.8.5-44.0.3)'
gccosandvers=''
intsize=4
longsize=8
ptrsize=8
doublesize=8
byteorder=12345678
doublekind=3
d_longlong=define
longlongsize=8
d_longdbl=define
longdblsize=16
longdblkind=3
ivtype='long'
ivsize=8
nvtype='double'
nvsize=8
Off_t='off_t'
lseeksize=8
alignbytes=8
prototype=define
Linker and Libraries:
ld='cc'
ldflags =' -fstack-protector-strong -L/usr/local/lib'
libpth=/usr/local/lib /usr/lib /usr/lib64 /usr/local/lib64
libs=-lpthread -lgdbm -ldb -ldl -lm -lcrypt -lutil -lc -lgdbm_compat
perllibs=-lpthread -ldl -lm -lcrypt -lutil -lc
libc=libc-2.17.so
so=so
useshrplib=false
libperl=libperl.a
gnulibc_version='2.17'
Dynamic Linking:
dlsrc=dl_dlopen.xs
dlext=so
d_dlsymun=undef
ccdlflags='-Wl,-E'
cccdlflags='-fPIC'
lddlflags='-shared -O2 -L/usr/local/lib -fstack-protector-strong'
Characteristics of this binary (from libperl):
Compile-time options:
HAS_LONG_DOUBLE
HAS_STRTOLD
HAS_TIMES
PERLIO_LAYERS
PERL_COPY_ON_WRITE
PERL_DONT_CREATE_GVSV
PERL_HASH_FUNC_SIPHASH13
PERL_HASH_USE_SBOX32
PERL_MALLOC_WRAP
PERL_OP_PARENT
PERL_PRESERVE_IVUV
PERL_USE_SAFE_PUTENV
USE_64_BIT_ALL
USE_64_BIT_INT
USE_LARGE_FILES
USE_LOCALE
USE_LOCALE_COLLATE
USE_LOCALE_CTYPE
USE_LOCALE_NUMERIC
USE_LOCALE_TIME
USE_PERLIO
USE_PERL_ATOF
Built under linux
Compiled at Jun 17 2024 10:18:20
%ENV:
PERL5LIB=""
PERL5OPT=""
PERL5_CPANPLUS_IS_RUNNING="3470"
PERL5_CPAN_IS_RUNNING="3470"
PERLBREW_HOME="/home/opc/.perlbrew"
PERLBREW_LIB=""
PERLBREW_MANPATH="/home/opc/perl5/perlbrew/perls/perl-5.40.0/man"
PERLBREW_PATH="/home/opc/perl5/perlbrew/bin:/home/opc/perl5/perlbrew/perls/perl-5.40.0/bin"
PERLBREW_PERL="perl-5.40.0"
PERLBREW_ROOT="/home/opc/perl5/perlbrew"
PERLBREW_SHELLRC_VERSION="0.98"
PERLBREW_VERSION="0.98"
PERL_LOCAL_LIB_ROOT=""
PERL_MM_USE_DEFAULT="1"
PERL_USE_UNSAFE_INC="1"
@INC:
/home/opc/perl5/perlbrew/perls/perl-5.40.0/lib/site_perl/5.40.0/x86_64-linux
/home/opc/perl5/perlbrew/perls/perl-5.40.0/lib/site_perl/5.40.0
/home/opc/perl5/perlbrew/perls/perl-5.40.0/lib/5.40.0/x86_64-linux
/home/opc/perl5/perlbrew/perls/perl-5.40.0/lib/5.40.0
.