Art-World v0.19_03 Perl 5 v5.24.4 amd64-freebsd

Status
Fail
From
Slaven Rezić
Dist
Art-World v0.19_03
Platform
Perl 5 v5.24.4 amd64-freebsd
Date
2023-02-07T07:37:47
ID
51171014-a6ba-11ed-9138-4df86d8775ea
This distribution has been tested as part of the CPAN Testers
project, supporting the Perl programming language.  See
http://wiki.cpantesters.org/ for more information or email
questions to cpan-testers-discuss@perl.org


--
Dear Sebastien Feugere,

This is a computer-generated report for Art-World-0.19_03
on perl 5.24.4, created by CPAN-Reporter-1.2018.

Thank you for uploading your work to CPAN.  However, there was a problem
testing your distribution.

If you think this report is invalid, please consult the CPAN Testers Wiki
for suggestions on how to avoid getting FAIL reports for missing library
or binary dependencies, unsupported operating systems, and so on:

http://wiki.cpantesters.org/wiki/CPANAuthorNotes

Sections of this report:

    * Tester comments
    * Program output
    * Prerequisites
    * Environment and other context

------------------------------
TESTER COMMENTS
------------------------------

Additional comments from tester:

none provided

------------------------------
PROGRAM OUTPUT
------------------------------

Output from './Build test':

t/00_pod.t .......... ok
t/01_basic.t ........ ok
t/02_abstraction.t .. ok
Can't locate object method "person_first_name" via package "Faker" in /usr/perl5.24.4p/lib/site_perl/5.24.4/Venus/Core/Class.pm at line 20

Name:

(None)

Type:

Venus::Error

Context:

(None)

Stashed:

{}

Traceback (reverse chronological order):

Venus::Core::Class::BUILD
  in /usr/perl5.24.4p/lib/site_perl/5.24.4/Venus/Core.pm at line 75
Venus::Core::BLESS
  in /usr/perl5.24.4p/lib/site_perl/5.24.4/Venus/Core/Class.pm at line 74
Venus::Core::Class::new
  in /usr/perl5.24.4p/lib/site_perl/5.24.4/Venus/Error.pm at line 225
Venus::Error::throw
  in /usr/perl5.24.4p/lib/site_perl/5.24.4/Venus/Role/Proxyable.pm at line 25
Venus::Role::Proxyable::AUTOLOAD
  in /home/cpansand/.cpan/build/2023020706/Art-World-0.19_03-0/blib/lib/Art/World/Util.pm at line 44
Art::World::Util::__ANON__
  in (eval 1214) at line 22
Art::World::Util::Person::firstname
  in /home/cpansand/.cpan/build/2023020706/Art-World-0.19_03-0/blib/lib/Art/World/Util.pm at line 47
Art::World::Util::__ANON__
  in (eval 1213) at line 22
Art::World::Util::Person::fake_name
  in t/03_agent.t at line 5
t/03_agent.t ........ 
Dubious, test returned 2 (wstat 512, 0x200)
No subtests run 
Can't locate object method "person_first_name" via package "Faker" in /usr/perl5.24.4p/lib/site_perl/5.24.4/Venus/Core/Class.pm at line 20

Name:

(None)

Type:

Venus::Error

Context:

(None)

Stashed:

{}

Traceback (reverse chronological order):

Venus::Core::Class::BUILD
  in /usr/perl5.24.4p/lib/site_perl/5.24.4/Venus/Core.pm at line 75
Venus::Core::BLESS
  in /usr/perl5.24.4p/lib/site_perl/5.24.4/Venus/Core/Class.pm at line 74
Venus::Core::Class::new
  in /usr/perl5.24.4p/lib/site_perl/5.24.4/Venus/Error.pm at line 225
Venus::Error::throw
  in /usr/perl5.24.4p/lib/site_perl/5.24.4/Venus/Role/Proxyable.pm at line 25
Venus::Role::Proxyable::AUTOLOAD
  in /home/cpansand/.cpan/build/2023020706/Art-World-0.19_03-0/blib/lib/Art/World/Util.pm at line 44
Art::World::Util::__ANON__
  in (eval 1215) at line 22
Art::World::Util::Person::firstname
  in /home/cpansand/.cpan/build/2023020706/Art-World-0.19_03-0/blib/lib/Art/World/Util.pm at line 47
Art::World::Util::__ANON__
  in (eval 1214) at line 22
Art::World::Util::Person::fake_name
  in t/04_artist.t at line 5
t/04_artist.t ....... 
Dubious, test returned 2 (wstat 512, 0x200)
No subtests run 
Can't locate object method "person_first_name" via package "Faker" in /usr/perl5.24.4p/lib/site_perl/5.24.4/Venus/Core/Class.pm at line 20

Name:

(None)

Type:

Venus::Error

Context:

(None)

Stashed:

{}

Traceback (reverse chronological order):

Venus::Core::Class::BUILD
  in /usr/perl5.24.4p/lib/site_perl/5.24.4/Venus/Core.pm at line 75
Venus::Core::BLESS
  in /usr/perl5.24.4p/lib/site_perl/5.24.4/Venus/Core/Class.pm at line 74
Venus::Core::Class::new
  in /usr/perl5.24.4p/lib/site_perl/5.24.4/Venus/Error.pm at line 225
Venus::Error::throw
  in /usr/perl5.24.4p/lib/site_perl/5.24.4/Venus/Role/Proxyable.pm at line 25
Venus::Role::Proxyable::AUTOLOAD
  in /home/cpansand/.cpan/build/2023020706/Art-World-0.19_03-0/blib/lib/Art/World/Util.pm at line 44
Art::World::Util::__ANON__
  in (eval 1213) at line 22
Art::World::Util::Person::firstname
  in /home/cpansand/.cpan/build/2023020706/Art-World-0.19_03-0/blib/lib/Art/World/Util.pm at line 47
Art::World::Util::__ANON__
  in (eval 1214) at line 22
Art::World::Util::Person::fake_name
  in t/05_collector.t at line 11
t/05_collector.t .... 
Dubious, test returned 2 (wstat 512, 0x200)
No subtests run 
Can't locate object method "person_first_name" via package "Faker" in /usr/perl5.24.4p/lib/site_perl/5.24.4/Venus/Core/Class.pm at line 20

Name:

(None)

Type:

Venus::Error

Context:

(None)

Stashed:

{}

Traceback (reverse chronological order):

Venus::Core::Class::BUILD
  in /usr/perl5.24.4p/lib/site_perl/5.24.4/Venus/Core.pm at line 75
Venus::Core::BLESS
  in /usr/perl5.24.4p/lib/site_perl/5.24.4/Venus/Core/Class.pm at line 74
Venus::Core::Class::new
  in /usr/perl5.24.4p/lib/site_perl/5.24.4/Venus/Error.pm at line 225
Venus::Error::throw
  in /usr/perl5.24.4p/lib/site_perl/5.24.4/Venus/Role/Proxyable.pm at line 25
Venus::Role::Proxyable::AUTOLOAD
  in /home/cpansand/.cpan/build/2023020706/Art-World-0.19_03-0/blib/lib/Art/World/Util.pm at line 44
Art::World::Util::__ANON__
  in (eval 1215) at line 22
Art::World::Util::Person::firstname
  in /home/cpansand/.cpan/build/2023020706/Art-World-0.19_03-0/blib/lib/Art/World/Util.pm at line 47
Art::World::Util::__ANON__
  in (eval 1214) at line 22
Art::World::Util::Person::fake_name
  in t/06_public.t at line 7
t/06_public.t ....... 
Dubious, test returned 2 (wstat 512, 0x200)
No subtests run 
Can't locate object method "person_first_name" via package "Faker" in /usr/perl5.24.4p/lib/site_perl/5.24.4/Venus/Core/Class.pm at line 20

Name:

(None)

Type:

Venus::Error

Context:

(None)

Stashed:

{}

Traceback (reverse chronological order):

Venus::Core::Class::BUILD
  in /usr/perl5.24.4p/lib/site_perl/5.24.4/Venus/Core.pm at line 75
Venus::Core::BLESS
  in /usr/perl5.24.4p/lib/site_perl/5.24.4/Venus/Core/Class.pm at line 74
Venus::Core::Class::new
  in /usr/perl5.24.4p/lib/site_perl/5.24.4/Venus/Error.pm at line 225
Venus::Error::throw
  in /usr/perl5.24.4p/lib/site_perl/5.24.4/Venus/Role/Proxyable.pm at line 25
Venus::Role::Proxyable::AUTOLOAD
  in /home/cpansand/.cpan/build/2023020706/Art-World-0.19_03-0/blib/lib/Art/World/Util.pm at line 44
Art::World::Util::__ANON__
  in (eval 1214) at line 22
Art::World::Util::Person::firstname
  in /home/cpansand/.cpan/build/2023020706/Art-World-0.19_03-0/blib/lib/Art/World/Util.pm at line 47
Art::World::Util::__ANON__
  in (eval 1213) at line 22
Art::World::Util::Person::fake_name
  in t/07_manager.t at line 11
t/07_manager.t ...... 
Dubious, test returned 2 (wstat 512, 0x200)
No subtests run 
Can't locate object method "person_first_name" via package "Faker" in /usr/perl5.24.4p/lib/site_perl/5.24.4/Venus/Core/Class.pm at line 20

Name:

(None)

Type:

Venus::Error

Context:

(None)

Stashed:

{}

Traceback (reverse chronological order):

Venus::Core::Class::BUILD
  in /usr/perl5.24.4p/lib/site_perl/5.24.4/Venus/Core.pm at line 75
Venus::Core::BLESS
  in /usr/perl5.24.4p/lib/site_perl/5.24.4/Venus/Core/Class.pm at line 74
Venus::Core::Class::new
  in /usr/perl5.24.4p/lib/site_perl/5.24.4/Venus/Error.pm at line 225
Venus::Error::throw
  in /usr/perl5.24.4p/lib/site_perl/5.24.4/Venus/Role/Proxyable.pm at line 25
Venus::Role::Proxyable::AUTOLOAD
  in /home/cpansand/.cpan/build/2023020706/Art-World-0.19_03-0/blib/lib/Art/World/Util.pm at line 44
Art::World::Util::__ANON__
  in (eval 1213) at line 22
Art::World::Util::Person::firstname
  in /home/cpansand/.cpan/build/2023020706/Art-World-0.19_03-0/blib/lib/Art/World/Util.pm at line 47
Art::World::Util::__ANON__
  in (eval 1215) at line 22
Art::World::Util::Person::fake_name
  in t/11_artwork.t at line 7
t/11_artwork.t ...... 
Dubious, test returned 2 (wstat 512, 0x200)
No subtests run 
t/12_place.t ........ ok
Can't locate object method "person_first_name" via package "Faker" in /usr/perl5.24.4p/lib/site_perl/5.24.4/Venus/Core/Class.pm at line 20

Name:

(None)

Type:

Venus::Error

Context:

(None)

Stashed:

{}

Traceback (reverse chronological order):

Venus::Core::Class::BUILD
  in /usr/perl5.24.4p/lib/site_perl/5.24.4/Venus/Core.pm at line 75
Venus::Core::BLESS
  in /usr/perl5.24.4p/lib/site_perl/5.24.4/Venus/Core/Class.pm at line 74
Venus::Core::Class::new
  in /usr/perl5.24.4p/lib/site_perl/5.24.4/Venus/Error.pm at line 225
Venus::Error::throw
  in /usr/perl5.24.4p/lib/site_perl/5.24.4/Venus/Role/Proxyable.pm at line 25
Venus::Role::Proxyable::AUTOLOAD
  in /home/cpansand/.cpan/build/2023020706/Art-World-0.19_03-0/blib/lib/Art/World/Util.pm at line 44
Art::World::Util::__ANON__
  in (eval 1214) at line 22
Art::World::Util::Person::firstname
  in /home/cpansand/.cpan/build/2023020706/Art-World-0.19_03-0/blib/lib/Art/World/Util.pm at line 47
Art::World::Util::__ANON__
  in (eval 1215) at line 22
Art::World::Util::Person::fake_name
  in t/14_exhibition.t at line 7
t/14_exhibition.t ... 
Dubious, test returned 2 (wstat 512, 0x200)
No subtests run 
Can't locate object method "person_first_name" via package "Faker" in /usr/perl5.24.4p/lib/site_perl/5.24.4/Venus/Core/Class.pm at line 20

Name:

(None)

Type:

Venus::Error

Context:

(None)

Stashed:

{}

Traceback (reverse chronological order):

Venus::Core::Class::BUILD
  in /usr/perl5.24.4p/lib/site_perl/5.24.4/Venus/Core.pm at line 75
Venus::Core::BLESS
  in /usr/perl5.24.4p/lib/site_perl/5.24.4/Venus/Core/Class.pm at line 74
Venus::Core::Class::new
  in /usr/perl5.24.4p/lib/site_perl/5.24.4/Venus/Error.pm at line 225
Venus::Error::throw
  in /usr/perl5.24.4p/lib/site_perl/5.24.4/Venus/Role/Proxyable.pm at line 25
Venus::Role::Proxyable::AUTOLOAD
  in /home/cpansand/.cpan/build/2023020706/Art-World-0.19_03-0/blib/lib/Art/World/Util.pm at line 44
Art::World::Util::__ANON__
  in (eval 1215) at line 22
Art::World::Util::Person::firstname
  in /home/cpansand/.cpan/build/2023020706/Art-World-0.19_03-0/blib/lib/Art/World/Util.pm at line 47
Art::World::Util::__ANON__
  in (eval 1214) at line 22
Art::World::Util::Person::fake_name
  in t/15_gallery.t at line 7
t/15_gallery.t ...... 
Dubious, test returned 2 (wstat 512, 0x200)
No subtests run 
Can't locate object method "address_city_name" via package "Faker" in /usr/perl5.24.4p/lib/site_perl/5.24.4/Venus/Core/Class.pm at line 20

Name:

(None)

Type:

Venus::Error

Context:

(None)

Stashed:

{}

Traceback (reverse chronological order):

Venus::Core::Class::BUILD
  in /usr/perl5.24.4p/lib/site_perl/5.24.4/Venus/Core.pm at line 75
Venus::Core::BLESS
  in /usr/perl5.24.4p/lib/site_perl/5.24.4/Venus/Core/Class.pm at line 74
Venus::Core::Class::new
  in /usr/perl5.24.4p/lib/site_perl/5.24.4/Venus/Error.pm at line 225
Venus::Error::throw
  in /usr/perl5.24.4p/lib/site_perl/5.24.4/Venus/Role/Proxyable.pm at line 25
Venus::Role::Proxyable::AUTOLOAD
  in t/16_opening.t at line 9
t/16_opening.t ...... 
Dubious, test returned 2 (wstat 512, 0x200)
No subtests run 
t/40_concept.t ...... ok
Can't locate object method "person_first_name" via package "Faker" in /usr/perl5.24.4p/lib/site_perl/5.24.4/Venus/Core/Class.pm at line 20

Name:

(None)

Type:

Venus::Error

Context:

(None)

Stashed:

{}

Traceback (reverse chronological order):

Venus::Core::Class::BUILD
  in /usr/perl5.24.4p/lib/site_perl/5.24.4/Venus/Core.pm at line 75
Venus::Core::BLESS
  in /usr/perl5.24.4p/lib/site_perl/5.24.4/Venus/Core/Class.pm at line 74
Venus::Core::Class::new
  in /usr/perl5.24.4p/lib/site_perl/5.24.4/Venus/Error.pm at line 225
Venus::Error::throw
  in /usr/perl5.24.4p/lib/site_perl/5.24.4/Venus/Role/Proxyable.pm at line 25
Venus::Role::Proxyable::AUTOLOAD
  in /home/cpansand/.cpan/build/2023020706/Art-World-0.19_03-0/blib/lib/Art/World/Util.pm at line 44
Art::World::Util::__ANON__
  in (eval 1214) at line 22
Art::World::Util::Person::firstname
  in /home/cpansand/.cpan/build/2023020706/Art-World-0.19_03-0/blib/lib/Art/World/Util.pm at line 47
Art::World::Util::__ANON__
  in (eval 1213) at line 22
Art::World::Util::Person::fake_name
  in t/50_fame.t at line 7
t/50_fame.t ......... 
Dubious, test returned 2 (wstat 512, 0x200)
No subtests run 

Test Summary Report
-------------------
t/03_agent.t      (Wstat: 512 (exited 2) Tests: 0 Failed: 0)
  Non-zero exit status: 2
  Parse errors: No plan found in TAP output
t/04_artist.t     (Wstat: 512 (exited 2) Tests: 0 Failed: 0)
  Non-zero exit status: 2
  Parse errors: No plan found in TAP output
t/05_collector.t  (Wstat: 512 (exited 2) Tests: 0 Failed: 0)
  Non-zero exit status: 2
  Parse errors: No plan found in TAP output
t/06_public.t     (Wstat: 512 (exited 2) Tests: 0 Failed: 0)
  Non-zero exit status: 2
  Parse errors: No plan found in TAP output
t/07_manager.t    (Wstat: 512 (exited 2) Tests: 0 Failed: 0)
  Non-zero exit status: 2
  Parse errors: No plan found in TAP output
t/11_artwork.t    (Wstat: 512 (exited 2) Tests: 0 Failed: 0)
  Non-zero exit status: 2
  Parse errors: No plan found in TAP output
t/14_exhibition.t (Wstat: 512 (exited 2) Tests: 0 Failed: 0)
  Non-zero exit status: 2
  Parse errors: No plan found in TAP output
t/15_gallery.t    (Wstat: 512 (exited 2) Tests: 0 Failed: 0)
  Non-zero exit status: 2
  Parse errors: No plan found in TAP output
t/16_opening.t    (Wstat: 512 (exited 2) Tests: 0 Failed: 0)
  Non-zero exit status: 2
  Parse errors: No plan found in TAP output
t/50_fame.t       (Wstat: 512 (exited 2) Tests: 0 Failed: 0)
  Non-zero exit status: 2
  Parse errors: No plan found in TAP output
Files=15, Tests=14, 57 wallclock secs ( 0.02 usr  0.09 sys + 51.20 cusr  3.97 csys = 55.27 CPU)
Result: FAIL

------------------------------
PREREQUISITES
------------------------------

Prerequisite modules loaded:

requires:

    Module              Need        Have    
    ------------------- ----------- --------
    Config::Tiny        == 2.26     2.28    
    Faker               == 1.04     1.17    
    Math::Round         == 0.07     0.07    
    Moo                 == 2.005004 2.005005
    perl                v5.20.0     5.024004
    Time::Moment        == 0.44     0.44    
    Try::Tiny           == 0.30     0.31    
    Type::Tiny          == 2.002001 2.002001
    Type::Tiny::XS      == 0.025    0.025   
    Zydeco              == 0.617    0.617   

build_requires:

    Module              Need        Have    
    ------------------- ----------- --------
    Path::Tiny          == 0.118    0.144   
    Test2::Harness      0           1.000043
    Test::Pod           == 1.52     1.52    

configure_requires:

    Module              Need        Have    
    ------------------- ----------- --------
    Module::Build::Tiny 0.039       0.039   


------------------------------
ENVIRONMENT AND OTHER CONTEXT
------------------------------

Environment variables:

    LC_ALL = de_DE.ISO8859-1
    PATH = /usr/local/bin:/usr/bin:/bin:/usr/local/sbin:/usr/sbin:/sbin:/home/cpansand/bin/freebsd10.3:/home/cpansand/bin/sh:/home/cpansand/bin:/usr/games:/home/cpansand/devel:/home/eserte/src/srezic-misc/scripts
    PERL5LIB = /home/cpansand/.cpan/build/2023020706/Zydeco-0.617-0/blib/arch:/home/cpansand/.cpan/build/2023020706/Zydeco-0.617-0/blib/lib:/home/cpansand/.cpan/build/2023020706/MooX-Press-0.086-0/blib/arch:/home/cpansand/.cpan/build/2023020706/MooX-Press-0.086-0/blib/lib:/home/cpansand/.cpan/build/2023020706/Type-Tiny-XS-0.025-0/blib/arch:/home/cpansand/.cpan/build/2023020706/Type-Tiny-XS-0.025-0/blib/lib:/home/cpansand/.cpan/build/2023020706/Type-Tiny-2.002001-0/blib/arch:/home/cpansand/.cpan/build/2023020706/Type-Tiny-2.002001-0/blib/lib
    PERL5OPT = 
    PERL5_CPANPLUS_IS_RUNNING = 95608
    PERL5_CPAN_IS_RUNNING = 95608
    PERL5_CPAN_IS_RUNNING_IN_RECURSION = 63539,95608
    PERLDOC = -MPod::Perldoc::ToTextOverstrike
    PERL_BATCH = yes
    PERL_CANARY_STABILITY_NOPROMPT = 1
    PERL_CPAN_REPORTER_CONFIG = /var/tmp/cpansmoker-1023/2023020623/cpanreporter_000_config.ini
    PERL_EXTUTILS_AUTOINSTALL = --defaultdeps
    PERL_USE_UNSAFE_INC = 1
    SHELL = /usr/local/bin/zsh
    TERM = screen
    TMPDIR = /var/tmp/cpansmoker-1023/2023020623

Perl special variables (and OS-specific diagnostics, for MSWin32):

    $^X = /usr/perl5.24.4p/bin/perl5.24.4
    $UID/$EUID = 1023 / 1023
    $GID = 1023 1023
    $EGID = 1023 1023

Perl module toolchain versions installed:

    Module              Have    
    ------------------- --------
    CPAN                2.34    
    CPAN::Meta          2.150010
    Cwd                 3.75    
    ExtUtils::CBuilder  0.280236
    ExtUtils::Command   7.66    
    ExtUtils::Install   2.22    
    ExtUtils::MakeMaker 7.66    
    ExtUtils::Manifest  1.70    
    ExtUtils::ParseXS   3.35    
    File::Spec          3.75    
    JSON                4.10    
    JSON::PP            4.16    
    Module::Build       0.4232  
    Module::Signature   0.87    
    Parse::CPAN::Meta   2.150010
    Test::Harness       3.44    
    Test::More          1.302191
    YAML                1.30    
    YAML::Syck          1.34    
    version             0.9929  


--

Summary of my perl5 (revision 5 version 24 subversion 4) configuration:
   
  Platform:
    osname=freebsd, osvers=10.3-release-p24, archname=amd64-freebsd
    uname='freebsd cvrsnica-freebsd-101.herceg.de 10.3-release-p24 freebsd 10.3-release-p24 #0: wed nov 15 04:57:40 utc 2017 root@amd64-builder.daemonology.net:usrobjusrsrcsysgeneric amd64 '
    config_args='-ds -e -Dprefix=/usr/perl5.24.4p -Dcf_email=srezic@cpan.org -Doptimize=-O2 -pipe'
    hint=recommended, useposix=true, d_sigaction=define
    useithreads=undef, usemultiplicity=undef
    use64bitint=define, use64bitall=define, uselongdouble=undef
    usemymalloc=n, bincompat5005=undef
  Compiler:
    cc='cc', ccflags ='-DHAS_FPSETMASK -DHAS_FLOATINGPOINT_H -fno-strict-aliasing -pipe -fstack-protector -I/usr/local/include -D_FORTIFY_SOURCE=2',
    optimize='-O2 -pipe',
    cppflags='-DHAS_FPSETMASK -DHAS_FLOATINGPOINT_H -fno-strict-aliasing -pipe -fstack-protector -I/usr/local/include'
    ccversion='', gccversion='4.2.1 Compatible FreeBSD Clang 3.4.1 (tags/RELEASE_34/dot1-final 208032)', gccosandvers=''
    intsize=4, longsize=8, ptrsize=8, doublesize=8, byteorder=12345678, doublekind=3
    d_longlong=define, longlongsize=8, d_longdbl=define, longdblsize=16, longdblkind=3
    ivtype='long', ivsize=8, nvtype='double', nvsize=8, Off_t='off_t', lseeksize=8
    alignbytes=8, prototype=define
  Linker and Libraries:
    ld='cc', ldflags ='-pthread -Wl,-E  -fstack-protector -L/usr/local/lib'
    libpth=/usr/lib /usr/local/lib /usr/include/clang/3.4.1 /usr/lib
    libs=-lpthread -lgdbm -lm -lcrypt -lutil -lc
    perllibs=-lpthread -lm -lcrypt -lutil -lc
    libc=, so=so, useshrplib=false, libperl=libperl.a
    gnulibc_version=''
  Dynamic Linking:
    dlsrc=dl_dlopen.xs, dlext=so, d_dlsymun=undef, ccdlflags=' '
    cccdlflags='-DPIC -fPIC', lddlflags='-shared  -L/usr/local/lib -fstack-protector'


Characteristics of this binary (from libperl): 
  Compile-time options: HAS_TIMES PERLIO_LAYERS PERL_COPY_ON_WRITE
                        PERL_DONT_CREATE_GVSV
                        PERL_HASH_FUNC_ONE_AT_A_TIME_HARD PERL_MALLOC_WRAP
                        PERL_PRESERVE_IVUV USE_64_BIT_ALL USE_64_BIT_INT
                        USE_LARGE_FILES USE_LOCALE USE_LOCALE_COLLATE
                        USE_LOCALE_CTYPE USE_LOCALE_NUMERIC USE_LOCALE_TIME
                        USE_PERLIO USE_PERL_ATOF
  Built under freebsd
  Compiled at Dec 11 2018 23:48:33
  %ENV:
    PERL5LIB="/home/cpansand/.cpan/build/2023020706/Zydeco-0.617-0/blib/arch:/home/cpansand/.cpan/build/2023020706/Zydeco-0.617-0/blib/lib:/home/cpansand/.cpan/build/2023020706/MooX-Press-0.086-0/blib/arch:/home/cpansand/.cpan/build/2023020706/MooX-Press-0.086-0/blib/lib:/home/cpansand/.cpan/build/2023020706/Type-Tiny-XS-0.025-0/blib/arch:/home/cpansand/.cpan/build/2023020706/Type-Tiny-XS-0.025-0/blib/lib:/home/cpansand/.cpan/build/2023020706/Type-Tiny-2.002001-0/blib/arch:/home/cpansand/.cpan/build/2023020706/Type-Tiny-2.002001-0/blib/lib"
    PERL5OPT=""
    PERL5_CPANPLUS_IS_RUNNING="95608"
    PERL5_CPAN_IS_RUNNING="95608"
    PERL5_CPAN_IS_RUNNING_IN_RECURSION="63539,95608"
    PERLDOC="-MPod::Perldoc::ToTextOverstrike"
    PERL_BATCH="yes"
    PERL_CANARY_STABILITY_NOPROMPT="1"
    PERL_CPAN_REPORTER_CONFIG="/var/tmp/cpansmoker-1023/2023020623/cpanreporter_000_config.ini"
    PERL_EXTUTILS_AUTOINSTALL="--defaultdeps"
    PERL_USE_UNSAFE_INC="1"
  @INC:
    /home/cpansand/.cpan/build/2023020706/Zydeco-0.617-0/blib/arch
    /home/cpansand/.cpan/build/2023020706/Zydeco-0.617-0/blib/lib
    /home/cpansand/.cpan/build/2023020706/MooX-Press-0.086-0/blib/arch
    /home/cpansand/.cpan/build/2023020706/MooX-Press-0.086-0/blib/lib
    /home/cpansand/.cpan/build/2023020706/Type-Tiny-XS-0.025-0/blib/arch
    /home/cpansand/.cpan/build/2023020706/Type-Tiny-XS-0.025-0/blib/lib
    /home/cpansand/.cpan/build/2023020706/Type-Tiny-2.002001-0/blib/arch
    /home/cpansand/.cpan/build/2023020706/Type-Tiny-2.002001-0/blib/lib
    /usr/perl5.24.4p/lib/site_perl/5.24.4/amd64-freebsd
    /usr/perl5.24.4p/lib/site_perl/5.24.4
    /usr/perl5.24.4p/lib/5.24.4/amd64-freebsd
    /usr/perl5.24.4p/lib/5.24.4
    .