Back
From: metabase:user:320bfe00-2aae-11df-837a-5e0a49663a4f
Subject: FAIL HTTP-WebTest-2.04 v5.15.6 GNU/Linux
Date: 2011-12-21T12:00:03Z
This distribution has been tested as part of the CPAN Testers
project, supporting the Perl programming language. See
http://wiki.cpantesters.org/ for more information or email
questions to cpan-testers-discuss@perl.org
--
Dear Ilya Martynov,
This is a computer-generated report for HTTP-WebTest-2.04
on perl 5.15.6, created by CPAN-Reporter-1.2003.
Thank you for uploading your work to CPAN. However, there was a problem
testing your distribution.
If you think this report is invalid, please consult the CPAN Testers Wiki
for suggestions on how to avoid getting FAIL reports for missing library
or binary dependencies, unsupported operating systems, and so on:
http://wiki.cpantesters.org/wiki/CPANAuthorNotes
Sections of this report:
* Tester comments
* Program output
* Prerequisites
* Environment and other context
------------------------------
TESTER COMMENTS
------------------------------
Additional comments from tester:
this report is from an automated smoke testing program
and was not reviewed by a human for accuracy
------------------------------
PROGRAM OUTPUT
------------------------------
Output from '/usr/bin/make test':
PERL_DL_NONLAZY=1 /home/sand/src/perl/repoperls/installed-perls/perl/v5.15.6-4-g1bdf360/a2da/bin/perl "-MExtUtils::Command::MM" "-e" "test_harness(0, 'blib/lib', 'blib/arch')" t/*.t
t/01-api.t ............ ok
# Failed test at /tmp/loop_over_bdir-0jqbLh/HTTP-WebTest-2.04-4Zx_rY/blib/lib/HTTP/WebTest/SelfTest.pm line 202.
# Failed test at /tmp/loop_over_bdir-0jqbLh/HTTP-WebTest-2.04-4Zx_rY/blib/lib/HTTP/WebTest/SelfTest.pm line 202.
# Failed test at /tmp/loop_over_bdir-0jqbLh/HTTP-WebTest-2.04-4Zx_rY/blib/lib/HTTP/WebTest/SelfTest.pm line 202.
# Failed test at /tmp/loop_over_bdir-0jqbLh/HTTP-WebTest-2.04-4Zx_rY/blib/lib/HTTP/WebTest/SelfTest.pm line 202.
# Looks like you failed 4 tests of 37.
t/02-generic.t ........
Dubious, test returned 4 (wstat 1024, 0x400)
Failed 4/37 subtests
t/03-proxy.t .......... ok
t/05-report.t ......... ok
t/05a-email-report.t .. ok
Use of uninitialized value $extracted in string eq at /tmp/loop_over_bdir-0jqbLh/HTTP-WebTest-2.04-4Zx_rY/blib/lib/HTTP/WebTest/Parser.pm line 237.
Use of uninitialized value $extracted in string eq at /tmp/loop_over_bdir-0jqbLh/HTTP-WebTest-2.04-4Zx_rY/blib/lib/HTTP/WebTest/Parser.pm line 237.
Use of uninitialized value $extracted in string eq at /tmp/loop_over_bdir-0jqbLh/HTTP-WebTest-2.04-4Zx_rY/blib/lib/HTTP/WebTest/Parser.pm line 262.
t/06-parser.t ......... ok
t/07-compat.t ......... ok
t/08-plugins.t ........ ok
t/09-hooks.t .......... ok
t/10-click.t .......... ok
t/11-delay.t .......... ok
t/12-request.t ........ ok
t/13-harness.t ........ ok
Test Summary Report
-------------------
t/02-generic.t (Wstat: 1024 Tests: 37 Failed: 4)
Failed tests: 2-4, 29
Non-zero exit status: 4
Files=13, Tests=247, 31 wallclock secs ( 0.09 usr 0.01 sys + 2.38 cusr 0.28 csys = 2.76 CPU)
Result: FAIL
Failed 1/13 test programs. 4/247 subtests failed.
make: *** [test_dynamic] Error 255
------------------------------
PREREQUISITES
------------------------------
Prerequisite modules loaded:
requires:
Module Need Have
--------------------- ---- ----------
Algorithm::Diff 0 1.1902
CGI::Cookie 0 1.30
LWP 5.6 6.03
MIME::Base64 0 3.13
Net::SMTP 0 2.31
Pod::Man 1.14 2.25
Pod::Usage 0 1.36
Test::Builder::Tester 0 1.22
Test::MockObject 0.07 1.20110612
Test::More 0 0.98
Text::Balanced 0 2.02
Time::HiRes 0 1.9724
URI 0 1.59
build_requires:
Module Need Have
--------------------- ---- ----------
ExtUtils::MakeMaker 0 6.63_02
------------------------------
ENVIRONMENT AND OTHER CONTEXT
------------------------------
Environment variables:
AUTOMATED_TESTING = 1
LANG = en_US.UTF-8
LANGUAGE = en_US:en
PATH = /home/sand/bin:/usr/local/bin:/usr/bin:/bin:/usr/bin/X11:/usr/games:/usr/local/perl/bin:/usr/X11/bin:/sbin:/usr/sbin
PERL5LIB =
PERL5OPT =
PERL5_CPANPLUS_IS_RUNNING = 19497
PERL5_CPAN_IS_RUNNING = 19497
PERL_MM_USE_DEFAULT = 1
SHELL = /usr/bin/zsh
TERM = screen
Perl special variables (and OS-specific diagnostics, for MSWin32):
$^X = /home/sand/src/perl/repoperls/installed-perls/perl/v5.15.6-4-g1bdf360/a2da/bin/perl
$UID/$EUID = 1005 / 1005
$GID = 1005 1005
$EGID = 1005 1005
Perl module toolchain versions installed:
Module Have
------------------- --------
CPAN 1.9800
CPAN::Meta 2.112621
Cwd 3.39_01
ExtUtils::CBuilder 0.280205
ExtUtils::Command 1.17
ExtUtils::Install 1.57
ExtUtils::MakeMaker 6.63_02
ExtUtils::Manifest 1.60
ExtUtils::ParseXS 3.08
File::Spec 3.39_01
JSON 2.53
JSON::PP 2.27200
Module::Build 0.39_01
Module::Signature 0.68
Parse::CPAN::Meta 1.4401
Test::Harness 3.23
Test::More 0.98
YAML n/a
YAML::Syck 1.19
version 0.95
--
Summary of my perl5 (revision 5 version 15 subversion 6) configuration:
Commit id: 1bdf3602089bbd91290b5f82acfbe4387f9e3c97
Platform:
osname=linux, osvers=2.6.32-5-amd64, archname=x86_64-linux-thread-multi-ld
uname='linux k83 2.6.32-5-amd64 #1 smp thu nov 3 03:41:26 utc 2011 x86_64 gnulinux '
config_args='-Dprefix=/home/src/perl/repoperls/installed-perls/perl/v5.15.6-4-g1bdf360/a2da -Dmyhostname=k83 -Dinstallusrbinperl=n -Uversiononly -Dusedevel -des -Ui_db -Duseithreads -Duselongdouble -DDEBUGGING=-g'
hint=recommended, useposix=true, d_sigaction=define
useithreads=define, usemultiplicity=define
useperlio=define, d_sfio=undef, uselargefiles=define, usesocks=undef
use64bitint=define, use64bitall=define, uselongdouble=define
usemymalloc=n, bincompat5005=undef
Compiler:
cc='cc', ccflags ='-D_REENTRANT -D_GNU_SOURCE -fno-strict-aliasing -pipe -fstack-protector -I/usr/local/include -D_LARGEFILE_SOURCE -D_FILE_OFFSET_BITS=64',
optimize='-O2 -g',
cppflags='-D_REENTRANT -D_GNU_SOURCE -fno-strict-aliasing -pipe -fstack-protector -I/usr/local/include'
ccversion='', gccversion='4.4.5', gccosandvers=''
intsize=4, longsize=8, ptrsize=8, doublesize=8, byteorder=12345678
d_longlong=define, longlongsize=8, d_longdbl=define, longdblsize=16
ivtype='long', ivsize=8, nvtype='long double', nvsize=16, Off_t='off_t', lseeksize=8
alignbytes=16, prototype=define
Linker and Libraries:
ld='cc', ldflags =' -fstack-protector -L/usr/local/lib'
libpth=/usr/local/lib /lib/../lib /usr/lib/../lib /lib /usr/lib /lib64 /usr/lib64
libs=-lnsl -ldb -ldl -lm -lcrypt -lutil -lpthread -lc
perllibs=-lnsl -ldl -lm -lcrypt -lutil -lpthread -lc
libc=/lib/libc-2.11.2.so, so=so, useshrplib=false, libperl=libperl.a
gnulibc_version='2.11.2'
Dynamic Linking:
dlsrc=dl_dlopen.xs, dlext=so, d_dlsymun=undef, ccdlflags='-Wl,-E'
cccdlflags='-fPIC', lddlflags='-shared -O2 -g -L/usr/local/lib -fstack-protector'
Characteristics of this binary (from libperl):
Compile-time options: HAS_TIMES MULTIPLICITY PERLIO_LAYERS
PERL_DONT_CREATE_GVSV PERL_IMPLICIT_CONTEXT
PERL_MALLOC_WRAP PERL_PRESERVE_IVUV PERL_USE_DEVEL
USE_64_BIT_ALL USE_64_BIT_INT USE_ITHREADS
USE_LARGE_FILES USE_LOCALE USE_LOCALE_COLLATE
USE_LOCALE_CTYPE USE_LOCALE_NUMERIC USE_LONG_DOUBLE
USE_PERLIO USE_PERL_ATOF USE_REENTRANT_API
Built under linux
Compiled at Dec 20 2011 20:44:47
%ENV:
PERL5LIB=""
PERL5OPT=""
PERL5_CPANPLUS_IS_RUNNING="19497"
PERL5_CPAN_IS_RUNNING="19497"
PERL_MM_USE_DEFAULT="1"
@INC:
/home/src/perl/repoperls/installed-perls/perl/v5.15.6-4-g1bdf360/a2da/lib/site_perl/5.15.6/x86_64-linux-thread-multi-ld
/home/src/perl/repoperls/installed-perls/perl/v5.15.6-4-g1bdf360/a2da/lib/site_perl/5.15.6
/home/src/perl/repoperls/installed-perls/perl/v5.15.6-4-g1bdf360/a2da/lib/5.15.6/x86_64-linux-thread-multi-ld
/home/src/perl/repoperls/installed-perls/perl/v5.15.6-4-g1bdf360/a2da/lib/5.15.6
.