Tk-Zinc v3.306 Perl 5 v5.16.3 x86_64-linux-thread-multi

Status
Fail
From
Andreas J. König (ANDK)
Dist
Tk-Zinc v3.306
Platform
Perl 5 v5.16.3 x86_64-linux-thread-multi
Date
2022-05-17 17:39:34
ID
50a6dd72-d608-11ec-90ca-354cb4205130
This distribution has been tested as part of the CPAN Testers
project, supporting the Perl programming language.  See
http://wiki.cpantesters.org/ for more information or email
questions to cpan-testers-discuss@perl.org


--
Dear Alexander Becker,

This is a computer-generated report for Tk-Zinc-3.306
on perl 5.16.3, created by CPAN-Reporter-1.2018.

Thank you for uploading your work to CPAN.  However, there was a problem
testing your distribution.

If you think this report is invalid, please consult the CPAN Testers Wiki
for suggestions on how to avoid getting FAIL reports for missing library
or binary dependencies, unsupported operating systems, and so on:

http://wiki.cpantesters.org/wiki/CPANAuthorNotes

Sections of this report:

    * Tester comments
    * Program output
    * Prerequisites
    * Environment and other context

------------------------------
TESTER COMMENTS
------------------------------

Additional comments from tester:

this report is from an automated smoke testing program
and was not reviewed by a human for accuracy

------------------------------
PROGRAM OUTPUT
------------------------------

Output from '/usr/bin/make test':

"/tmp/basesmoker-reloperl-icMU/bin/perl" -MExtUtils::Command::MM -e 'cp_nonempty' -- Zinc.bs blib/arch/auto/Tk/Zinc/Zinc.bs 644
make[1]: Entering directory '/tmp/loop_over_bdir-81338-tBduMe/Tk-Zinc-3.306-0/demos'
Manifying 1 pod document
make[1]: Leaving directory '/tmp/loop_over_bdir-81338-tBduMe/Tk-Zinc-3.306-0/demos'
make[1]: Entering directory '/tmp/loop_over_bdir-81338-tBduMe/Tk-Zinc-3.306-0/demos'
"/tmp/basesmoker-reloperl-icMU/bin/perl" "-MExtUtils::Command::MM" "-MTest::Harness" "-e" "undef *Test::Harness::Switches; test_harness(0, '../blib/lib', '../blib/arch')" t/*.t
t/no-test.t .. ok
All tests successful.
Files=1, Tests=1,  0 wallclock secs ( 0.01 usr +  0.01 sys =  0.02 CPU)
Result: PASS
make[1]: Leaving directory '/tmp/loop_over_bdir-81338-tBduMe/Tk-Zinc-3.306-0/demos'
"/tmp/basesmoker-reloperl-icMU/bin/perl" "-MExtUtils::Command::MM" "-MTest::Harness" "-e" "undef *Test::Harness::Switches; test_harness(0, 'blib/lib', 'blib/arch')" t/*.t
X Error of failed request:  BadMatch (invalid parameter attributes)
  Major opcode of failed request:  139 (RENDER)
  Minor opcode of failed request:  4 (RenderCreatePicture)
  Serial number of failed request:  399
  Current serial number in output stream:  1002
t/AnimatedGradient.t .......... 
Dubious, test returned 1 (wstat 256, 0x100)
Failed 10/11 subtests 
X Error of failed request:  BadMatch (invalid parameter attributes)
  Major opcode of failed request:  139 (RENDER)
  Minor opcode of failed request:  4 (RenderCreatePicture)
  Serial number of failed request:  398
  Current serial number in output stream:  1001
t/Bbox-curve-multi-contour.t .. 
Dubious, test returned 1 (wstat 256, 0x100)
Failed 3/4 subtests 
# ############## bbox test
t/Bbox.t ...................... ok
# ############## coords test
t/Coords.t .................... ok
# ############## Images test
t/find.t ...................... ok
X Error of failed request:  BadMatch (invalid parameter attributes)
  Major opcode of failed request:  139 (RENDER)
  Minor opcode of failed request:  4 (RenderCreatePicture)
  Serial number of failed request:  398
  Current serial number in output stream:  1001
t/Images.t .................... 
Dubious, test returned 1 (wstat 256, 0x100)
Failed 35/36 subtests 
# ############## all imports
t/Import.t .................... ok
t/Maps.t ...................... ok
# ############## all known bugs
t/PreviousKnownBugs.t ......... ok
# ############## Scale clipped group test
t/Scale_clipped_group.t ....... ok
# ############## text items test
t/Text.t ...................... ok
X Error of failed request:  BadMatch (invalid parameter attributes)
  Major opcode of failed request:  139 (RENDER)
  Minor opcode of failed request:  4 (RenderCreatePicture)
  Serial number of failed request:  396
  Current serial number in output stream:  999
t/Text2.t ..................... 
Dubious, test returned 1 (wstat 256, 0x100)
Failed 49/51 subtests 
# ############## Tk::Zinc::TraceUtils test
t/traceutils.t ................ ok
# ############## transformations test
t/Transformations.t ........... ok

Test Summary Report
-------------------
t/AnimatedGradient.t        (Wstat: 256 Tests: 1 Failed: 0)
  Non-zero exit status: 1
  Parse errors: Bad plan.  You planned 11 tests but ran 1.
t/Bbox-curve-multi-contour.t (Wstat: 256 Tests: 1 Failed: 0)
  Non-zero exit status: 1
  Parse errors: Bad plan.  You planned 4 tests but ran 1.
t/Images.t                  (Wstat: 256 Tests: 1 Failed: 0)
  Non-zero exit status: 1
  Parse errors: Bad plan.  You planned 36 tests but ran 1.
t/Text2.t                   (Wstat: 256 Tests: 2 Failed: 0)
  Non-zero exit status: 1
  Parse errors: Bad plan.  You planned 51 tests but ran 2.
Files=14, Tests=117,  6 wallclock secs ( 0.05 usr  0.05 sys +  1.73 cusr  0.55 csys =  2.38 CPU)
Result: FAIL
Failed 4/14 test programs. 0/117 subtests failed.
make: *** [Makefile:1150: test_dynamic] Error 255

------------------------------
PREREQUISITES
------------------------------

Prerequisite modules loaded:

requires:

    Module              Need    Have    
    ------------------- ------- --------
    ExtUtils::MakeMaker 6.98    7.64    
    perl                5.006   5.016003
    Tk                  800.004 804.036 

build_requires:

    Module              Need    Have    
    ------------------- ------- --------
    ExtUtils::MakeMaker 0       7.64    
    Test::More          0.98    1.302188

configure_requires:

    Module              Need    Have    
    ------------------- ------- --------
    ExtUtils::MakeMaker 0       7.64    
    Tk                  0       804.036 


------------------------------
ENVIRONMENT AND OTHER CONTEXT
------------------------------

Environment variables:

    AUTOMATED_TESTING = 1
    LANG = en_US.UTF-8
    PATH = /home/sand/bin:/usr/local/bin:/usr/bin:/bin:/usr/games:/usr/local/perl/bin:/usr/X11/bin:/sbin:/usr/sbin
    PERL5LIB = /tmp/loop_over_bdir-81338-tBduMe/Serge-1.4-0/blib/arch:/tmp/loop_over_bdir-81338-tBduMe/Serge-1.4-0/blib/lib
    PERL5OPT = 
    PERL5_CPANPLUS_IS_RUNNING = 81349
    PERL5_CPAN_IS_RUNNING = 81349
    PERL_CANARY_STABILITY_NOPROMPT = 1
    PERL_MM_USE_DEFAULT = 1
    PERL_USE_UNSAFE_INC = 1
    SHELL = /usr/bin/zsh
    TERM = screen

Perl special variables (and OS-specific diagnostics, for MSWin32):

    $^X = /tmp/basesmoker-reloperl-icMU/bin/perl
    $UID/$EUID = 1005 / 1005
    $GID = 1005 1005
    $EGID = 1005 1005

Perl module toolchain versions installed:

    Module              Have    
    ------------------- --------
    CPAN                2.29    
    CPAN::Meta          2.150010
    Cwd                 3.75    
    ExtUtils::CBuilder  0.280236
    ExtUtils::Command   7.64    
    ExtUtils::Install   2.06    
    ExtUtils::MakeMaker 7.64    
    ExtUtils::Manifest  1.70    
    ExtUtils::ParseXS   3.35    
    File::Spec          3.75    
    JSON                4.05    
    JSON::PP            4.07    
    Module::Build       0.4231  
    Module::Signature   0.88    
    Parse::CPAN::Meta   2.150010
    Test::Harness       3.42    
    Test::More          1.302188
    YAML                1.30    
    YAML::Syck          1.34    
    version             0.9924  


--

Summary of my perl5 (revision 5 version 16 subversion 3) configuration:
  Derived from: fd04d42d38f4751b981eb6e9213ee1ab8ef11ea6
  Platform:
    osname=linux, osvers=5.3.0-2-amd64, archname=x86_64-linux-thread-multi
    uname='linux k93msid 5.3.0-2-amd64 #1 smp debian 5.3.9-3 (2019-11-19) x86_64 gnulinux '
    config_args='-Dprefix=/home/sand/src/perl/repoperls/installed-perls/host/k93msid/v5.16.3/29fb -Dmyhostname=k93msid -Dinstallusrbinperl=n -Uversiononly -Dusedevel -des -Ui_db -Dlibswanted=cl pthread socket inet nsl gdbm dbm malloc dl ld sun m crypt sec util c cposix posix ucb BSD gdbm_compat -Duseithreads -Uuselongdouble -DEBUGGING=both'
    hint=recommended, useposix=true, d_sigaction=define
    useithreads=define, usemultiplicity=define
    useperlio=define, d_sfio=undef, uselargefiles=define, usesocks=undef
    use64bitint=define, use64bitall=define, uselongdouble=undef
    usemymalloc=n, bincompat5005=undef
  Compiler:
    cc='cc', ccflags ='-D_REENTRANT -D_GNU_SOURCE -fwrapv -DDEBUGGING -fno-strict-aliasing -pipe -fstack-protector -I/usr/local/include -D_LARGEFILE_SOURCE -D_FILE_OFFSET_BITS=64',
    optimize='-O2 -g',
    cppflags='-D_REENTRANT -D_GNU_SOURCE -fwrapv -DDEBUGGING -fno-strict-aliasing -pipe -fstack-protector -I/usr/local/include'
    ccversion='', gccversion='9.2.1 20191109', gccosandvers=''
    intsize=4, longsize=8, ptrsize=8, doublesize=8, byteorder=12345678
    d_longlong=define, longlongsize=8, d_longdbl=define, longdblsize=16
    ivtype='long', ivsize=8, nvtype='double', nvsize=8, Off_t='off_t', lseeksize=8
    alignbytes=8, prototype=define
  Linker and Libraries:
    ld='cc', ldflags =' -fstack-protector -L/usr/local/lib'
    libpth=/usr/local/lib /lib/x86_64-linux-gnu /lib/../lib /usr/lib/x86_64-linux-gnu /usr/lib/../lib /lib /usr/lib
    libs=-lpthread -lnsl -ldl -lm -lcrypt -lutil -lc
    perllibs=-lpthread -lnsl -ldl -lm -lcrypt -lutil -lc
    libc=libc-2.29.so, so=so, useshrplib=false, libperl=libperl.a
    gnulibc_version='2.29'
  Dynamic Linking:
    dlsrc=dl_dlopen.xs, dlext=so, d_dlsymun=undef, ccdlflags='-Wl,-E'
    cccdlflags='-fPIC', lddlflags='-shared -O2 -g -L/usr/local/lib -fstack-protector'


Characteristics of this binary (from libperl): 
  Compile-time options: DEBUGGING HAS_TIMES MULTIPLICITY PERLIO_LAYERS
                        PERL_DONT_CREATE_GVSV PERL_IMPLICIT_CONTEXT
                        PERL_MALLOC_WRAP PERL_PRESERVE_IVUV
                        PERL_TRACK_MEMPOOL PERL_USE_DEVEL USE_64_BIT_ALL
                        USE_64_BIT_INT USE_ITHREADS USE_LARGE_FILES
                        USE_LOCALE USE_LOCALE_COLLATE USE_LOCALE_CTYPE
                        USE_LOCALE_NUMERIC USE_PERLIO USE_PERL_ATOF
                        USE_REENTRANT_API
  Locally applied patches:
	uncommitted-changes
  Built under linux
  Compiled at May 15 2020 07:31:25
  %ENV:
    PERL5LIB="/tmp/loop_over_bdir-81338-tBduMe/Serge-1.4-0/blib/arch:/tmp/loop_over_bdir-81338-tBduMe/Serge-1.4-0/blib/lib"
    PERL5OPT=""
    PERL5_CPANPLUS_IS_RUNNING="81349"
    PERL5_CPAN_IS_RUNNING="81349"
    PERL_CANARY_STABILITY_NOPROMPT="1"
    PERL_MM_USE_DEFAULT="1"
    PERL_USE_UNSAFE_INC="1"
  @INC:
    /tmp/loop_over_bdir-81338-tBduMe/Serge-1.4-0/blib/arch
    /tmp/loop_over_bdir-81338-tBduMe/Serge-1.4-0/blib/lib
    /home/sand/src/perl/repoperls/installed-perls/host/k93msid/v5.16.3/29fb/lib/site_perl/5.16.3/x86_64-linux-thread-multi
    /home/sand/src/perl/repoperls/installed-perls/host/k93msid/v5.16.3/29fb/lib/site_perl/5.16.3
    /home/sand/src/perl/repoperls/installed-perls/host/k93msid/v5.16.3/29fb/lib/5.16.3/x86_64-linux-thread-multi
    /home/sand/src/perl/repoperls/installed-perls/host/k93msid/v5.16.3/29fb/lib/5.16.3
    .