Back
From: metabase:user:320bfe00-2aae-11df-837a-5e0a49663a4f
Subject: FAIL HTTP-Engine-0.03005 v5.24.0 RC0 GNU/Linux
Date: 2016-04-14T14:15:16Z
This distribution has been tested as part of the CPAN Testers
project, supporting the Perl programming language. See
http://wiki.cpantesters.org/ for more information or email
questions to cpan-testers-discuss@perl.org
--
Dear Kazuhiro Osawa,
This is a computer-generated report for HTTP-Engine-0.03005
on perl 5.24.0, created by CPAN-Reporter-1.2017.
Thank you for uploading your work to CPAN. However, there was a problem
testing your distribution.
If you think this report is invalid, please consult the CPAN Testers Wiki
for suggestions on how to avoid getting FAIL reports for missing library
or binary dependencies, unsupported operating systems, and so on:
http://wiki.cpantesters.org/wiki/CPANAuthorNotes
Sections of this report:
* Tester comments
* Program output
* Prerequisites
* Environment and other context
------------------------------
TESTER COMMENTS
------------------------------
Additional comments from tester:
this report is from an automated smoke testing program
and was not reviewed by a human for accuracy
------------------------------
PROGRAM OUTPUT
------------------------------
Output from '/usr/bin/make test':
PERL_DL_NONLAZY=1 "/tmp/basesmoker-reloperl-OFug/bin/perl" "-MExtUtils::Command::MM" "-MTest::Harness" "-e" "undef *Test::Harness::Switches; test_harness(0, 'inc', 'blib/lib', 'blib/arch')" t/*.t t/*/*.t t/moose/*/*.t
Possible precedence issue with control flow operator at /tmp/loop_over_bdir-28345-FyoH5Z/HTTP-Engine-0.03005-0/inc/Test/Builder.pm line 917.
# Soft dependency versions:
# Any::Moose 0.26
# Mouse v2.4.5
# MooseX::Types 0.46
t/00_compile.t .............................................. ok
Possible precedence issue with control flow operator at /tmp/loop_over_bdir-28345-FyoH5Z/HTTP-Engine-0.03005-0/inc/Test/Builder.pm line 917.
t/010_core/builder_options-upload_tmp.t ..................... ok
Possible precedence issue with control flow operator at /tmp/loop_over_bdir-28345-FyoH5Z/HTTP-Engine-0.03005-0/inc/Test/Builder.pm line 917.
t/010_core/interface-require.t .............................. ok
Possible precedence issue with control flow operator at /tmp/loop_over_bdir-28345-FyoH5Z/HTTP-Engine-0.03005-0/inc/Test/Builder.pm line 917.
t/010_core/interface.t ...................................... ok
Possible precedence issue with control flow operator at /tmp/loop_over_bdir-28345-FyoH5Z/HTTP-Engine-0.03005-0/inc/Test/Builder.pm line 917.
t/010_core/load_requestbuilder_cgi.t ........................ ok
Possible precedence issue with control flow operator at /tmp/loop_over_bdir-28345-FyoH5Z/HTTP-Engine-0.03005-0/inc/Test/Builder.pm line 917.
Redundant argument in sprintf at /tmp/loop_over_bdir-28345-FyoH5Z/HTTP-Engine-0.03005-0/inc/Spiffy.pm line 225.
Redundant argument in sprintf at /tmp/loop_over_bdir-28345-FyoH5Z/HTTP-Engine-0.03005-0/inc/Spiffy.pm line 225.
Redundant argument in sprintf at /tmp/loop_over_bdir-28345-FyoH5Z/HTTP-Engine-0.03005-0/inc/Spiffy.pm line 225.
Redundant argument in sprintf at /tmp/loop_over_bdir-28345-FyoH5Z/HTTP-Engine-0.03005-0/inc/Spiffy.pm line 225.
t/010_core/request-absolute_uri.t ........................... ok
Possible precedence issue with control flow operator at /tmp/loop_over_bdir-28345-FyoH5Z/HTTP-Engine-0.03005-0/inc/Test/Builder.pm line 917.
t/010_core/request-as_http_request.t ........................ ok
Possible precedence issue with control flow operator at /tmp/loop_over_bdir-28345-FyoH5Z/HTTP-Engine-0.03005-0/inc/Test/Builder.pm line 917.
t/010_core/request-as_string.t .............................. ok
Possible precedence issue with control flow operator at /tmp/loop_over_bdir-28345-FyoH5Z/HTTP-Engine-0.03005-0/inc/Test/Builder.pm line 917.
t/010_core/request-body.t ................................... ok
Possible precedence issue with control flow operator at /tmp/loop_over_bdir-28345-FyoH5Z/HTTP-Engine-0.03005-0/inc/Test/Builder.pm line 917.
t/010_core/request-content.t ................................ ok
Possible precedence issue with control flow operator at /tmp/loop_over_bdir-28345-FyoH5Z/HTTP-Engine-0.03005-0/inc/Test/Builder.pm line 917.
t/010_core/request-cookie.t ................................. ok
Possible precedence issue with control flow operator at /tmp/loop_over_bdir-28345-FyoH5Z/HTTP-Engine-0.03005-0/inc/Test/Builder.pm line 917.
t/010_core/request-hostname.t ............................... ok
Possible precedence issue with control flow operator at /tmp/loop_over_bdir-28345-FyoH5Z/HTTP-Engine-0.03005-0/inc/Test/Builder.pm line 917.
t/010_core/request-many_upload.t ............................ ok
Possible precedence issue with control flow operator at /tmp/loop_over_bdir-28345-FyoH5Z/HTTP-Engine-0.03005-0/inc/Test/Builder.pm line 917.
t/010_core/request-parameters.t ............................. ok
Possible precedence issue with control flow operator at /tmp/loop_over_bdir-28345-FyoH5Z/HTTP-Engine-0.03005-0/inc/Test/Builder.pm line 917.
Redundant argument in sprintf at /tmp/loop_over_bdir-28345-FyoH5Z/HTTP-Engine-0.03005-0/inc/Spiffy.pm line 225.
Redundant argument in sprintf at /tmp/loop_over_bdir-28345-FyoH5Z/HTTP-Engine-0.03005-0/inc/Spiffy.pm line 225.
Redundant argument in sprintf at /tmp/loop_over_bdir-28345-FyoH5Z/HTTP-Engine-0.03005-0/inc/Spiffy.pm line 225.
Redundant argument in sprintf at /tmp/loop_over_bdir-28345-FyoH5Z/HTTP-Engine-0.03005-0/inc/Spiffy.pm line 225.
t/010_core/request-params.t ................................. ok
Possible precedence issue with control flow operator at /tmp/loop_over_bdir-28345-FyoH5Z/HTTP-Engine-0.03005-0/inc/Test/Builder.pm line 917.
t/010_core/request-parse.t .................................. ok
Possible precedence issue with control flow operator at /tmp/loop_over_bdir-28345-FyoH5Z/HTTP-Engine-0.03005-0/inc/Test/Builder.pm line 917.
Redundant argument in sprintf at /tmp/loop_over_bdir-28345-FyoH5Z/HTTP-Engine-0.03005-0/inc/Spiffy.pm line 225.
Redundant argument in sprintf at /tmp/loop_over_bdir-28345-FyoH5Z/HTTP-Engine-0.03005-0/inc/Spiffy.pm line 225.
Redundant argument in sprintf at /tmp/loop_over_bdir-28345-FyoH5Z/HTTP-Engine-0.03005-0/inc/Spiffy.pm line 225.
Redundant argument in sprintf at /tmp/loop_over_bdir-28345-FyoH5Z/HTTP-Engine-0.03005-0/inc/Spiffy.pm line 225.
t/010_core/request-proxy_request.t .......................... ok
Possible precedence issue with control flow operator at /tmp/loop_over_bdir-28345-FyoH5Z/HTTP-Engine-0.03005-0/inc/Test/Builder.pm line 917.
t/010_core/request-raw_body.t ............................... ok
Possible precedence issue with control flow operator at /tmp/loop_over_bdir-28345-FyoH5Z/HTTP-Engine-0.03005-0/inc/Test/Builder.pm line 917.
t/010_core/request-readbody.t ............................... ok
Possible precedence issue with control flow operator at /tmp/loop_over_bdir-28345-FyoH5Z/HTTP-Engine-0.03005-0/inc/Test/Builder.pm line 917.
Redundant argument in sprintf at /tmp/loop_over_bdir-28345-FyoH5Z/HTTP-Engine-0.03005-0/inc/Spiffy.pm line 225.
Redundant argument in sprintf at /tmp/loop_over_bdir-28345-FyoH5Z/HTTP-Engine-0.03005-0/inc/Spiffy.pm line 225.
Redundant argument in sprintf at /tmp/loop_over_bdir-28345-FyoH5Z/HTTP-Engine-0.03005-0/inc/Spiffy.pm line 225.
Redundant argument in sprintf at /tmp/loop_over_bdir-28345-FyoH5Z/HTTP-Engine-0.03005-0/inc/Spiffy.pm line 225.
t/010_core/request-secure.t ................................. ok
Possible precedence issue with control flow operator at /tmp/loop_over_bdir-28345-FyoH5Z/HTTP-Engine-0.03005-0/inc/Test/Builder.pm line 917.
t/010_core/request-upload.t ................................. ok
Possible precedence issue with control flow operator at /tmp/loop_over_bdir-28345-FyoH5Z/HTTP-Engine-0.03005-0/inc/Test/Builder.pm line 917.
Redundant argument in sprintf at /tmp/loop_over_bdir-28345-FyoH5Z/HTTP-Engine-0.03005-0/inc/Spiffy.pm line 225.
Redundant argument in sprintf at /tmp/loop_over_bdir-28345-FyoH5Z/HTTP-Engine-0.03005-0/inc/Spiffy.pm line 225.
Redundant argument in sprintf at /tmp/loop_over_bdir-28345-FyoH5Z/HTTP-Engine-0.03005-0/inc/Spiffy.pm line 225.
Redundant argument in sprintf at /tmp/loop_over_bdir-28345-FyoH5Z/HTTP-Engine-0.03005-0/inc/Spiffy.pm line 225.
t/010_core/request-uri.t .................................... ok
Possible precedence issue with control flow operator at /tmp/loop_over_bdir-28345-FyoH5Z/HTTP-Engine-0.03005-0/inc/Test/Builder.pm line 917.
t/010_core/request.t ........................................ ok
Possible precedence issue with control flow operator at /tmp/loop_over_bdir-28345-FyoH5Z/HTTP-Engine-0.03005-0/inc/Test/Builder.pm line 917.
t/010_core/request_builder-noenv.t .......................... ok
Possible precedence issue with control flow operator at /tmp/loop_over_bdir-28345-FyoH5Z/HTTP-Engine-0.03005-0/inc/Test/Builder.pm line 917.
t/010_core/request_processor-catch_error.t .................. ok
Possible precedence issue with control flow operator at /tmp/loop_over_bdir-28345-FyoH5Z/HTTP-Engine-0.03005-0/inc/Test/Builder.pm line 917.
t/010_core/request_processor-make_request.t ................. ok
Possible precedence issue with control flow operator at /tmp/loop_over_bdir-28345-FyoH5Z/HTTP-Engine-0.03005-0/inc/Test/Builder.pm line 917.
t/010_core/request_processor-response_error.t ............... ok
Possible precedence issue with control flow operator at /tmp/loop_over_bdir-28345-FyoH5Z/HTTP-Engine-0.03005-0/inc/Test/Builder.pm line 917.
t/010_core/request_upload-basename.t ........................ ok
Possible precedence issue with control flow operator at /tmp/loop_over_bdir-28345-FyoH5Z/HTTP-Engine-0.03005-0/inc/Test/Builder.pm line 917.
t/010_core/response-code.t .................................. ok
Possible precedence issue with control flow operator at /tmp/loop_over_bdir-28345-FyoH5Z/HTTP-Engine-0.03005-0/inc/Test/Builder.pm line 917.
t/010_core/response-coerce_headers.t ........................ ok
Possible precedence issue with control flow operator at /tmp/loop_over_bdir-28345-FyoH5Z/HTTP-Engine-0.03005-0/inc/Test/Builder.pm line 917.
t/010_core/response-content_length.t ........................ ok
Possible precedence issue with control flow operator at /tmp/loop_over_bdir-28345-FyoH5Z/HTTP-Engine-0.03005-0/inc/Test/Builder.pm line 917.
t/010_core/response-cookie.t ................................ ok
Possible precedence issue with control flow operator at /tmp/loop_over_bdir-28345-FyoH5Z/HTTP-Engine-0.03005-0/inc/Test/Builder.pm line 917.
t/010_core/response-new.t ................................... ok
Possible precedence issue with control flow operator at /tmp/loop_over_bdir-28345-FyoH5Z/HTTP-Engine-0.03005-0/inc/Test/Builder.pm line 917.
t/010_core/response-set_http_response.t ..................... ok
Possible precedence issue with control flow operator at /tmp/loop_over_bdir-28345-FyoH5Z/HTTP-Engine-0.03005-0/inc/Test/Builder.pm line 917.
Redundant argument in sprintf at /tmp/loop_over_bdir-28345-FyoH5Z/HTTP-Engine-0.03005-0/inc/Spiffy.pm line 225.
Redundant argument in sprintf at /tmp/loop_over_bdir-28345-FyoH5Z/HTTP-Engine-0.03005-0/inc/Spiffy.pm line 225.
Redundant argument in sprintf at /tmp/loop_over_bdir-28345-FyoH5Z/HTTP-Engine-0.03005-0/inc/Spiffy.pm line 225.
Redundant argument in sprintf at /tmp/loop_over_bdir-28345-FyoH5Z/HTTP-Engine-0.03005-0/inc/Spiffy.pm line 225.
t/010_core/response-status.t ................................ ok
Possible precedence issue with control flow operator at /tmp/loop_over_bdir-28345-FyoH5Z/HTTP-Engine-0.03005-0/inc/Test/Builder.pm line 917.
t/010_core/response.t ....................................... ok
Possible precedence issue with control flow operator at /tmp/loop_over_bdir-28345-FyoH5Z/HTTP-Engine-0.03005-0/inc/Test/Builder.pm line 917.
Redundant argument in sprintf at /tmp/loop_over_bdir-28345-FyoH5Z/HTTP-Engine-0.03005-0/inc/Spiffy.pm line 225.
Redundant argument in sprintf at /tmp/loop_over_bdir-28345-FyoH5Z/HTTP-Engine-0.03005-0/inc/Spiffy.pm line 225.
Redundant argument in sprintf at /tmp/loop_over_bdir-28345-FyoH5Z/HTTP-Engine-0.03005-0/inc/Spiffy.pm line 225.
Redundant argument in sprintf at /tmp/loop_over_bdir-28345-FyoH5Z/HTTP-Engine-0.03005-0/inc/Spiffy.pm line 225.
t/010_core/response_finalizer.t ............................. ok
Possible precedence issue with control flow operator at /tmp/loop_over_bdir-28345-FyoH5Z/HTTP-Engine-0.03005-0/inc/Test/Builder.pm line 917.
t/010_core/response_writer.t ................................ ok
Possible precedence issue with control flow operator at /tmp/loop_over_bdir-28345-FyoH5Z/HTTP-Engine-0.03005-0/inc/Test/Builder.pm line 917.
t/010_core/responsewriter-broken_io.t ....................... ok
Possible precedence issue with control flow operator at /tmp/loop_over_bdir-28345-FyoH5Z/HTTP-Engine-0.03005-0/inc/Test/Builder.pm line 917.
Redundant argument in sprintf at /tmp/loop_over_bdir-28345-FyoH5Z/HTTP-Engine-0.03005-0/inc/Spiffy.pm line 225.
Redundant argument in sprintf at /tmp/loop_over_bdir-28345-FyoH5Z/HTTP-Engine-0.03005-0/inc/Spiffy.pm line 225.
Redundant argument in sprintf at /tmp/loop_over_bdir-28345-FyoH5Z/HTTP-Engine-0.03005-0/inc/Spiffy.pm line 225.
Redundant argument in sprintf at /tmp/loop_over_bdir-28345-FyoH5Z/HTTP-Engine-0.03005-0/inc/Spiffy.pm line 225.
t/010_core/responsewriter-with_io.t ......................... ok
Possible precedence issue with control flow operator at /tmp/loop_over_bdir-28345-FyoH5Z/HTTP-Engine-0.03005-0/inc/Test/Builder.pm line 917.
Redundant argument in sprintf at /tmp/loop_over_bdir-28345-FyoH5Z/HTTP-Engine-0.03005-0/inc/Spiffy.pm line 225.
Redundant argument in sprintf at /tmp/loop_over_bdir-28345-FyoH5Z/HTTP-Engine-0.03005-0/inc/Spiffy.pm line 225.
Redundant argument in sprintf at /tmp/loop_over_bdir-28345-FyoH5Z/HTTP-Engine-0.03005-0/inc/Spiffy.pm line 225.
Redundant argument in sprintf at /tmp/loop_over_bdir-28345-FyoH5Z/HTTP-Engine-0.03005-0/inc/Spiffy.pm line 225.
t/020_interface/cgi.t ....................................... ok
Possible precedence issue with control flow operator at /tmp/loop_over_bdir-28345-FyoH5Z/HTTP-Engine-0.03005-0/inc/Test/Builder.pm line 917.
t/020_interface/lighty-fcgi.t ............................... skipped: set TEST_LIGHTTPD to enable this test
Possible precedence issue with control flow operator at /tmp/loop_over_bdir-28345-FyoH5Z/HTTP-Engine-0.03005-0/inc/Test/Builder.pm line 917.
t/020_interface/modperl_wildcard_hostname.t ................. skipped: this test requires mod_perl 2
Possible precedence issue with control flow operator at /tmp/loop_over_bdir-28345-FyoH5Z/HTTP-Engine-0.03005-0/inc/Test/Builder.pm line 917.
=== 12566 === !!! Kernel has 1 child process(es).
=== 12566 === !!! Stopped child process (PID 12568) reaped when POE::Kernel->run() is ready to return.
=== 12566 === !!! Stopped child process (PID 12569) reaped when POE::Kernel->run() is ready to return.
=== 12566 === !!! Stopped child process (PID 12570) reaped when POE::Kernel->run() is ready to return.
=== 12566 === !!! Stopped child process (PID 12571) reaped when POE::Kernel->run() is ready to return.
=== 12566 === !!! Stopped child process (PID 12572) reaped when POE::Kernel->run() is ready to return.
=== 12566 === !!! Stopped child process (PID 12573) reaped when POE::Kernel->run() is ready to return.
=== 12566 === !!! Stopped child process (PID 12574) reaped when POE::Kernel->run() is ready to return.
=== 12566 === !!! At least one child process is still running when POE::Kernel->run() is ready to return.
=== 12566 === !!! Be sure to use sig_child() to reap child processes.
=== 12566 === !!! In extreme cases, failure to reap child processes has
=== 12566 === !!! resulted in a slow 'fork bomb' that has halted systems.
t/020_interface/poe-proxy.t ................................. ok
Possible precedence issue with control flow operator at /tmp/loop_over_bdir-28345-FyoH5Z/HTTP-Engine-0.03005-0/inc/Test/Builder.pm line 917.
=== 12575 === !!! Kernel has 1 child process(es).
=== 12575 === !!! Stopped child process (PID 12576) reaped when POE::Kernel->run() is ready to return.
=== 12575 === !!! Stopped child process (PID 12577) reaped when POE::Kernel->run() is ready to return.
=== 12575 === !!! Stopped child process (PID 12578) reaped when POE::Kernel->run() is ready to return.
=== 12575 === !!! Stopped child process (PID 12579) reaped when POE::Kernel->run() is ready to return.
=== 12575 === !!! Stopped child process (PID 12580) reaped when POE::Kernel->run() is ready to return.
=== 12575 === !!! Stopped child process (PID 12581) reaped when POE::Kernel->run() is ready to return.
=== 12575 === !!! Stopped child process (PID 12582) reaped when POE::Kernel->run() is ready to return.
=== 12575 === !!! At least one child process is still running when POE::Kernel->run() is ready to return.
=== 12575 === !!! Be sure to use sig_child() to reap child processes.
=== 12575 === !!! In extreme cases, failure to reap child processes has
=== 12575 === !!! resulted in a slow 'fork bomb' that has halted systems.
t/020_interface/poe-uri.t ................................... ok
Possible precedence issue with control flow operator at /tmp/loop_over_bdir-28345-FyoH5Z/HTTP-Engine-0.03005-0/inc/Test/Builder.pm line 917.
=== 12584 === !!! Kernel has 1 child process(es).
=== 12584 === !!! Stopped child process (PID 12585) reaped when POE::Kernel->run() is ready to return.
=== 12584 === !!! Stopped child process (PID 12586) reaped when POE::Kernel->run() is ready to return.
=== 12584 === !!! Stopped child process (PID 12587) reaped when POE::Kernel->run() is ready to return.
=== 12584 === !!! Stopped child process (PID 12588) reaped when POE::Kernel->run() is ready to return.
=== 12584 === !!! Stopped child process (PID 12589) reaped when POE::Kernel->run() is ready to return.
=== 12584 === !!! Stopped child process (PID 12590) reaped when POE::Kernel->run() is ready to return.
=== 12584 === !!! Stopped child process (PID 12591) reaped when POE::Kernel->run() is ready to return.
=== 12584 === !!! Stopped child process (PID 12592) reaped when POE::Kernel->run() is ready to return.
=== 12584 === !!! Be sure to use sig_child() to reap child processes.
=== 12584 === !!! In extreme cases, failure to reap child processes has
=== 12584 === !!! resulted in a slow 'fork bomb' that has halted systems.
t/020_interface/poe.t ....................................... ok
Possible precedence issue with control flow operator at /tmp/loop_over_bdir-28345-FyoH5Z/HTTP-Engine-0.03005-0/inc/Test/Builder.pm line 917.
t/020_interface/psgi-with_plack.t ........................... ok
Possible precedence issue with control flow operator at /tmp/loop_over_bdir-28345-FyoH5Z/HTTP-Engine-0.03005-0/inc/Test/Builder.pm line 917.
t/020_interface/psgi.t ...................................... ok
Possible precedence issue with control flow operator at /tmp/loop_over_bdir-28345-FyoH5Z/HTTP-Engine-0.03005-0/inc/Test/Builder.pm line 917.
t/020_interface/server_simple-net_server_configure.t ........ ok
Possible precedence issue with control flow operator at /tmp/loop_over_bdir-28345-FyoH5Z/HTTP-Engine-0.03005-0/inc/Test/Builder.pm line 917.
t/020_interface/server_simple-not-send-header-bug.t ......... ok
Possible precedence issue with control flow operator at /tmp/loop_over_bdir-28345-FyoH5Z/HTTP-Engine-0.03005-0/inc/Test/Builder.pm line 917.
t/020_interface/server_simple-print_banner.t ................ ok
Possible precedence issue with control flow operator at /tmp/loop_over_bdir-28345-FyoH5Z/HTTP-Engine-0.03005-0/inc/Test/Builder.pm line 917.
t/020_interface/server_simple.t ............................. ok
Possible precedence issue with control flow operator at /tmp/loop_over_bdir-28345-FyoH5Z/HTTP-Engine-0.03005-0/inc/Test/Builder.pm line 917.
t/020_interface/standalone-keep_alive.t ..................... skipped: Interface::Standalone will be removed
Possible precedence issue with control flow operator at /tmp/loop_over_bdir-28345-FyoH5Z/HTTP-Engine-0.03005-0/inc/Test/Builder.pm line 917.
t/020_interface/standalone-restart.t ........................ skipped: Interface::Standalone will be removed
Possible precedence issue with control flow operator at /tmp/loop_over_bdir-28345-FyoH5Z/HTTP-Engine-0.03005-0/inc/Test/Builder.pm line 917.
t/020_interface/streaming_response.t ........................ ok
Possible precedence issue with control flow operator at /tmp/loop_over_bdir-28345-FyoH5Z/HTTP-Engine-0.03005-0/inc/Test/Builder.pm line 917.
t/020_interface/test-validation.t ........................... ok
Possible precedence issue with control flow operator at /tmp/loop_over_bdir-28345-FyoH5Z/HTTP-Engine-0.03005-0/inc/Test/Builder.pm line 917.
t/020_interface/test-warn_at_utf8.t ......................... ok
Possible precedence issue with control flow operator at /tmp/loop_over_bdir-28345-FyoH5Z/HTTP-Engine-0.03005-0/inc/Test/Builder.pm line 917.
Redundant argument in sprintf at /tmp/loop_over_bdir-28345-FyoH5Z/HTTP-Engine-0.03005-0/inc/Spiffy.pm line 225.
Redundant argument in sprintf at /tmp/loop_over_bdir-28345-FyoH5Z/HTTP-Engine-0.03005-0/inc/Spiffy.pm line 225.
Redundant argument in sprintf at /tmp/loop_over_bdir-28345-FyoH5Z/HTTP-Engine-0.03005-0/inc/Spiffy.pm line 225.
Redundant argument in sprintf at /tmp/loop_over_bdir-28345-FyoH5Z/HTTP-Engine-0.03005-0/inc/Spiffy.pm line 225.
t/020_interface/test.t ...................................... ok
Possible precedence issue with control flow operator at /tmp/loop_over_bdir-28345-FyoH5Z/HTTP-Engine-0.03005-0/inc/Test/Builder.pm line 917.
t/020_interface/test_response-with_io.t ..................... ok
Possible precedence issue with control flow operator at /tmp/loop_over_bdir-28345-FyoH5Z/HTTP-Engine-0.03005-0/inc/Test/Builder.pm line 917.
Redundant argument in sprintf at /tmp/loop_over_bdir-28345-FyoH5Z/HTTP-Engine-0.03005-0/inc/Spiffy.pm line 225.
Redundant argument in sprintf at /tmp/loop_over_bdir-28345-FyoH5Z/HTTP-Engine-0.03005-0/inc/Spiffy.pm line 225.
Redundant argument in sprintf at /tmp/loop_over_bdir-28345-FyoH5Z/HTTP-Engine-0.03005-0/inc/Spiffy.pm line 225.
Redundant argument in sprintf at /tmp/loop_over_bdir-28345-FyoH5Z/HTTP-Engine-0.03005-0/inc/Spiffy.pm line 225.
t/020_interface/test_upload.t ............................... ok
Possible precedence issue with control flow operator at /tmp/loop_over_bdir-28345-FyoH5Z/HTTP-Engine-0.03005-0/inc/Test/Builder.pm line 917.
t/030_daemonize/connection_info.t ........................... ok
Possible precedence issue with control flow operator at /tmp/loop_over_bdir-28345-FyoH5Z/HTTP-Engine-0.03005-0/inc/Test/Builder.pm line 917.
t/030_daemonize/headers.t ................................... ok
Possible precedence issue with control flow operator at /tmp/loop_over_bdir-28345-FyoH5Z/HTTP-Engine-0.03005-0/inc/Test/Builder.pm line 917.
# Failed test at /tmp/loop_over_bdir-28345-FyoH5Z/HTTP-Engine-0.03005-0/inc/Test/More.pm line 376.
# got: '/foo|'
# expected: '/|http://example.com/foo?http=1'
# Failed test at /tmp/loop_over_bdir-28345-FyoH5Z/HTTP-Engine-0.03005-0/inc/Test/More.pm line 376.
# got: '/foo|'
# expected: '/|http://example.com:8080/foo?http=1'
# Failed test at /tmp/loop_over_bdir-28345-FyoH5Z/HTTP-Engine-0.03005-0/inc/Test/More.pm line 376.
# got: '/foo|'
# expected: '/|http://example.com/foo?http=1'
# Failed test at /tmp/loop_over_bdir-28345-FyoH5Z/HTTP-Engine-0.03005-0/inc/Test/More.pm line 376.
# got: '/foo|'
# expected: '/|http://example.com:8080/foo?http=1'
# Looks like you failed 4 tests of 16.
t/030_daemonize/proxy_path.t ................................
Dubious, test returned 4 (wstat 1024, 0x400)
Failed 4/16 subtests
Possible precedence issue with control flow operator at /tmp/loop_over_bdir-28345-FyoH5Z/HTTP-Engine-0.03005-0/inc/Test/Builder.pm line 917.
t/030_daemonize/raw_body.t .................................. ok
Possible precedence issue with control flow operator at /tmp/loop_over_bdir-28345-FyoH5Z/HTTP-Engine-0.03005-0/inc/Test/Builder.pm line 917.
t/030_daemonize/request_independence.t ...................... ok
Possible precedence issue with control flow operator at /tmp/loop_over_bdir-28345-FyoH5Z/HTTP-Engine-0.03005-0/inc/Test/Builder.pm line 917.
t/030_daemonize/responsewriter_io.t ......................... ok
Possible precedence issue with control flow operator at /tmp/loop_over_bdir-28345-FyoH5Z/HTTP-Engine-0.03005-0/inc/Test/Builder.pm line 917.
t/030_daemonize/upload-methods.t ............................ ok
Possible precedence issue with control flow operator at /tmp/loop_over_bdir-28345-FyoH5Z/HTTP-Engine-0.03005-0/inc/Test/Builder.pm line 917.
t/030_daemonize/upload.t .................................... ok
Possible precedence issue with control flow operator at /tmp/loop_over_bdir-28345-FyoH5Z/HTTP-Engine-0.03005-0/inc/Test/Builder.pm line 917.
t/030_daemonize/uri.t ....................................... ok
Possible precedence issue with control flow operator at /tmp/loop_over_bdir-28345-FyoH5Z/HTTP-Engine-0.03005-0/inc/Test/Builder.pm line 917.
t/030_daemonize/utf8flagged-uri.t ........................... ok
Possible precedence issue with control flow operator at /tmp/loop_over_bdir-28345-FyoH5Z/HTTP-Engine-0.03005-0/inc/Test/Builder.pm line 917.
Redundant argument in sprintf at /tmp/loop_over_bdir-28345-FyoH5Z/HTTP-Engine-0.03005-0/inc/Spiffy.pm line 225.
Redundant argument in sprintf at /tmp/loop_over_bdir-28345-FyoH5Z/HTTP-Engine-0.03005-0/inc/Spiffy.pm line 225.
Redundant argument in sprintf at /tmp/loop_over_bdir-28345-FyoH5Z/HTTP-Engine-0.03005-0/inc/Spiffy.pm line 225.
Redundant argument in sprintf at /tmp/loop_over_bdir-28345-FyoH5Z/HTTP-Engine-0.03005-0/inc/Spiffy.pm line 225.
t/040_minimal/001_simple.t .................................. ok
Possible precedence issue with control flow operator at /tmp/loop_over_bdir-28345-FyoH5Z/HTTP-Engine-0.03005-0/inc/Test/Builder.pm line 917.
t/050_tests/request.t ....................................... ok
Possible precedence issue with control flow operator at /tmp/loop_over_bdir-28345-FyoH5Z/HTTP-Engine-0.03005-0/inc/Test/Builder.pm line 917.
# Soft dependency versions:
# Any::Moose 0.26
# Mouse v2.4.5
# MooseX::Types 0.46
t/moose/00_compile.t ........................................ ok
Possible precedence issue with control flow operator at /tmp/loop_over_bdir-28345-FyoH5Z/HTTP-Engine-0.03005-0/inc/Test/Builder.pm line 917.
t/moose/010_core/builder_options-upload_tmp.t ............... ok
Possible precedence issue with control flow operator at /tmp/loop_over_bdir-28345-FyoH5Z/HTTP-Engine-0.03005-0/inc/Test/Builder.pm line 917.
t/moose/010_core/interface-require.t ........................ ok
Possible precedence issue with control flow operator at /tmp/loop_over_bdir-28345-FyoH5Z/HTTP-Engine-0.03005-0/inc/Test/Builder.pm line 917.
t/moose/010_core/interface.t ................................ ok
Possible precedence issue with control flow operator at /tmp/loop_over_bdir-28345-FyoH5Z/HTTP-Engine-0.03005-0/inc/Test/Builder.pm line 917.
t/moose/010_core/load_requestbuilder_cgi.t .................. ok
Possible precedence issue with control flow operator at /tmp/loop_over_bdir-28345-FyoH5Z/HTTP-Engine-0.03005-0/inc/Test/Builder.pm line 917.
Redundant argument in sprintf at /tmp/loop_over_bdir-28345-FyoH5Z/HTTP-Engine-0.03005-0/inc/Spiffy.pm line 225.
Redundant argument in sprintf at /tmp/loop_over_bdir-28345-FyoH5Z/HTTP-Engine-0.03005-0/inc/Spiffy.pm line 225.
Redundant argument in sprintf at /tmp/loop_over_bdir-28345-FyoH5Z/HTTP-Engine-0.03005-0/inc/Spiffy.pm line 225.
Redundant argument in sprintf at /tmp/loop_over_bdir-28345-FyoH5Z/HTTP-Engine-0.03005-0/inc/Spiffy.pm line 225.
t/moose/010_core/request-absolute_uri.t ..................... ok
Possible precedence issue with control flow operator at /tmp/loop_over_bdir-28345-FyoH5Z/HTTP-Engine-0.03005-0/inc/Test/Builder.pm line 917.
t/moose/010_core/request-as_http_request.t .................. ok
Possible precedence issue with control flow operator at /tmp/loop_over_bdir-28345-FyoH5Z/HTTP-Engine-0.03005-0/inc/Test/Builder.pm line 917.
t/moose/010_core/request-as_string.t ........................ ok
Possible precedence issue with control flow operator at /tmp/loop_over_bdir-28345-FyoH5Z/HTTP-Engine-0.03005-0/inc/Test/Builder.pm line 917.
Class::MOP::load_class is deprecated at /home/sand/src/perl/repoperls/installed-perls/host/k93x64sid/v5.23.9-90-g000aab2/3bd2/lib/site_perl/5.24.0/x86_64-linux-ld/Class/MOP.pm line 69.
Class::MOP::load_class("HTTP::Engine::Interface::Test") called at /tmp/loop_over_bdir-28345-FyoH5Z/HTTP-Engine-0.03005-0/blib/lib/HTTP/Engine/Types/Core.pm line 26
HTTP::Engine::Types::Core::__ANON__(HASH(0x86d258)) called at /home/sand/src/perl/repoperls/installed-perls/host/k93x64sid/v5.23.9-90-g000aab2/3bd2/lib/site_perl/5.24.0/x86_64-linux-ld/Moose/Meta/TypeCoercion.pm line 65
Moose::Meta::TypeCoercion::__ANON__(HASH(0x86d258)) called at constructor HTTP::Engine::new (defined at /tmp/loop_over_bdir-28345-FyoH5Z/HTTP-Engine-0.03005-0/blib/lib/HTTP/Engine.pm line 17) line 32
HTTP::Engine::new("HTTP::Engine", "interface", HASH(0x86d258)) called at t/Utils.pm line 141
t::Utils::run_engine(CODE(0x23c0f50), HTTP::Request=HASH(0x192a888)) called at t/moose/010_core/request-body.t line 27
t/moose/010_core/request-body.t ............................. ok
Possible precedence issue with control flow operator at /tmp/loop_over_bdir-28345-FyoH5Z/HTTP-Engine-0.03005-0/inc/Test/Builder.pm line 917.
t/moose/010_core/request-content.t .......................... ok
Possible precedence issue with control flow operator at /tmp/loop_over_bdir-28345-FyoH5Z/HTTP-Engine-0.03005-0/inc/Test/Builder.pm line 917.
Class::MOP::load_class is deprecated at /home/sand/src/perl/repoperls/installed-perls/host/k93x64sid/v5.23.9-90-g000aab2/3bd2/lib/site_perl/5.24.0/x86_64-linux-ld/Class/MOP.pm line 69.
Class::MOP::load_class("HTTP::Engine::Interface::Test") called at /tmp/loop_over_bdir-28345-FyoH5Z/HTTP-Engine-0.03005-0/blib/lib/HTTP/Engine/Types/Core.pm line 26
HTTP::Engine::Types::Core::__ANON__(HASH(0xc1e520)) called at /home/sand/src/perl/repoperls/installed-perls/host/k93x64sid/v5.23.9-90-g000aab2/3bd2/lib/site_perl/5.24.0/x86_64-linux-ld/Moose/Meta/TypeCoercion.pm line 65
Moose::Meta::TypeCoercion::__ANON__(HASH(0xc1e520)) called at constructor HTTP::Engine::new (defined at /tmp/loop_over_bdir-28345-FyoH5Z/HTTP-Engine-0.03005-0/blib/lib/HTTP/Engine.pm line 17) line 32
HTTP::Engine::new("HTTP::Engine", "interface", HASH(0xc1e520)) called at t/Utils.pm line 141
t::Utils::run_engine(CODE(0x275fa60), HTTP::Request=HASH(0x1cc8a58)) called at t/moose/010_core/request-cookie.t line 32
t/moose/010_core/request-cookie.t ........................... ok
Possible precedence issue with control flow operator at /tmp/loop_over_bdir-28345-FyoH5Z/HTTP-Engine-0.03005-0/inc/Test/Builder.pm line 917.
t/moose/010_core/request-hostname.t ......................... ok
Possible precedence issue with control flow operator at /tmp/loop_over_bdir-28345-FyoH5Z/HTTP-Engine-0.03005-0/inc/Test/Builder.pm line 917.
Class::MOP::load_class is deprecated at /home/sand/src/perl/repoperls/installed-perls/host/k93x64sid/v5.23.9-90-g000aab2/3bd2/lib/site_perl/5.24.0/x86_64-linux-ld/Class/MOP.pm line 69.
Class::MOP::load_class("HTTP::Engine::Interface::Test") called at /tmp/loop_over_bdir-28345-FyoH5Z/HTTP-Engine-0.03005-0/blib/lib/HTTP/Engine/Types/Core.pm line 26
HTTP::Engine::Types::Core::__ANON__(HASH(0x2607510)) called at /home/sand/src/perl/repoperls/installed-perls/host/k93x64sid/v5.23.9-90-g000aab2/3bd2/lib/site_perl/5.24.0/x86_64-linux-ld/Moose/Meta/TypeCoercion.pm line 65
Moose::Meta::TypeCoercion::__ANON__(HASH(0x2607510)) called at constructor HTTP::Engine::new (defined at /tmp/loop_over_bdir-28345-FyoH5Z/HTTP-Engine-0.03005-0/blib/lib/HTTP/Engine.pm line 17) line 32
HTTP::Engine::new("HTTP::Engine", "interface", HASH(0x2607510)) called at t/Utils.pm line 141
t::Utils::run_engine(CODE(0x262f870), HTTP::Request=HASH(0x3546c68)) called at t/moose/010_core/request-many_upload.t line 91
t/moose/010_core/request-many_upload.t ...................... ok
Possible precedence issue with control flow operator at /tmp/loop_over_bdir-28345-FyoH5Z/HTTP-Engine-0.03005-0/inc/Test/Builder.pm line 917.
t/moose/010_core/request-parameters.t ....................... ok
Possible precedence issue with control flow operator at /tmp/loop_over_bdir-28345-FyoH5Z/HTTP-Engine-0.03005-0/inc/Test/Builder.pm line 917.
Redundant argument in sprintf at /tmp/loop_over_bdir-28345-FyoH5Z/HTTP-Engine-0.03005-0/inc/Spiffy.pm line 225.
Redundant argument in sprintf at /tmp/loop_over_bdir-28345-FyoH5Z/HTTP-Engine-0.03005-0/inc/Spiffy.pm line 225.
Redundant argument in sprintf at /tmp/loop_over_bdir-28345-FyoH5Z/HTTP-Engine-0.03005-0/inc/Spiffy.pm line 225.
Redundant argument in sprintf at /tmp/loop_over_bdir-28345-FyoH5Z/HTTP-Engine-0.03005-0/inc/Spiffy.pm line 225.
t/moose/010_core/request-params.t ........................... ok
Possible precedence issue with control flow operator at /tmp/loop_over_bdir-28345-FyoH5Z/HTTP-Engine-0.03005-0/inc/Test/Builder.pm line 917.
t/moose/010_core/request-parse.t ............................ ok
Possible precedence issue with control flow operator at /tmp/loop_over_bdir-28345-FyoH5Z/HTTP-Engine-0.03005-0/inc/Test/Builder.pm line 917.
Redundant argument in sprintf at /tmp/loop_over_bdir-28345-FyoH5Z/HTTP-Engine-0.03005-0/inc/Spiffy.pm line 225.
Redundant argument in sprintf at /tmp/loop_over_bdir-28345-FyoH5Z/HTTP-Engine-0.03005-0/inc/Spiffy.pm line 225.
Redundant argument in sprintf at /tmp/loop_over_bdir-28345-FyoH5Z/HTTP-Engine-0.03005-0/inc/Spiffy.pm line 225.
Redundant argument in sprintf at /tmp/loop_over_bdir-28345-FyoH5Z/HTTP-Engine-0.03005-0/inc/Spiffy.pm line 225.
t/moose/010_core/request-proxy_request.t .................... ok
Possible precedence issue with control flow operator at /tmp/loop_over_bdir-28345-FyoH5Z/HTTP-Engine-0.03005-0/inc/Test/Builder.pm line 917.
t/moose/010_core/request-raw_body.t ......................... ok
Possible precedence issue with control flow operator at /tmp/loop_over_bdir-28345-FyoH5Z/HTTP-Engine-0.03005-0/inc/Test/Builder.pm line 917.
t/moose/010_core/request-readbody.t ......................... ok
Possible precedence issue with control flow operator at /tmp/loop_over_bdir-28345-FyoH5Z/HTTP-Engine-0.03005-0/inc/Test/Builder.pm line 917.
Redundant argument in sprintf at /tmp/loop_over_bdir-28345-FyoH5Z/HTTP-Engine-0.03005-0/inc/Spiffy.pm line 225.
Redundant argument in sprintf at /tmp/loop_over_bdir-28345-FyoH5Z/HTTP-Engine-0.03005-0/inc/Spiffy.pm line 225.
Redundant argument in sprintf at /tmp/loop_over_bdir-28345-FyoH5Z/HTTP-Engine-0.03005-0/inc/Spiffy.pm line 225.
Redundant argument in sprintf at /tmp/loop_over_bdir-28345-FyoH5Z/HTTP-Engine-0.03005-0/inc/Spiffy.pm line 225.
t/moose/010_core/request-secure.t ........................... ok
Possible precedence issue with control flow operator at /tmp/loop_over_bdir-28345-FyoH5Z/HTTP-Engine-0.03005-0/inc/Test/Builder.pm line 917.
t/moose/010_core/request-upload.t ........................... ok
Possible precedence issue with control flow operator at /tmp/loop_over_bdir-28345-FyoH5Z/HTTP-Engine-0.03005-0/inc/Test/Builder.pm line 917.
Redundant argument in sprintf at /tmp/loop_over_bdir-28345-FyoH5Z/HTTP-Engine-0.03005-0/inc/Spiffy.pm line 225.
Redundant argument in sprintf at /tmp/loop_over_bdir-28345-FyoH5Z/HTTP-Engine-0.03005-0/inc/Spiffy.pm line 225.
Redundant argument in sprintf at /tmp/loop_over_bdir-28345-FyoH5Z/HTTP-Engine-0.03005-0/inc/Spiffy.pm line 225.
Redundant argument in sprintf at /tmp/loop_over_bdir-28345-FyoH5Z/HTTP-Engine-0.03005-0/inc/Spiffy.pm line 225.
t/moose/010_core/request-uri.t .............................. ok
Possible precedence issue with control flow operator at /tmp/loop_over_bdir-28345-FyoH5Z/HTTP-Engine-0.03005-0/inc/Test/Builder.pm line 917.
t/moose/010_core/request.t .................................. ok
Possible precedence issue with control flow operator at /tmp/loop_over_bdir-28345-FyoH5Z/HTTP-Engine-0.03005-0/inc/Test/Builder.pm line 917.
t/moose/010_core/request_builder-noenv.t .................... ok
Possible precedence issue with control flow operator at /tmp/loop_over_bdir-28345-FyoH5Z/HTTP-Engine-0.03005-0/inc/Test/Builder.pm line 917.
# Failed test at /tmp/loop_over_bdir-28345-FyoH5Z/HTTP-Engine-0.03005-0/inc/Test/More.pm line 420.
# 'Class::MOP::load_class is deprecated at /home/sand/src/perl/repoperls/installed-perls/host/k93x64sid/v5.23.9-90-g000aab2/3bd2/lib/site_perl/5.24.0/x86_64-linux-ld/Class/MOP.pm line 69.
# Class::MOP::load_class("HTTP::Engine::Interface::Test") called at /tmp/loop_over_bdir-28345-FyoH5Z/HTTP-Engine-0.03005-0/blib/lib/HTTP/Engine/Types/Core.pm line 26
# HTTP::Engine::Types::Core::__ANON__(HASH(0x2c98e40)) called at /home/sand/src/perl/repoperls/installed-perls/host/k93x64sid/v5.23.9-90-g000aab2/3bd2/lib/site_perl/5.24.0/x86_64-linux-ld/Moose/Meta/TypeCoercion.pm line 65
# Moose::Meta::TypeCoercion::__ANON__(HASH(0x2c98e40)) called at constructor HTTP::Engine::new (defined at /tmp/loop_over_bdir-28345-FyoH5Z/HTTP-Engine-0.03005-0/blib/lib/HTTP/Engine.pm line 17) line 32
# HTTP::Engine::new("HTTP::Engine", "interface", HASH(0x2c98e40)) called at t/Utils.pm line 141
# t::Utils::run_engine(CODE(0x109d090), HTTP::Request=HASH(0x2b0cc98)) called at t/moose/010_core/request_processor-catch_error.t line 15
# eval {...} called at t/moose/010_core/request_processor-catch_error.t line 12
# orz at t/moose/010_core/request_processor-catch_error.t line 14.
# '
# doesn't match '(?^:^orz)'
# Looks like you failed 1 test of 3.
t/moose/010_core/request_processor-catch_error.t ............
Dubious, test returned 1 (wstat 256, 0x100)
Failed 1/3 subtests
Possible precedence issue with control flow operator at /tmp/loop_over_bdir-28345-FyoH5Z/HTTP-Engine-0.03005-0/inc/Test/Builder.pm line 917.
Class::MOP::load_class is deprecated at /home/sand/src/perl/repoperls/installed-perls/host/k93x64sid/v5.23.9-90-g000aab2/3bd2/lib/site_perl/5.24.0/x86_64-linux-ld/Class/MOP.pm line 69.
Class::MOP::load_class("HTTP::Engine::Interface::Test") called at /tmp/loop_over_bdir-28345-FyoH5Z/HTTP-Engine-0.03005-0/blib/lib/HTTP/Engine/Types/Core.pm line 26
HTTP::Engine::Types::Core::__ANON__(HASH(0x2db57e8)) called at /home/sand/src/perl/repoperls/installed-perls/host/k93x64sid/v5.23.9-90-g000aab2/3bd2/lib/site_perl/5.24.0/x86_64-linux-ld/Moose/Meta/TypeCoercion.pm line 65
Moose::Meta::TypeCoercion::__ANON__(HASH(0x2db57e8)) called at constructor HTTP::Engine::new (defined at /tmp/loop_over_bdir-28345-FyoH5Z/HTTP-Engine-0.03005-0/blib/lib/HTTP/Engine.pm line 17) line 32
HTTP::Engine::new("HTTP::Engine", "interface", HASH(0x2db57e8)) called at t/Utils.pm line 141
t::Utils::run_engine(CODE(0x11e6f20), HTTP::Request=HASH(0x11e6530), "method", "GET", "raw_body", "test") called at t/moose/010_core/request_processor-make_request.t line 15
t/moose/010_core/request_processor-make_request.t ........... ok
Possible precedence issue with control flow operator at /tmp/loop_over_bdir-28345-FyoH5Z/HTTP-Engine-0.03005-0/inc/Test/Builder.pm line 917.
t/moose/010_core/request_processor-response_error.t ......... ok
Possible precedence issue with control flow operator at /tmp/loop_over_bdir-28345-FyoH5Z/HTTP-Engine-0.03005-0/inc/Test/Builder.pm line 917.
t/moose/010_core/request_upload-basename.t .................. ok
Possible precedence issue with control flow operator at /tmp/loop_over_bdir-28345-FyoH5Z/HTTP-Engine-0.03005-0/inc/Test/Builder.pm line 917.
t/moose/010_core/response-code.t ............................ ok
Possible precedence issue with control flow operator at /tmp/loop_over_bdir-28345-FyoH5Z/HTTP-Engine-0.03005-0/inc/Test/Builder.pm line 917.
t/moose/010_core/response-coerce_headers.t .................. ok
Possible precedence issue with control flow operator at /tmp/loop_over_bdir-28345-FyoH5Z/HTTP-Engine-0.03005-0/inc/Test/Builder.pm line 917.
t/moose/010_core/response-content_length.t .................. ok
Possible precedence issue with control flow operator at /tmp/loop_over_bdir-28345-FyoH5Z/HTTP-Engine-0.03005-0/inc/Test/Builder.pm line 917.
Class::MOP::load_class is deprecated at /home/sand/src/perl/repoperls/installed-perls/host/k93x64sid/v5.23.9-90-g000aab2/3bd2/lib/site_perl/5.24.0/x86_64-linux-ld/Class/MOP.pm line 69.
Class::MOP::load_class("HTTP::Engine::Interface::Test") called at /tmp/loop_over_bdir-28345-FyoH5Z/HTTP-Engine-0.03005-0/blib/lib/HTTP/Engine/Types/Core.pm line 26
HTTP::Engine::Types::Core::__ANON__(HASH(0xc27610)) called at /home/sand/src/perl/repoperls/installed-perls/host/k93x64sid/v5.23.9-90-g000aab2/3bd2/lib/site_perl/5.24.0/x86_64-linux-ld/Moose/Meta/TypeCoercion.pm line 65
Moose::Meta::TypeCoercion::__ANON__(HASH(0xc27610)) called at constructor HTTP::Engine::new (defined at /tmp/loop_over_bdir-28345-FyoH5Z/HTTP-Engine-0.03005-0/blib/lib/HTTP/Engine.pm line 17) line 32
HTTP::Engine::new("HTTP::Engine", "interface", HASH(0xc27610)) called at t/Utils.pm line 141
t::Utils::run_engine(CODE(0xc35488), HTTP::Request=HASH(0xc274f0)) called at t/moose/010_core/response-cookie.t line 45
t/moose/010_core/response-cookie.t .......................... ok
Possible precedence issue with control flow operator at /tmp/loop_over_bdir-28345-FyoH5Z/HTTP-Engine-0.03005-0/inc/Test/Builder.pm line 917.
t/moose/010_core/response-new.t ............................. ok
Possible precedence issue with control flow operator at /tmp/loop_over_bdir-28345-FyoH5Z/HTTP-Engine-0.03005-0/inc/Test/Builder.pm line 917.
t/moose/010_core/response-set_http_response.t ............... ok
Possible precedence issue with control flow operator at /tmp/loop_over_bdir-28345-FyoH5Z/HTTP-Engine-0.03005-0/inc/Test/Builder.pm line 917.
Redundant argument in sprintf at /tmp/loop_over_bdir-28345-FyoH5Z/HTTP-Engine-0.03005-0/inc/Spiffy.pm line 225.
Redundant argument in sprintf at /tmp/loop_over_bdir-28345-FyoH5Z/HTTP-Engine-0.03005-0/inc/Spiffy.pm line 225.
Redundant argument in sprintf at /tmp/loop_over_bdir-28345-FyoH5Z/HTTP-Engine-0.03005-0/inc/Spiffy.pm line 225.
Redundant argument in sprintf at /tmp/loop_over_bdir-28345-FyoH5Z/HTTP-Engine-0.03005-0/inc/Spiffy.pm line 225.
t/moose/010_core/response-status.t .......................... ok
Possible precedence issue with control flow operator at /tmp/loop_over_bdir-28345-FyoH5Z/HTTP-Engine-0.03005-0/inc/Test/Builder.pm line 917.
t/moose/010_core/response.t ................................. ok
Possible precedence issue with control flow operator at /tmp/loop_over_bdir-28345-FyoH5Z/HTTP-Engine-0.03005-0/inc/Test/Builder.pm line 917.
Redundant argument in sprintf at /tmp/loop_over_bdir-28345-FyoH5Z/HTTP-Engine-0.03005-0/inc/Spiffy.pm line 225.
Redundant argument in sprintf at /tmp/loop_over_bdir-28345-FyoH5Z/HTTP-Engine-0.03005-0/inc/Spiffy.pm line 225.
Redundant argument in sprintf at /tmp/loop_over_bdir-28345-FyoH5Z/HTTP-Engine-0.03005-0/inc/Spiffy.pm line 225.
Redundant argument in sprintf at /tmp/loop_over_bdir-28345-FyoH5Z/HTTP-Engine-0.03005-0/inc/Spiffy.pm line 225.
t/moose/010_core/response_finalizer.t ....................... ok
Possible precedence issue with control flow operator at /tmp/loop_over_bdir-28345-FyoH5Z/HTTP-Engine-0.03005-0/inc/Test/Builder.pm line 917.
Class::MOP::load_class is deprecated at /home/sand/src/perl/repoperls/installed-perls/host/k93x64sid/v5.23.9-90-g000aab2/3bd2/lib/site_perl/5.24.0/x86_64-linux-ld/Class/MOP.pm line 69.
Class::MOP::load_class("HTTP::Engine::RequestBuilder::CGI") called at /tmp/loop_over_bdir-28345-FyoH5Z/HTTP-Engine-0.03005-0/blib/lib/HTTP/Engine/Interface.pm line 65
HTTP::Engine::Interface::_setup_builder("HTTP::Engine::Interface::CGI", "CGI") called at /tmp/loop_over_bdir-28345-FyoH5Z/HTTP-Engine-0.03005-0/blib/lib/HTTP/Engine/Interface.pm line 51
HTTP::Engine::Interface::__INTERFACE__("HTTP::Engine::Interface::CGI") called at /tmp/loop_over_bdir-28345-FyoH5Z/HTTP-Engine-0.03005-0/blib/lib/HTTP/Engine/Interface.pm line 31
HTTP::Engine::Interface::__ANON__() called at /tmp/loop_over_bdir-28345-FyoH5Z/HTTP-Engine-0.03005-0/blib/lib/HTTP/Engine/Interface/CGI.pm line 18
require HTTP/Engine/Interface/CGI.pm called at t/moose/010_core/response_writer.t line 9
main::BEGIN() called at /tmp/loop_over_bdir-28345-FyoH5Z/HTTP-Engine-0.03005-0/blib/lib/HTTP/Engine/Interface/CGI.pm line 0
eval {...} called at /tmp/loop_over_bdir-28345-FyoH5Z/HTTP-Engine-0.03005-0/blib/lib/HTTP/Engine/Interface/CGI.pm line 0
t/moose/010_core/response_writer.t .......................... ok
Possible precedence issue with control flow operator at /tmp/loop_over_bdir-28345-FyoH5Z/HTTP-Engine-0.03005-0/inc/Test/Builder.pm line 917.
t/moose/010_core/responsewriter-broken_io.t ................. ok
Possible precedence issue with control flow operator at /tmp/loop_over_bdir-28345-FyoH5Z/HTTP-Engine-0.03005-0/inc/Test/Builder.pm line 917.
Redundant argument in sprintf at /tmp/loop_over_bdir-28345-FyoH5Z/HTTP-Engine-0.03005-0/inc/Spiffy.pm line 225.
Redundant argument in sprintf at /tmp/loop_over_bdir-28345-FyoH5Z/HTTP-Engine-0.03005-0/inc/Spiffy.pm line 225.
Redundant argument in sprintf at /tmp/loop_over_bdir-28345-FyoH5Z/HTTP-Engine-0.03005-0/inc/Spiffy.pm line 225.
Redundant argument in sprintf at /tmp/loop_over_bdir-28345-FyoH5Z/HTTP-Engine-0.03005-0/inc/Spiffy.pm line 225.
t/moose/010_core/responsewriter-with_io.t ................... ok
Class::MOP::load_class is deprecated at /home/sand/src/perl/repoperls/installed-perls/host/k93x64sid/v5.23.9-90-g000aab2/3bd2/lib/site_perl/5.24.0/x86_64-linux-ld/Class/MOP.pm line 69.
Class::MOP::load_class("HTTP::Engine::RequestBuilder::CGI") called at /tmp/loop_over_bdir-28345-FyoH5Z/HTTP-Engine-0.03005-0/blib/lib/HTTP/Engine/Interface.pm line 65
HTTP::Engine::Interface::_setup_builder("HTTP::Engine::Interface::CGI", "CGI") called at /tmp/loop_over_bdir-28345-FyoH5Z/HTTP-Engine-0.03005-0/blib/lib/HTTP/Engine/Interface.pm line 51
HTTP::Engine::Interface::__INTERFACE__("HTTP::Engine::Interface::CGI") called at /tmp/loop_over_bdir-28345-FyoH5Z/HTTP-Engine-0.03005-0/blib/lib/HTTP/Engine/Interface.pm line 31
HTTP::Engine::Interface::__ANON__() called at /tmp/loop_over_bdir-28345-FyoH5Z/HTTP-Engine-0.03005-0/blib/lib/HTTP/Engine/Interface/CGI.pm line 18
require HTTP/Engine/Interface/CGI.pm called at t/moose/020_interface/cgi.t line 5
main::BEGIN() called at /tmp/loop_over_bdir-28345-FyoH5Z/HTTP-Engine-0.03005-0/blib/lib/HTTP/Engine/Interface/CGI.pm line 0
eval {...} called at /tmp/loop_over_bdir-28345-FyoH5Z/HTTP-Engine-0.03005-0/blib/lib/HTTP/Engine/Interface/CGI.pm line 0
Possible precedence issue with control flow operator at /tmp/loop_over_bdir-28345-FyoH5Z/HTTP-Engine-0.03005-0/inc/Test/Builder.pm line 917.
Redundant argument in sprintf at /tmp/loop_over_bdir-28345-FyoH5Z/HTTP-Engine-0.03005-0/inc/Spiffy.pm line 225.
Redundant argument in sprintf at /tmp/loop_over_bdir-28345-FyoH5Z/HTTP-Engine-0.03005-0/inc/Spiffy.pm line 225.
Redundant argument in sprintf at /tmp/loop_over_bdir-28345-FyoH5Z/HTTP-Engine-0.03005-0/inc/Spiffy.pm line 225.
Redundant argument in sprintf at /tmp/loop_over_bdir-28345-FyoH5Z/HTTP-Engine-0.03005-0/inc/Spiffy.pm line 225.
Class::MOP::load_class is deprecated at /home/sand/src/perl/repoperls/installed-perls/host/k93x64sid/v5.23.9-90-g000aab2/3bd2/lib/site_perl/5.24.0/x86_64-linux-ld/Class/MOP.pm line 69, <DATA> line 1.
Class::MOP::load_class("HTTP::Engine::Interface::CGI") called at /tmp/loop_over_bdir-28345-FyoH5Z/HTTP-Engine-0.03005-0/blib/lib/HTTP/Engine/Types/Core.pm line 26
HTTP::Engine::Types::Core::__ANON__(HASH(0x30c9e28)) called at /home/sand/src/perl/repoperls/installed-perls/host/k93x64sid/v5.23.9-90-g000aab2/3bd2/lib/site_perl/5.24.0/x86_64-linux-ld/Moose/Meta/TypeCoercion.pm line 65
Moose::Meta::TypeCoercion::__ANON__(HASH(0x30c9e28)) called at constructor HTTP::Engine::new (defined at /tmp/loop_over_bdir-28345-FyoH5Z/HTTP-Engine-0.03005-0/blib/lib/HTTP/Engine.pm line 17) line 32
HTTP::Engine::new("HTTP::Engine", "interface", HASH(0x30c9e28)) called at t/moose/020_interface/cgi.t line 36
main::__ANON__(Test::Base::Block=HASH(0x3068408)) called at /tmp/loop_over_bdir-28345-FyoH5Z/HTTP-Engine-0.03005-0/inc/Test/Base.pm line 269
Test::Base::run(undef) called at t/moose/020_interface/cgi.t line 39
t/moose/020_interface/cgi.t ................................. ok
Possible precedence issue with control flow operator at /tmp/loop_over_bdir-28345-FyoH5Z/HTTP-Engine-0.03005-0/inc/Test/Builder.pm line 917.
t/moose/020_interface/lighty-fcgi.t ......................... skipped: set TEST_LIGHTTPD to enable this test
Possible precedence issue with control flow operator at /tmp/loop_over_bdir-28345-FyoH5Z/HTTP-Engine-0.03005-0/inc/Test/Builder.pm line 917.
t/moose/020_interface/modperl_wildcard_hostname.t ........... skipped: this test requires mod_perl 2
Possible precedence issue with control flow operator at /tmp/loop_over_bdir-28345-FyoH5Z/HTTP-Engine-0.03005-0/inc/Test/Builder.pm line 917.
Class::MOP::load_class is deprecated at /home/sand/src/perl/repoperls/installed-perls/host/k93x64sid/v5.23.9-90-g000aab2/3bd2/lib/site_perl/5.24.0/x86_64-linux-ld/Class/MOP.pm line 69.
Class::MOP::load_class("HTTP::Engine::RequestBuilder::NoEnv") called at /tmp/loop_over_bdir-28345-FyoH5Z/HTTP-Engine-0.03005-0/blib/lib/HTTP/Engine/Interface.pm line 65
HTTP::Engine::Interface::_setup_builder("HTTP::Engine::Interface::POE", "NoEnv") called at /tmp/loop_over_bdir-28345-FyoH5Z/HTTP-Engine-0.03005-0/blib/lib/HTTP/Engine/Interface.pm line 51
HTTP::Engine::Interface::__INTERFACE__("HTTP::Engine::Interface::POE") called at /tmp/loop_over_bdir-28345-FyoH5Z/HTTP-Engine-0.03005-0/blib/lib/HTTP/Engine/Interface.pm line 31
HTTP::Engine::Interface::__ANON__() called at /tmp/loop_over_bdir-28345-FyoH5Z/HTTP-Engine-0.03005-0/blib/lib/HTTP/Engine/Interface/POE.pm line 132
require HTTP/Engine/Interface/POE.pm called at (eval 343) line 2
main::BEGIN() called at /tmp/loop_over_bdir-28345-FyoH5Z/HTTP-Engine-0.03005-0/blib/lib/HTTP/Engine/Interface/POE.pm line 0
eval {...} called at /tmp/loop_over_bdir-28345-FyoH5Z/HTTP-Engine-0.03005-0/blib/lib/HTTP/Engine/Interface/POE.pm line 0
eval 'package main;
use HTTP::Engine::Interface::POE @{$args[0]};
1;
' called at /tmp/loop_over_bdir-28345-FyoH5Z/HTTP-Engine-0.03005-0/inc/Test/More.pm line 884
Test::More::_eval("package main;\x{a}use HTTP::Engine::Interface::POE \@{\$args[0]};\x{a}1;\x{a}", ARRAY(0x1e3f8a0)) called at /tmp/loop_over_bdir-28345-FyoH5Z/HTTP-Engine-0.03005-0/inc/Test/More.pm line 859
Test::More::use_ok("HTTP::Engine::Interface::POE") called at t/moose/020_interface/poe-proxy.t line 15
=== 12707 === !!! Kernel has 1 child process(es).
=== 12707 === !!! Stopped child process (PID 12708) reaped when POE::Kernel->run() is ready to return.
=== 12707 === !!! Stopped child process (PID 12709) reaped when POE::Kernel->run() is ready to return.
=== 12707 === !!! Stopped child process (PID 12711) reaped when POE::Kernel->run() is ready to return.
=== 12707 === !!! Stopped child process (PID 12712) reaped when POE::Kernel->run() is ready to return.
=== 12707 === !!! At least one child process is still running when POE::Kernel->run() is ready to return.
=== 12707 === !!! Be sure to use sig_child() to reap child processes.
=== 12707 === !!! In extreme cases, failure to reap child processes has
=== 12707 === !!! resulted in a slow 'fork bomb' that has halted systems.
t/moose/020_interface/poe-proxy.t ........................... ok
Possible precedence issue with control flow operator at /tmp/loop_over_bdir-28345-FyoH5Z/HTTP-Engine-0.03005-0/inc/Test/Builder.pm line 917.
Class::MOP::load_class is deprecated at /home/sand/src/perl/repoperls/installed-perls/host/k93x64sid/v5.23.9-90-g000aab2/3bd2/lib/site_perl/5.24.0/x86_64-linux-ld/Class/MOP.pm line 69.
Class::MOP::load_class("HTTP::Engine::RequestBuilder::NoEnv") called at /tmp/loop_over_bdir-28345-FyoH5Z/HTTP-Engine-0.03005-0/blib/lib/HTTP/Engine/Interface.pm line 65
HTTP::Engine::Interface::_setup_builder("HTTP::Engine::Interface::POE", "NoEnv") called at /tmp/loop_over_bdir-28345-FyoH5Z/HTTP-Engine-0.03005-0/blib/lib/HTTP/Engine/Interface.pm line 51
HTTP::Engine::Interface::__INTERFACE__("HTTP::Engine::Interface::POE") called at /tmp/loop_over_bdir-28345-FyoH5Z/HTTP-Engine-0.03005-0/blib/lib/HTTP/Engine/Interface.pm line 31
HTTP::Engine::Interface::__ANON__() called at /tmp/loop_over_bdir-28345-FyoH5Z/HTTP-Engine-0.03005-0/blib/lib/HTTP/Engine/Interface/POE.pm line 132
require HTTP/Engine/Interface/POE.pm called at (eval 343) line 2
main::BEGIN() called at /tmp/loop_over_bdir-28345-FyoH5Z/HTTP-Engine-0.03005-0/blib/lib/HTTP/Engine/Interface/POE.pm line 0
eval {...} called at /tmp/loop_over_bdir-28345-FyoH5Z/HTTP-Engine-0.03005-0/blib/lib/HTTP/Engine/Interface/POE.pm line 0
eval 'package main;
use HTTP::Engine::Interface::POE @{$args[0]};
1;
' called at /tmp/loop_over_bdir-28345-FyoH5Z/HTTP-Engine-0.03005-0/inc/Test/More.pm line 884
Test::More::_eval("package main;\x{a}use HTTP::Engine::Interface::POE \@{\$args[0]};\x{a}1;\x{a}", ARRAY(0x16cf8a0)) called at /tmp/loop_over_bdir-28345-FyoH5Z/HTTP-Engine-0.03005-0/inc/Test/More.pm line 859
Test::More::use_ok("HTTP::Engine::Interface::POE") called at t/moose/020_interface/poe-uri.t line 16
=== 12716 === !!! Kernel has 1 child process(es).
=== 12716 === !!! Stopped child process (PID 12717) reaped when POE::Kernel->run() is ready to return.
=== 12716 === !!! Stopped child process (PID 12718) reaped when POE::Kernel->run() is ready to return.
=== 12716 === !!! Stopped child process (PID 12719) reaped when POE::Kernel->run() is ready to return.
=== 12716 === !!! Stopped child process (PID 12720) reaped when POE::Kernel->run() is ready to return.
=== 12716 === !!! Stopped child process (PID 12721) reaped when POE::Kernel->run() is ready to return.
=== 12716 === !!! Stopped child process (PID 12722) reaped when POE::Kernel->run() is ready to return.
=== 12716 === !!! Stopped child process (PID 12724) reaped when POE::Kernel->run() is ready to return.
=== 12716 === !!! At least one child process is still running when POE::Kernel->run() is ready to return.
=== 12716 === !!! Be sure to use sig_child() to reap child processes.
=== 12716 === !!! In extreme cases, failure to reap child processes has
=== 12716 === !!! resulted in a slow 'fork bomb' that has halted systems.
t/moose/020_interface/poe-uri.t ............................. ok
Possible precedence issue with control flow operator at /tmp/loop_over_bdir-28345-FyoH5Z/HTTP-Engine-0.03005-0/inc/Test/Builder.pm line 917.
Class::MOP::load_class is deprecated at /home/sand/src/perl/repoperls/installed-perls/host/k93x64sid/v5.23.9-90-g000aab2/3bd2/lib/site_perl/5.24.0/x86_64-linux-ld/Class/MOP.pm line 69.
Class::MOP::load_class("HTTP::Engine::RequestBuilder::NoEnv") called at /tmp/loop_over_bdir-28345-FyoH5Z/HTTP-Engine-0.03005-0/blib/lib/HTTP/Engine/Interface.pm line 65
HTTP::Engine::Interface::_setup_builder("HTTP::Engine::Interface::POE", "NoEnv") called at /tmp/loop_over_bdir-28345-FyoH5Z/HTTP-Engine-0.03005-0/blib/lib/HTTP/Engine/Interface.pm line 51
HTTP::Engine::Interface::__INTERFACE__("HTTP::Engine::Interface::POE") called at /tmp/loop_over_bdir-28345-FyoH5Z/HTTP-Engine-0.03005-0/blib/lib/HTTP/Engine/Interface.pm line 31
HTTP::Engine::Interface::__ANON__() called at /tmp/loop_over_bdir-28345-FyoH5Z/HTTP-Engine-0.03005-0/blib/lib/HTTP/Engine/Interface/POE.pm line 132
require HTTP/Engine/Interface/POE.pm called at (eval 343) line 2
main::BEGIN() called at /tmp/loop_over_bdir-28345-FyoH5Z/HTTP-Engine-0.03005-0/blib/lib/HTTP/Engine/Interface/POE.pm line 0
eval {...} called at /tmp/loop_over_bdir-28345-FyoH5Z/HTTP-Engine-0.03005-0/blib/lib/HTTP/Engine/Interface/POE.pm line 0
eval 'package main;
use HTTP::Engine::Interface::POE @{$args[0]};
1;
' called at /tmp/loop_over_bdir-28345-FyoH5Z/HTTP-Engine-0.03005-0/inc/Test/More.pm line 884
Test::More::_eval("package main;\x{a}use HTTP::Engine::Interface::POE \@{\$args[0]};\x{a}1;\x{a}", ARRAY(0xa60ea0)) called at /tmp/loop_over_bdir-28345-FyoH5Z/HTTP-Engine-0.03005-0/inc/Test/More.pm line 859
Test::More::use_ok("HTTP::Engine::Interface::POE") called at t/moose/020_interface/poe.t line 15
=== 12725 === !!! Kernel has 1 child process(es).
=== 12725 === !!! Stopped child process (PID 12728) reaped when POE::Kernel->run() is ready to return.
=== 12725 === !!! Stopped child process (PID 12729) reaped when POE::Kernel->run() is ready to return.
=== 12725 === !!! Stopped child process (PID 12730) reaped when POE::Kernel->run() is ready to return.
=== 12725 === !!! Stopped child process (PID 12731) reaped when POE::Kernel->run() is ready to return.
=== 12725 === !!! Stopped child process (PID 12732) reaped when POE::Kernel->run() is ready to return.
=== 12725 === !!! At least one child process is still running when POE::Kernel->run() is ready to return.
=== 12725 === !!! Be sure to use sig_child() to reap child processes.
=== 12725 === !!! In extreme cases, failure to reap child processes has
=== 12725 === !!! resulted in a slow 'fork bomb' that has halted systems.
t/moose/020_interface/poe.t ................................. ok
Possible precedence issue with control flow operator at /tmp/loop_over_bdir-28345-FyoH5Z/HTTP-Engine-0.03005-0/inc/Test/Builder.pm line 917.
Class::MOP::load_class is deprecated at /home/sand/src/perl/repoperls/installed-perls/host/k93x64sid/v5.23.9-90-g000aab2/3bd2/lib/site_perl/5.24.0/x86_64-linux-ld/Class/MOP.pm line 69.
Class::MOP::load_class("HTTP::Engine::Interface::PSGI") called at /tmp/loop_over_bdir-28345-FyoH5Z/HTTP-Engine-0.03005-0/blib/lib/HTTP/Engine/Types/Core.pm line 26
HTTP::Engine::Types::Core::__ANON__(HASH(0x22ec5f8)) called at /home/sand/src/perl/repoperls/installed-perls/host/k93x64sid/v5.23.9-90-g000aab2/3bd2/lib/site_perl/5.24.0/x86_64-linux-ld/Moose/Meta/TypeCoercion.pm line 65
Moose::Meta::TypeCoercion::__ANON__(HASH(0x22ec5f8)) called at constructor HTTP::Engine::new (defined at /tmp/loop_over_bdir-28345-FyoH5Z/HTTP-Engine-0.03005-0/blib/lib/HTTP/Engine.pm line 17) line 32
HTTP::Engine::new("HTTP::Engine", "interface", HASH(0x22ec5f8)) called at t/moose/020_interface/psgi-with_plack.t line 33
main::__ANON__(50979) called at /tmp/loop_over_bdir-28345-FyoH5Z/HTTP-Engine-0.03005-0/inc/Test/TCP.pm line 118
Test::TCP::start(Test::TCP=HASH(0x3c362f8)) called at /tmp/loop_over_bdir-28345-FyoH5Z/HTTP-Engine-0.03005-0/inc/Test/TCP.pm line 102
Test::TCP::new("Test::TCP", "code", CODE(0x3f38db0), "port", 50979) called at /tmp/loop_over_bdir-28345-FyoH5Z/HTTP-Engine-0.03005-0/inc/Test/TCP.pm line 54
Test::TCP::test_tcp("client", CODE(0x3e20e70), "server", CODE(0x3f38db0)) called at t/moose/020_interface/psgi-with_plack.t line 37
t/moose/020_interface/psgi-with_plack.t ..................... ok
Possible precedence issue with control flow operator at /tmp/loop_over_bdir-28345-FyoH5Z/HTTP-Engine-0.03005-0/inc/Test/Builder.pm line 917.
Class::MOP::load_class is deprecated at /home/sand/src/perl/repoperls/installed-perls/host/k93x64sid/v5.23.9-90-g000aab2/3bd2/lib/site_perl/5.24.0/x86_64-linux-ld/Class/MOP.pm line 69.
Class::MOP::load_class("HTTP::Engine::Interface::PSGI") called at /tmp/loop_over_bdir-28345-FyoH5Z/HTTP-Engine-0.03005-0/blib/lib/HTTP/Engine/Types/Core.pm line 26
HTTP::Engine::Types::Core::__ANON__(HASH(0x1a9e120)) called at /home/sand/src/perl/repoperls/installed-perls/host/k93x64sid/v5.23.9-90-g000aab2/3bd2/lib/site_perl/5.24.0/x86_64-linux-ld/Moose/Meta/TypeCoercion.pm line 65
Moose::Meta::TypeCoercion::__ANON__(HASH(0x1a9e120)) called at constructor HTTP::Engine::new (defined at /tmp/loop_over_bdir-28345-FyoH5Z/HTTP-Engine-0.03005-0/blib/lib/HTTP/Engine.pm line 17) line 32
HTTP::Engine::new("HTTP::Engine", "interface", HASH(0x1a9e120)) called at t/moose/020_interface/psgi.t line 24
t/moose/020_interface/psgi.t ................................ ok
Possible precedence issue with control flow operator at /tmp/loop_over_bdir-28345-FyoH5Z/HTTP-Engine-0.03005-0/inc/Test/Builder.pm line 917.
Class::MOP::load_class is deprecated at /home/sand/src/perl/repoperls/installed-perls/host/k93x64sid/v5.23.9-90-g000aab2/3bd2/lib/site_perl/5.24.0/x86_64-linux-ld/Class/MOP.pm line 69, <DATA> line 11.
Class::MOP::load_class("HTTP::Engine::Interface::ServerSimple") called at /tmp/loop_over_bdir-28345-FyoH5Z/HTTP-Engine-0.03005-0/blib/lib/HTTP/Engine/Types/Core.pm line 26
HTTP::Engine::Types::Core::__ANON__(HASH(0x3716610)) called at /home/sand/src/perl/repoperls/installed-perls/host/k93x64sid/v5.23.9-90-g000aab2/3bd2/lib/site_perl/5.24.0/x86_64-linux-ld/Moose/Meta/TypeCoercion.pm line 65
Moose::Meta::TypeCoercion::__ANON__(HASH(0x3716610)) called at constructor HTTP::Engine::new (defined at /tmp/loop_over_bdir-28345-FyoH5Z/HTTP-Engine-0.03005-0/blib/lib/HTTP/Engine.pm line 17) line 32
HTTP::Engine::new("HTTP::Engine", "interface", HASH(0x3716610)) called at t/moose/020_interface/server_simple-net_server_configure.t line 52
main::__ANON__(50317) called at /tmp/loop_over_bdir-28345-FyoH5Z/HTTP-Engine-0.03005-0/inc/Test/TCP.pm line 118
Test::TCP::start(Test::TCP=HASH(0x31b7400)) called at /tmp/loop_over_bdir-28345-FyoH5Z/HTTP-Engine-0.03005-0/inc/Test/TCP.pm line 102
Test::TCP::new("Test::TCP", "code", CODE(0x1965778), "port", 50317) called at /tmp/loop_over_bdir-28345-FyoH5Z/HTTP-Engine-0.03005-0/inc/Test/TCP.pm line 54
Test::TCP::test_tcp("client", CODE(0x1973f18), "server", CODE(0x1965778)) called at t/moose/020_interface/server_simple-net_server_configure.t line 54
t/moose/020_interface/server_simple-net_server_configure.t .. ok
Possible precedence issue with control flow operator at /tmp/loop_over_bdir-28345-FyoH5Z/HTTP-Engine-0.03005-0/inc/Test/Builder.pm line 917.
Class::MOP::load_class is deprecated at /home/sand/src/perl/repoperls/installed-perls/host/k93x64sid/v5.23.9-90-g000aab2/3bd2/lib/site_perl/5.24.0/x86_64-linux-ld/Class/MOP.pm line 69, <DATA> line 11.
Class::MOP::load_class("HTTP::Engine::Interface::ServerSimple") called at /tmp/loop_over_bdir-28345-FyoH5Z/HTTP-Engine-0.03005-0/blib/lib/HTTP/Engine/Types/Core.pm line 26
HTTP::Engine::Types::Core::__ANON__(HASH(0x3eb6158)) called at /home/sand/src/perl/repoperls/installed-perls/host/k93x64sid/v5.23.9-90-g000aab2/3bd2/lib/site_perl/5.24.0/x86_64-linux-ld/Moose/Meta/TypeCoercion.pm line 65
Moose::Meta::TypeCoercion::__ANON__(HASH(0x3eb6158)) called at constructor HTTP::Engine::new (defined at /tmp/loop_over_bdir-28345-FyoH5Z/HTTP-Engine-0.03005-0/blib/lib/HTTP/Engine.pm line 17) line 32
HTTP::Engine::new("HTTP::Engine", "interface", HASH(0x3eb6158)) called at t/moose/020_interface/server_simple-not-send-header-bug.t line 39
main::__ANON__(50238) called at /tmp/loop_over_bdir-28345-FyoH5Z/HTTP-Engine-0.03005-0/inc/Test/TCP.pm line 118
Test::TCP::start(Test::TCP=HASH(0x3e9a840)) called at /tmp/loop_over_bdir-28345-FyoH5Z/HTTP-Engine-0.03005-0/inc/Test/TCP.pm line 102
Test::TCP::new("Test::TCP", "code", CODE(0x37c88e0), "port", 50238) called at /tmp/loop_over_bdir-28345-FyoH5Z/HTTP-Engine-0.03005-0/inc/Test/TCP.pm line 54
Test::TCP::test_tcp("client", CODE(0x27fcc08), "server", CODE(0x37c88e0)) called at t/moose/020_interface/server_simple-not-send-header-bug.t line 41
Class::MOP::load_class is deprecated at /home/sand/src/perl/repoperls/installed-perls/host/k93x64sid/v5.23.9-90-g000aab2/3bd2/lib/site_perl/5.24.0/x86_64-linux-ld/Class/MOP.pm line 69, <DATA> line 16.
Class::MOP::load_class("HTTP::Engine::RequestBuilder::NoEnv") called at /tmp/loop_over_bdir-28345-FyoH5Z/HTTP-Engine-0.03005-0/blib/lib/HTTP/Engine/Interface.pm line 65
HTTP::Engine::Interface::_setup_builder("HTTP::Engine::Interface::ServerSimple", "NoEnv") called at /tmp/loop_over_bdir-28345-FyoH5Z/HTTP-Engine-0.03005-0/blib/lib/HTTP/Engine/Interface.pm line 51
HTTP::Engine::Interface::__INTERFACE__("HTTP::Engine::Interface::ServerSimple") called at /tmp/loop_over_bdir-28345-FyoH5Z/HTTP-Engine-0.03005-0/blib/lib/HTTP/Engine/Interface.pm line 31
HTTP::Engine::Interface::__ANON__() called at /tmp/loop_over_bdir-28345-FyoH5Z/HTTP-Engine-0.03005-0/blib/lib/HTTP/Engine/Interface/ServerSimple.pm line 111
require HTTP/Engine/Interface/ServerSimple.pm called at /home/sand/src/perl/repoperls/installed-perls/host/k93x64sid/v5.23.9-90-g000aab2/3bd2/lib/site_perl/5.24.0/Module/Runtime.pm line 317
Module::Runtime::require_module("HTTP::Engine::Interface::ServerSimple") called at /home/sand/src/perl/repoperls/installed-perls/host/k93x64sid/v5.23.9-90-g000aab2/3bd2/lib/site_perl/5.24.0/Class/Load.pm line 174
Class::Load::try {...} () called at /home/sand/src/perl/repoperls/installed-perls/host/k93x64sid/v5.23.9-90-g000aab2/3bd2/lib/site_perl/5.24.0/Try/Tiny.pm line 88
eval {...} called at /home/sand/src/perl/repoperls/installed-perls/host/k93x64sid/v5.23.9-90-g000aab2/3bd2/lib/site_perl/5.24.0/Try/Tiny.pm line 83
Try::Tiny::try(CODE(0x3eb6ba8), Try::Tiny::Catch=REF(0x29bc8c0)) called at /home/sand/src/perl/repoperls/installed-perls/host/k93x64sid/v5.23.9-90-g000aab2/3bd2/lib/site_perl/5.24.0/Class/Load.pm line 180
Class::Load::try_load_class("HTTP::Engine::Interface::ServerSimple", undef) called at /home/sand/src/perl/repoperls/installed-perls/host/k93x64sid/v5.23.9-90-g000aab2/3bd2/lib/site_perl/5.24.0/Class/Load.pm line 35
Class::Load::load_class("HTTP::Engine::Interface::ServerSimple") called at /tmp/loop_over_bdir-28345-FyoH5Z/HTTP-Engine-0.03005-0/blib/lib/HTTP/Engine/Types/Core.pm line 26
HTTP::Engine::Types::Core::__ANON__(HASH(0x3eb6158)) called at /home/sand/src/perl/repoperls/installed-perls/host/k93x64sid/v5.23.9-90-g000aab2/3bd2/lib/site_perl/5.24.0/x86_64-linux-ld/Moose/Meta/TypeCoercion.pm line 65
Moose::Meta::TypeCoercion::__ANON__(HASH(0x3eb6158)) called at constructor HTTP::Engine::new (defined at /tmp/loop_over_bdir-28345-FyoH5Z/HTTP-Engine-0.03005-0/blib/lib/HTTP/Engine.pm line 17) line 32
HTTP::Engine::new("HTTP::Engine", "interface", HASH(0x3eb6158)) called at t/moose/020_interface/server_simple-not-send-header-bug.t line 39
main::__ANON__(50238) called at /tmp/loop_over_bdir-28345-FyoH5Z/HTTP-Engine-0.03005-0/inc/Test/TCP.pm line 118
Test::TCP::start(Test::TCP=HASH(0x3e9a840)) called at /tmp/loop_over_bdir-28345-FyoH5Z/HTTP-Engine-0.03005-0/inc/Test/TCP.pm line 102
Test::TCP::new("Test::TCP", "code", CODE(0x37c88e0), "port", 50238) called at /tmp/loop_over_bdir-28345-FyoH5Z/HTTP-Engine-0.03005-0/inc/Test/TCP.pm line 54
Test::TCP::test_tcp("client", CODE(0x27fcc08), "server", CODE(0x37c88e0)) called at t/moose/020_interface/server_simple-not-send-header-bug.t line 41
t/moose/020_interface/server_simple-not-send-header-bug.t ... ok
Possible precedence issue with control flow operator at /tmp/loop_over_bdir-28345-FyoH5Z/HTTP-Engine-0.03005-0/inc/Test/Builder.pm line 917.
Class::MOP::load_class is deprecated at /home/sand/src/perl/repoperls/installed-perls/host/k93x64sid/v5.23.9-90-g000aab2/3bd2/lib/site_perl/5.24.0/x86_64-linux-ld/Class/MOP.pm line 69, <DATA> line 11.
Class::MOP::load_class("HTTP::Engine::Interface::ServerSimple") called at /tmp/loop_over_bdir-28345-FyoH5Z/HTTP-Engine-0.03005-0/blib/lib/HTTP/Engine/Types/Core.pm line 26
HTTP::Engine::Types::Core::__ANON__(HASH(0x29b05d8)) called at /home/sand/src/perl/repoperls/installed-perls/host/k93x64sid/v5.23.9-90-g000aab2/3bd2/lib/site_perl/5.24.0/x86_64-linux-ld/Moose/Meta/TypeCoercion.pm line 65
Moose::Meta::TypeCoercion::__ANON__(HASH(0x29b05d8)) called at constructor HTTP::Engine::new (defined at /tmp/loop_over_bdir-28345-FyoH5Z/HTTP-Engine-0.03005-0/blib/lib/HTTP/Engine.pm line 17) line 32
HTTP::Engine::new("HTTP::Engine", "interface", HASH(0x29b05d8)) called at t/moose/020_interface/server_simple-print_banner.t line 32
main::__ANON__(50106) called at /tmp/loop_over_bdir-28345-FyoH5Z/HTTP-Engine-0.03005-0/inc/Test/TCP.pm line 118
Test::TCP::start(Test::TCP=HASH(0x29b04d0)) called at /tmp/loop_over_bdir-28345-FyoH5Z/HTTP-Engine-0.03005-0/inc/Test/TCP.pm line 102
Test::TCP::new("Test::TCP", "code", CODE(0xdef120), "port", 50106) called at /tmp/loop_over_bdir-28345-FyoH5Z/HTTP-Engine-0.03005-0/inc/Test/TCP.pm line 54
Test::TCP::test_tcp("client", CODE(0x2927b48), "server", CODE(0xdef120)) called at t/moose/020_interface/server_simple-print_banner.t line 34
t/moose/020_interface/server_simple-print_banner.t .......... ok
Possible precedence issue with control flow operator at /tmp/loop_over_bdir-28345-FyoH5Z/HTTP-Engine-0.03005-0/inc/Test/Builder.pm line 917.
Class::MOP::load_class is deprecated at /home/sand/src/perl/repoperls/installed-perls/host/k93x64sid/v5.23.9-90-g000aab2/3bd2/lib/site_perl/5.24.0/x86_64-linux-ld/Class/MOP.pm line 69, <DATA> line 11.
Class::MOP::load_class("HTTP::Engine::Interface::ServerSimple") called at /tmp/loop_over_bdir-28345-FyoH5Z/HTTP-Engine-0.03005-0/blib/lib/HTTP/Engine/Types/Core.pm line 26
HTTP::Engine::Types::Core::__ANON__(HASH(0x259cd58)) called at /home/sand/src/perl/repoperls/installed-perls/host/k93x64sid/v5.23.9-90-g000aab2/3bd2/lib/site_perl/5.24.0/x86_64-linux-ld/Moose/Meta/TypeCoercion.pm line 65
Moose::Meta::TypeCoercion::__ANON__(HASH(0x259cd58)) called at constructor HTTP::Engine::new (defined at /tmp/loop_over_bdir-28345-FyoH5Z/HTTP-Engine-0.03005-0/blib/lib/HTTP/Engine.pm line 17) line 32
HTTP::Engine::new("HTTP::Engine", "interface", HASH(0x259cd58)) called at t/moose/020_interface/server_simple.t line 36
main::__ANON__(50589) called at /tmp/loop_over_bdir-28345-FyoH5Z/HTTP-Engine-0.03005-0/inc/Test/TCP.pm line 118
Test::TCP::start(Test::TCP=HASH(0x8ec678)) called at /tmp/loop_over_bdir-28345-FyoH5Z/HTTP-Engine-0.03005-0/inc/Test/TCP.pm line 102
Test::TCP::new("Test::TCP", "code", CODE(0x2581120), "port", 50589) called at /tmp/loop_over_bdir-28345-FyoH5Z/HTTP-Engine-0.03005-0/inc/Test/TCP.pm line 54
Test::TCP::test_tcp("client", CODE(0x24f5370), "server", CODE(0x2581120)) called at t/moose/020_interface/server_simple.t line 38
t/moose/020_interface/server_simple.t ....................... ok
Possible precedence issue with control flow operator at /tmp/loop_over_bdir-28345-FyoH5Z/HTTP-Engine-0.03005-0/inc/Test/Builder.pm line 917.
t/moose/020_interface/standalone-keep_alive.t ............... skipped: Interface::Standalone will be removed
Possible precedence issue with control flow operator at /tmp/loop_over_bdir-28345-FyoH5Z/HTTP-Engine-0.03005-0/inc/Test/Builder.pm line 917.
t/moose/020_interface/standalone-restart.t .................. skipped: Interface::Standalone will be removed
Possible precedence issue with control flow operator at /tmp/loop_over_bdir-28345-FyoH5Z/HTTP-Engine-0.03005-0/inc/Test/Builder.pm line 917.
Class::MOP::load_class is deprecated at /home/sand/src/perl/repoperls/installed-perls/host/k93x64sid/v5.23.9-90-g000aab2/3bd2/lib/site_perl/5.24.0/x86_64-linux-ld/Class/MOP.pm line 69.
Class::MOP::load_class("HTTP::Engine::Interface::Test") called at /tmp/loop_over_bdir-28345-FyoH5Z/HTTP-Engine-0.03005-0/blib/lib/HTTP/Engine/Types/Core.pm line 26
HTTP::Engine::Types::Core::__ANON__(HASH(0x23b5d08)) called at /home/sand/src/perl/repoperls/installed-perls/host/k93x64sid/v5.23.9-90-g000aab2/3bd2/lib/site_perl/5.24.0/x86_64-linux-ld/Moose/Meta/TypeCoercion.pm line 65
Moose::Meta::TypeCoercion::__ANON__(HASH(0x23b5d08)) called at constructor HTTP::Engine::new (defined at /tmp/loop_over_bdir-28345-FyoH5Z/HTTP-Engine-0.03005-0/blib/lib/HTTP/Engine.pm line 17) line 32
HTTP::Engine::new("HTTP::Engine", "interface", HASH(0x23b5d08)) called at t/moose/020_interface/streaming_response.t line 30
eval {...} called at t/moose/020_interface/streaming_response.t line 19
t/moose/020_interface/streaming_response.t .................. ok
Possible precedence issue with control flow operator at /tmp/loop_over_bdir-28345-FyoH5Z/HTTP-Engine-0.03005-0/inc/Test/Builder.pm line 917.
# Failed test at t/moose/020_interface/test-validation.t line 23.
# got: '1'
# expected: '0'
# Looks like you failed 1 test of 10.
t/moose/020_interface/test-validation.t .....................
Dubious, test returned 1 (wstat 256, 0x100)
Failed 1/10 subtests
Possible precedence issue with control flow operator at /tmp/loop_over_bdir-28345-FyoH5Z/HTTP-Engine-0.03005-0/inc/Test/Builder.pm line 917.
t/moose/020_interface/test-warn_at_utf8.t ................... ok
Possible precedence issue with control flow operator at /tmp/loop_over_bdir-28345-FyoH5Z/HTTP-Engine-0.03005-0/inc/Test/Builder.pm line 917.
Redundant argument in sprintf at /tmp/loop_over_bdir-28345-FyoH5Z/HTTP-Engine-0.03005-0/inc/Spiffy.pm line 225.
Redundant argument in sprintf at /tmp/loop_over_bdir-28345-FyoH5Z/HTTP-Engine-0.03005-0/inc/Spiffy.pm line 225.
Redundant argument in sprintf at /tmp/loop_over_bdir-28345-FyoH5Z/HTTP-Engine-0.03005-0/inc/Spiffy.pm line 225.
Redundant argument in sprintf at /tmp/loop_over_bdir-28345-FyoH5Z/HTTP-Engine-0.03005-0/inc/Spiffy.pm line 225.
Class::MOP::load_class is deprecated at /home/sand/src/perl/repoperls/installed-perls/host/k93x64sid/v5.23.9-90-g000aab2/3bd2/lib/site_perl/5.24.0/x86_64-linux-ld/Class/MOP.pm line 69, <DATA> line 1.
Class::MOP::load_class("HTTP::Engine::Interface::Test") called at /tmp/loop_over_bdir-28345-FyoH5Z/HTTP-Engine-0.03005-0/blib/lib/HTTP/Engine/Types/Core.pm line 26
HTTP::Engine::Types::Core::__ANON__(HASH(0x223dd90)) called at /home/sand/src/perl/repoperls/installed-perls/host/k93x64sid/v5.23.9-90-g000aab2/3bd2/lib/site_perl/5.24.0/x86_64-linux-ld/Moose/Meta/TypeCoercion.pm line 65
Moose::Meta::TypeCoercion::__ANON__(HASH(0x223dd90)) called at constructor HTTP::Engine::new (defined at /tmp/loop_over_bdir-28345-FyoH5Z/HTTP-Engine-0.03005-0/blib/lib/HTTP/Engine.pm line 17) line 32
HTTP::Engine::new("HTTP::Engine", "interface", HASH(0x223dd90)) called at t/moose/020_interface/test.t line 38
main::__ANON__(Test::Base::Block=HASH(0x2131360)) called at /tmp/loop_over_bdir-28345-FyoH5Z/HTTP-Engine-0.03005-0/inc/Test/Base.pm line 269
Test::Base::run(undef) called at t/moose/020_interface/test.t line 43
t/moose/020_interface/test.t ................................ ok
Possible precedence issue with control flow operator at /tmp/loop_over_bdir-28345-FyoH5Z/HTTP-Engine-0.03005-0/inc/Test/Builder.pm line 917.
Class::MOP::load_class is deprecated at /home/sand/src/perl/repoperls/installed-perls/host/k93x64sid/v5.23.9-90-g000aab2/3bd2/lib/site_perl/5.24.0/x86_64-linux-ld/Class/MOP.pm line 69.
Class::MOP::load_class("HTTP::Engine::Interface::Test") called at /tmp/loop_over_bdir-28345-FyoH5Z/HTTP-Engine-0.03005-0/blib/lib/HTTP/Engine/Types/Core.pm line 26
HTTP::Engine::Types::Core::__ANON__(HASH(0x27b8590)) called at /home/sand/src/perl/repoperls/installed-perls/host/k93x64sid/v5.23.9-90-g000aab2/3bd2/lib/site_perl/5.24.0/x86_64-linux-ld/Moose/Meta/TypeCoercion.pm line 65
Moose::Meta::TypeCoercion::__ANON__(HASH(0x27b8590)) called at constructor HTTP::Engine::new (defined at /tmp/loop_over_bdir-28345-FyoH5Z/HTTP-Engine-0.03005-0/blib/lib/HTTP/Engine.pm line 17) line 32
HTTP::Engine::new("HTTP::Engine", "interface", HASH(0x27b8590)) called at t/moose/020_interface/test_response-with_io.t line 26
t/moose/020_interface/test_response-with_io.t ............... ok
Possible precedence issue with control flow operator at /tmp/loop_over_bdir-28345-FyoH5Z/HTTP-Engine-0.03005-0/inc/Test/Builder.pm line 917.
Redundant argument in sprintf at /tmp/loop_over_bdir-28345-FyoH5Z/HTTP-Engine-0.03005-0/inc/Spiffy.pm line 225.
Redundant argument in sprintf at /tmp/loop_over_bdir-28345-FyoH5Z/HTTP-Engine-0.03005-0/inc/Spiffy.pm line 225.
Redundant argument in sprintf at /tmp/loop_over_bdir-28345-FyoH5Z/HTTP-Engine-0.03005-0/inc/Spiffy.pm line 225.
Redundant argument in sprintf at /tmp/loop_over_bdir-28345-FyoH5Z/HTTP-Engine-0.03005-0/inc/Spiffy.pm line 225.
Class::MOP::load_class is deprecated at /home/sand/src/perl/repoperls/installed-perls/host/k93x64sid/v5.23.9-90-g000aab2/3bd2/lib/site_perl/5.24.0/x86_64-linux-ld/Class/MOP.pm line 69, <DATA> line 1.
Class::MOP::load_class("HTTP::Engine::Interface::Test") called at /tmp/loop_over_bdir-28345-FyoH5Z/HTTP-Engine-0.03005-0/blib/lib/HTTP/Engine/Types/Core.pm line 26
HTTP::Engine::Types::Core::__ANON__(HASH(0x2bc85e0)) called at /home/sand/src/perl/repoperls/installed-perls/host/k93x64sid/v5.23.9-90-g000aab2/3bd2/lib/site_perl/5.24.0/x86_64-linux-ld/Moose/Meta/TypeCoercion.pm line 65
Moose::Meta::TypeCoercion::__ANON__(HASH(0x2bc85e0)) called at constructor HTTP::Engine::new (defined at /tmp/loop_over_bdir-28345-FyoH5Z/HTTP-Engine-0.03005-0/blib/lib/HTTP/Engine.pm line 17) line 32
HTTP::Engine::new("HTTP::Engine", "interface", HASH(0x2bc85e0)) called at t/moose/020_interface/test_upload.t line 55
main::__ANON__(Test::Base::Block=HASH(0x8a07c0)) called at /tmp/loop_over_bdir-28345-FyoH5Z/HTTP-Engine-0.03005-0/inc/Test/Base.pm line 269
Test::Base::run(undef) called at t/moose/020_interface/test_upload.t line 91
t/moose/020_interface/test_upload.t ......................... ok
Possible precedence issue with control flow operator at /tmp/loop_over_bdir-28345-FyoH5Z/HTTP-Engine-0.03005-0/inc/Test/Builder.pm line 917.
Class::MOP::load_class is deprecated at /home/sand/src/perl/repoperls/installed-perls/host/k93x64sid/v5.23.9-90-g000aab2/3bd2/lib/site_perl/5.24.0/x86_64-linux-ld/Class/MOP.pm line 69.
Class::MOP::load_class("HTTP::Engine::Interface::Standalone") called at /tmp/loop_over_bdir-28345-FyoH5Z/HTTP-Engine-0.03005-0/blib/lib/HTTP/Engine/Types/Core.pm line 26
HTTP::Engine::Types::Core::__ANON__(HASH(0x3926410)) called at /home/sand/src/perl/repoperls/installed-perls/host/k93x64sid/v5.23.9-90-g000aab2/3bd2/lib/site_perl/5.24.0/x86_64-linux-ld/Moose/Meta/TypeCoercion.pm line 65
Moose::Meta::TypeCoercion::__ANON__(HASH(0x3926410)) called at constructor HTTP::Engine::new (defined at /tmp/loop_over_bdir-28345-FyoH5Z/HTTP-Engine-0.03005-0/blib/lib/HTTP/Engine.pm line 17) line 32
HTTP::Engine::new("HTTP::Engine", "interface", HASH(0x3926410)) called at t/Utils.pm line 129
t::Utils::__ANON__(50823) called at /tmp/loop_over_bdir-28345-FyoH5Z/HTTP-Engine-0.03005-0/inc/Test/TCP.pm line 118
Test::TCP::start(Test::TCP=HASH(0x3d028f8)) called at /tmp/loop_over_bdir-28345-FyoH5Z/HTTP-Engine-0.03005-0/inc/Test/TCP.pm line 102
Test::TCP::new("Test::TCP", "code", CODE(0x37d8ee8), "port", 50823) called at /tmp/loop_over_bdir-28345-FyoH5Z/HTTP-Engine-0.03005-0/inc/Test/TCP.pm line 54
Test::TCP::test_tcp("client", CODE(0x37d8db0), "server", CODE(0x37d8ee8), "port", 50823) called at t/Utils.pm line 132
t::Utils::daemonize_all(CODE(0x37c0ba0), " sub {\x{a} my \$port = shift;\x{a} return (\x{a} "...) called at t/moose/030_daemonize/connection_info.t line 47
Class::MOP::load_class is deprecated at /home/sand/src/perl/repoperls/installed-perls/host/k93x64sid/v5.23.9-90-g000aab2/3bd2/lib/site_perl/5.24.0/x86_64-linux-ld/Class/MOP.pm line 69.
Class::MOP::load_class("HTTP::Engine::Interface::ServerSimple") called at /tmp/loop_over_bdir-28345-FyoH5Z/HTTP-Engine-0.03005-0/blib/lib/HTTP/Engine/Types/Core.pm line 26
HTTP::Engine::Types::Core::__ANON__(HASH(0x3926410)) called at /home/sand/src/perl/repoperls/installed-perls/host/k93x64sid/v5.23.9-90-g000aab2/3bd2/lib/site_perl/5.24.0/x86_64-linux-ld/Moose/Meta/TypeCoercion.pm line 65
Moose::Meta::TypeCoercion::__ANON__(HASH(0x3926410)) called at constructor HTTP::Engine::new (defined at /tmp/loop_over_bdir-28345-FyoH5Z/HTTP-Engine-0.03005-0/blib/lib/HTTP/Engine.pm line 17) line 32
HTTP::Engine::new("HTTP::Engine", "interface", HASH(0x3926410)) called at t/Utils.pm line 129
t::Utils::__ANON__(50823) called at /tmp/loop_over_bdir-28345-FyoH5Z/HTTP-Engine-0.03005-0/inc/Test/TCP.pm line 118
Test::TCP::start(Test::TCP=HASH(0x1e08908)) called at /tmp/loop_over_bdir-28345-FyoH5Z/HTTP-Engine-0.03005-0/inc/Test/TCP.pm line 102
Test::TCP::new("Test::TCP", "code", CODE(0x37d8ee8), "port", 50823) called at /tmp/loop_over_bdir-28345-FyoH5Z/HTTP-Engine-0.03005-0/inc/Test/TCP.pm line 54
Test::TCP::test_tcp("client", CODE(0x37d8db0), "server", CODE(0x37d8ee8), "port", 50823) called at t/Utils.pm line 132
t::Utils::daemonize_all(CODE(0x37c0ba0), " sub {\x{a} my \$port = shift;\x{a} return (\x{a} "...) called at t/moose/030_daemonize/connection_info.t line 47
Class::MOP::load_class is deprecated at /home/sand/src/perl/repoperls/installed-perls/host/k93x64sid/v5.23.9-90-g000aab2/3bd2/lib/site_perl/5.24.0/x86_64-linux-ld/Class/MOP.pm line 69.
Class::MOP::load_class("HTTP::Engine::Interface::POE") called at /tmp/loop_over_bdir-28345-FyoH5Z/HTTP-Engine-0.03005-0/blib/lib/HTTP/Engine/Types/Core.pm line 26
HTTP::Engine::Types::Core::__ANON__(HASH(0x3926410)) called at /home/sand/src/perl/repoperls/installed-perls/host/k93x64sid/v5.23.9-90-g000aab2/3bd2/lib/site_perl/5.24.0/x86_64-linux-ld/Moose/Meta/TypeCoercion.pm line 65
Moose::Meta::TypeCoercion::__ANON__(HASH(0x3926410)) called at constructor HTTP::Engine::new (defined at /tmp/loop_over_bdir-28345-FyoH5Z/HTTP-Engine-0.03005-0/blib/lib/HTTP/Engine.pm line 17) line 32
HTTP::Engine::new("HTTP::Engine", "interface", HASH(0x3926410)) called at t/Utils.pm line 129
t::Utils::__ANON__(50823) called at /tmp/loop_over_bdir-28345-FyoH5Z/HTTP-Engine-0.03005-0/inc/Test/TCP.pm line 118
Test::TCP::start(Test::TCP=HASH(0x4157d98)) called at /tmp/loop_over_bdir-28345-FyoH5Z/HTTP-Engine-0.03005-0/inc/Test/TCP.pm line 102
Test::TCP::new("Test::TCP", "code", CODE(0x37d8ee8), "port", 50823) called at /tmp/loop_over_bdir-28345-FyoH5Z/HTTP-Engine-0.03005-0/inc/Test/TCP.pm line 54
Test::TCP::test_tcp("client", CODE(0x37d8db0), "server", CODE(0x37d8ee8), "port", 50823) called at t/Utils.pm line 132
t::Utils::daemonize_all(CODE(0x37c0ba0), " sub {\x{a} my \$port = shift;\x{a} return (\x{a} "...) called at t/moose/030_daemonize/connection_info.t line 47
t/moose/030_daemonize/connection_info.t ..................... ok
Possible precedence issue with control flow operator at /tmp/loop_over_bdir-28345-FyoH5Z/HTTP-Engine-0.03005-0/inc/Test/Builder.pm line 917.
Class::MOP::load_class is deprecated at /home/sand/src/perl/repoperls/installed-perls/host/k93x64sid/v5.23.9-90-g000aab2/3bd2/lib/site_perl/5.24.0/x86_64-linux-ld/Class/MOP.pm line 69.
Class::MOP::load_class("HTTP::Engine::Interface::Standalone") called at /tmp/loop_over_bdir-28345-FyoH5Z/HTTP-Engine-0.03005-0/blib/lib/HTTP/Engine/Types/Core.pm line 26
HTTP::Engine::Types::Core::__ANON__(HASH(0x2652fd8)) called at /home/sand/src/perl/repoperls/installed-perls/host/k93x64sid/v5.23.9-90-g000aab2/3bd2/lib/site_perl/5.24.0/x86_64-linux-ld/Moose/Meta/TypeCoercion.pm line 65
Moose::Meta::TypeCoercion::__ANON__(HASH(0x2652fd8)) called at constructor HTTP::Engine::new (defined at /tmp/loop_over_bdir-28345-FyoH5Z/HTTP-Engine-0.03005-0/blib/lib/HTTP/Engine.pm line 17) line 32
HTTP::Engine::new("HTTP::Engine", "interface", HASH(0x2652fd8)) called at t/Utils.pm line 129
t::Utils::__ANON__(50594) called at /tmp/loop_over_bdir-28345-FyoH5Z/HTTP-Engine-0.03005-0/inc/Test/TCP.pm line 118
Test::TCP::start(Test::TCP=HASH(0x2e8a128)) called at /tmp/loop_over_bdir-28345-FyoH5Z/HTTP-Engine-0.03005-0/inc/Test/TCP.pm line 102
Test::TCP::new("Test::TCP", "code", CODE(0x2dffc70), "port", 50594) called at /tmp/loop_over_bdir-28345-FyoH5Z/HTTP-Engine-0.03005-0/inc/Test/TCP.pm line 54
Test::TCP::test_tcp("client", CODE(0x2dffb38), "server", CODE(0x2dffc70), "port", 50594) called at t/Utils.pm line 132
t::Utils::daemonize_all(CODE(0x294c8b0), " sub {\x{a} my \$port = shift;\x{a} return (\x{a} "...) called at t/moose/030_daemonize/headers.t line 40
Class::MOP::load_class is deprecated at /home/sand/src/perl/repoperls/installed-perls/host/k93x64sid/v5.23.9-90-g000aab2/3bd2/lib/site_perl/5.24.0/x86_64-linux-ld/Class/MOP.pm line 69.
Class::MOP::load_class("HTTP::Engine::Interface::ServerSimple") called at /tmp/loop_over_bdir-28345-FyoH5Z/HTTP-Engine-0.03005-0/blib/lib/HTTP/Engine/Types/Core.pm line 26
HTTP::Engine::Types::Core::__ANON__(HASH(0x2652fd8)) called at /home/sand/src/perl/repoperls/installed-perls/host/k93x64sid/v5.23.9-90-g000aab2/3bd2/lib/site_perl/5.24.0/x86_64-linux-ld/Moose/Meta/TypeCoercion.pm line 65
Moose::Meta::TypeCoercion::__ANON__(HASH(0x2652fd8)) called at constructor HTTP::Engine::new (defined at /tmp/loop_over_bdir-28345-FyoH5Z/HTTP-Engine-0.03005-0/blib/lib/HTTP/Engine.pm line 17) line 32
HTTP::Engine::new("HTTP::Engine", "interface", HASH(0x2652fd8)) called at t/Utils.pm line 129
t::Utils::__ANON__(50594) called at /tmp/loop_over_bdir-28345-FyoH5Z/HTTP-Engine-0.03005-0/inc/Test/TCP.pm line 118
Test::TCP::start(Test::TCP=HASH(0x2e8d748)) called at /tmp/loop_over_bdir-28345-FyoH5Z/HTTP-Engine-0.03005-0/inc/Test/TCP.pm line 102
Test::TCP::new("Test::TCP", "code", CODE(0x2dffc70), "port", 50594) called at /tmp/loop_over_bdir-28345-FyoH5Z/HTTP-Engine-0.03005-0/inc/Test/TCP.pm line 54
Test::TCP::test_tcp("client", CODE(0x2dffb38), "server", CODE(0x2dffc70), "port", 50594) called at t/Utils.pm line 132
t::Utils::daemonize_all(CODE(0x294c8b0), " sub {\x{a} my \$port = shift;\x{a} return (\x{a} "...) called at t/moose/030_daemonize/headers.t line 40
Class::MOP::load_class is deprecated at /home/sand/src/perl/repoperls/installed-perls/host/k93x64sid/v5.23.9-90-g000aab2/3bd2/lib/site_perl/5.24.0/x86_64-linux-ld/Class/MOP.pm line 69.
Class::MOP::load_class("HTTP::Engine::Interface::POE") called at /tmp/loop_over_bdir-28345-FyoH5Z/HTTP-Engine-0.03005-0/blib/lib/HTTP/Engine/Types/Core.pm line 26
HTTP::Engine::Types::Core::__ANON__(HASH(0x2652fd8)) called at /home/sand/src/perl/repoperls/installed-perls/host/k93x64sid/v5.23.9-90-g000aab2/3bd2/lib/site_perl/5.24.0/x86_64-linux-ld/Moose/Meta/TypeCoercion.pm line 65
Moose::Meta::TypeCoercion::__ANON__(HASH(0x2652fd8)) called at constructor HTTP::Engine::new (defined at /tmp/loop_over_bdir-28345-FyoH5Z/HTTP-Engine-0.03005-0/blib/lib/HTTP/Engine.pm line 17) line 32
HTTP::Engine::new("HTTP::Engine", "interface", HASH(0x2652fd8)) called at t/Utils.pm line 129
t::Utils::__ANON__(50594) called at /tmp/loop_over_bdir-28345-FyoH5Z/HTTP-Engine-0.03005-0/inc/Test/TCP.pm line 118
Test::TCP::start(Test::TCP=HASH(0xf94608)) called at /tmp/loop_over_bdir-28345-FyoH5Z/HTTP-Engine-0.03005-0/inc/Test/TCP.pm line 102
Test::TCP::new("Test::TCP", "code", CODE(0x2dffc70), "port", 50594) called at /tmp/loop_over_bdir-28345-FyoH5Z/HTTP-Engine-0.03005-0/inc/Test/TCP.pm line 54
Test::TCP::test_tcp("client", CODE(0x2dffb38), "server", CODE(0x2dffc70), "port", 50594) called at t/Utils.pm line 132
t::Utils::daemonize_all(CODE(0x294c8b0), " sub {\x{a} my \$port = shift;\x{a} return (\x{a} "...) called at t/moose/030_daemonize/headers.t line 40
t/moose/030_daemonize/headers.t ............................. ok
Possible precedence issue with control flow operator at /tmp/loop_over_bdir-28345-FyoH5Z/HTTP-Engine-0.03005-0/inc/Test/Builder.pm line 917.
# Failed test at /tmp/loop_over_bdir-28345-FyoH5Z/HTTP-Engine-0.03005-0/inc/Test/More.pm line 376.
# got: '/foo|'
# expected: '/|http://example.com/foo?http=1'
# Failed test at /tmp/loop_over_bdir-28345-FyoH5Z/HTTP-Engine-0.03005-0/inc/Test/More.pm line 376.
# got: '/foo|'
# expected: '/|http://example.com:8080/foo?http=1'
Class::MOP::load_class is deprecated at /home/sand/src/perl/repoperls/installed-perls/host/k93x64sid/v5.23.9-90-g000aab2/3bd2/lib/site_perl/5.24.0/x86_64-linux-ld/Class/MOP.pm line 69.
Class::MOP::load_class("HTTP::Engine::Interface::Standalone") called at /tmp/loop_over_bdir-28345-FyoH5Z/HTTP-Engine-0.03005-0/blib/lib/HTTP/Engine/Types/Core.pm line 26
HTTP::Engine::Types::Core::__ANON__(HASH(0x3241980)) called at /home/sand/src/perl/repoperls/installed-perls/host/k93x64sid/v5.23.9-90-g000aab2/3bd2/lib/site_perl/5.24.0/x86_64-linux-ld/Moose/Meta/TypeCoercion.pm line 65
Moose::Meta::TypeCoercion::__ANON__(HASH(0x3241980)) called at constructor HTTP::Engine::new (defined at /tmp/loop_over_bdir-28345-FyoH5Z/HTTP-Engine-0.03005-0/blib/lib/HTTP/Engine.pm line 17) line 32
HTTP::Engine::new("HTTP::Engine", "interface", HASH(0x3241980)) called at t/Utils.pm line 129
t::Utils::__ANON__(50154) called at /tmp/loop_over_bdir-28345-FyoH5Z/HTTP-Engine-0.03005-0/inc/Test/TCP.pm line 118
Test::TCP::start(Test::TCP=HASH(0x3626ac0)) called at /tmp/loop_over_bdir-28345-FyoH5Z/HTTP-Engine-0.03005-0/inc/Test/TCP.pm line 102
Test::TCP::new("Test::TCP", "code", CODE(0x35a1430), "port", 50154) called at /tmp/loop_over_bdir-28345-FyoH5Z/HTTP-Engine-0.03005-0/inc/Test/TCP.pm line 54
Test::TCP::test_tcp("client", CODE(0x35a12f8), "server", CODE(0x35a1430), "port", 50154) called at t/Utils.pm line 132
t::Utils::daemonize_all(CODE(0x310c750), " sub {\x{a} my \$port = shift;\x{a} return (\x{a} "...) called at t/moose/030_daemonize/proxy_path.t line 25
Class::MOP::load_class is deprecated at /home/sand/src/perl/repoperls/installed-perls/host/k93x64sid/v5.23.9-90-g000aab2/3bd2/lib/site_perl/5.24.0/x86_64-linux-ld/Class/MOP.pm line 69.
Class::MOP::load_class("HTTP::Engine::Interface::ServerSimple") called at /tmp/loop_over_bdir-28345-FyoH5Z/HTTP-Engine-0.03005-0/blib/lib/HTTP/Engine/Types/Core.pm line 26
HTTP::Engine::Types::Core::__ANON__(HASH(0x3241980)) called at /home/sand/src/perl/repoperls/installed-perls/host/k93x64sid/v5.23.9-90-g000aab2/3bd2/lib/site_perl/5.24.0/x86_64-linux-ld/Moose/Meta/TypeCoercion.pm line 65
Moose::Meta::TypeCoercion::__ANON__(HASH(0x3241980)) called at constructor HTTP::Engine::new (defined at /tmp/loop_over_bdir-28345-FyoH5Z/HTTP-Engine-0.03005-0/blib/lib/HTTP/Engine.pm line 17) line 32
HTTP::Engine::new("HTTP::Engine", "interface", HASH(0x3241980)) called at t/Utils.pm line 129
t::Utils::__ANON__(50154) called at /tmp/loop_over_bdir-28345-FyoH5Z/HTTP-Engine-0.03005-0/inc/Test/TCP.pm line 118
Test::TCP::start(Test::TCP=HASH(0x3a5f8c8)) called at /tmp/loop_over_bdir-28345-FyoH5Z/HTTP-Engine-0.03005-0/inc/Test/TCP.pm line 102
Test::TCP::new("Test::TCP", "code", CODE(0x35a1430), "port", 50154) called at /tmp/loop_over_bdir-28345-FyoH5Z/HTTP-Engine-0.03005-0/inc/Test/TCP.pm line 54
Test::TCP::test_tcp("client", CODE(0x35a12f8), "server", CODE(0x35a1430), "port", 50154) called at t/Utils.pm line 132
t::Utils::daemonize_all(CODE(0x310c750), " sub {\x{a} my \$port = shift;\x{a} return (\x{a} "...) called at t/moose/030_daemonize/proxy_path.t line 25
# Failed test at /tmp/loop_over_bdir-28345-FyoH5Z/HTTP-Engine-0.03005-0/inc/Test/More.pm line 376.
# got: '/foo|'
# expected: '/|http://example.com/foo?http=1'
# Failed test at /tmp/loop_over_bdir-28345-FyoH5Z/HTTP-Engine-0.03005-0/inc/Test/More.pm line 376.
# got: '/foo|'
# expected: '/|http://example.com:8080/foo?http=1'
Class::MOP::load_class is deprecated at /home/sand/src/perl/repoperls/installed-perls/host/k93x64sid/v5.23.9-90-g000aab2/3bd2/lib/site_perl/5.24.0/x86_64-linux-ld/Class/MOP.pm line 69.
Class::MOP::load_class("HTTP::Engine::Interface::POE") called at /tmp/loop_over_bdir-28345-FyoH5Z/HTTP-Engine-0.03005-0/blib/lib/HTTP/Engine/Types/Core.pm line 26
HTTP::Engine::Types::Core::__ANON__(HASH(0x3241980)) called at /home/sand/src/perl/repoperls/installed-perls/host/k93x64sid/v5.23.9-90-g000aab2/3bd2/lib/site_perl/5.24.0/x86_64-linux-ld/Moose/Meta/TypeCoercion.pm line 65
Moose::Meta::TypeCoercion::__ANON__(HASH(0x3241980)) called at constructor HTTP::Engine::new (defined at /tmp/loop_over_bdir-28345-FyoH5Z/HTTP-Engine-0.03005-0/blib/lib/HTTP/Engine.pm line 17) line 32
HTTP::Engine::new("HTTP::Engine", "interface", HASH(0x3241980)) called at t/Utils.pm line 129
t::Utils::__ANON__(50154) called at /tmp/loop_over_bdir-28345-FyoH5Z/HTTP-Engine-0.03005-0/inc/Test/TCP.pm line 118
Test::TCP::start(Test::TCP=HASH(0x36a6e88)) called at /tmp/loop_over_bdir-28345-FyoH5Z/HTTP-Engine-0.03005-0/inc/Test/TCP.pm line 102
Test::TCP::new("Test::TCP", "code", CODE(0x35a1430), "port", 50154) called at /tmp/loop_over_bdir-28345-FyoH5Z/HTTP-Engine-0.03005-0/inc/Test/TCP.pm line 54
Test::TCP::test_tcp("client", CODE(0x35a12f8), "server", CODE(0x35a1430), "port", 50154) called at t/Utils.pm line 132
t::Utils::daemonize_all(CODE(0x310c750), " sub {\x{a} my \$port = shift;\x{a} return (\x{a} "...) called at t/moose/030_daemonize/proxy_path.t line 25
# Looks like you failed 4 tests of 16.
t/moose/030_daemonize/proxy_path.t ..........................
Dubious, test returned 4 (wstat 1024, 0x400)
Failed 4/16 subtests
Possible precedence issue with control flow operator at /tmp/loop_over_bdir-28345-FyoH5Z/HTTP-Engine-0.03005-0/inc/Test/Builder.pm line 917.
Class::MOP::load_class is deprecated at /home/sand/src/perl/repoperls/installed-perls/host/k93x64sid/v5.23.9-90-g000aab2/3bd2/lib/site_perl/5.24.0/x86_64-linux-ld/Class/MOP.pm line 69.
Class::MOP::load_class("HTTP::Engine::Interface::Standalone") called at /tmp/loop_over_bdir-28345-FyoH5Z/HTTP-Engine-0.03005-0/blib/lib/HTTP/Engine/Types/Core.pm line 26
HTTP::Engine::Types::Core::__ANON__(HASH(0x2a506c0)) called at /home/sand/src/perl/repoperls/installed-perls/host/k93x64sid/v5.23.9-90-g000aab2/3bd2/lib/site_perl/5.24.0/x86_64-linux-ld/Moose/Meta/TypeCoercion.pm line 65
Moose::Meta::TypeCoercion::__ANON__(HASH(0x2a506c0)) called at constructor HTTP::Engine::new (defined at /tmp/loop_over_bdir-28345-FyoH5Z/HTTP-Engine-0.03005-0/blib/lib/HTTP/Engine.pm line 17) line 32
HTTP::Engine::new("HTTP::Engine", "interface", HASH(0x2a506c0)) called at t/Utils.pm line 129
t::Utils::__ANON__(50606) called at /tmp/loop_over_bdir-28345-FyoH5Z/HTTP-Engine-0.03005-0/inc/Test/TCP.pm line 118
Test::TCP::start(Test::TCP=HASH(0x2decf40)) called at /tmp/loop_over_bdir-28345-FyoH5Z/HTTP-Engine-0.03005-0/inc/Test/TCP.pm line 102
Test::TCP::new("Test::TCP", "code", CODE(0x2d623a8), "port", 50606) called at /tmp/loop_over_bdir-28345-FyoH5Z/HTTP-Engine-0.03005-0/inc/Test/TCP.pm line 54
Test::TCP::test_tcp("client", CODE(0x2d62270), "server", CODE(0x2d623a8), "port", 50606) called at t/Utils.pm line 132
t::Utils::daemonize_all(CODE(0x28af830), " sub {\x{a} my \$port = shift;\x{a} return (\x{a} "...) called at t/moose/030_daemonize/raw_body.t line 41
Class::MOP::load_class is deprecated at /home/sand/src/perl/repoperls/installed-perls/host/k93x64sid/v5.23.9-90-g000aab2/3bd2/lib/site_perl/5.24.0/x86_64-linux-ld/Class/MOP.pm line 69.
Class::MOP::load_class("HTTP::Engine::Interface::ServerSimple") called at /tmp/loop_over_bdir-28345-FyoH5Z/HTTP-Engine-0.03005-0/blib/lib/HTTP/Engine/Types/Core.pm line 26
HTTP::Engine::Types::Core::__ANON__(HASH(0x2a506c0)) called at /home/sand/src/perl/repoperls/installed-perls/host/k93x64sid/v5.23.9-90-g000aab2/3bd2/lib/site_perl/5.24.0/x86_64-linux-ld/Moose/Meta/TypeCoercion.pm line 65
Moose::Meta::TypeCoercion::__ANON__(HASH(0x2a506c0)) called at constructor HTTP::Engine::new (defined at /tmp/loop_over_bdir-28345-FyoH5Z/HTTP-Engine-0.03005-0/blib/lib/HTTP/Engine.pm line 17) line 32
HTTP::Engine::new("HTTP::Engine", "interface", HASH(0x2a506c0)) called at t/Utils.pm line 129
t::Utils::__ANON__(50606) called at /tmp/loop_over_bdir-28345-FyoH5Z/HTTP-Engine-0.03005-0/inc/Test/TCP.pm line 118
Test::TCP::start(Test::TCP=HASH(0x2dc5a00)) called at /tmp/loop_over_bdir-28345-FyoH5Z/HTTP-Engine-0.03005-0/inc/Test/TCP.pm line 102
Test::TCP::new("Test::TCP", "code", CODE(0x2d623a8), "port", 50606) called at /tmp/loop_over_bdir-28345-FyoH5Z/HTTP-Engine-0.03005-0/inc/Test/TCP.pm line 54
Test::TCP::test_tcp("client", CODE(0x2d62270), "server", CODE(0x2d623a8), "port", 50606) called at t/Utils.pm line 132
t::Utils::daemonize_all(CODE(0x28af830), " sub {\x{a} my \$port = shift;\x{a} return (\x{a} "...) called at t/moose/030_daemonize/raw_body.t line 41
Class::MOP::load_class is deprecated at /home/sand/src/perl/repoperls/installed-perls/host/k93x64sid/v5.23.9-90-g000aab2/3bd2/lib/site_perl/5.24.0/x86_64-linux-ld/Class/MOP.pm line 69.
Class::MOP::load_class("HTTP::Engine::Interface::POE") called at /tmp/loop_over_bdir-28345-FyoH5Z/HTTP-Engine-0.03005-0/blib/lib/HTTP/Engine/Types/Core.pm line 26
HTTP::Engine::Types::Core::__ANON__(HASH(0x2a506c0)) called at /home/sand/src/perl/repoperls/installed-perls/host/k93x64sid/v5.23.9-90-g000aab2/3bd2/lib/site_perl/5.24.0/x86_64-linux-ld/Moose/Meta/TypeCoercion.pm line 65
Moose::Meta::TypeCoercion::__ANON__(HASH(0x2a506c0)) called at constructor HTTP::Engine::new (defined at /tmp/loop_over_bdir-28345-FyoH5Z/HTTP-Engine-0.03005-0/blib/lib/HTTP/Engine.pm line 17) line 32
HTTP::Engine::new("HTTP::Engine", "interface", HASH(0x2a506c0)) called at t/Utils.pm line 129
t::Utils::__ANON__(50606) called at /tmp/loop_over_bdir-28345-FyoH5Z/HTTP-Engine-0.03005-0/inc/Test/TCP.pm line 118
Test::TCP::start(Test::TCP=HASH(0x2dbb910)) called at /tmp/loop_over_bdir-28345-FyoH5Z/HTTP-Engine-0.03005-0/inc/Test/TCP.pm line 102
Test::TCP::new("Test::TCP", "code", CODE(0x2d623a8), "port", 50606) called at /tmp/loop_over_bdir-28345-FyoH5Z/HTTP-Engine-0.03005-0/inc/Test/TCP.pm line 54
Test::TCP::test_tcp("client", CODE(0x2d62270), "server", CODE(0x2d623a8), "port", 50606) called at t/Utils.pm line 132
t::Utils::daemonize_all(CODE(0x28af830), " sub {\x{a} my \$port = shift;\x{a} return (\x{a} "...) called at t/moose/030_daemonize/raw_body.t line 41
t/moose/030_daemonize/raw_body.t ............................ ok
Possible precedence issue with control flow operator at /tmp/loop_over_bdir-28345-FyoH5Z/HTTP-Engine-0.03005-0/inc/Test/Builder.pm line 917.
Class::MOP::load_class is deprecated at /home/sand/src/perl/repoperls/installed-perls/host/k93x64sid/v5.23.9-90-g000aab2/3bd2/lib/site_perl/5.24.0/x86_64-linux-ld/Class/MOP.pm line 69.
Class::MOP::load_class("HTTP::Engine::Interface::Standalone") called at /tmp/loop_over_bdir-28345-FyoH5Z/HTTP-Engine-0.03005-0/blib/lib/HTTP/Engine/Types/Core.pm line 26
HTTP::Engine::Types::Core::__ANON__(HASH(0x34a5c10)) called at /home/sand/src/perl/repoperls/installed-perls/host/k93x64sid/v5.23.9-90-g000aab2/3bd2/lib/site_perl/5.24.0/x86_64-linux-ld/Moose/Meta/TypeCoercion.pm line 65
Moose::Meta::TypeCoercion::__ANON__(HASH(0x34a5c10)) called at constructor HTTP::Engine::new (defined at /tmp/loop_over_bdir-28345-FyoH5Z/HTTP-Engine-0.03005-0/blib/lib/HTTP/Engine.pm line 17) line 32
HTTP::Engine::new("HTTP::Engine", "interface", HASH(0x34a5c10)) called at t/Utils.pm line 129
t::Utils::__ANON__(50910) called at /tmp/loop_over_bdir-28345-FyoH5Z/HTTP-Engine-0.03005-0/inc/Test/TCP.pm line 118
Test::TCP::start(Test::TCP=HASH(0x3f5b1d0)) called at /tmp/loop_over_bdir-28345-FyoH5Z/HTTP-Engine-0.03005-0/inc/Test/TCP.pm line 102
Test::TCP::new("Test::TCP", "code", CODE(0x3ecf3c8), "port", 50910) called at /tmp/loop_over_bdir-28345-FyoH5Z/HTTP-Engine-0.03005-0/inc/Test/TCP.pm line 54
Test::TCP::test_tcp("client", CODE(0x3ecf290), "server", CODE(0x3ecf3c8), "port", 50910) called at t/Utils.pm line 132
t::Utils::daemonize_all(CODE(0x3a1c110), " sub {\x{a} my \$port = shift;\x{a} return (\x{a} "...) called at t/moose/030_daemonize/request_independence.t line 51
Class::MOP::load_class is deprecated at /home/sand/src/perl/repoperls/installed-perls/host/k93x64sid/v5.23.9-90-g000aab2/3bd2/lib/site_perl/5.24.0/x86_64-linux-ld/Class/MOP.pm line 69.
Class::MOP::load_class("HTTP::Engine::Interface::ServerSimple") called at /tmp/loop_over_bdir-28345-FyoH5Z/HTTP-Engine-0.03005-0/blib/lib/HTTP/Engine/Types/Core.pm line 26
HTTP::Engine::Types::Core::__ANON__(HASH(0x34a5c10)) called at /home/sand/src/perl/repoperls/installed-perls/host/k93x64sid/v5.23.9-90-g000aab2/3bd2/lib/site_perl/5.24.0/x86_64-linux-ld/Moose/Meta/TypeCoercion.pm line 65
Moose::Meta::TypeCoercion::__ANON__(HASH(0x34a5c10)) called at constructor HTTP::Engine::new (defined at /tmp/loop_over_bdir-28345-FyoH5Z/HTTP-Engine-0.03005-0/blib/lib/HTTP/Engine.pm line 17) line 32
HTTP::Engine::new("HTTP::Engine", "interface", HASH(0x34a5c10)) called at t/Utils.pm line 129
t::Utils::__ANON__(50910) called at /tmp/loop_over_bdir-28345-FyoH5Z/HTTP-Engine-0.03005-0/inc/Test/TCP.pm line 118
Test::TCP::start(Test::TCP=HASH(0x3f39f18)) called at /tmp/loop_over_bdir-28345-FyoH5Z/HTTP-Engine-0.03005-0/inc/Test/TCP.pm line 102
Test::TCP::new("Test::TCP", "code", CODE(0x3ecf3c8), "port", 50910) called at /tmp/loop_over_bdir-28345-FyoH5Z/HTTP-Engine-0.03005-0/inc/Test/TCP.pm line 54
Test::TCP::test_tcp("client", CODE(0x3ecf290), "server", CODE(0x3ecf3c8), "port", 50910) called at t/Utils.pm line 132
t::Utils::daemonize_all(CODE(0x3a1c110), " sub {\x{a} my \$port = shift;\x{a} return (\x{a} "...) called at t/moose/030_daemonize/request_independence.t line 51
Class::MOP::load_class is deprecated at /home/sand/src/perl/repoperls/installed-perls/host/k93x64sid/v5.23.9-90-g000aab2/3bd2/lib/site_perl/5.24.0/x86_64-linux-ld/Class/MOP.pm line 69.
Class::MOP::load_class("HTTP::Engine::Interface::POE") called at /tmp/loop_over_bdir-28345-FyoH5Z/HTTP-Engine-0.03005-0/blib/lib/HTTP/Engine/Types/Core.pm line 26
HTTP::Engine::Types::Core::__ANON__(HASH(0x34a5c10)) called at /home/sand/src/perl/repoperls/installed-perls/host/k93x64sid/v5.23.9-90-g000aab2/3bd2/lib/site_perl/5.24.0/x86_64-linux-ld/Moose/Meta/TypeCoercion.pm line 65
Moose::Meta::TypeCoercion::__ANON__(HASH(0x34a5c10)) called at constructor HTTP::Engine::new (defined at /tmp/loop_over_bdir-28345-FyoH5Z/HTTP-Engine-0.03005-0/blib/lib/HTTP/Engine.pm line 17) line 32
HTTP::Engine::new("HTTP::Engine", "interface", HASH(0x34a5c10)) called at t/Utils.pm line 129
t::Utils::__ANON__(50910) called at /tmp/loop_over_bdir-28345-FyoH5Z/HTTP-Engine-0.03005-0/inc/Test/TCP.pm line 118
Test::TCP::start(Test::TCP=HASH(0x435d470)) called at /tmp/loop_over_bdir-28345-FyoH5Z/HTTP-Engine-0.03005-0/inc/Test/TCP.pm line 102
Test::TCP::new("Test::TCP", "code", CODE(0x3ecf3c8), "port", 50910) called at /tmp/loop_over_bdir-28345-FyoH5Z/HTTP-Engine-0.03005-0/inc/Test/TCP.pm line 54
Test::TCP::test_tcp("client", CODE(0x3ecf290), "server", CODE(0x3ecf3c8), "port", 50910) called at t/Utils.pm line 132
t::Utils::daemonize_all(CODE(0x3a1c110), " sub {\x{a} my \$port = shift;\x{a} return (\x{a} "...) called at t/moose/030_daemonize/request_independence.t line 51
t/moose/030_daemonize/request_independence.t ................ ok
Possible precedence issue with control flow operator at /tmp/loop_over_bdir-28345-FyoH5Z/HTTP-Engine-0.03005-0/inc/Test/Builder.pm line 917.
Class::MOP::load_class is deprecated at /home/sand/src/perl/repoperls/installed-perls/host/k93x64sid/v5.23.9-90-g000aab2/3bd2/lib/site_perl/5.24.0/x86_64-linux-ld/Class/MOP.pm line 69.
Class::MOP::load_class("HTTP::Engine::Interface::Standalone") called at /tmp/loop_over_bdir-28345-FyoH5Z/HTTP-Engine-0.03005-0/blib/lib/HTTP/Engine/Types/Core.pm line 26
HTTP::Engine::Types::Core::__ANON__(HASH(0x34edf70)) called at /home/sand/src/perl/repoperls/installed-perls/host/k93x64sid/v5.23.9-90-g000aab2/3bd2/lib/site_perl/5.24.0/x86_64-linux-ld/Moose/Meta/TypeCoercion.pm line 65
Moose::Meta::TypeCoercion::__ANON__(HASH(0x34edf70)) called at constructor HTTP::Engine::new (defined at /tmp/loop_over_bdir-28345-FyoH5Z/HTTP-Engine-0.03005-0/blib/lib/HTTP/Engine.pm line 17) line 32
HTTP::Engine::new("HTTP::Engine", "interface", HASH(0x34edf70)) called at t/Utils.pm line 129
t::Utils::__ANON__(50664) called at /tmp/loop_over_bdir-28345-FyoH5Z/HTTP-Engine-0.03005-0/inc/Test/TCP.pm line 118
Test::TCP::start(Test::TCP=HASH(0x3874630)) called at /tmp/loop_over_bdir-28345-FyoH5Z/HTTP-Engine-0.03005-0/inc/Test/TCP.pm line 102
Test::TCP::new("Test::TCP", "code", CODE(0x17f2dd8), "port", 50664) called at /tmp/loop_over_bdir-28345-FyoH5Z/HTTP-Engine-0.03005-0/inc/Test/TCP.pm line 54
Test::TCP::test_tcp("client", CODE(0x17f2ca0), "server", CODE(0x17f2dd8), "port", 50664) called at t/Utils.pm line 132
t::Utils::daemonize_all(CODE(0x37e3ce8), " sub {\x{a} require File::Temp;\x{a} my \$port = shif"...) called at t/moose/030_daemonize/responsewriter_io.t line 50
Class::MOP::load_class is deprecated at /home/sand/src/perl/repoperls/installed-perls/host/k93x64sid/v5.23.9-90-g000aab2/3bd2/lib/site_perl/5.24.0/x86_64-linux-ld/Class/MOP.pm line 69.
Class::MOP::load_class("HTTP::Engine::Interface::ServerSimple") called at /tmp/loop_over_bdir-28345-FyoH5Z/HTTP-Engine-0.03005-0/blib/lib/HTTP/Engine/Types/Core.pm line 26
HTTP::Engine::Types::Core::__ANON__(HASH(0x34edf70)) called at /home/sand/src/perl/repoperls/installed-perls/host/k93x64sid/v5.23.9-90-g000aab2/3bd2/lib/site_perl/5.24.0/x86_64-linux-ld/Moose/Meta/TypeCoercion.pm line 65
Moose::Meta::TypeCoercion::__ANON__(HASH(0x34edf70)) called at constructor HTTP::Engine::new (defined at /tmp/loop_over_bdir-28345-FyoH5Z/HTTP-Engine-0.03005-0/blib/lib/HTTP/Engine.pm line 17) line 32
HTTP::Engine::new("HTTP::Engine", "interface", HASH(0x34edf70)) called at t/Utils.pm line 129
t::Utils::__ANON__(50664) called at /tmp/loop_over_bdir-28345-FyoH5Z/HTTP-Engine-0.03005-0/inc/Test/TCP.pm line 118
Test::TCP::start(Test::TCP=HASH(0x38b1bf8)) called at /tmp/loop_over_bdir-28345-FyoH5Z/HTTP-Engine-0.03005-0/inc/Test/TCP.pm line 102
Test::TCP::new("Test::TCP", "code", CODE(0x17f2dd8), "port", 50664) called at /tmp/loop_over_bdir-28345-FyoH5Z/HTTP-Engine-0.03005-0/inc/Test/TCP.pm line 54
Test::TCP::test_tcp("client", CODE(0x17f2ca0), "server", CODE(0x17f2dd8), "port", 50664) called at t/Utils.pm line 132
t::Utils::daemonize_all(CODE(0x37e3ce8), " sub {\x{a} require File::Temp;\x{a} my \$port = shif"...) called at t/moose/030_daemonize/responsewriter_io.t line 50
Class::MOP::load_class is deprecated at /home/sand/src/perl/repoperls/installed-perls/host/k93x64sid/v5.23.9-90-g000aab2/3bd2/lib/site_perl/5.24.0/x86_64-linux-ld/Class/MOP.pm line 69.
Class::MOP::load_class("HTTP::Engine::Interface::POE") called at /tmp/loop_over_bdir-28345-FyoH5Z/HTTP-Engine-0.03005-0/blib/lib/HTTP/Engine/Types/Core.pm line 26
HTTP::Engine::Types::Core::__ANON__(HASH(0x34edf70)) called at /home/sand/src/perl/repoperls/installed-perls/host/k93x64sid/v5.23.9-90-g000aab2/3bd2/lib/site_perl/5.24.0/x86_64-linux-ld/Moose/Meta/TypeCoercion.pm line 65
Moose::Meta::TypeCoercion::__ANON__(HASH(0x34edf70)) called at constructor HTTP::Engine::new (defined at /tmp/loop_over_bdir-28345-FyoH5Z/HTTP-Engine-0.03005-0/blib/lib/HTTP/Engine.pm line 17) line 32
HTTP::Engine::new("HTTP::Engine", "interface", HASH(0x34edf70)) called at t/Utils.pm line 129
t::Utils::__ANON__(50664) called at /tmp/loop_over_bdir-28345-FyoH5Z/HTTP-Engine-0.03005-0/inc/Test/TCP.pm line 118
Test::TCP::start(Test::TCP=HASH(0x3ccb388)) called at /tmp/loop_over_bdir-28345-FyoH5Z/HTTP-Engine-0.03005-0/inc/Test/TCP.pm line 102
Test::TCP::new("Test::TCP", "code", CODE(0x17f2dd8), "port", 50664) called at /tmp/loop_over_bdir-28345-FyoH5Z/HTTP-Engine-0.03005-0/inc/Test/TCP.pm line 54
Test::TCP::test_tcp("client", CODE(0x17f2ca0), "server", CODE(0x17f2dd8), "port", 50664) called at t/Utils.pm line 132
t::Utils::daemonize_all(CODE(0x37e3ce8), " sub {\x{a} require File::Temp;\x{a} my \$port = shif"...) called at t/moose/030_daemonize/responsewriter_io.t line 50
t/moose/030_daemonize/responsewriter_io.t ................... ok
Possible precedence issue with control flow operator at /tmp/loop_over_bdir-28345-FyoH5Z/HTTP-Engine-0.03005-0/inc/Test/Builder.pm line 917.
Class::MOP::load_class is deprecated at /home/sand/src/perl/repoperls/installed-perls/host/k93x64sid/v5.23.9-90-g000aab2/3bd2/lib/site_perl/5.24.0/x86_64-linux-ld/Class/MOP.pm line 69.
Class::MOP::load_class("HTTP::Engine::Interface::Standalone") called at /tmp/loop_over_bdir-28345-FyoH5Z/HTTP-Engine-0.03005-0/blib/lib/HTTP/Engine/Types/Core.pm line 26
HTTP::Engine::Types::Core::__ANON__(HASH(0x341dde8)) called at /home/sand/src/perl/repoperls/installed-perls/host/k93x64sid/v5.23.9-90-g000aab2/3bd2/lib/site_perl/5.24.0/x86_64-linux-ld/Moose/Meta/TypeCoercion.pm line 65
Moose::Meta::TypeCoercion::__ANON__(HASH(0x341dde8)) called at constructor HTTP::Engine::new (defined at /tmp/loop_over_bdir-28345-FyoH5Z/HTTP-Engine-0.03005-0/blib/lib/HTTP/Engine.pm line 17) line 32
HTTP::Engine::new("HTTP::Engine", "interface", HASH(0x341dde8)) called at t/Utils.pm line 129
t::Utils::__ANON__(50327) called at /tmp/loop_over_bdir-28345-FyoH5Z/HTTP-Engine-0.03005-0/inc/Test/TCP.pm line 118
Test::TCP::start(Test::TCP=HASH(0x37348d8)) called at /tmp/loop_over_bdir-28345-FyoH5Z/HTTP-Engine-0.03005-0/inc/Test/TCP.pm line 102
Test::TCP::new("Test::TCP", "code", CODE(0x320e378), "port", 50327) called at /tmp/loop_over_bdir-28345-FyoH5Z/HTTP-Engine-0.03005-0/inc/Test/TCP.pm line 54
Test::TCP::test_tcp("client", CODE(0x36aa288), "server", CODE(0x320e378), "port", 50327) called at t/Utils.pm line 132
t::Utils::daemonize_all(CODE(0x1698048), " sub {\x{a} my \$port = shift;\x{a} return (\x{a} "...) called at t/moose/030_daemonize/upload-methods.t line 42
Class::MOP::load_class is deprecated at /home/sand/src/perl/repoperls/installed-perls/host/k93x64sid/v5.23.9-90-g000aab2/3bd2/lib/site_perl/5.24.0/x86_64-linux-ld/Class/MOP.pm line 69.
Class::MOP::load_class("HTTP::Engine::Interface::ServerSimple") called at /tmp/loop_over_bdir-28345-FyoH5Z/HTTP-Engine-0.03005-0/blib/lib/HTTP/Engine/Types/Core.pm line 26
HTTP::Engine::Types::Core::__ANON__(HASH(0x341dde8)) called at /home/sand/src/perl/repoperls/installed-perls/host/k93x64sid/v5.23.9-90-g000aab2/3bd2/lib/site_perl/5.24.0/x86_64-linux-ld/Moose/Meta/TypeCoercion.pm line 65
Moose::Meta::TypeCoercion::__ANON__(HASH(0x341dde8)) called at constructor HTTP::Engine::new (defined at /tmp/loop_over_bdir-28345-FyoH5Z/HTTP-Engine-0.03005-0/blib/lib/HTTP/Engine.pm line 17) line 32
HTTP::Engine::new("HTTP::Engine", "interface", HASH(0x341dde8)) called at t/Utils.pm line 129
t::Utils::__ANON__(50327) called at /tmp/loop_over_bdir-28345-FyoH5Z/HTTP-Engine-0.03005-0/inc/Test/TCP.pm line 118
Test::TCP::start(Test::TCP=HASH(0x3706530)) called at /tmp/loop_over_bdir-28345-FyoH5Z/HTTP-Engine-0.03005-0/inc/Test/TCP.pm line 102
Test::TCP::new("Test::TCP", "code", CODE(0x320e378), "port", 50327) called at /tmp/loop_over_bdir-28345-FyoH5Z/HTTP-Engine-0.03005-0/inc/Test/TCP.pm line 54
Test::TCP::test_tcp("client", CODE(0x36aa288), "server", CODE(0x320e378), "port", 50327) called at t/Utils.pm line 132
t::Utils::daemonize_all(CODE(0x1698048), " sub {\x{a} my \$port = shift;\x{a} return (\x{a} "...) called at t/moose/030_daemonize/upload-methods.t line 42
Class::MOP::load_class is deprecated at /home/sand/src/perl/repoperls/installed-perls/host/k93x64sid/v5.23.9-90-g000aab2/3bd2/lib/site_perl/5.24.0/x86_64-linux-ld/Class/MOP.pm line 69.
Class::MOP::load_class("HTTP::Engine::Interface::POE") called at /tmp/loop_over_bdir-28345-FyoH5Z/HTTP-Engine-0.03005-0/blib/lib/HTTP/Engine/Types/Core.pm line 26
HTTP::Engine::Types::Core::__ANON__(HASH(0x341dde8)) called at /home/sand/src/perl/repoperls/installed-perls/host/k93x64sid/v5.23.9-90-g000aab2/3bd2/lib/site_perl/5.24.0/x86_64-linux-ld/Moose/Meta/TypeCoercion.pm line 65
Moose::Meta::TypeCoercion::__ANON__(HASH(0x341dde8)) called at constructor HTTP::Engine::new (defined at /tmp/loop_over_bdir-28345-FyoH5Z/HTTP-Engine-0.03005-0/blib/lib/HTTP/Engine.pm line 17) line 32
HTTP::Engine::new("HTTP::Engine", "interface", HASH(0x341dde8)) called at t/Utils.pm line 129
t::Utils::__ANON__(50327) called at /tmp/loop_over_bdir-28345-FyoH5Z/HTTP-Engine-0.03005-0/inc/Test/TCP.pm line 118
Test::TCP::start(Test::TCP=HASH(0x3895620)) called at /tmp/loop_over_bdir-28345-FyoH5Z/HTTP-Engine-0.03005-0/inc/Test/TCP.pm line 102
Test::TCP::new("Test::TCP", "code", CODE(0x320e378), "port", 50327) called at /tmp/loop_over_bdir-28345-FyoH5Z/HTTP-Engine-0.03005-0/inc/Test/TCP.pm line 54
Test::TCP::test_tcp("client", CODE(0x36aa288), "server", CODE(0x320e378), "port", 50327) called at t/Utils.pm line 132
t::Utils::daemonize_all(CODE(0x1698048), " sub {\x{a} my \$port = shift;\x{a} return (\x{a} "...) called at t/moose/030_daemonize/upload-methods.t line 42
t/moose/030_daemonize/upload-methods.t ...................... ok
Possible precedence issue with control flow operator at /tmp/loop_over_bdir-28345-FyoH5Z/HTTP-Engine-0.03005-0/inc/Test/Builder.pm line 917.
Class::MOP::load_class is deprecated at /home/sand/src/perl/repoperls/installed-perls/host/k93x64sid/v5.23.9-90-g000aab2/3bd2/lib/site_perl/5.24.0/x86_64-linux-ld/Class/MOP.pm line 69.
Class::MOP::load_class("HTTP::Engine::Interface::Standalone") called at /tmp/loop_over_bdir-28345-FyoH5Z/HTTP-Engine-0.03005-0/blib/lib/HTTP/Engine/Types/Core.pm line 26
HTTP::Engine::Types::Core::__ANON__(HASH(0x3a08c48)) called at /home/sand/src/perl/repoperls/installed-perls/host/k93x64sid/v5.23.9-90-g000aab2/3bd2/lib/site_perl/5.24.0/x86_64-linux-ld/Moose/Meta/TypeCoercion.pm line 65
Moose::Meta::TypeCoercion::__ANON__(HASH(0x3a08c48)) called at constructor HTTP::Engine::new (defined at /tmp/loop_over_bdir-28345-FyoH5Z/HTTP-Engine-0.03005-0/blib/lib/HTTP/Engine.pm line 17) line 32
HTTP::Engine::new("HTTP::Engine", "interface", HASH(0x3a08c48)) called at t/Utils.pm line 129
t::Utils::__ANON__(50073) called at /tmp/loop_over_bdir-28345-FyoH5Z/HTTP-Engine-0.03005-0/inc/Test/TCP.pm line 118
Test::TCP::start(Test::TCP=HASH(0x3a92408)) called at /tmp/loop_over_bdir-28345-FyoH5Z/HTTP-Engine-0.03005-0/inc/Test/TCP.pm line 102
Test::TCP::new("Test::TCP", "code", CODE(0x356cfb8), "port", 50073) called at /tmp/loop_over_bdir-28345-FyoH5Z/HTTP-Engine-0.03005-0/inc/Test/TCP.pm line 54
Test::TCP::test_tcp("client", CODE(0x3a09008), "server", CODE(0x356cfb8), "port", 50073) called at t/Utils.pm line 132
t::Utils::daemonize_all(CODE(0x19f7048), " sub {\x{a} my \$port = shift;\x{a} return (\x{a} "...) called at t/moose/030_daemonize/upload.t line 42
Class::MOP::load_class is deprecated at /home/sand/src/perl/repoperls/installed-perls/host/k93x64sid/v5.23.9-90-g000aab2/3bd2/lib/site_perl/5.24.0/x86_64-linux-ld/Class/MOP.pm line 69.
Class::MOP::load_class("HTTP::Engine::Interface::ServerSimple") called at /tmp/loop_over_bdir-28345-FyoH5Z/HTTP-Engine-0.03005-0/blib/lib/HTTP/Engine/Types/Core.pm line 26
HTTP::Engine::Types::Core::__ANON__(HASH(0x3a08c48)) called at /home/sand/src/perl/repoperls/installed-perls/host/k93x64sid/v5.23.9-90-g000aab2/3bd2/lib/site_perl/5.24.0/x86_64-linux-ld/Moose/Meta/TypeCoercion.pm line 65
Moose::Meta::TypeCoercion::__ANON__(HASH(0x3a08c48)) called at constructor HTTP::Engine::new (defined at /tmp/loop_over_bdir-28345-FyoH5Z/HTTP-Engine-0.03005-0/blib/lib/HTTP/Engine.pm line 17) line 32
HTTP::Engine::new("HTTP::Engine", "interface", HASH(0x3a08c48)) called at t/Utils.pm line 129
t::Utils::__ANON__(50073) called at /tmp/loop_over_bdir-28345-FyoH5Z/HTTP-Engine-0.03005-0/inc/Test/TCP.pm line 118
Test::TCP::start(Test::TCP=HASH(0x3f152e0)) called at /tmp/loop_over_bdir-28345-FyoH5Z/HTTP-Engine-0.03005-0/inc/Test/TCP.pm line 102
Test::TCP::new("Test::TCP", "code", CODE(0x356cfb8), "port", 50073) called at /tmp/loop_over_bdir-28345-FyoH5Z/HTTP-Engine-0.03005-0/inc/Test/TCP.pm line 54
Test::TCP::test_tcp("client", CODE(0x3a09008), "server", CODE(0x356cfb8), "port", 50073) called at t/Utils.pm line 132
t::Utils::daemonize_all(CODE(0x19f7048), " sub {\x{a} my \$port = shift;\x{a} return (\x{a} "...) called at t/moose/030_daemonize/upload.t line 42
Class::MOP::load_class is deprecated at /home/sand/src/perl/repoperls/installed-perls/host/k93x64sid/v5.23.9-90-g000aab2/3bd2/lib/site_perl/5.24.0/x86_64-linux-ld/Class/MOP.pm line 69.
Class::MOP::load_class("HTTP::Engine::Interface::POE") called at /tmp/loop_over_bdir-28345-FyoH5Z/HTTP-Engine-0.03005-0/blib/lib/HTTP/Engine/Types/Core.pm line 26
HTTP::Engine::Types::Core::__ANON__(HASH(0x3a08c48)) called at /home/sand/src/perl/repoperls/installed-perls/host/k93x64sid/v5.23.9-90-g000aab2/3bd2/lib/site_perl/5.24.0/x86_64-linux-ld/Moose/Meta/TypeCoercion.pm line 65
Moose::Meta::TypeCoercion::__ANON__(HASH(0x3a08c48)) called at constructor HTTP::Engine::new (defined at /tmp/loop_over_bdir-28345-FyoH5Z/HTTP-Engine-0.03005-0/blib/lib/HTTP/Engine.pm line 17) line 32
HTTP::Engine::new("HTTP::Engine", "interface", HASH(0x3a08c48)) called at t/Utils.pm line 129
t::Utils::__ANON__(50073) called at /tmp/loop_over_bdir-28345-FyoH5Z/HTTP-Engine-0.03005-0/inc/Test/TCP.pm line 118
Test::TCP::start(Test::TCP=HASH(0x3a95f20)) called at /tmp/loop_over_bdir-28345-FyoH5Z/HTTP-Engine-0.03005-0/inc/Test/TCP.pm line 102
Test::TCP::new("Test::TCP", "code", CODE(0x356cfb8), "port", 50073) called at /tmp/loop_over_bdir-28345-FyoH5Z/HTTP-Engine-0.03005-0/inc/Test/TCP.pm line 54
Test::TCP::test_tcp("client", CODE(0x3a09008), "server", CODE(0x356cfb8), "port", 50073) called at t/Utils.pm line 132
t::Utils::daemonize_all(CODE(0x19f7048), " sub {\x{a} my \$port = shift;\x{a} return (\x{a} "...) called at t/moose/030_daemonize/upload.t line 42
t/moose/030_daemonize/upload.t .............................. ok
Possible precedence issue with control flow operator at /tmp/loop_over_bdir-28345-FyoH5Z/HTTP-Engine-0.03005-0/inc/Test/Builder.pm line 917.
Class::MOP::load_class is deprecated at /home/sand/src/perl/repoperls/installed-perls/host/k93x64sid/v5.23.9-90-g000aab2/3bd2/lib/site_perl/5.24.0/x86_64-linux-ld/Class/MOP.pm line 69.
Class::MOP::load_class("HTTP::Engine::Interface::Standalone") called at /tmp/loop_over_bdir-28345-FyoH5Z/HTTP-Engine-0.03005-0/blib/lib/HTTP/Engine/Types/Core.pm line 26
HTTP::Engine::Types::Core::__ANON__(HASH(0x3d1a000)) called at /home/sand/src/perl/repoperls/installed-perls/host/k93x64sid/v5.23.9-90-g000aab2/3bd2/lib/site_perl/5.24.0/x86_64-linux-ld/Moose/Meta/TypeCoercion.pm line 65
Moose::Meta::TypeCoercion::__ANON__(HASH(0x3d1a000)) called at constructor HTTP::Engine::new (defined at /tmp/loop_over_bdir-28345-FyoH5Z/HTTP-Engine-0.03005-0/blib/lib/HTTP/Engine.pm line 17) line 32
HTTP::Engine::new("HTTP::Engine", "interface", HASH(0x3d1a000)) called at t/Utils.pm line 129
t::Utils::__ANON__(50808) called at /tmp/loop_over_bdir-28345-FyoH5Z/HTTP-Engine-0.03005-0/inc/Test/TCP.pm line 118
Test::TCP::start(Test::TCP=HASH(0x40f6058)) called at /tmp/loop_over_bdir-28345-FyoH5Z/HTTP-Engine-0.03005-0/inc/Test/TCP.pm line 102
Test::TCP::new("Test::TCP", "code", CODE(0x406bcf0), "port", 50808) called at /tmp/loop_over_bdir-28345-FyoH5Z/HTTP-Engine-0.03005-0/inc/Test/TCP.pm line 54
Test::TCP::test_tcp("client", CODE(0x406bbb8), "server", CODE(0x406bcf0), "port", 50808) called at t/Utils.pm line 132
t::Utils::daemonize_all(CODE(0x3bb7730), " sub {\x{a} my \$port = shift;\x{a} return (\x{a} "...) called at t/moose/030_daemonize/uri.t line 20
Class::MOP::load_class is deprecated at /home/sand/src/perl/repoperls/installed-perls/host/k93x64sid/v5.23.9-90-g000aab2/3bd2/lib/site_perl/5.24.0/x86_64-linux-ld/Class/MOP.pm line 69.
Class::MOP::load_class("HTTP::Engine::Interface::ServerSimple") called at /tmp/loop_over_bdir-28345-FyoH5Z/HTTP-Engine-0.03005-0/blib/lib/HTTP/Engine/Types/Core.pm line 26
HTTP::Engine::Types::Core::__ANON__(HASH(0x3d1a000)) called at /home/sand/src/perl/repoperls/installed-perls/host/k93x64sid/v5.23.9-90-g000aab2/3bd2/lib/site_perl/5.24.0/x86_64-linux-ld/Moose/Meta/TypeCoercion.pm line 65
Moose::Meta::TypeCoercion::__ANON__(HASH(0x3d1a000)) called at constructor HTTP::Engine::new (defined at /tmp/loop_over_bdir-28345-FyoH5Z/HTTP-Engine-0.03005-0/blib/lib/HTTP/Engine.pm line 17) line 32
HTTP::Engine::new("HTTP::Engine", "interface", HASH(0x3d1a000)) called at t/Utils.pm line 129
t::Utils::__ANON__(50808) called at /tmp/loop_over_bdir-28345-FyoH5Z/HTTP-Engine-0.03005-0/inc/Test/TCP.pm line 118
Test::TCP::start(Test::TCP=HASH(0x40a18c0)) called at /tmp/loop_over_bdir-28345-FyoH5Z/HTTP-Engine-0.03005-0/inc/Test/TCP.pm line 102
Test::TCP::new("Test::TCP", "code", CODE(0x406bcf0), "port", 50808) called at /tmp/loop_over_bdir-28345-FyoH5Z/HTTP-Engine-0.03005-0/inc/Test/TCP.pm line 54
Test::TCP::test_tcp("client", CODE(0x406bbb8), "server", CODE(0x406bcf0), "port", 50808) called at t/Utils.pm line 132
t::Utils::daemonize_all(CODE(0x3bb7730), " sub {\x{a} my \$port = shift;\x{a} return (\x{a} "...) called at t/moose/030_daemonize/uri.t line 20
Class::MOP::load_class is deprecated at /home/sand/src/perl/repoperls/installed-perls/host/k93x64sid/v5.23.9-90-g000aab2/3bd2/lib/site_perl/5.24.0/x86_64-linux-ld/Class/MOP.pm line 69.
Class::MOP::load_class("HTTP::Engine::Interface::POE") called at /tmp/loop_over_bdir-28345-FyoH5Z/HTTP-Engine-0.03005-0/blib/lib/HTTP/Engine/Types/Core.pm line 26
HTTP::Engine::Types::Core::__ANON__(HASH(0x3d1a000)) called at /home/sand/src/perl/repoperls/installed-perls/host/k93x64sid/v5.23.9-90-g000aab2/3bd2/lib/site_perl/5.24.0/x86_64-linux-ld/Moose/Meta/TypeCoercion.pm line 65
Moose::Meta::TypeCoercion::__ANON__(HASH(0x3d1a000)) called at constructor HTTP::Engine::new (defined at /tmp/loop_over_bdir-28345-FyoH5Z/HTTP-Engine-0.03005-0/blib/lib/HTTP/Engine.pm line 17) line 32
HTTP::Engine::new("HTTP::Engine", "interface", HASH(0x3d1a000)) called at t/Utils.pm line 129
t::Utils::__ANON__(50808) called at /tmp/loop_over_bdir-28345-FyoH5Z/HTTP-Engine-0.03005-0/inc/Test/TCP.pm line 118
Test::TCP::start(Test::TCP=HASH(0x454c3a8)) called at /tmp/loop_over_bdir-28345-FyoH5Z/HTTP-Engine-0.03005-0/inc/Test/TCP.pm line 102
Test::TCP::new("Test::TCP", "code", CODE(0x406bcf0), "port", 50808) called at /tmp/loop_over_bdir-28345-FyoH5Z/HTTP-Engine-0.03005-0/inc/Test/TCP.pm line 54
Test::TCP::test_tcp("client", CODE(0x406bbb8), "server", CODE(0x406bcf0), "port", 50808) called at t/Utils.pm line 132
t::Utils::daemonize_all(CODE(0x3bb7730), " sub {\x{a} my \$port = shift;\x{a} return (\x{a} "...) called at t/moose/030_daemonize/uri.t line 20
t/moose/030_daemonize/uri.t ................................. ok
Possible precedence issue with control flow operator at /tmp/loop_over_bdir-28345-FyoH5Z/HTTP-Engine-0.03005-0/inc/Test/Builder.pm line 917.
Class::MOP::load_class is deprecated at /home/sand/src/perl/repoperls/installed-perls/host/k93x64sid/v5.23.9-90-g000aab2/3bd2/lib/site_perl/5.24.0/x86_64-linux-ld/Class/MOP.pm line 69.
Class::MOP::load_class("HTTP::Engine::Interface::Standalone") called at /tmp/loop_over_bdir-28345-FyoH5Z/HTTP-Engine-0.03005-0/blib/lib/HTTP/Engine/Types/Core.pm line 26
HTTP::Engine::Types::Core::__ANON__(HASH(0x316b7a0)) called at /home/sand/src/perl/repoperls/installed-perls/host/k93x64sid/v5.23.9-90-g000aab2/3bd2/lib/site_perl/5.24.0/x86_64-linux-ld/Moose/Meta/TypeCoercion.pm line 65
Moose::Meta::TypeCoercion::__ANON__(HASH(0x316b7a0)) called at constructor HTTP::Engine::new (defined at /tmp/loop_over_bdir-28345-FyoH5Z/HTTP-Engine-0.03005-0/blib/lib/HTTP/Engine.pm line 17) line 32
HTTP::Engine::new("HTTP::Engine", "interface", HASH(0x316b7a0)) called at t/Utils.pm line 129
t::Utils::__ANON__(50672) called at /tmp/loop_over_bdir-28345-FyoH5Z/HTTP-Engine-0.03005-0/inc/Test/TCP.pm line 118
Test::TCP::start(Test::TCP=HASH(0x31cdfd8)) called at /tmp/loop_over_bdir-28345-FyoH5Z/HTTP-Engine-0.03005-0/inc/Test/TCP.pm line 102
Test::TCP::new("Test::TCP", "code", CODE(0x316b9f8), "port", 50672) called at /tmp/loop_over_bdir-28345-FyoH5Z/HTTP-Engine-0.03005-0/inc/Test/TCP.pm line 54
Test::TCP::test_tcp("client", CODE(0x316b8c0), "server", CODE(0x316b9f8), "port", 50672) called at t/Utils.pm line 132
t::Utils::daemonize_all(CODE(0x2c44fb0), " sub {\x{a} my \$port = Encode::decode_utf8(shift);\x{a} "...) called at t/moose/030_daemonize/utf8flagged-uri.t line 23
Class::MOP::load_class is deprecated at /home/sand/src/perl/repoperls/installed-perls/host/k93x64sid/v5.23.9-90-g000aab2/3bd2/lib/site_perl/5.24.0/x86_64-linux-ld/Class/MOP.pm line 69.
Class::MOP::load_class("HTTP::Engine::Interface::ServerSimple") called at /tmp/loop_over_bdir-28345-FyoH5Z/HTTP-Engine-0.03005-0/blib/lib/HTTP/Engine/Types/Core.pm line 26
HTTP::Engine::Types::Core::__ANON__(HASH(0x316b7a0)) called at /home/sand/src/perl/repoperls/installed-perls/host/k93x64sid/v5.23.9-90-g000aab2/3bd2/lib/site_perl/5.24.0/x86_64-linux-ld/Moose/Meta/TypeCoercion.pm line 65
Moose::Meta::TypeCoercion::__ANON__(HASH(0x316b7a0)) called at constructor HTTP::Engine::new (defined at /tmp/loop_over_bdir-28345-FyoH5Z/HTTP-Engine-0.03005-0/blib/lib/HTTP/Engine.pm line 17) line 32
HTTP::Engine::new("HTTP::Engine", "interface", HASH(0x316b7a0)) called at t/Utils.pm line 129
t::Utils::__ANON__(50672) called at /tmp/loop_over_bdir-28345-FyoH5Z/HTTP-Engine-0.03005-0/inc/Test/TCP.pm line 118
Test::TCP::start(Test::TCP=HASH(0x31f3528)) called at /tmp/loop_over_bdir-28345-FyoH5Z/HTTP-Engine-0.03005-0/inc/Test/TCP.pm line 102
Test::TCP::new("Test::TCP", "code", CODE(0x316b9f8), "port", 50672) called at /tmp/loop_over_bdir-28345-FyoH5Z/HTTP-Engine-0.03005-0/inc/Test/TCP.pm line 54
Test::TCP::test_tcp("client", CODE(0x316b8c0), "server", CODE(0x316b9f8), "port", 50672) called at t/Utils.pm line 132
t::Utils::daemonize_all(CODE(0x2c44fb0), " sub {\x{a} my \$port = Encode::decode_utf8(shift);\x{a} "...) called at t/moose/030_daemonize/utf8flagged-uri.t line 23
Class::MOP::load_class is deprecated at /home/sand/src/perl/repoperls/installed-perls/host/k93x64sid/v5.23.9-90-g000aab2/3bd2/lib/site_perl/5.24.0/x86_64-linux-ld/Class/MOP.pm line 69.
Class::MOP::load_class("HTTP::Engine::Interface::POE") called at /tmp/loop_over_bdir-28345-FyoH5Z/HTTP-Engine-0.03005-0/blib/lib/HTTP/Engine/Types/Core.pm line 26
HTTP::Engine::Types::Core::__ANON__(HASH(0x316b7a0)) called at /home/sand/src/perl/repoperls/installed-perls/host/k93x64sid/v5.23.9-90-g000aab2/3bd2/lib/site_perl/5.24.0/x86_64-linux-ld/Moose/Meta/TypeCoercion.pm line 65
Moose::Meta::TypeCoercion::__ANON__(HASH(0x316b7a0)) called at constructor HTTP::Engine::new (defined at /tmp/loop_over_bdir-28345-FyoH5Z/HTTP-Engine-0.03005-0/blib/lib/HTTP/Engine.pm line 17) line 32
HTTP::Engine::new("HTTP::Engine", "interface", HASH(0x316b7a0)) called at t/Utils.pm line 129
t::Utils::__ANON__(50672) called at /tmp/loop_over_bdir-28345-FyoH5Z/HTTP-Engine-0.03005-0/inc/Test/TCP.pm line 118
Test::TCP::start(Test::TCP=HASH(0x31dc718)) called at /tmp/loop_over_bdir-28345-FyoH5Z/HTTP-Engine-0.03005-0/inc/Test/TCP.pm line 102
Test::TCP::new("Test::TCP", "code", CODE(0x316b9f8), "port", 50672) called at /tmp/loop_over_bdir-28345-FyoH5Z/HTTP-Engine-0.03005-0/inc/Test/TCP.pm line 54
Test::TCP::test_tcp("client", CODE(0x316b8c0), "server", CODE(0x316b9f8), "port", 50672) called at t/Utils.pm line 132
t::Utils::daemonize_all(CODE(0x2c44fb0), " sub {\x{a} my \$port = Encode::decode_utf8(shift);\x{a} "...) called at t/moose/030_daemonize/utf8flagged-uri.t line 23
t/moose/030_daemonize/utf8flagged-uri.t ..................... ok
Possible precedence issue with control flow operator at /tmp/loop_over_bdir-28345-FyoH5Z/HTTP-Engine-0.03005-0/inc/Test/Builder.pm line 917.
Redundant argument in sprintf at /tmp/loop_over_bdir-28345-FyoH5Z/HTTP-Engine-0.03005-0/inc/Spiffy.pm line 225.
Redundant argument in sprintf at /tmp/loop_over_bdir-28345-FyoH5Z/HTTP-Engine-0.03005-0/inc/Spiffy.pm line 225.
Redundant argument in sprintf at /tmp/loop_over_bdir-28345-FyoH5Z/HTTP-Engine-0.03005-0/inc/Spiffy.pm line 225.
Redundant argument in sprintf at /tmp/loop_over_bdir-28345-FyoH5Z/HTTP-Engine-0.03005-0/inc/Spiffy.pm line 225.
t/moose/040_minimal/001_simple.t ............................ ok
Possible precedence issue with control flow operator at /tmp/loop_over_bdir-28345-FyoH5Z/HTTP-Engine-0.03005-0/inc/Test/Builder.pm line 917.
t/moose/050_tests/request.t ................................. ok
Test Summary Report
-------------------
t/030_daemonize/proxy_path.t (Wstat: 1024 Tests: 16 Failed: 4)
Failed tests: 2, 4, 10, 12
Non-zero exit status: 4
t/moose/010_core/request_processor-catch_error.t (Wstat: 256 Tests: 3 Failed: 1)
Failed test: 3
Non-zero exit status: 1
t/moose/020_interface/test-validation.t (Wstat: 256 Tests: 10 Failed: 1)
Failed test: 2
Non-zero exit status: 1
t/moose/030_daemonize/proxy_path.t (Wstat: 1024 Tests: 16 Failed: 4)
Failed tests: 2, 4, 10, 12
Non-zero exit status: 4
Files=144, Tests=1382, 43 wallclock secs ( 0.31 usr 0.54 sys + 29.74 cusr 5.46 csys = 36.05 CPU)
Result: FAIL
Failed 4/144 test programs. 10/1382 subtests failed.
Makefile:925: recipe for target 'test_dynamic' failed
make: *** [test_dynamic] Error 255
------------------------------
PREREQUISITES
------------------------------
Prerequisite modules loaded:
requires:
Module Need Have
-------------------- ------ --------
Any::Moose 0.13 0.26
CGI::Simple::Cookie 1.103 1.114
File::Copy 0 2.30
File::Spec::Unix 3.2701 3.63
Filter::Util::Call 0 1.55
HTTP::Body 1.05 1.22
HTTP::Headers::Fast 0.11 0.20
HTTP::Server::Simple 0.35 0.51
Mouse 0.62 v2.4.5
MouseX::Types 0.05 0.06
perl 5.008 5.024000
Scalar::Util 1.19 1.45
URI 1.36 1.71
build_requires:
Module Need Have
-------------------- ------ --------
ExtUtils::MakeMaker 6.42 7.10_01
File::Temp 0.20 0.2304
HTTP::Request::AsCGI 0 1.2
IO::File 1.14 1.16
IO::Scalar 0 2.111
IO::Socket 1.3 1.38
IO::Socket::INET 0 1.35
Test::More 0 1.001014
Test::SharedFork 0.11 0.35
Test::TCP 0.16 2.16
YAML 0 1.15
configure_requires:
Module Need Have
-------------------- ------ --------
ExtUtils::MakeMaker 6.42 7.10_01
------------------------------
ENVIRONMENT AND OTHER CONTEXT
------------------------------
Environment variables:
AUTOMATED_TESTING = 1
LANG = C
PATH = /usr/lib/ccache:/home/sand/bin:/usr/local/bin:/usr/lib/ccache:/usr/bin:/bin:/usr/games:/usr/local/perl/bin:/usr/X11/bin:/sbin:/usr/sbin
PERL5LIB =
PERL5OPT =
PERL5_CPANPLUS_IS_RUNNING = 26496
PERL5_CPAN_IS_RUNNING = 26496
PERL_CANARY_STABILITY_NOPROMPT = 1
PERL_MM_USE_DEFAULT = 1
SHELL = /usr/bin/zsh
TERM = screen
Perl special variables (and OS-specific diagnostics, for MSWin32):
$^X = /tmp/basesmoker-reloperl-OFug/bin/perl
$UID/$EUID = 1005 / 1005
$GID = 1005 1005
$EGID = 1005 1005
Perl module toolchain versions installed:
Module Have
------------------- --------
CPAN 2.12
CPAN::Meta 2.150005
Cwd 3.63
ExtUtils::CBuilder 0.280225
ExtUtils::Command 7.10
ExtUtils::Install 2.04
ExtUtils::MakeMaker 7.10_01
ExtUtils::Manifest 1.70
ExtUtils::ParseXS 3.31
File::Spec 3.63
JSON 2.90
JSON::PP 2.27300
Module::Build 0.4216
Module::Signature 0.79
Parse::CPAN::Meta 1.4417
Test::Harness 3.36
Test::More 1.001014
YAML 1.15
YAML::Syck 1.29
version 0.9916
--
Summary of my perl5 (revision 5 version 24 subversion 0) configuration:
Commit id: 000aab206ed911bf00a5ce23de4e642f401b9871
Platform:
osname=linux, osvers=4.4.0-1-amd64, archname=x86_64-linux-ld
uname='linux k93x64sid 4.4.0-1-amd64 #1 smp debian 4.4.6-1 (2016-03-17) x86_64 gnulinux '
config_args='-Dprefix=/home/sand/src/perl/repoperls/installed-perls/host/k93x64sid/v5.23.9-90-g000aab2/3bd2 -Dmyhostname=k93x64sid -Dinstallusrbinperl=n -Uversiononly -Dusedevel -des -Ui_db -Dlibswanted=cl pthread socket inet nsl gdbm dbm malloc dl ld sun m crypt sec util c cposix posix ucb BSD gdbm_compat -Uuseithreads -Duselongdouble -DDEBUGGING=-g'
hint=recommended, useposix=true, d_sigaction=define
useithreads=undef, usemultiplicity=undef
use64bitint=define, use64bitall=define, uselongdouble=define
usemymalloc=n, bincompat5005=undef
Compiler:
cc='cc', ccflags ='-fwrapv -fno-strict-aliasing -pipe -fstack-protector-strong -I/usr/local/include -D_LARGEFILE_SOURCE -D_FILE_OFFSET_BITS=64 -D_FORTIFY_SOURCE=2',
optimize='-O2 -g',
cppflags='-fwrapv -fno-strict-aliasing -pipe -fstack-protector-strong -I/usr/local/include'
ccversion='', gccversion='5.3.1 20160409', gccosandvers=''
intsize=4, longsize=8, ptrsize=8, doublesize=8, byteorder=12345678, doublekind=3
d_longlong=define, longlongsize=8, d_longdbl=define, longdblsize=16, longdblkind=3
ivtype='long', ivsize=8, nvtype='long double', nvsize=16, Off_t='off_t', lseeksize=8
alignbytes=16, prototype=define
Linker and Libraries:
ld='cc', ldflags =' -fstack-protector-strong -L/usr/local/lib'
libpth=/usr/local/lib /usr/lib/gcc/x86_64-linux-gnu/5/include-fixed /usr/include/x86_64-linux-gnu /usr/lib /lib/x86_64-linux-gnu /lib/../lib /usr/lib/x86_64-linux-gnu /usr/lib/../lib /lib
libs=-lpthread -lnsl -ldl -lm -lcrypt -lutil -lc
perllibs=-lpthread -lnsl -ldl -lm -lcrypt -lutil -lc
libc=libc-2.22.so, so=so, useshrplib=false, libperl=libperl.a
gnulibc_version='2.22'
Dynamic Linking:
dlsrc=dl_dlopen.xs, dlext=so, d_dlsymun=undef, ccdlflags='-Wl,-E'
cccdlflags='-fPIC', lddlflags='-shared -O2 -g -L/usr/local/lib -fstack-protector-strong'
Characteristics of this binary (from libperl):
Compile-time options: HAS_TIMES PERLIO_LAYERS PERL_COPY_ON_WRITE
PERL_DONT_CREATE_GVSV
PERL_HASH_FUNC_ONE_AT_A_TIME_HARD PERL_MALLOC_WRAP
PERL_PRESERVE_IVUV PERL_USE_DEVEL USE_64_BIT_ALL
USE_64_BIT_INT USE_LARGE_FILES USE_LOCALE
USE_LOCALE_COLLATE USE_LOCALE_CTYPE
USE_LOCALE_NUMERIC USE_LOCALE_TIME USE_LONG_DOUBLE
USE_PERLIO USE_PERL_ATOF
Locally applied patches:
RC0
Built under linux
Compiled at Apr 13 2016 21:25:50
%ENV:
PERL5LIB=""
PERL5OPT=""
PERL5_CPANPLUS_IS_RUNNING="26496"
PERL5_CPAN_IS_RUNNING="26496"
PERL_CANARY_STABILITY_NOPROMPT="1"
PERL_MM_USE_DEFAULT="1"
@INC:
/home/sand/src/perl/repoperls/installed-perls/host/k93x64sid/v5.23.9-90-g000aab2/3bd2/lib/site_perl/5.24.0/x86_64-linux-ld
/home/sand/src/perl/repoperls/installed-perls/host/k93x64sid/v5.23.9-90-g000aab2/3bd2/lib/site_perl/5.24.0
/home/sand/src/perl/repoperls/installed-perls/host/k93x64sid/v5.23.9-90-g000aab2/3bd2/lib/5.24.0/x86_64-linux-ld
/home/sand/src/perl/repoperls/installed-perls/host/k93x64sid/v5.23.9-90-g000aab2/3bd2/lib/5.24.0
.