Report for AcePerl-1.92

Back
From: metabase:user:95474ba2-db0e-11e0-a74f-dcd4e088abe7
Subject: FAIL AcePerl-1.92 v5.10.1 GNU/Linux
Date: 2011-09-09T20:21:33Z

This distribution has been tested as part of the CPAN Testers
project, supporting the Perl programming language.  See
http://wiki.cpantesters.org/ for more information or email
questions to cpan-testers-discuss@perl.org


--
Dear Lincoln D. Stein,

This is a computer-generated report for AcePerl-1.92
on perl 5.10.1, created by CPAN-Reporter-1.2002.

Thank you for uploading your work to CPAN.  However, there was a problem
testing your distribution.

If you think this report is invalid, please consult the CPAN Testers Wiki
for suggestions on how to avoid getting FAIL reports for missing library
or binary dependencies, unsupported operating systems, and so on:

http://wiki.cpantesters.org/wiki/CPANAuthorNotes

Sections of this report:

    * Tester comments
    * Program output
    * Prerequisites
    * Environment and other context

------------------------------
TESTER COMMENTS
------------------------------

Additional comments from tester:

none provided

------------------------------
PROGRAM OUTPUT
------------------------------

Output from '/usr/bin/make test':

make[1]: Entering directory `/home/aduong/.cpan/build/AcePerl-1.92-YgGATN/Freesubs'
make[1]: Leaving directory `/home/aduong/.cpan/build/AcePerl-1.92-YgGATN/Freesubs'
PERL_DL_NONLAZY=1 /usr/bin/perl "-MExtUtils::Command::MM" "-e" "test_harness(0, 'blib/lib', 'blib/arch')" t/*.t
Waiting for remote acedb regression database to start up.  This may take a few minutes.
Couldn't establish connection to database.  Aborting tests.
t/basic.t ..... 
Dubious, test returned 110 (wstat 28160, 0x6e00)
Failed 9/10 subtests 
Couldn't establish connection to database.  Aborting tests.
t/object.t .... 
Dubious, test returned 110 (wstat 28160, 0x6e00)
Failed 35/36 subtests 
Couldn't establish connection to database.  Aborting tests.
t/sequence.t .. 
Dubious, test returned 110 (wstat 28160, 0x6e00)
Failed 53/54 subtests 
Couldn't establish connection to database.  Aborting tests.
t/update.t .... 
Dubious, test returned 110 (wstat 28160, 0x6e00)
Failed 16/17 subtests 

Test Summary Report
-------------------
t/basic.t   (Wstat: 28160 Tests: 2 Failed: 1)
  Failed test:  2
  Non-zero exit status: 110
  Parse errors: Bad plan.  You planned 10 tests but ran 2.
t/object.t  (Wstat: 28160 Tests: 2 Failed: 1)
  Failed test:  2
  Non-zero exit status: 110
  Parse errors: Bad plan.  You planned 36 tests but ran 2.
t/sequence.t (Wstat: 28160 Tests: 2 Failed: 1)
  Failed test:  2
  Non-zero exit status: 110
  Parse errors: Bad plan.  You planned 54 tests but ran 2.
t/update.t  (Wstat: 28160 Tests: 2 Failed: 1)
  Failed test:  2
  Non-zero exit status: 110
  Parse errors: Bad plan.  You planned 17 tests but ran 2.
Files=4, Tests=8, 84 wallclock secs ( 0.05 usr  0.00 sys +  0.21 cusr  0.08 csys =  0.34 CPU)
Result: FAIL
Failed 4/4 test programs. 4/8 subtests failed.
make: *** [test_dynamic] Error 110

------------------------------
PREREQUISITES
------------------------------

Prerequisite modules loaded:

requires:

    Module       Need Have
    ------------ ---- ----
    Cache::Cache 1.03 1.06
    Digest::MD5  2    2.39


------------------------------
ENVIRONMENT AND OTHER CONTEXT
------------------------------

Environment variables:

    LANG = en_US.UTF-8
    PATH = /home/aduong/.local/bin:/usr/local/sbin:/usr/local/bin:/usr/sbin:/usr/bin:/sbin:/bin:/usr/games
    PERL5LIB = /home/aduong/.local/lib/perl5/x86_64-linux-gnu-thread-multi:/home/aduong/.local/lib/perl5
    PERL5OPT = 
    PERL5_CPANPLUS_IS_RUNNING = 31703
    PERL5_CPAN_IS_RUNNING = 31703
    PERL_LOCAL_LIB_ROOT = /home/aduong/.local
    PERL_MB_OPT = --install_base /home/aduong/.local
    PERL_MM_OPT = INSTALL_BASE=/home/aduong/.local
    SHELL = /bin/bash
    TERM = xterm

Perl special variables (and OS-specific diagnostics, for MSWin32):

    $^X = /usr/bin/perl
    $UID/$EUID = 1002 / 1002
    $GID = 1002 4 20 21 24 25 26 30 44 46 104 105 119 122 1002
    $EGID = 1002 4 20 21 24 25 26 30 44 46 104 105 119 122 1002

Perl module toolchain versions installed:

    Module              Have    
    ------------------- --------
    CPAN                1.9402  
    CPAN::Meta          2.112150
    Cwd                 3.30    
    ExtUtils::CBuilder  0.280202
    ExtUtils::Command   1.16    
    ExtUtils::Install   1.54    
    ExtUtils::MakeMaker 6.55_02 
    ExtUtils::Manifest  1.56    
    ExtUtils::ParseXS   3.04    
    File::Spec          3.30    
    JSON                2.53    
    JSON::PP            2.27200 
    Module::Build       0.3800  
    Module::Signature   n/a     
    Parse::CPAN::Meta   1.4401  
    Test::Harness       3.17    
    Test::More          0.98    
    YAML                0.73    
    YAML::Syck          n/a     
    version             0.94    


--

Summary of my perl5 (revision 5 version 10 subversion 1) configuration:
   
  Platform:
    osname=linux, osvers=2.6.24-28-server, archname=x86_64-linux-gnu-thread-multi
    uname='linux allspice 2.6.24-28-server #1 smp wed aug 18 21:17:51 utc 2010 x86_64 gnulinux '
    config_args='-Dusethreads -Duselargefiles -Dccflags=-DDEBIAN -Dcccdlflags=-fPIC -Darchname=x86_64-linux-gnu -Dprefix=/usr -Dprivlib=/usr/share/perl/5.10 -Darchlib=/usr/lib/perl/5.10 -Dvendorprefix=/usr -Dvendorlib=/usr/share/perl5 -Dvendorarch=/usr/lib/perl5 -Dsiteprefix=/usr/local -Dsitelib=/usr/local/share/perl/5.10.1 -Dsitearch=/usr/local/lib/perl/5.10.1 -Dman1dir=/usr/share/man/man1 -Dman3dir=/usr/share/man/man3 -Dsiteman1dir=/usr/local/man/man1 -Dsiteman3dir=/usr/local/man/man3 -Dman1ext=1 -Dman3ext=3perl -Dpager=/usr/bin/sensible-pager -Uafs -Ud_csh -Ud_ualarm -Uusesfio -Uusenm -DDEBUGGING=-g -Doptimize=-O2 -Duseshrplib -Dlibperl=libperl.so.5.10.1 -Dd_dosuid -des'
    hint=recommended, useposix=true, d_sigaction=define
    useithreads=define, usemultiplicity=define
    useperlio=define, d_sfio=undef, uselargefiles=define, usesocks=undef
    use64bitint=define, use64bitall=define, uselongdouble=undef
    usemymalloc=n, bincompat5005=undef
  Compiler:
    cc='cc', ccflags ='-D_REENTRANT -D_GNU_SOURCE -DDEBIAN -fno-strict-aliasing -pipe -fstack-protector -I/usr/local/include -D_LARGEFILE_SOURCE -D_FILE_OFFSET_BITS=64',
    optimize='-O2 -g',
    cppflags='-D_REENTRANT -D_GNU_SOURCE -DDEBIAN -fno-strict-aliasing -pipe -fstack-protector -I/usr/local/include'
    ccversion='', gccversion='4.4.3', gccosandvers=''
    intsize=4, longsize=8, ptrsize=8, doublesize=8, byteorder=12345678
    d_longlong=define, longlongsize=8, d_longdbl=define, longdblsize=16
    ivtype='long', ivsize=8, nvtype='double', nvsize=8, Off_t='off_t', lseeksize=8
    alignbytes=8, prototype=define
  Linker and Libraries:
    ld='cc', ldflags =' -fstack-protector -L/usr/local/lib'
    libpth=/usr/local/lib /lib /usr/lib /lib64 /usr/lib64
    libs=-lgdbm -lgdbm_compat -ldb -ldl -lm -lpthread -lc -lcrypt
    perllibs=-ldl -lm -lpthread -lc -lcrypt
    libc=/lib/libc-2.11.1.so, so=so, useshrplib=true, libperl=libperl.so.5.10.1
    gnulibc_version='2.11.1'
  Dynamic Linking:
    dlsrc=dl_dlopen.xs, dlext=so, d_dlsymun=undef, ccdlflags='-Wl,-E'
    cccdlflags='-fPIC', lddlflags='-shared -O2 -g -L/usr/local/lib -fstack-protector'


Characteristics of this binary (from libperl): 
  Compile-time options: MULTIPLICITY PERL_DONT_CREATE_GVSV
                        PERL_IMPLICIT_CONTEXT PERL_MALLOC_WRAP USE_64_BIT_ALL
                        USE_64_BIT_INT USE_ITHREADS USE_LARGE_FILES
                        USE_PERLIO USE_REENTRANT_API
  Built under linux
  Compiled at Apr 22 2011 18:54:26
  %ENV:
    PERL5LIB="/home/aduong/.local/lib/perl5/x86_64-linux-gnu-thread-multi:/home/aduong/.local/lib/perl5"
    PERL5OPT=""
    PERL5_CPANPLUS_IS_RUNNING="31703"
    PERL5_CPAN_IS_RUNNING="31703"
    PERL_LOCAL_LIB_ROOT="/home/aduong/.local"
    PERL_MB_OPT="--install_base /home/aduong/.local"
    PERL_MM_OPT="INSTALL_BASE=/home/aduong/.local"
  @INC:
    /home/aduong/.local/lib/perl5/x86_64-linux-gnu-thread-multi
    /home/aduong/.local/lib/perl5/x86_64-linux-gnu-thread-multi
    /home/aduong/.local/lib/perl5
    /etc/perl
    /usr/local/lib/perl/5.10.1
    /usr/local/share/perl/5.10.1
    /usr/lib/perl5
    /usr/share/perl5
    /usr/lib/perl/5.10
    /usr/share/perl/5.10
    /usr/local/lib/site_perl
    .